172.70.93.22 - - [11/Jan/2026:06:33:42 +0300] "GET /?h=029023984 HTTP/1.0" 200 2964 "https://dom-rus.ru/sitemap525.xml" "Mozilla/5.0 (Linux; Android 7.0;) AppleWebKit/537.36 (KHTML, like Gecko) Mobile Safari/537.36 (compatible; PetalBot;+https://webmaster.petalsearch.com/site/petalbot)"
172.69.65.127 - - [11/Jan/2026:06:34:23 +0300] "GET /?ID=%EB%8F%84%EB%B0%95%20%EC%A3%BD%EC%9D%8C.html HTTP/1.0" 200 19819 "-" "Mozilla/5.0 (Linux; Android 6.0.1; Nexus 5X Build/MMB29P) AppleWebKit/537.36 (KHTML, like Gecko) Chrome/143.0.7499.169 Mobile Safari/537.36 (compatible; Googlebot/2.1; +http://www.google.com/bot.html)"
172.71.81.145 - - [11/Jan/2026:06:35:06 +0300] "GET /?y=279026922 HTTP/1.0" 200 2964 "https://dom-rus.ru/sitemap556.xml" "Mozilla/5.0 (Linux; Android 7.0;) AppleWebKit/537.36 (KHTML, like Gecko) Mobile Safari/537.36 (compatible; PetalBot;+https://webmaster.petalsearch.com/site/petalbot)"
172.69.165.57 - - [11/Jan/2026:06:36:30 +0300] "GET /?n=291002322 HTTP/1.0" 200 2964 "https://dom-rus.ru/sitemap690.xml" "Mozilla/5.0 (Linux; Android 7.0;) AppleWebKit/537.36 (KHTML, like Gecko) Mobile Safari/537.36 (compatible; PetalBot;+https://webmaster.petalsearch.com/site/petalbot)"
172.69.65.127 - - [11/Jan/2026:06:36:31 +0300] "GET /?GameID=2026-01-08/1989.html HTTP/1.0" 200 35722 "-" "Mozilla/5.0 (Linux; Android 6.0.1; Nexus 5X Build/MMB29P) AppleWebKit/537.36 (KHTML, like Gecko) Chrome/143.0.7499.169 Mobile Safari/537.36 (compatible; Googlebot/2.1; +http://www.google.com/bot.html)"
172.69.65.127 - - [11/Jan/2026:06:36:37 +0300] "GET /?ID=6617.html HTTP/1.0" 200 9883 "https://www.dom-rus.ru/?GameID=2026-01-08/1989.html" "Mozilla/5.0 (Linux; Android 6.0.1; Nexus 5X Build/MMB29P) AppleWebKit/537.36 (KHTML, like Gecko) Chrome/143.0.7499.169 Mobile Safari/537.36 (compatible; Googlebot/2.1; +http://www.google.com/bot.html)"
162.158.106.73 - - [11/Jan/2026:06:37:54 +0300] "GET /?h=025047118 HTTP/1.0" 200 2964 "https://dom-rus.ru/sitemap525.xml" "Mozilla/5.0 (Linux; Android 7.0;) AppleWebKit/537.36 (KHTML, like Gecko) Mobile Safari/537.36 (compatible; PetalBot;+https://webmaster.petalsearch.com/site/petalbot)"
172.68.26.115 - - [11/Jan/2026:06:38:39 +0300] "GET /?GameID=2026-01-11/jcvrwx.html HTTP/1.0" 200 19228 "-" "Mozilla/5.0 (Linux; Android 6.0.1; Nexus 5X Build/MMB29P) AppleWebKit/537.36 (KHTML, like Gecko) Chrome/143.0.7499.169 Mobile Safari/537.36 (compatible; Googlebot/2.1; +http://www.google.com/bot.html)"
104.23.175.251 - - [11/Jan/2026:06:39:17 +0300] "GET /?g=295024962 HTTP/1.0" 200 2964 "https://dom-rus.ru/sitemap690.xml" "Mozilla/5.0 (Linux; Android 7.0;) AppleWebKit/537.36 (KHTML, like Gecko) Mobile Safari/537.36 (compatible; PetalBot;+https://webmaster.petalsearch.com/site/petalbot)"
172.69.165.57 - - [11/Jan/2026:06:40:40 +0300] "GET /?g=292006363 HTTP/1.0" 200 2964 "https://dom-rus.ru/sitemap690.xml" "Mozilla/5.0 (Linux; Android 7.0;) AppleWebKit/537.36 (KHTML, like Gecko) Mobile Safari/537.36 (compatible; PetalBot;+https://webmaster.petalsearch.com/site/petalbot)"
198.41.227.132 - - [11/Jan/2026:06:40:44 +0300] "GET /?GameID=2026-01-11/xfswnx.html HTTP/1.0" 200 9287 "-" "Mozilla/5.0 (Linux; Android 6.0.1; Nexus 5X Build/MMB29P) AppleWebKit/537.36 (KHTML, like Gecko) Chrome/143.0.7499.169 Mobile Safari/537.36 (compatible; Googlebot/2.1; +http://www.google.com/bot.html)"
172.69.166.110 - - [11/Jan/2026:06:42:15 +0300] "GET /?g=270035163 HTTP/1.0" 200 2964 "https://dom-rus.ru/sitemap460.xml" "Mozilla/5.0 (Linux; Android 7.0;) AppleWebKit/537.36 (KHTML, like Gecko) Mobile Safari/537.36 (compatible; PetalBot;+https://webmaster.petalsearch.com/site/petalbot)"
198.41.227.132 - - [11/Jan/2026:06:42:51 +0300] "GET /?GameID=2026-01-11/hykldw.html HTTP/1.0" 200 35620 "-" "Mozilla/5.0 (Linux; Android 6.0.1; Nexus 5X Build/MMB29P) AppleWebKit/537.36 (KHTML, like Gecko) Chrome/143.0.7499.169 Mobile Safari/537.36 (compatible; Googlebot/2.1; +http://www.google.com/bot.html)"
172.69.65.128 - - [11/Jan/2026:06:42:57 +0300] "GET /?ID=3126.html HTTP/1.0" 200 19937 "https://www.dom-rus.ru/?GameID=2026-01-11/hykldw.html" "Mozilla/5.0 (Linux; Android 6.0.1; Nexus 5X Build/MMB29P) AppleWebKit/537.36 (KHTML, like Gecko) Chrome/143.0.7499.169 Mobile Safari/537.36 (compatible; Googlebot/2.1; +http://www.google.com/bot.html)"
198.41.227.132 - - [11/Jan/2026:06:42:58 +0300] "GET /?ID=3805.html HTTP/1.0" 200 10083 "https://www.dom-rus.ru/?GameID=2026-01-11/hykldw.html" "Mozilla/5.0 (Linux; Android 6.0.1; Nexus 5X Build/MMB29P) AppleWebKit/537.36 (KHTML, like Gecko) Chrome/143.0.7499.169 Mobile Safari/537.36 (compatible; Googlebot/2.1; +http://www.google.com/bot.html)"
162.158.175.218 - - [11/Jan/2026:06:43:00 +0300] "GET /?ID=3378.html HTTP/1.0" 200 49184 "https://www.dom-rus.ru/?GameID=2026-01-11/hykldw.html" "Mozilla/5.0 (Linux; Android 6.0.1; Nexus 5X Build/MMB29P) AppleWebKit/537.36 (KHTML, like Gecko) Chrome/143.0.7499.169 Mobile Safari/537.36 (compatible; Googlebot/2.1; +http://www.google.com/bot.html)"
172.68.164.167 - - [11/Jan/2026:06:43:30 +0300] "GET /?n=184024615 HTTP/1.0" 200 2964 "https://dom-rus.ru/sitemap811.xml" "Mozilla/5.0 (Linux; Android 7.0;) AppleWebKit/537.36 (KHTML, like Gecko) Mobile Safari/537.36 (compatible; PetalBot;+https://webmaster.petalsearch.com/site/petalbot)"
172.71.166.142 - - [11/Jan/2026:06:44:28 +0300] "GET /robots.txt HTTP/1.1" 404 173 "-" "Mozilla/5.0 (compatible; Googlebot/2.1; +http://www.google.com/bot.html)"
162.158.88.132 - - [11/Jan/2026:06:44:52 +0300] "GET /?g=269043588 HTTP/1.0" 200 2964 "https://dom-rus.ru/sitemap613.xml" "Mozilla/5.0 (Linux; Android 7.0;) AppleWebKit/537.36 (KHTML, like Gecko) Mobile Safari/537.36 (compatible; PetalBot;+https://webmaster.petalsearch.com/site/petalbot)"
198.41.227.133 - - [11/Jan/2026:06:44:58 +0300] "GET /?GameID=2026-01-11/373.html HTTP/1.0" 200 37212 "-" "Mozilla/5.0 (Linux; Android 6.0.1; Nexus 5X Build/MMB29P) AppleWebKit/537.36 (KHTML, like Gecko) Chrome/143.0.7499.169 Mobile Safari/537.36 (compatible; Googlebot/2.1; +http://www.google.com/bot.html)"
162.158.175.218 - - [11/Jan/2026:06:45:02 +0300] "GET /?ID=7261.html HTTP/1.0" 200 9929 "https://www.dom-rus.ru/?GameID=2026-01-11/373.html" "Mozilla/5.0 (Linux; Android 6.0.1; Nexus 5X Build/MMB29P) AppleWebKit/537.36 (KHTML, like Gecko) Chrome/143.0.7499.169 Mobile Safari/537.36 (compatible; Googlebot/2.1; +http://www.google.com/bot.html)"
172.69.65.128 - - [11/Jan/2026:06:45:04 +0300] "GET /?ID=7450.html HTTP/1.0" 200 10055 "https://www.dom-rus.ru/?GameID=2026-01-11/373.html" "Mozilla/5.0 (Linux; Android 6.0.1; Nexus 5X Build/MMB29P) AppleWebKit/537.36 (KHTML, like Gecko) Chrome/143.0.7499.169 Mobile Safari/537.36 (compatible; Googlebot/2.1; +http://www.google.com/bot.html)"
162.158.175.218 - - [11/Jan/2026:06:45:05 +0300] "GET /?ID=7774.html HTTP/1.0" 200 35632 "https://www.dom-rus.ru/?GameID=2026-01-11/373.html" "Mozilla/5.0 (Linux; Android 6.0.1; Nexus 5X Build/MMB29P) AppleWebKit/537.36 (KHTML, like Gecko) Chrome/143.0.7499.169 Mobile Safari/537.36 (compatible; Googlebot/2.1; +http://www.google.com/bot.html)"
162.158.170.18 - - [11/Jan/2026:06:46:16 +0300] "GET /?x=213031842 HTTP/1.0" 200 2964 "https://dom-rus.ru/sitemap562.xml" "Mozilla/5.0 (Linux; Android 7.0;) AppleWebKit/537.36 (KHTML, like Gecko) Mobile Safari/537.36 (compatible; PetalBot;+https://webmaster.petalsearch.com/site/petalbot)"
172.69.65.128 - - [11/Jan/2026:06:47:05 +0300] "GET /?GameID=2026-01-11/521.html HTTP/1.0" 200 49821 "-" "Mozilla/5.0 (Linux; Android 6.0.1; Nexus 5X Build/MMB29P) AppleWebKit/537.36 (KHTML, like Gecko) Chrome/143.0.7499.169 Mobile Safari/537.36 (compatible; Googlebot/2.1; +http://www.google.com/bot.html)"
172.71.124.45 - - [11/Jan/2026:06:47:39 +0300] "GET /?t=240012991 HTTP/1.0" 200 2964 "https://dom-rus.ru/sitemap613.xml" "Mozilla/5.0 (Linux; Android 7.0;) AppleWebKit/537.36 (KHTML, like Gecko) Mobile Safari/537.36 (compatible; PetalBot;+https://webmaster.petalsearch.com/site/petalbot)"
108.162.246.149 - - [11/Jan/2026:06:48:04 +0300] "GET /robots.txt HTTP/1.1" 404 173 "-" "Mozilla/5.0 (compatible; DotBot/1.2; +https://opensiteexplorer.org/dotbot; help@moz.com)"
172.71.81.145 - - [11/Jan/2026:06:49:03 +0300] "GET /?h=213035760 HTTP/1.0" 200 2964 "https://dom-rus.ru/sitemap525.xml" "Mozilla/5.0 (Linux; Android 7.0;) AppleWebKit/537.36 (KHTML, like Gecko) Mobile Safari/537.36 (compatible; PetalBot;+https://webmaster.petalsearch.com/site/petalbot)"
162.159.106.134 - - [11/Jan/2026:06:49:11 +0300] "GET /?GameID=2026-01-11/522.html HTTP/1.0" 200 36452 "-" "Mozilla/5.0 (Linux; Android 6.0.1; Nexus 5X Build/MMB29P) AppleWebKit/537.36 (KHTML, like Gecko) Chrome/143.0.7499.169 Mobile Safari/537.36 (compatible; Googlebot/2.1; +http://www.google.com/bot.html)"
172.69.65.128 - - [11/Jan/2026:06:49:17 +0300] "GET /?ID=2061.html HTTP/1.0" 200 10053 "https://www.dom-rus.ru/?GameID=2026-01-11/522.html" "Mozilla/5.0 (Linux; Android 6.0.1; Nexus 5X Build/MMB29P) AppleWebKit/537.36 (KHTML, like Gecko) Chrome/143.0.7499.169 Mobile Safari/537.36 (compatible; Googlebot/2.1; +http://www.google.com/bot.html)"
162.159.106.134 - - [11/Jan/2026:06:49:18 +0300] "GET /?ID=2321.html HTTP/1.0" 200 9404 "https://www.dom-rus.ru/?GameID=2026-01-11/522.html" "Mozilla/5.0 (Linux; Android 6.0.1; Nexus 5X Build/MMB29P) AppleWebKit/537.36 (KHTML, like Gecko) Chrome/143.0.7499.169 Mobile Safari/537.36 (compatible; Googlebot/2.1; +http://www.google.com/bot.html)"
172.69.65.128 - - [11/Jan/2026:06:49:48 +0300] "GET /?GameID=1584.html HTTP/1.0" 200 25544 "-" "Mozilla/5.0 (Linux; Android 6.0.1; Nexus 5X Build/MMB29P) AppleWebKit/537.36 (KHTML, like Gecko) Chrome/143.0.7499.169 Mobile Safari/537.36 (compatible; Googlebot/2.1; +http://www.google.com/bot.html)"
172.69.176.5 - - [11/Jan/2026:06:50:26 +0300] "GET /?g=167003676 HTTP/1.0" 200 2964 "https://dom-rus.ru/sitemap556.xml" "Mozilla/5.0 (Linux; Android 7.0;) AppleWebKit/537.36 (KHTML, like Gecko) Mobile Safari/537.36 (compatible; PetalBot;+https://webmaster.petalsearch.com/site/petalbot)"
162.159.106.135 - - [11/Jan/2026:06:50:27 +0300] "GET /?ID=7251.html HTTP/1.0" 200 18743 "-" "Mozilla/5.0 (Linux; Android 6.0.1; Nexus 5X Build/MMB29P) AppleWebKit/537.36 (KHTML, like Gecko) Chrome/143.0.7499.169 Mobile Safari/537.36 (compatible; Googlebot/2.1; +http://www.google.com/bot.html)"
172.69.65.128 - - [11/Jan/2026:06:51:18 +0300] "GET /?GameID=2026-01-11/473.html HTTP/1.0" 200 35256 "-" "Mozilla/5.0 (Linux; Android 6.0.1; Nexus 5X Build/MMB29P) AppleWebKit/537.36 (KHTML, like Gecko) Chrome/143.0.7499.169 Mobile Safari/537.36 (compatible; Googlebot/2.1; +http://www.google.com/bot.html)"
162.159.106.135 - - [11/Jan/2026:06:51:22 +0300] "GET /?GameID=2780.html HTTP/1.0" 200 35850 "https://www.dom-rus.ru/?GameID=2026-01-11/473.html" "Mozilla/5.0 (Linux; Android 6.0.1; Nexus 5X Build/MMB29P) AppleWebKit/537.36 (KHTML, like Gecko) Chrome/143.0.7499.169 Mobile Safari/537.36 (compatible; Googlebot/2.1; +http://www.google.com/bot.html)"
172.70.94.27 - - [11/Jan/2026:06:51:24 +0300] "GET /?GameID=2610.html HTTP/1.0" 200 34899 "https://www.dom-rus.ru/?GameID=2026-01-11/473.html" "Mozilla/5.0 (Linux; Android 6.0.1; Nexus 5X Build/MMB29P) AppleWebKit/537.36 (KHTML, like Gecko) Chrome/143.0.7499.169 Mobile Safari/537.36 (compatible; Googlebot/2.1; +http://www.google.com/bot.html)"
162.159.106.135 - - [11/Jan/2026:06:51:25 +0300] "GET /?GameID=2602.html HTTP/1.0" 200 20705 "https://www.dom-rus.ru/?GameID=2026-01-11/473.html" "Mozilla/5.0 (Linux; Android 6.0.1; Nexus 5X Build/MMB29P) AppleWebKit/537.36 (KHTML, like Gecko) Chrome/143.0.7499.169 Mobile Safari/537.36 (compatible; Googlebot/2.1; +http://www.google.com/bot.html)"
172.69.176.5 - - [11/Jan/2026:06:51:49 +0300] "GET /?g=037032728 HTTP/1.0" 200 2964 "https://dom-rus.ru/sitemap690.xml" "Mozilla/5.0 (Linux; Android 7.0;) AppleWebKit/537.36 (KHTML, like Gecko) Mobile Safari/537.36 (compatible; PetalBot;+https://webmaster.petalsearch.com/site/petalbot)"
162.158.108.4 - - [11/Jan/2026:06:53:12 +0300] "GET /?h=227043592 HTTP/1.0" 200 2964 "https://dom-rus.ru/sitemap562.xml" "Mozilla/5.0 (Linux; Android 7.0;) AppleWebKit/537.36 (KHTML, like Gecko) Mobile Safari/537.36 (compatible; PetalBot;+https://webmaster.petalsearch.com/site/petalbot)"
172.70.94.27 - - [11/Jan/2026:06:53:25 +0300] "GET /?GameID=2026-01-11/593.html HTTP/1.0" 200 19837 "-" "Mozilla/5.0 (Linux; Android 6.0.1; Nexus 5X Build/MMB29P) AppleWebKit/537.36 (KHTML, like Gecko) Chrome/143.0.7499.169 Mobile Safari/537.36 (compatible; Googlebot/2.1; +http://www.google.com/bot.html)"
172.71.166.14 - - [11/Jan/2026:06:54:31 +0300] "GET /?d=086034461 HTTP/1.0" 200 2964 "-" "Mozilla/5.0 (Linux; Android 6.0.1; Nexus 5X Build/MMB29P) AppleWebKit/537.36 (KHTML, like Gecko) Chrome/143.0.7499.169 Mobile Safari/537.36 (compatible; GoogleOther)"
172.69.166.111 - - [11/Jan/2026:06:54:36 +0300] "GET /?g=002006859 HTTP/1.0" 200 2964 "https://dom-rus.ru/sitemap556.xml" "Mozilla/5.0 (Linux; Android 7.0;) AppleWebKit/537.36 (KHTML, like Gecko) Mobile Safari/537.36 (compatible; PetalBot;+https://webmaster.petalsearch.com/site/petalbot)"
172.69.65.127 - - [11/Jan/2026:06:55:27 +0300] "GET /?GameID=2026-01-11/bffukt.html HTTP/1.0" 200 20707 "-" "Mozilla/5.0 (Linux; Android 6.0.1; Nexus 5X Build/MMB29P) AppleWebKit/537.36 (KHTML, like Gecko) Chrome/143.0.7499.169 Mobile Safari/537.36 (compatible; Googlebot/2.1; +http://www.google.com/bot.html)"
172.71.166.101 - - [11/Jan/2026:06:55:32 +0300] "GET /?GameID=2026-01-11/661.html HTTP/1.0" 200 10802 "-" "Mozilla/5.0 (Linux; Android 6.0.1; Nexus 5X Build/MMB29P) AppleWebKit/537.36 (KHTML, like Gecko) Chrome/143.0.7499.169 Mobile Safari/537.36 (compatible; Googlebot/2.1; +http://www.google.com/bot.html)"
162.158.106.73 - - [11/Jan/2026:06:56:00 +0300] "GET /?f=041027990 HTTP/1.0" 200 2964 "https://dom-rus.ru/sitemap562.xml" "Mozilla/5.0 (Linux; Android 7.0;) AppleWebKit/537.36 (KHTML, like Gecko) Mobile Safari/537.36 (compatible; PetalBot;+https://webmaster.petalsearch.com/site/petalbot)"
162.159.104.156 - - [11/Jan/2026:06:56:14 +0300] "GET /?GameID=2261.html HTTP/1.0" 200 19924 "-" "Mozilla/5.0 (Linux; Android 6.0.1; Nexus 5X Build/MMB29P) AppleWebKit/537.36 (KHTML, like Gecko) Chrome/143.0.7499.169 Mobile Safari/537.36 (compatible; Googlebot/2.1; +http://www.google.com/bot.html)"
172.71.146.159 - - [11/Jan/2026:06:56:20 +0300] "GET /xj3znq/hawaii-beach-advisory.html HTTP/1.0" 404 452 "-" "Mozilla/5.0 (compatible; DotBot/1.2; +https://opensiteexplorer.org/dotbot; help@moz.com)"
172.70.93.23 - - [11/Jan/2026:06:57:24 +0300] "GET /?sitemap506.xml HTTP/1.0" 200 2964 "-" "Mozilla/5.0 (Linux; Android 7.0;) AppleWebKit/537.36 (KHTML, like Gecko) Mobile Safari/537.36 (compatible; PetalBot;+https://webmaster.petalsearch.com/site/petalbot)"
162.159.104.156 - - [11/Jan/2026:06:57:38 +0300] "GET /?GameID=2026-01-11/243.html HTTP/1.0" 200 49261 "-" "Mozilla/5.0 (Linux; Android 6.0.1; Nexus 5X Build/MMB29P) AppleWebKit/537.36 (KHTML, like Gecko) Chrome/143.0.7499.169 Mobile Safari/537.36 (compatible; Googlebot/2.1; +http://www.google.com/bot.html)"
172.71.166.101 - - [11/Jan/2026:06:57:50 +0300] "POST /mod_pagespeed_beacon?url=http%3A%2F%2Fnoiseaware.com%2Fkorentest.html HTTP/1.0" 404 456 "https://www.dom-rus.ru/?GameID=2026-01-11/243.html" "Mozilla/5.0 (Linux; Android 6.0.1; Nexus 5X Build/MMB29P) AppleWebKit/537.36 (KHTML, like Gecko) Chrome/143.0.7499.169 Mobile Safari/537.36 (compatible; Googlebot/2.1; +http://www.google.com/bot.html)"
172.70.93.23 - - [11/Jan/2026:06:58:47 +0300] "GET /?m=024043883 HTTP/1.0" 200 2964 "https://dom-rus.ru/sitemap562.xml" "Mozilla/5.0 (Linux; Android 7.0;) AppleWebKit/537.36 (KHTML, like Gecko) Mobile Safari/537.36 (compatible; PetalBot;+https://webmaster.petalsearch.com/site/petalbot)"
172.70.94.26 - - [11/Jan/2026:06:59:45 +0300] "GET /?GameID=2026-01-11/761.html HTTP/1.0" 200 49946 "-" "Mozilla/5.0 (Linux; Android 6.0.1; Nexus 5X Build/MMB29P) AppleWebKit/537.36 (KHTML, like Gecko) Chrome/143.0.7499.169 Mobile Safari/537.36 (compatible; Googlebot/2.1; +http://www.google.com/bot.html)"
172.68.164.167 - - [11/Jan/2026:07:01:35 +0300] "GET /?v=163023014 HTTP/1.0" 200 2964 "https://dom-rus.ru/sitemap811.xml" "Mozilla/5.0 (Linux; Android 7.0;) AppleWebKit/537.36 (KHTML, like Gecko) Mobile Safari/537.36 (compatible; PetalBot;+https://webmaster.petalsearch.com/site/petalbot)"
172.70.94.26 - - [11/Jan/2026:07:01:52 +0300] "GET /?GameID=2026-01-11/277.html HTTP/1.0" 200 35282 "-" "Mozilla/5.0 (Linux; Android 6.0.1; Nexus 5X Build/MMB29P) AppleWebKit/537.36 (KHTML, like Gecko) Chrome/143.0.7499.169 Mobile Safari/537.36 (compatible; Googlebot/2.1; +http://www.google.com/bot.html)"
172.71.166.100 - - [11/Jan/2026:07:01:58 +0300] "GET /?ID=3169.html HTTP/1.0" 200 10271 "https://www.dom-rus.ru/?GameID=2026-01-11/277.html" "Mozilla/5.0 (Linux; Android 6.0.1; Nexus 5X Build/MMB29P) AppleWebKit/537.36 (KHTML, like Gecko) Chrome/143.0.7499.169 Mobile Safari/537.36 (compatible; Googlebot/2.1; +http://www.google.com/bot.html)"
172.71.166.100 - - [11/Jan/2026:07:01:59 +0300] "GET /?ID=3494.html HTTP/1.0" 200 10214 "https://www.dom-rus.ru/?GameID=2026-01-11/277.html" "Mozilla/5.0 (Linux; Android 6.0.1; Nexus 5X Build/MMB29P) AppleWebKit/537.36 (KHTML, like Gecko) Chrome/143.0.7499.169 Mobile Safari/537.36 (compatible; Googlebot/2.1; +http://www.google.com/bot.html)"
172.70.94.26 - - [11/Jan/2026:07:02:01 +0300] "GET /?ID=3144.html HTTP/1.0" 200 50630 "https://www.dom-rus.ru/?GameID=2026-01-11/277.html" "Mozilla/5.0 (Linux; Android 6.0.1; Nexus 5X Build/MMB29P) AppleWebKit/537.36 (KHTML, like Gecko) Chrome/143.0.7499.169 Mobile Safari/537.36 (compatible; Googlebot/2.1; +http://www.google.com/bot.html)"
172.71.81.145 - - [11/Jan/2026:07:02:58 +0300] "GET /?e=131018006 HTTP/1.0" 200 2964 "https://dom-rus.ru/sitemap556.xml" "Mozilla/5.0 (Linux; Android 7.0;) AppleWebKit/537.36 (KHTML, like Gecko) Mobile Safari/537.36 (compatible; PetalBot;+https://webmaster.petalsearch.com/site/petalbot)"
172.71.81.146 - - [11/Jan/2026:07:04:22 +0300] "GET /?m=081049906 HTTP/1.0" 200 2964 "https://dom-rus.ru/sitemap690.xml" "Mozilla/5.0 (Linux; Android 7.0;) AppleWebKit/537.36 (KHTML, like Gecko) Mobile Safari/537.36 (compatible; PetalBot;+https://webmaster.petalsearch.com/site/petalbot)"
172.71.166.100 - - [11/Jan/2026:07:04:53 +0300] "GET /?GameID=2026-01-05/1854.html HTTP/1.0" 200 2964 "-" "Mozilla/5.0 (X11; Linux x86_64) AppleWebKit/537.36 (KHTML, like Gecko) Chrome/143.0.7499.169 Safari/537.36"
198.41.227.133 - - [11/Jan/2026:07:04:58 +0300] "GET /?GameID=2026-01-11/499.html HTTP/1.0" 200 36543 "-" "Mozilla/5.0 (Linux; Android 6.0.1; Nexus 5X Build/MMB29P) AppleWebKit/537.36 (KHTML, like Gecko) Chrome/143.0.7499.169 Mobile Safari/537.36 (compatible; Googlebot/2.1; +http://www.google.com/bot.html)"
198.41.227.133 - - [11/Jan/2026:07:05:06 +0300] "GET /?ID=8079.html HTTP/1.0" 200 10326 "https://www.dom-rus.ru/?GameID=2026-01-11/499.html" "Mozilla/5.0 (Linux; Android 6.0.1; Nexus 5X Build/MMB29P) AppleWebKit/537.36 (KHTML, like Gecko) Chrome/143.0.7499.169 Mobile Safari/537.36 (compatible; Googlebot/2.1; +http://www.google.com/bot.html)"
198.41.227.133 - - [11/Jan/2026:07:05:06 +0300] "GET /?ID=8150.html HTTP/1.0" 200 21142 "https://www.dom-rus.ru/?GameID=2026-01-11/499.html" "Mozilla/5.0 (Linux; Android 6.0.1; Nexus 5X Build/MMB29P) AppleWebKit/537.36 (KHTML, like Gecko) Chrome/143.0.7499.169 Mobile Safari/537.36 (compatible; Googlebot/2.1; +http://www.google.com/bot.html)"
104.23.175.250 - - [11/Jan/2026:07:05:46 +0300] "GET /?o=028044323 HTTP/1.0" 200 2964 "https://dom-rus.ru/sitemap65.xml" "Mozilla/5.0 (Linux; Android 7.0;) AppleWebKit/537.36 (KHTML, like Gecko) Mobile Safari/537.36 (compatible; PetalBot;+https://webmaster.petalsearch.com/site/petalbot)"
162.159.106.134 - - [11/Jan/2026:07:06:05 +0300] "GET /?GameID=2026-01-11/364.html HTTP/1.0" 200 19456 "-" "Mozilla/5.0 (Linux; Android 6.0.1; Nexus 5X Build/MMB29P) AppleWebKit/537.36 (KHTML, like Gecko) Chrome/143.0.7499.169 Mobile Safari/537.36 (compatible; Googlebot/2.1; +http://www.google.com/bot.html)"
162.158.88.132 - - [11/Jan/2026:07:07:09 +0300] "GET /?f=103043576 HTTP/1.0" 200 2964 "https://dom-rus.ru/sitemap525.xml" "Mozilla/5.0 (Linux; Android 7.0;) AppleWebKit/537.36 (KHTML, like Gecko) Mobile Safari/537.36 (compatible; PetalBot;+https://webmaster.petalsearch.com/site/petalbot)"
162.159.106.134 - - [11/Jan/2026:07:08:12 +0300] "GET /?GameID=2026-01-11/611.html HTTP/1.0" 200 50868 "-" "Mozilla/5.0 (Linux; Android 6.0.1; Nexus 5X Build/MMB29P) AppleWebKit/537.36 (KHTML, like Gecko) Chrome/143.0.7499.169 Mobile Safari/537.36 (compatible; Googlebot/2.1; +http://www.google.com/bot.html)"
172.70.93.23 - - [11/Jan/2026:07:08:33 +0300] "GET /?e=020041077 HTTP/1.0" 200 2964 "https://dom-rus.ru/sitemap556.xml" "Mozilla/5.0 (Linux; Android 7.0;) AppleWebKit/537.36 (KHTML, like Gecko) Mobile Safari/537.36 (compatible; PetalBot;+https://webmaster.petalsearch.com/site/petalbot)"
172.71.178.52 - - [11/Jan/2026:07:09:14 +0300] "GET /zimnii_sad.html HTTP/1.0" 200 4189 "-" "Mozilla/5.0 (compatible; AhrefsBot/7.0; +http://ahrefs.com/robot/)"
104.23.175.251 - - [11/Jan/2026:07:09:56 +0300] "GET /?i=249007104 HTTP/1.0" 200 2964 "https://dom-rus.ru/sitemap525.xml" "Mozilla/5.0 (Linux; Android 7.0;) AppleWebKit/537.36 (KHTML, like Gecko) Mobile Safari/537.36 (compatible; PetalBot;+https://webmaster.petalsearch.com/site/petalbot)"
172.69.65.127 - - [11/Jan/2026:07:11:19 +0300] "GET /?GameID=2026-01-11/701.html HTTP/1.0" 200 50456 "-" "Mozilla/5.0 (Linux; Android 6.0.1; Nexus 5X Build/MMB29P) AppleWebKit/537.36 (KHTML, like Gecko) Chrome/143.0.7499.169 Mobile Safari/537.36 (compatible; Googlebot/2.1; +http://www.google.com/bot.html)"
172.69.176.4 - - [11/Jan/2026:07:11:20 +0300] "GET /?d=243001188 HTTP/1.0" 200 2964 "https://dom-rus.ru/sitemap562.xml" "Mozilla/5.0 (Linux; Android 7.0;) AppleWebKit/537.36 (KHTML, like Gecko) Mobile Safari/537.36 (compatible; PetalBot;+https://webmaster.petalsearch.com/site/petalbot)"
172.71.81.145 - - [11/Jan/2026:07:12:45 +0300] "GET /?d=171043712 HTTP/1.0" 200 2964 "https://dom-rus.ru/sitemap556.xml" "Mozilla/5.0 (Linux; Android 7.0;) AppleWebKit/537.36 (KHTML, like Gecko) Mobile Safari/537.36 (compatible; PetalBot;+https://webmaster.petalsearch.com/site/petalbot)"
172.68.26.115 - - [11/Jan/2026:07:13:51 +0300] "GET /?GameID=2026-01-05/801.html HTTP/1.0" 200 9745 "-" "Mozilla/5.0 (compatible; Googlebot/2.1; +http://www.google.com/bot.html)"
162.158.88.133 - - [11/Jan/2026:07:14:07 +0300] "GET /?d=087049006 HTTP/1.0" 200 2964 "https://dom-rus.ru/sitemap460.xml" "Mozilla/5.0 (Linux; Android 7.0;) AppleWebKit/537.36 (KHTML, like Gecko) Mobile Safari/537.36 (compatible; PetalBot;+https://webmaster.petalsearch.com/site/petalbot)"
172.69.6.36 - - [11/Jan/2026:07:14:32 +0300] "GET /?GameID=2026-01-11/368.html HTTP/1.0" 200 18574 "-" "Mozilla/5.0 (Linux; Android 6.0.1; Nexus 5X Build/MMB29P) AppleWebKit/537.36 (KHTML, like Gecko) Chrome/143.0.7499.169 Mobile Safari/537.36 (compatible; Googlebot/2.1; +http://www.google.com/bot.html)"
104.23.175.251 - - [11/Jan/2026:07:15:30 +0300] "GET /?c=066022655 HTTP/1.0" 200 2964 "https://dom-rus.ru/sitemap460.xml" "Mozilla/5.0 (Linux; Android 7.0;) AppleWebKit/537.36 (KHTML, like Gecko) Mobile Safari/537.36 (compatible; PetalBot;+https://webmaster.petalsearch.com/site/petalbot)"
172.71.166.100 - - [11/Jan/2026:07:16:34 +0300] "GET /?GameID=2026-01-11/173.html HTTP/1.0" 200 9885 "-" "Mozilla/5.0 (Linux; Android 6.0.1; Nexus 5X Build/MMB29P) AppleWebKit/537.36 (KHTML, like Gecko) Chrome/143.0.7499.169 Mobile Safari/537.36 (compatible; Googlebot/2.1; +http://www.google.com/bot.html)"
172.71.166.100 - - [11/Jan/2026:07:16:35 +0300] "GET /?GameID=2026-01-05/459.html HTTP/1.0" 200 9616 "-" "Mozilla/5.0 (Linux; Android 6.0.1; Nexus 5X Build/MMB29P) AppleWebKit/537.36 (KHTML, like Gecko) Chrome/143.0.7499.169 Mobile Safari/537.36 (compatible; Googlebot/2.1; +http://www.google.com/bot.html)"
162.158.175.218 - - [11/Jan/2026:07:16:37 +0300] "GET /?GameID=2026-01-11/4040.html HTTP/1.0" 200 11254 "-" "Mozilla/5.0 (Linux; Android 6.0.1; Nexus 5X Build/MMB29P) AppleWebKit/537.36 (KHTML, like Gecko) Chrome/143.0.7499.169 Mobile Safari/537.36 (compatible; Googlebot/2.1; +http://www.google.com/bot.html)"
198.41.227.132 - - [11/Jan/2026:07:16:39 +0300] "GET /?GameID=2026-01-10/bfjzbf.html HTTP/1.0" 200 9484 "-" "Mozilla/5.0 (Linux; Android 6.0.1; Nexus 5X Build/MMB29P) AppleWebKit/537.36 (KHTML, like Gecko) Chrome/143.0.7499.169 Mobile Safari/537.36 (compatible; Googlebot/2.1; +http://www.google.com/bot.html)"
162.158.175.218 - - [11/Jan/2026:07:16:40 +0300] "GET /?GameID=2026-01-09/zrvhdk.html HTTP/1.0" 200 35216 "-" "Mozilla/5.0 (Linux; Android 6.0.1; Nexus 5X Build/MMB29P) AppleWebKit/537.36 (KHTML, like Gecko) Chrome/143.0.7499.169 Mobile Safari/537.36 (compatible; Googlebot/2.1; +http://www.google.com/bot.html)"
162.158.175.218 - - [11/Jan/2026:07:16:42 +0300] "GET /?GameID=2026-01-06/bqjirm.html HTTP/1.0" 200 49184 "-" "Mozilla/5.0 (Linux; Android 6.0.1; Nexus 5X Build/MMB29P) AppleWebKit/537.36 (KHTML, like Gecko) Chrome/143.0.7499.169 Mobile Safari/537.36 (compatible; Googlebot/2.1; +http://www.google.com/bot.html)"
198.41.227.132 - - [11/Jan/2026:07:16:43 +0300] "GET /?ID=2462.html HTTP/1.0" 200 10393 "https://www.dom-rus.ru/?GameID=2026-01-09/zrvhdk.html" "Mozilla/5.0 (Linux; Android 6.0.1; Nexus 5X Build/MMB29P) AppleWebKit/537.36 (KHTML, like Gecko) Chrome/143.0.7499.169 Mobile Safari/537.36 (compatible; Googlebot/2.1; +http://www.google.com/bot.html)"
198.41.227.132 - - [11/Jan/2026:07:16:45 +0300] "GET /?ID=2502.html HTTP/1.0" 200 50294 "https://www.dom-rus.ru/?GameID=2026-01-09/zrvhdk.html" "Mozilla/5.0 (Linux; Android 6.0.1; Nexus 5X Build/MMB29P) AppleWebKit/537.36 (KHTML, like Gecko) Chrome/143.0.7499.169 Mobile Safari/537.36 (compatible; Googlebot/2.1; +http://www.google.com/bot.html)"
198.41.227.132 - - [11/Jan/2026:07:16:46 +0300] "GET /?ID=2764.html HTTP/1.0" 200 51153 "https://www.dom-rus.ru/?GameID=2026-01-09/zrvhdk.html" "Mozilla/5.0 (Linux; Android 6.0.1; Nexus 5X Build/MMB29P) AppleWebKit/537.36 (KHTML, like Gecko) Chrome/143.0.7499.169 Mobile Safari/537.36 (compatible; Googlebot/2.1; +http://www.google.com/bot.html)"
172.69.176.5 - - [11/Jan/2026:07:16:53 +0300] "GET /?b=238014983 HTTP/1.0" 200 2964 "https://dom-rus.ru/sitemap613.xml" "Mozilla/5.0 (Linux; Android 7.0;) AppleWebKit/537.36 (KHTML, like Gecko) Mobile Safari/537.36 (compatible; PetalBot;+https://webmaster.petalsearch.com/site/petalbot)"
162.158.175.218 - - [11/Jan/2026:07:17:28 +0300] "GET /?GameID=2026-01-11/594.html HTTP/1.0" 200 38908 "-" "Mozilla/5.0 (Linux; Android 6.0.1; Nexus 5X Build/MMB29P) AppleWebKit/537.36 (KHTML, like Gecko) Chrome/143.0.7499.169 Mobile Safari/537.36 (compatible; Googlebot/2.1; +http://www.google.com/bot.html)"
198.41.227.132 - - [11/Jan/2026:07:17:30 +0300] "GET /?ID=%EC%8A%A4%ED%8F%AC%EC%B8%A0%20%EB%B2%A0%ED%8C%85%20%EC%A0%84%EB%9E%B5.html HTTP/1.0" 200 35102 "-" "Mozilla/5.0 (Linux; Android 6.0.1; Nexus 5X Build/MMB29P) AppleWebKit/537.36 (KHTML, like Gecko) Chrome/143.0.7499.169 Mobile Safari/537.36 (compatible; Googlebot/2.1; +http://www.google.com/bot.html)"
162.158.175.218 - - [11/Jan/2026:07:17:32 +0300] "GET /?GameID=2026-01-11/342.html HTTP/1.0" 200 19314 "-" "Mozilla/5.0 (Linux; Android 6.0.1; Nexus 5X Build/MMB29P) AppleWebKit/537.36 (KHTML, like Gecko) Chrome/143.0.7499.169 Mobile Safari/537.36 (compatible; Googlebot/2.1; +http://www.google.com/bot.html)"
162.158.175.218 - - [11/Jan/2026:07:17:33 +0300] "GET /?GameID=2026-01-03/seortk.html HTTP/1.0" 200 49512 "-" "Mozilla/5.0 (Linux; Android 6.0.1; Nexus 5X Build/MMB29P) AppleWebKit/537.36 (KHTML, like Gecko) Chrome/143.0.7499.169 Mobile Safari/537.36 (compatible; Googlebot/2.1; +http://www.google.com/bot.html)"
162.158.175.218 - - [11/Jan/2026:07:17:35 +0300] "GET /?GameID=2026-01-05/qatfdi.html HTTP/1.0" 200 34781 "-" "Mozilla/5.0 (Linux; Android 6.0.1; Nexus 5X Build/MMB29P) AppleWebKit/537.36 (KHTML, like Gecko) Chrome/143.0.7499.169 Mobile Safari/537.36 (compatible; Googlebot/2.1; +http://www.google.com/bot.html)"
198.41.227.132 - - [11/Jan/2026:07:17:36 +0300] "GET /?ID=9937.html HTTP/1.0" 200 20263 "https://www.dom-rus.ru/?GameID=2026-01-11/594.html" "Mozilla/5.0 (Linux; Android 6.0.1; Nexus 5X Build/MMB29P) AppleWebKit/537.36 (KHTML, like Gecko) Chrome/143.0.7499.169 Mobile Safari/537.36 (compatible; Googlebot/2.1; +http://www.google.com/bot.html)"
198.41.227.132 - - [11/Jan/2026:07:17:37 +0300] "GET /?ID=9435.html HTTP/1.0" 200 10134 "https://www.dom-rus.ru/?GameID=2026-01-11/594.html" "Mozilla/5.0 (Linux; Android 6.0.1; Nexus 5X Build/MMB29P) AppleWebKit/537.36 (KHTML, like Gecko) Chrome/143.0.7499.169 Mobile Safari/537.36 (compatible; Googlebot/2.1; +http://www.google.com/bot.html)"
198.41.227.132 - - [11/Jan/2026:07:17:38 +0300] "GET /?GameID=3598.html HTTP/1.0" 200 35383 "https://www.dom-rus.ru/?ID=%EC%8A%A4%ED%8F%AC%EC%B8%A0%20%EB%B2%A0%ED%8C%85%20%EC%A0%84%EB%9E%B5.html" "Mozilla/5.0 (Linux; Android 6.0.1; Nexus 5X Build/MMB29P) AppleWebKit/537.36 (KHTML, like Gecko) Chrome/143.0.7499.169 Mobile Safari/537.36 (compatible; Googlebot/2.1; +http://www.google.com/bot.html)"
198.41.227.132 - - [11/Jan/2026:07:17:40 +0300] "GET /?GameID=3418.html HTTP/1.0" 200 34374 "https://www.dom-rus.ru/?ID=%EC%8A%A4%ED%8F%AC%EC%B8%A0%20%EB%B2%A0%ED%8C%85%20%EC%A0%84%EB%9E%B5.html" "Mozilla/5.0 (Linux; Android 6.0.1; Nexus 5X Build/MMB29P) AppleWebKit/537.36 (KHTML, like Gecko) Chrome/143.0.7499.169 Mobile Safari/537.36 (compatible; Googlebot/2.1; +http://www.google.com/bot.html)"
198.41.227.132 - - [11/Jan/2026:07:17:41 +0300] "GET /?GameID=3575.html HTTP/1.0" 200 49609 "https://www.dom-rus.ru/?ID=%EC%8A%A4%ED%8F%AC%EC%B8%A0%20%EB%B2%A0%ED%8C%85%20%EC%A0%84%EB%9E%B5.html" "Mozilla/5.0 (Linux; Android 6.0.1; Nexus 5X Build/MMB29P) AppleWebKit/537.36 (KHTML, like Gecko) Chrome/143.0.7499.169 Mobile Safari/537.36 (compatible; Googlebot/2.1; +http://www.google.com/bot.html)"
198.41.227.132 - - [11/Jan/2026:07:17:43 +0300] "GET /?ID=2944.html HTTP/1.0" 200 20816 "https://www.dom-rus.ru/?GameID=2026-01-05/qatfdi.html" "Mozilla/5.0 (Linux; Android 6.0.1; Nexus 5X Build/MMB29P) AppleWebKit/537.36 (KHTML, like Gecko) Chrome/143.0.7499.169 Mobile Safari/537.36 (compatible; Googlebot/2.1; +http://www.google.com/bot.html)"
198.41.227.132 - - [11/Jan/2026:07:17:44 +0300] "GET /?ID=2912.html HTTP/1.0" 200 8898 "https://www.dom-rus.ru/?GameID=2026-01-05/qatfdi.html" "Mozilla/5.0 (Linux; Android 6.0.1; Nexus 5X Build/MMB29P) AppleWebKit/537.36 (KHTML, like Gecko) Chrome/143.0.7499.169 Mobile Safari/537.36 (compatible; Googlebot/2.1; +http://www.google.com/bot.html)"
198.41.227.132 - - [11/Jan/2026:07:17:46 +0300] "GET /?ID=2750.html HTTP/1.0" 200 50956 "https://www.dom-rus.ru/?GameID=2026-01-05/qatfdi.html" "Mozilla/5.0 (Linux; Android 6.0.1; Nexus 5X Build/MMB29P) AppleWebKit/537.36 (KHTML, like Gecko) Chrome/143.0.7499.169 Mobile Safari/537.36 (compatible; Googlebot/2.1; +http://www.google.com/bot.html)"
172.68.164.166 - - [11/Jan/2026:07:18:18 +0300] "GET /?b=201044120 HTTP/1.0" 200 2964 "https://dom-rus.ru/sitemap833.xml" "Mozilla/5.0 (Linux; Android 7.0;) AppleWebKit/537.36 (KHTML, like Gecko) Mobile Safari/537.36 (compatible; PetalBot;+https://webmaster.petalsearch.com/site/petalbot)"
162.158.175.218 - - [11/Jan/2026:07:18:21 +0300] "GET /?GameID=2026-01-11/961.html HTTP/1.0" 200 48897 "-" "Mozilla/5.0 (Linux; Android 6.0.1; Nexus 5X Build/MMB29P) AppleWebKit/537.36 (KHTML, like Gecko) Chrome/143.0.7499.169 Mobile Safari/537.36 (compatible; Googlebot/2.1; +http://www.google.com/bot.html)"
172.71.166.100 - - [11/Jan/2026:07:18:24 +0300] "GET /?GameID=2026-01-11/aexwue.html HTTP/1.0" 200 9729 "-" "Mozilla/5.0 (Linux; Android 6.0.1; Nexus 5X Build/MMB29P) AppleWebKit/537.36 (KHTML, like Gecko) Chrome/143.0.7499.169 Mobile Safari/537.36 (compatible; Googlebot/2.1; +http://www.google.com/bot.html)"
172.71.166.100 - - [11/Jan/2026:07:18:25 +0300] "GET /?ID=2021.html HTTP/1.0" 200 38185 "-" "Mozilla/5.0 (Linux; Android 6.0.1; Nexus 5X Build/MMB29P) AppleWebKit/537.36 (KHTML, like Gecko) Chrome/143.0.7499.169 Mobile Safari/537.36 (compatible; Googlebot/2.1; +http://www.google.com/bot.html)"
162.158.175.218 - - [11/Jan/2026:07:18:27 +0300] "GET /?ID=7374.html HTTP/1.0" 200 50248 "https://www.dom-rus.ru/?ID=2021.html" "Mozilla/5.0 (Linux; Android 6.0.1; Nexus 5X Build/MMB29P) AppleWebKit/537.36 (KHTML, like Gecko) Chrome/143.0.7499.169 Mobile Safari/537.36 (compatible; Googlebot/2.1; +http://www.google.com/bot.html)"
162.158.175.218 - - [11/Jan/2026:07:18:28 +0300] "GET /?ID=7724.html HTTP/1.0" 200 9220 "https://www.dom-rus.ru/?ID=2021.html" "Mozilla/5.0 (Linux; Android 6.0.1; Nexus 5X Build/MMB29P) AppleWebKit/537.36 (KHTML, like Gecko) Chrome/143.0.7499.169 Mobile Safari/537.36 (compatible; Googlebot/2.1; +http://www.google.com/bot.html)"
162.158.175.218 - - [11/Jan/2026:07:18:29 +0300] "GET /?ID=7007.html HTTP/1.0" 200 10811 "https://www.dom-rus.ru/?ID=2021.html" "Mozilla/5.0 (Linux; Android 6.0.1; Nexus 5X Build/MMB29P) AppleWebKit/537.36 (KHTML, like Gecko) Chrome/143.0.7499.169 Mobile Safari/537.36 (compatible; Googlebot/2.1; +http://www.google.com/bot.html)"
198.41.227.132 - - [11/Jan/2026:07:18:51 +0300] "GET /?GameID=2026-01-11/921.html HTTP/1.0" 200 35800 "-" "Mozilla/5.0 (Linux; Android 6.0.1; Nexus 5X Build/MMB29P) AppleWebKit/537.36 (KHTML, like Gecko) Chrome/143.0.7499.169 Mobile Safari/537.36 (compatible; Googlebot/2.1; +http://www.google.com/bot.html)"
198.41.227.132 - - [11/Jan/2026:07:18:57 +0300] "GET /?ID=1942.html HTTP/1.0" 200 51022 "https://www.dom-rus.ru/?GameID=2026-01-11/921.html" "Mozilla/5.0 (Linux; Android 6.0.1; Nexus 5X Build/MMB29P) AppleWebKit/537.36 (KHTML, like Gecko) Chrome/143.0.7499.169 Mobile Safari/537.36 (compatible; Googlebot/2.1; +http://www.google.com/bot.html)"
198.41.227.132 - - [11/Jan/2026:07:18:59 +0300] "GET /?ID=1393.html HTTP/1.0" 200 50229 "https://www.dom-rus.ru/?GameID=2026-01-11/921.html" "Mozilla/5.0 (Linux; Android 6.0.1; Nexus 5X Build/MMB29P) AppleWebKit/537.36 (KHTML, like Gecko) Chrome/143.0.7499.169 Mobile Safari/537.36 (compatible; Googlebot/2.1; +http://www.google.com/bot.html)"
198.41.227.132 - - [11/Jan/2026:07:19:01 +0300] "GET /?ID=1097.html HTTP/1.0" 200 19147 "https://www.dom-rus.ru/?GameID=2026-01-11/921.html" "Mozilla/5.0 (Linux; Android 6.0.1; Nexus 5X Build/MMB29P) AppleWebKit/537.36 (KHTML, like Gecko) Chrome/143.0.7499.169 Mobile Safari/537.36 (compatible; Googlebot/2.1; +http://www.google.com/bot.html)"
198.41.227.132 - - [11/Jan/2026:07:19:26 +0300] "GET /?GameID=2026-01-11/353.html HTTP/1.0" 200 39731 "-" "Mozilla/5.0 (Linux; Android 6.0.1; Nexus 5X Build/MMB29P) AppleWebKit/537.36 (KHTML, like Gecko) Chrome/143.0.7499.169 Mobile Safari/537.36 (compatible; Googlebot/2.1; +http://www.google.com/bot.html)"
198.41.227.132 - - [11/Jan/2026:07:19:33 +0300] "GET /?ID=8153.html HTTP/1.0" 200 20545 "https://www.dom-rus.ru/?GameID=2026-01-11/353.html" "Mozilla/5.0 (Linux; Android 6.0.1; Nexus 5X Build/MMB29P) AppleWebKit/537.36 (KHTML, like Gecko) Chrome/143.0.7499.169 Mobile Safari/537.36 (compatible; Googlebot/2.1; +http://www.google.com/bot.html)"
198.41.227.132 - - [11/Jan/2026:07:19:34 +0300] "GET /?ID=8438.html HTTP/1.0" 200 48803 "https://www.dom-rus.ru/?GameID=2026-01-11/353.html" "Mozilla/5.0 (Linux; Android 6.0.1; Nexus 5X Build/MMB29P) AppleWebKit/537.36 (KHTML, like Gecko) Chrome/143.0.7499.169 Mobile Safari/537.36 (compatible; Googlebot/2.1; +http://www.google.com/bot.html)"
198.41.227.132 - - [11/Jan/2026:07:19:36 +0300] "GET /?ID=8689.html HTTP/1.0" 200 11961 "https://www.dom-rus.ru/?GameID=2026-01-11/353.html" "Mozilla/5.0 (Linux; Android 6.0.1; Nexus 5X Build/MMB29P) AppleWebKit/537.36 (KHTML, like Gecko) Chrome/143.0.7499.169 Mobile Safari/537.36 (compatible; Googlebot/2.1; +http://www.google.com/bot.html)"
172.70.208.155 - - [11/Jan/2026:07:19:41 +0300] "GET /?b=172025333 HTTP/1.0" 200 2964 "https://dom-rus.ru/sitemap833.xml" "Mozilla/5.0 (Linux; Android 7.0;) AppleWebKit/537.36 (KHTML, like Gecko) Mobile Safari/537.36 (compatible; PetalBot;+https://webmaster.petalsearch.com/site/petalbot)"
162.158.175.217 - - [11/Jan/2026:07:20:25 +0300] "GET /?GameID=2026-01-11/932.html HTTP/1.0" 200 19568 "-" "Mozilla/5.0 (Linux; Android 6.0.1; Nexus 5X Build/MMB29P) AppleWebKit/537.36 (KHTML, like Gecko) Chrome/143.0.7499.169 Mobile Safari/537.36 (compatible; Googlebot/2.1; +http://www.google.com/bot.html)"
172.69.65.98 - - [11/Jan/2026:07:20:32 +0300] "GET /?f=028003799 HTTP/1.0" 200 2964 "-" "Mozilla/5.0 (Linux; Android 6.0.1; Nexus 5X Build/MMB29P) AppleWebKit/537.36 (KHTML, like Gecko) Chrome/143.0.7499.169 Mobile Safari/537.36 (compatible; GoogleOther)"
162.158.175.217 - - [11/Jan/2026:07:21:24 +0300] "GET /?GameID=2026-01-11/321.html HTTP/1.0" 200 36375 "-" "Mozilla/5.0 (Linux; Android 6.0.1; Nexus 5X Build/MMB29P) AppleWebKit/537.36 (KHTML, like Gecko) Chrome/143.0.7499.169 Mobile Safari/537.36 (compatible; Googlebot/2.1; +http://www.google.com/bot.html)"
162.158.175.217 - - [11/Jan/2026:07:21:27 +0300] "GET /?ID=8684.html HTTP/1.0" 200 19448 "https://www.dom-rus.ru/?GameID=2026-01-11/321.html" "Mozilla/5.0 (Linux; Android 6.0.1; Nexus 5X Build/MMB29P) AppleWebKit/537.36 (KHTML, like Gecko) Chrome/143.0.7499.169 Mobile Safari/537.36 (compatible; Googlebot/2.1; +http://www.google.com/bot.html)"
198.41.227.133 - - [11/Jan/2026:07:21:28 +0300] "GET /?ID=8651.html HTTP/1.0" 200 9422 "https://www.dom-rus.ru/?GameID=2026-01-11/321.html" "Mozilla/5.0 (Linux; Android 6.0.1; Nexus 5X Build/MMB29P) AppleWebKit/537.36 (KHTML, like Gecko) Chrome/143.0.7499.169 Mobile Safari/537.36 (compatible; Googlebot/2.1; +http://www.google.com/bot.html)"
198.41.227.133 - - [11/Jan/2026:07:21:30 +0300] "GET /?ID=8063.html HTTP/1.0" 200 19559 "https://www.dom-rus.ru/?GameID=2026-01-11/321.html" "Mozilla/5.0 (Linux; Android 6.0.1; Nexus 5X Build/MMB29P) AppleWebKit/537.36 (KHTML, like Gecko) Chrome/143.0.7499.169 Mobile Safari/537.36 (compatible; Googlebot/2.1; +http://www.google.com/bot.html)"
104.23.175.251 - - [11/Jan/2026:07:21:33 +0300] "GET /?a=297035720 HTTP/1.0" 200 2964 "https://dom-rus.ru/sitemap556.xml" "Mozilla/5.0 (Linux; Android 7.0;) AppleWebKit/537.36 (KHTML, like Gecko) Mobile Safari/537.36 (compatible; PetalBot;+https://webmaster.petalsearch.com/site/petalbot)"
104.23.223.115 - - [11/Jan/2026:07:22:23 +0300] "GET /?GameID=2026-01-11/rhzmvj.html HTTP/1.0" 200 9772 "-" "Mozilla/5.0 (Linux; Android 6.0.1; Nexus 5X Build/MMB29P) AppleWebKit/537.36 (KHTML, like Gecko) Chrome/143.0.7499.169 Mobile Safari/537.36 (compatible; Googlebot/2.1; +http://www.google.com/bot.html)"
172.70.189.136 - - [11/Jan/2026:07:22:31 +0300] "GET /?a=183005642 HTTP/1.0" 200 2964 "https://dom-rus.ru/sitemap613.xml" "Mozilla/5.0 (Linux; Android 7.0;) AppleWebKit/537.36 (KHTML, like Gecko) Mobile Safari/537.36 (compatible; PetalBot;+https://webmaster.petalsearch.com/site/petalbot)"
104.23.223.33 - - [11/Jan/2026:07:23:21 +0300] "GET /?GameID=2026-01-11/867.html HTTP/1.0" 200 9086 "-" "Mozilla/5.0 (Linux; Android 6.0.1; Nexus 5X Build/MMB29P) AppleWebKit/537.36 (KHTML, like Gecko) Chrome/143.0.7499.169 Mobile Safari/537.36 (compatible; Googlebot/2.1; +http://www.google.com/bot.html)"
172.71.124.44 - - [11/Jan/2026:07:23:55 +0300] "GET /?l=224033539 HTTP/1.0" 200 2964 "https://dom-rus.ru/sitemap460.xml" "Mozilla/5.0 (Linux; Android 7.0;) AppleWebKit/537.36 (KHTML, like Gecko) Mobile Safari/537.36 (compatible; PetalBot;+https://webmaster.petalsearch.com/site/petalbot)"
172.71.170.218 - - [11/Jan/2026:07:24:21 +0300] "GET /?GameID=2026-01-11/621.html HTTP/1.0" 200 50134 "-" "Mozilla/5.0 (Linux; Android 6.0.1; Nexus 5X Build/MMB29P) AppleWebKit/537.36 (KHTML, like Gecko) Chrome/143.0.7499.169 Mobile Safari/537.36 (compatible; Googlebot/2.1; +http://www.google.com/bot.html)"
172.71.170.218 - - [11/Jan/2026:07:25:19 +0300] "GET /?GameID=2026-01-11/602.html HTTP/1.0" 200 51160 "-" "Mozilla/5.0 (Linux; Android 6.0.1; Nexus 5X Build/MMB29P) AppleWebKit/537.36 (KHTML, like Gecko) Chrome/143.0.7499.169 Mobile Safari/537.36 (compatible; Googlebot/2.1; +http://www.google.com/bot.html)"
198.41.227.132 - - [11/Jan/2026:07:26:18 +0300] "GET /?GameID=2026-01-11/703.html HTTP/1.0" 200 50667 "-" "Mozilla/5.0 (Linux; Android 6.0.1; Nexus 5X Build/MMB29P) AppleWebKit/537.36 (KHTML, like Gecko) Chrome/143.0.7499.169 Mobile Safari/537.36 (compatible; Googlebot/2.1; +http://www.google.com/bot.html)"
172.71.166.100 - - [11/Jan/2026:07:27:17 +0300] "GET /?GameID=2026-01-11/497.html HTTP/1.0" 200 10487 "-" "Mozilla/5.0 (Linux; Android 6.0.1; Nexus 5X Build/MMB29P) AppleWebKit/537.36 (KHTML, like Gecko) Chrome/143.0.7499.169 Mobile Safari/537.36 (compatible; Googlebot/2.1; +http://www.google.com/bot.html)"
172.71.166.101 - - [11/Jan/2026:07:28:43 +0300] "GET /?GameID=2026-01-11/977.html HTTP/1.0" 200 51175 "-" "Mozilla/5.0 (Linux; Android 6.0.1; Nexus 5X Build/MMB29P) AppleWebKit/537.36 (KHTML, like Gecko) Chrome/143.0.7499.169 Mobile Safari/537.36 (compatible; Googlebot/2.1; +http://www.google.com/bot.html)"
172.69.65.127 - - [11/Jan/2026:07:29:23 +0300] "GET /?GameID=2026-01-05/366.html HTTP/1.0" 200 9802 "-" "Mozilla/5.0 AppleWebKit/537.36 (KHTML, like Gecko; compatible; Googlebot/2.1; +http://www.google.com/bot.html) Chrome/143.0.7499.169 Safari/537.36"
172.71.166.101 - - [11/Jan/2026:07:29:31 +0300] "GET /?ID=6085.html HTTP/1.0" 200 19861 "-" "Mozilla/5.0 (Linux; Android 6.0.1; Nexus 5X Build/MMB29P) AppleWebKit/537.36 (KHTML, like Gecko) Chrome/143.0.7499.169 Mobile Safari/537.36 (compatible; Googlebot/2.1; +http://www.google.com/bot.html)"
172.69.65.127 - - [11/Jan/2026:07:29:33 +0300] "GET /?GameID=2026-01-11/194.html HTTP/1.0" 200 50339 "-" "Mozilla/5.0 (Linux; Android 6.0.1; Nexus 5X Build/MMB29P) AppleWebKit/537.36 (KHTML, like Gecko) Chrome/143.0.7499.169 Mobile Safari/537.36 (compatible; Googlebot/2.1; +http://www.google.com/bot.html)"
172.69.65.127 - - [11/Jan/2026:07:30:13 +0300] "GET /?GameID=2026-01-11/224.html HTTP/1.0" 200 21401 "-" "Mozilla/5.0 (Linux; Android 6.0.1; Nexus 5X Build/MMB29P) AppleWebKit/537.36 (KHTML, like Gecko) Chrome/143.0.7499.169 Mobile Safari/537.36 (compatible; Googlebot/2.1; +http://www.google.com/bot.html)"
172.71.166.100 - - [11/Jan/2026:07:31:12 +0300] "GET /?GameID=2026-01-11/177.html HTTP/1.0" 200 49983 "-" "Mozilla/5.0 (Linux; Android 6.0.1; Nexus 5X Build/MMB29P) AppleWebKit/537.36 (KHTML, like Gecko) Chrome/143.0.7499.169 Mobile Safari/537.36 (compatible; Googlebot/2.1; +http://www.google.com/bot.html)"
162.158.210.244 - - [11/Jan/2026:07:32:12 +0300] "GET /public_html.gz HTTP/1.0" 404 452 "-" "Mozilla/5.0 (Windows NT 10.0; Win64; x64) AppleWebKit/537.36 (KHTML, like Gecko) Chrome/101.0.4951.67 Safari/537.36"
172.71.166.100 - - [11/Jan/2026:07:32:11 +0300] "GET /?ID=%EB%B3%B4%EC%A6%9D%EA%B8%88%20%EB%AC%B4%EB%A3%8C%20%EC%B9%A9%20%EC%B9%B4%EC%A7%80%EB%85%B8%20%EC%97%86%EC%9D%8C.html HTTP/1.0" 200 19187 "-" "Mozilla/5.0 (Linux; Android 6.0.1; Nexus 5X Build/MMB29P) AppleWebKit/537.36 (KHTML, like Gecko) Chrome/143.0.7499.169 Mobile Safari/537.36 (compatible; Googlebot/2.1; +http://www.google.com/bot.html)"
172.68.26.114 - - [11/Jan/2026:07:33:10 +0300] "GET /?ID=%EB%A8%B9%ED%8A%80%20%EB%B3%B4%EC%A6%9D.html HTTP/1.0" 200 34795 "-" "Mozilla/5.0 (Linux; Android 6.0.1; Nexus 5X Build/MMB29P) AppleWebKit/537.36 (KHTML, like Gecko) Chrome/143.0.7499.169 Mobile Safari/537.36 (compatible; Googlebot/2.1; +http://www.google.com/bot.html)"
172.68.26.114 - - [11/Jan/2026:07:33:14 +0300] "GET /?ID=9512.html HTTP/1.0" 200 10084 "https://www.dom-rus.ru/?ID=%EB%A8%B9%ED%8A%80%20%EB%B3%B4%EC%A6%9D.html" "Mozilla/5.0 (Linux; Android 6.0.1; Nexus 5X Build/MMB29P) AppleWebKit/537.36 (KHTML, like Gecko) Chrome/143.0.7499.169 Mobile Safari/537.36 (compatible; Googlebot/2.1; +http://www.google.com/bot.html)"
198.41.227.132 - - [11/Jan/2026:07:33:17 +0300] "GET /?ID=9426.html HTTP/1.0" 200 51198 "https://www.dom-rus.ru/?ID=%EB%A8%B9%ED%8A%80%20%EB%B3%B4%EC%A6%9D.html" "Mozilla/5.0 (Linux; Android 6.0.1; Nexus 5X Build/MMB29P) AppleWebKit/537.36 (KHTML, like Gecko) Chrome/143.0.7499.169 Mobile Safari/537.36 (compatible; Googlebot/2.1; +http://www.google.com/bot.html)"
172.68.26.114 - - [11/Jan/2026:07:33:18 +0300] "GET /?ID=9014.html HTTP/1.0" 200 10205 "https://www.dom-rus.ru/?ID=%EB%A8%B9%ED%8A%80%20%EB%B3%B4%EC%A6%9D.html" "Mozilla/5.0 (Linux; Android 6.0.1; Nexus 5X Build/MMB29P) AppleWebKit/537.36 (KHTML, like Gecko) Chrome/143.0.7499.169 Mobile Safari/537.36 (compatible; Googlebot/2.1; +http://www.google.com/bot.html)"
172.68.26.114 - - [11/Jan/2026:07:34:08 +0300] "GET /?ID=%EB%8F%84%EB%B0%95%20%EC%9E%AC%EB%B2%94.html HTTP/1.0" 200 49851 "-" "Mozilla/5.0 (Linux; Android 6.0.1; Nexus 5X Build/MMB29P) AppleWebKit/537.36 (KHTML, like Gecko) Chrome/143.0.7499.169 Mobile Safari/537.36 (compatible; Googlebot/2.1; +http://www.google.com/bot.html)"
162.159.104.157 - - [11/Jan/2026:07:35:08 +0300] "GET /?GameID=2026-01-11/269.html HTTP/1.0" 200 50624 "-" "Mozilla/5.0 (Linux; Android 6.0.1; Nexus 5X Build/MMB29P) AppleWebKit/537.36 (KHTML, like Gecko) Chrome/143.0.7499.169 Mobile Safari/537.36 (compatible; Googlebot/2.1; +http://www.google.com/bot.html)"
172.70.246.156 - - [11/Jan/2026:07:35:35 +0300] "GET /robots.txt HTTP/1.1" 404 173 "-" "Mozilla/5.0 (compatible; SERankingBacklinksBot/1.0; +https://seranking.com/backlinks-crawler)"
172.70.248.32 - - [11/Jan/2026:07:35:35 +0300] "GET / HTTP/1.0" 200 2964 "-" "Mozilla/5.0 (compatible; SERankingBacklinksBot/1.0; +https://seranking.com/backlinks-crawler)"
162.158.175.218 - - [11/Jan/2026:07:36:51 +0300] "GET /?GameID=2026-01-11/vnxuot.html HTTP/1.0" 200 50646 "-" "Mozilla/5.0 (Linux; Android 6.0.1; Nexus 5X Build/MMB29P) AppleWebKit/537.36 (KHTML, like Gecko) Chrome/143.0.7499.169 Mobile Safari/537.36 (compatible; Googlebot/2.1; +http://www.google.com/bot.html)"
162.159.106.135 - - [11/Jan/2026:07:37:39 +0300] "GET /?GameID=2026-01-11/427.html HTTP/1.0" 200 34910 "-" "Mozilla/5.0 (Linux; Android 6.0.1; Nexus 5X Build/MMB29P) AppleWebKit/537.36 (KHTML, like Gecko) Chrome/143.0.7499.169 Mobile Safari/537.36 (compatible; Googlebot/2.1; +http://www.google.com/bot.html)"
162.158.175.218 - - [11/Jan/2026:07:37:42 +0300] "GET /?GameID=2026-01-11/mlalki.html HTTP/1.0" 200 21807 "-" "Mozilla/5.0 (Linux; Android 6.0.1; Nexus 5X Build/MMB29P) AppleWebKit/537.36 (KHTML, like Gecko) Chrome/143.0.7499.169 Mobile Safari/537.36 (compatible; Googlebot/2.1; +http://www.google.com/bot.html)"
162.158.175.218 - - [11/Jan/2026:07:37:43 +0300] "GET /?GameID=2026-01-11/906.html HTTP/1.0" 200 49682 "-" "Mozilla/5.0 (Linux; Android 6.0.1; Nexus 5X Build/MMB29P) AppleWebKit/537.36 (KHTML, like Gecko) Chrome/143.0.7499.169 Mobile Safari/537.36 (compatible; Googlebot/2.1; +http://www.google.com/bot.html)"
162.159.104.156 - - [11/Jan/2026:07:37:45 +0300] "GET /?ID=9068.html HTTP/1.0" 200 10033 "https://www.dom-rus.ru/?GameID=2026-01-11/427.html" "Mozilla/5.0 (Linux; Android 6.0.1; Nexus 5X Build/MMB29P) AppleWebKit/537.36 (KHTML, like Gecko) Chrome/143.0.7499.169 Mobile Safari/537.36 (compatible; Googlebot/2.1; +http://www.google.com/bot.html)"
162.158.175.218 - - [11/Jan/2026:07:37:47 +0300] "GET /?GameID=2026-01-11/772.html HTTP/1.0" 200 49288 "-" "Mozilla/5.0 (Linux; Android 6.0.1; Nexus 5X Build/MMB29P) AppleWebKit/537.36 (KHTML, like Gecko) Chrome/143.0.7499.169 Mobile Safari/537.36 (compatible; Googlebot/2.1; +http://www.google.com/bot.html)"
162.158.175.218 - - [11/Jan/2026:07:37:49 +0300] "GET /?ID=9681.html HTTP/1.0" 200 49905 "https://www.dom-rus.ru/?GameID=2026-01-11/427.html" "Mozilla/5.0 (Linux; Android 6.0.1; Nexus 5X Build/MMB29P) AppleWebKit/537.36 (KHTML, like Gecko) Chrome/143.0.7499.169 Mobile Safari/537.36 (compatible; Googlebot/2.1; +http://www.google.com/bot.html)"
162.158.175.218 - - [11/Jan/2026:07:37:51 +0300] "GET /?GameID=2026-01-11/hzlchq.html HTTP/1.0" 200 20515 "-" "Mozilla/5.0 (Linux; Android 6.0.1; Nexus 5X Build/MMB29P) AppleWebKit/537.36 (KHTML, like Gecko) Chrome/143.0.7499.169 Mobile Safari/537.36 (compatible; Googlebot/2.1; +http://www.google.com/bot.html)"
162.159.104.156 - - [11/Jan/2026:07:38:08 +0300] "GET /?GameID=2026-01-11/449.html HTTP/1.0" 200 10087 "-" "Mozilla/5.0 (Linux; Android 6.0.1; Nexus 5X Build/MMB29P) AppleWebKit/537.36 (KHTML, like Gecko) Chrome/143.0.7499.169 Mobile Safari/537.36 (compatible; Googlebot/2.1; +http://www.google.com/bot.html)"
162.158.175.217 - - [11/Jan/2026:07:39:03 +0300] "GET /?GameID=2026-01-11/400.html HTTP/1.0" 200 50087 "-" "Mozilla/5.0 (Linux; Android 6.0.1; Nexus 5X Build/MMB29P) AppleWebKit/537.36 (KHTML, like Gecko) Chrome/143.0.7499.169 Mobile Safari/537.36 (compatible; Googlebot/2.1; +http://www.google.com/bot.html)"
198.41.227.194 - - [11/Jan/2026:07:39:24 +0300] "GET /favicon.ico HTTP/1.0" 404 456 "https://www.dom-rus.ru/?ID=3047.html" "Mozilla/5.0 (compatible; Googlebot/2.1; +http://www.google.com/bot.html)"
162.159.104.156 - - [11/Jan/2026:07:40:02 +0300] "GET /?GameID=2026-01-11/1523.html HTTP/1.0" 200 19566 "-" "Mozilla/5.0 (Linux; Android 6.0.1; Nexus 5X Build/MMB29P) AppleWebKit/537.36 (KHTML, like Gecko) Chrome/143.0.7499.169 Mobile Safari/537.36 (compatible; Googlebot/2.1; +http://www.google.com/bot.html)"
162.159.104.156 - - [11/Jan/2026:07:41:01 +0300] "GET /?GameID=2026-01-11/7701.html HTTP/1.0" 200 10920 "-" "Mozilla/5.0 (Linux; Android 6.0.1; Nexus 5X Build/MMB29P) AppleWebKit/537.36 (KHTML, like Gecko) Chrome/143.0.7499.169 Mobile Safari/537.36 (compatible; Googlebot/2.1; +http://www.google.com/bot.html)"
