162.159.104.156 - - [11/Jan/2026:07:41:35 +0300] "GET /?GameID=2026-01-11/tqdmgh.html HTTP/1.0" 200 35121 "-" "Mozilla/5.0 (Linux; Android 6.0.1; Nexus 5X Build/MMB29P) AppleWebKit/537.36 (KHTML, like Gecko) Chrome/143.0.7499.169 Mobile Safari/537.36 (compatible; Googlebot/2.1; +http://www.google.com/bot.html)"
162.159.104.156 - - [11/Jan/2026:07:41:44 +0300] "GET /?ID=4044.html HTTP/1.0" 200 11561 "https://www.dom-rus.ru/?GameID=2026-01-11/tqdmgh.html" "Mozilla/5.0 (Linux; Android 6.0.1; Nexus 5X Build/MMB29P) AppleWebKit/537.36 (KHTML, like Gecko) Chrome/143.0.7499.169 Mobile Safari/537.36 (compatible; Googlebot/2.1; +http://www.google.com/bot.html)"
162.159.104.156 - - [11/Jan/2026:07:41:46 +0300] "GET /?ID=4142.html HTTP/1.0" 200 51389 "https://www.dom-rus.ru/?GameID=2026-01-11/tqdmgh.html" "Mozilla/5.0 (Linux; Android 6.0.1; Nexus 5X Build/MMB29P) AppleWebKit/537.36 (KHTML, like Gecko) Chrome/143.0.7499.169 Mobile Safari/537.36 (compatible; Googlebot/2.1; +http://www.google.com/bot.html)"
162.159.104.156 - - [11/Jan/2026:07:41:48 +0300] "GET /?ID=4346.html HTTP/1.0" 200 35273 "https://www.dom-rus.ru/?GameID=2026-01-11/tqdmgh.html" "Mozilla/5.0 (Linux; Android 6.0.1; Nexus 5X Build/MMB29P) AppleWebKit/537.36 (KHTML, like Gecko) Chrome/143.0.7499.169 Mobile Safari/537.36 (compatible; Googlebot/2.1; +http://www.google.com/bot.html)"
162.158.175.218 - - [11/Jan/2026:07:42:25 +0300] "GET /?GameID=2026-01-11/2026.html HTTP/1.0" 200 35067 "-" "Mozilla/5.0 (Linux; Android 6.0.1; Nexus 5X Build/MMB29P) AppleWebKit/537.36 (KHTML, like Gecko) Chrome/143.0.7499.169 Mobile Safari/537.36 (compatible; Googlebot/2.1; +http://www.google.com/bot.html)"
162.159.104.156 - - [11/Jan/2026:07:42:28 +0300] "GET /?ID=9998.html HTTP/1.0" 200 50564 "https://www.dom-rus.ru/?GameID=2026-01-11/2026.html" "Mozilla/5.0 (Linux; Android 6.0.1; Nexus 5X Build/MMB29P) AppleWebKit/537.36 (KHTML, like Gecko) Chrome/143.0.7499.169 Mobile Safari/537.36 (compatible; Googlebot/2.1; +http://www.google.com/bot.html)"
162.158.108.5 - - [11/Jan/2026:07:42:58 +0300] "GET /?w=037007498 HTTP/1.0" 200 2964 "https://dom-rus.ru/sitemap556.xml" "Mozilla/5.0 (Linux; Android 7.0;) AppleWebKit/537.36 (KHTML, like Gecko) Mobile Safari/537.36 (compatible; PetalBot;+https://webmaster.petalsearch.com/site/petalbot)"
162.159.104.156 - - [11/Jan/2026:07:43:14 +0300] "GET /?GameID=2026-01-11/1469.html HTTP/1.0" 200 10375 "-" "Mozilla/5.0 (Linux; Android 6.0.1; Nexus 5X Build/MMB29P) AppleWebKit/537.36 (KHTML, like Gecko) Chrome/143.0.7499.169 Mobile Safari/537.36 (compatible; Googlebot/2.1; +http://www.google.com/bot.html)"
162.158.175.218 - - [11/Jan/2026:07:43:16 +0300] "GET /?GameID=2026-01-05/velzub.html HTTP/1.0" 200 51082 "-" "Mozilla/5.0 (Linux; Android 6.0.1; Nexus 5X Build/MMB29P) AppleWebKit/537.36 (KHTML, like Gecko) Chrome/143.0.7499.169 Mobile Safari/537.36 (compatible; Googlebot/2.1; +http://www.google.com/bot.html)"
162.159.104.156 - - [11/Jan/2026:07:43:18 +0300] "GET /?GameID=2026-01-10/2795.html HTTP/1.0" 200 36089 "-" "Mozilla/5.0 (Linux; Android 6.0.1; Nexus 5X Build/MMB29P) AppleWebKit/537.36 (KHTML, like Gecko) Chrome/143.0.7499.169 Mobile Safari/537.36 (compatible; Googlebot/2.1; +http://www.google.com/bot.html)"
162.158.175.218 - - [11/Jan/2026:07:43:21 +0300] "GET /?ID=3858.html HTTP/1.0" 200 35159 "https://www.dom-rus.ru/?GameID=2026-01-10/2795.html" "Mozilla/5.0 (Linux; Android 6.0.1; Nexus 5X Build/MMB29P) AppleWebKit/537.36 (KHTML, like Gecko) Chrome/143.0.7499.169 Mobile Safari/537.36 (compatible; Googlebot/2.1; +http://www.google.com/bot.html)"
162.159.104.156 - - [11/Jan/2026:07:43:22 +0300] "GET /?ID=3056.html HTTP/1.0" 200 19646 "https://www.dom-rus.ru/?GameID=2026-01-10/2795.html" "Mozilla/5.0 (Linux; Android 6.0.1; Nexus 5X Build/MMB29P) AppleWebKit/537.36 (KHTML, like Gecko) Chrome/143.0.7499.169 Mobile Safari/537.36 (compatible; Googlebot/2.1; +http://www.google.com/bot.html)"
162.159.104.156 - - [11/Jan/2026:07:43:24 +0300] "GET /?ID=3972.html HTTP/1.0" 200 26038 "https://www.dom-rus.ru/?GameID=2026-01-10/2795.html" "Mozilla/5.0 (Linux; Android 6.0.1; Nexus 5X Build/MMB29P) AppleWebKit/537.36 (KHTML, like Gecko) Chrome/143.0.7499.169 Mobile Safari/537.36 (compatible; Googlebot/2.1; +http://www.google.com/bot.html)"
162.159.104.156 - - [11/Jan/2026:07:44:17 +0300] "GET /?GameID=2026-01-11/4648.html HTTP/1.0" 200 19123 "-" "Mozilla/5.0 (Linux; Android 6.0.1; Nexus 5X Build/MMB29P) AppleWebKit/537.36 (KHTML, like Gecko) Chrome/143.0.7499.169 Mobile Safari/537.36 (compatible; Googlebot/2.1; +http://www.google.com/bot.html)"
172.69.166.110 - - [11/Jan/2026:07:44:22 +0300] "GET /?v=078049041 HTTP/1.0" 200 2964 "https://dom-rus.ru/sitemap460.xml" "Mozilla/5.0 (Linux; Android 7.0;) AppleWebKit/537.36 (KHTML, like Gecko) Mobile Safari/537.36 (compatible; PetalBot;+https://webmaster.petalsearch.com/site/petalbot)"
162.159.104.156 - - [11/Jan/2026:07:44:55 +0300] "GET /?GameID=2026-01-11/8163.html HTTP/1.0" 200 36163 "-" "Mozilla/5.0 (Linux; Android 6.0.1; Nexus 5X Build/MMB29P) AppleWebKit/537.36 (KHTML, like Gecko) Chrome/143.0.7499.169 Mobile Safari/537.36 (compatible; Googlebot/2.1; +http://www.google.com/bot.html)"
162.159.104.156 - - [11/Jan/2026:07:45:02 +0300] "GET /?GameID=2026-01-11/120.html HTTP/1.0" 200 50418 "https://www.dom-rus.ru/?GameID=2026-01-11/8163.html" "Mozilla/5.0 (Linux; Android 6.0.1; Nexus 5X Build/MMB29P) AppleWebKit/537.36 (KHTML, like Gecko) Chrome/143.0.7499.169 Mobile Safari/537.36 (compatible; Googlebot/2.1; +http://www.google.com/bot.html)"
162.158.175.217 - - [11/Jan/2026:07:45:06 +0300] "GET /?GameID=2026-01-11/223.html HTTP/1.0" 200 23345 "https://www.dom-rus.ru/?GameID=2026-01-11/8163.html" "Mozilla/5.0 (Linux; Android 6.0.1; Nexus 5X Build/MMB29P) AppleWebKit/537.36 (KHTML, like Gecko) Chrome/143.0.7499.169 Mobile Safari/537.36 (compatible; Googlebot/2.1; +http://www.google.com/bot.html)"
162.159.104.156 - - [11/Jan/2026:07:45:10 +0300] "GET /?GameID=2026-01-11/323.html HTTP/1.0" 200 9509 "https://www.dom-rus.ru/?GameID=2026-01-11/8163.html" "Mozilla/5.0 (Linux; Android 6.0.1; Nexus 5X Build/MMB29P) AppleWebKit/537.36 (KHTML, like Gecko) Chrome/143.0.7499.169 Mobile Safari/537.36 (compatible; Googlebot/2.1; +http://www.google.com/bot.html)"
162.159.106.135 - - [11/Jan/2026:07:45:33 +0300] "GET /6085%E3%80%90QR%E7%A2%BA%E8%AA%8D%E6%B8%88%E3%81%BF%E3%80%91%E3%83%A2%E3%83%B3%E3%82%AF%E3%83%AC%E3%83%BC%E3%83%AB%E2%98%86%E8%A2%96%E3%83%AF%E3%83%83%E3%83%9A%E3%83%B3%E3%83%80%E3%82%A6%E3%83%B3%20MAYA%20%E3%83%96%E3%83%A9%E3%83%83%E3%82%AF%20%E5%8D%B3%E5%AE%8C HTTP/1.0" 404 452 "-" "Mozilla/5.0 (Linux; Android 6.0.1; Nexus 5X Build/MMB29P) AppleWebKit/537.36 (KHTML, like Gecko) Chrome/143.0.7499.169 Mobile Safari/537.36 (compatible; GoogleOther)"
104.23.175.250 - - [11/Jan/2026:07:45:43 +0300] "GET /?n=223029062 HTTP/1.0" 200 2964 "https://dom-rus.ru/sitemap690.xml" "Mozilla/5.0 (Linux; Android 7.0;) AppleWebKit/537.36 (KHTML, like Gecko) Mobile Safari/537.36 (compatible; PetalBot;+https://webmaster.petalsearch.com/site/petalbot)"
162.159.104.156 - - [11/Jan/2026:07:45:54 +0300] "GET /?GameID=2026-01-11/4081.html HTTP/1.0" 200 35566 "-" "Mozilla/5.0 (Linux; Android 6.0.1; Nexus 5X Build/MMB29P) AppleWebKit/537.36 (KHTML, like Gecko) Chrome/143.0.7499.169 Mobile Safari/537.36 (compatible; Googlebot/2.1; +http://www.google.com/bot.html)"
162.159.104.156 - - [11/Jan/2026:07:45:57 +0300] "GET /?ID=2378.html HTTP/1.0" 200 19465 "https://www.dom-rus.ru/?GameID=2026-01-11/4081.html" "Mozilla/5.0 (Linux; Android 6.0.1; Nexus 5X Build/MMB29P) AppleWebKit/537.36 (KHTML, like Gecko) Chrome/143.0.7499.169 Mobile Safari/537.36 (compatible; Googlebot/2.1; +http://www.google.com/bot.html)"
162.159.104.156 - - [11/Jan/2026:07:46:00 +0300] "GET /?ID=2053.html HTTP/1.0" 200 18882 "https://www.dom-rus.ru/?GameID=2026-01-11/4081.html" "Mozilla/5.0 (Linux; Android 6.0.1; Nexus 5X Build/MMB29P) AppleWebKit/537.36 (KHTML, like Gecko) Chrome/143.0.7499.169 Mobile Safari/537.36 (compatible; Googlebot/2.1; +http://www.google.com/bot.html)"
162.159.104.156 - - [11/Jan/2026:07:46:02 +0300] "GET /?ID=2302.html HTTP/1.0" 200 9611 "https://www.dom-rus.ru/?GameID=2026-01-11/4081.html" "Mozilla/5.0 (Linux; Android 6.0.1; Nexus 5X Build/MMB29P) AppleWebKit/537.36 (KHTML, like Gecko) Chrome/143.0.7499.169 Mobile Safari/537.36 (compatible; Googlebot/2.1; +http://www.google.com/bot.html)"
198.41.227.132 - - [11/Jan/2026:07:46:53 +0300] "GET /?GameID=2026-01-11/3244.html HTTP/1.0" 200 54730 "-" "Mozilla/5.0 (Linux; Android 6.0.1; Nexus 5X Build/MMB29P) AppleWebKit/537.36 (KHTML, like Gecko) Chrome/143.0.7499.169 Mobile Safari/537.36 (compatible; Googlebot/2.1; +http://www.google.com/bot.html)"
162.158.175.218 - - [11/Jan/2026:07:47:53 +0300] "GET /?GameID=2026-01-11/1419.html HTTP/1.0" 200 23823 "-" "Mozilla/5.0 (Linux; Android 6.0.1; Nexus 5X Build/MMB29P) AppleWebKit/537.36 (KHTML, like Gecko) Chrome/143.0.7499.169 Mobile Safari/537.36 (compatible; Googlebot/2.1; +http://www.google.com/bot.html)"
104.23.223.108 - - [11/Jan/2026:07:48:30 +0300] "GET /?l=276026213 HTTP/1.0" 200 2964 "https://dom-rus.ru/sitemap562.xml" "Mozilla/5.0 (Linux; Android 7.0;) AppleWebKit/537.36 (KHTML, like Gecko) Mobile Safari/537.36 (compatible; PetalBot;+https://webmaster.petalsearch.com/site/petalbot)"
198.41.227.133 - - [11/Jan/2026:07:48:51 +0300] "GET /?GameID=2026-01-11/8563.html HTTP/1.0" 200 20466 "-" "Mozilla/5.0 (Linux; Android 6.0.1; Nexus 5X Build/MMB29P) AppleWebKit/537.36 (KHTML, like Gecko) Chrome/143.0.7499.169 Mobile Safari/537.36 (compatible; Googlebot/2.1; +http://www.google.com/bot.html)"
172.70.208.155 - - [11/Jan/2026:07:49:59 +0300] "GET /?sitemapindex.xml HTTP/1.0" 200 2964 "-" "Mozilla/5.0 (Linux; Android 7.0;) AppleWebKit/537.36 (KHTML, like Gecko) Mobile Safari/537.36 (compatible; PetalBot;+https://webmaster.petalsearch.com/site/petalbot)"
198.41.227.133 - - [11/Jan/2026:07:50:36 +0300] "GET /?GameID=2026-01-11/2838.html HTTP/1.0" 200 10118 "-" "Mozilla/5.0 (Linux; Android 6.0.1; Nexus 5X Build/MMB29P) AppleWebKit/537.36 (KHTML, like Gecko) Chrome/143.0.7499.169 Mobile Safari/537.36 (compatible; Googlebot/2.1; +http://www.google.com/bot.html)"
198.41.227.133 - - [11/Jan/2026:07:51:05 +0300] "GET /?GameID=2026-01-11/2291.html HTTP/1.0" 200 35324 "-" "Mozilla/5.0 (Linux; Android 6.0.1; Nexus 5X Build/MMB29P) AppleWebKit/537.36 (KHTML, like Gecko) Chrome/143.0.7499.169 Mobile Safari/537.36 (compatible; Googlebot/2.1; +http://www.google.com/bot.html)"
198.41.227.133 - - [11/Jan/2026:07:51:09 +0300] "GET /?ID=8285.html HTTP/1.0" 200 19695 "https://www.dom-rus.ru/?GameID=2026-01-11/2291.html" "Mozilla/5.0 (Linux; Android 6.0.1; Nexus 5X Build/MMB29P) AppleWebKit/537.36 (KHTML, like Gecko) Chrome/143.0.7499.169 Mobile Safari/537.36 (compatible; Googlebot/2.1; +http://www.google.com/bot.html)"
198.41.227.133 - - [11/Jan/2026:07:51:11 +0300] "GET /?ID=8334.html HTTP/1.0" 200 9866 "https://www.dom-rus.ru/?GameID=2026-01-11/2291.html" "Mozilla/5.0 (Linux; Android 6.0.1; Nexus 5X Build/MMB29P) AppleWebKit/537.36 (KHTML, like Gecko) Chrome/143.0.7499.169 Mobile Safari/537.36 (compatible; Googlebot/2.1; +http://www.google.com/bot.html)"
198.41.227.133 - - [11/Jan/2026:07:51:13 +0300] "GET /?ID=8621.html HTTP/1.0" 200 19123 "https://www.dom-rus.ru/?GameID=2026-01-11/2291.html" "Mozilla/5.0 (Linux; Android 6.0.1; Nexus 5X Build/MMB29P) AppleWebKit/537.36 (KHTML, like Gecko) Chrome/143.0.7499.169 Mobile Safari/537.36 (compatible; Googlebot/2.1; +http://www.google.com/bot.html)"
108.162.227.140 - - [11/Jan/2026:07:51:19 +0300] "GET /?j=179028382 HTTP/1.0" 200 2964 "https://dom-rus.ru/sitemap562.xml" "Mozilla/5.0 (Linux; Android 7.0;) AppleWebKit/537.36 (KHTML, like Gecko) Mobile Safari/537.36 (compatible; PetalBot;+https://webmaster.petalsearch.com/site/petalbot)"
198.41.227.133 - - [11/Jan/2026:07:51:47 +0300] "GET /?GameID=2026-01-11/3249.html HTTP/1.0" 200 35025 "-" "Mozilla/5.0 (Linux; Android 6.0.1; Nexus 5X Build/MMB29P) AppleWebKit/537.36 (KHTML, like Gecko) Chrome/143.0.7499.169 Mobile Safari/537.36 (compatible; Googlebot/2.1; +http://www.google.com/bot.html)"
198.41.227.133 - - [11/Jan/2026:07:51:51 +0300] "GET /?GameID=2026-01-11/503.html HTTP/1.0" 200 20986 "https://www.dom-rus.ru/?GameID=2026-01-11/3249.html" "Mozilla/5.0 (Linux; Android 6.0.1; Nexus 5X Build/MMB29P) AppleWebKit/537.36 (KHTML, like Gecko) Chrome/143.0.7499.169 Mobile Safari/537.36 (compatible; Googlebot/2.1; +http://www.google.com/bot.html)"
198.41.227.133 - - [11/Jan/2026:07:51:52 +0300] "GET /?GameID=2026-01-11/218.html HTTP/1.0" 200 35109 "https://www.dom-rus.ru/?GameID=2026-01-11/3249.html" "Mozilla/5.0 (Linux; Android 6.0.1; Nexus 5X Build/MMB29P) AppleWebKit/537.36 (KHTML, like Gecko) Chrome/143.0.7499.169 Mobile Safari/537.36 (compatible; Googlebot/2.1; +http://www.google.com/bot.html)"
198.41.227.133 - - [11/Jan/2026:07:51:54 +0300] "GET /?GameID=2026-01-11/919.html HTTP/1.0" 200 9187 "https://www.dom-rus.ru/?GameID=2026-01-11/3249.html" "Mozilla/5.0 (Linux; Android 6.0.1; Nexus 5X Build/MMB29P) AppleWebKit/537.36 (KHTML, like Gecko) Chrome/143.0.7499.169 Mobile Safari/537.36 (compatible; Googlebot/2.1; +http://www.google.com/bot.html)"
198.41.227.133 - - [11/Jan/2026:07:52:21 +0300] "GET /?GameID=2026-01-11/8372.html HTTP/1.0" 200 34758 "-" "Mozilla/5.0 (Linux; Android 6.0.1; Nexus 5X Build/MMB29P) AppleWebKit/537.36 (KHTML, like Gecko) Chrome/143.0.7499.169 Mobile Safari/537.36 (compatible; Googlebot/2.1; +http://www.google.com/bot.html)"
198.41.227.133 - - [11/Jan/2026:07:52:24 +0300] "GET /?ID=1679.html HTTP/1.0" 200 11445 "https://www.dom-rus.ru/?GameID=2026-01-11/8372.html" "Mozilla/5.0 (Linux; Android 6.0.1; Nexus 5X Build/MMB29P) AppleWebKit/537.36 (KHTML, like Gecko) Chrome/143.0.7499.169 Mobile Safari/537.36 (compatible; Googlebot/2.1; +http://www.google.com/bot.html)"
198.41.227.133 - - [11/Jan/2026:07:52:25 +0300] "GET /?ID=1292.html HTTP/1.0" 200 9159 "https://www.dom-rus.ru/?GameID=2026-01-11/8372.html" "Mozilla/5.0 (Linux; Android 6.0.1; Nexus 5X Build/MMB29P) AppleWebKit/537.36 (KHTML, like Gecko) Chrome/143.0.7499.169 Mobile Safari/537.36 (compatible; Googlebot/2.1; +http://www.google.com/bot.html)"
198.41.227.133 - - [11/Jan/2026:07:52:27 +0300] "GET /?ID=1575.html HTTP/1.0" 200 49325 "https://www.dom-rus.ru/?GameID=2026-01-11/8372.html" "Mozilla/5.0 (Linux; Android 6.0.1; Nexus 5X Build/MMB29P) AppleWebKit/537.36 (KHTML, like Gecko) Chrome/143.0.7499.169 Mobile Safari/537.36 (compatible; Googlebot/2.1; +http://www.google.com/bot.html)"
172.69.176.4 - - [11/Jan/2026:07:52:40 +0300] "GET /?d=289025818 HTTP/1.0" 200 2964 "https://dom-rus.ru/sitemap65.xml" "Mozilla/5.0 (Linux; Android 7.0;) AppleWebKit/537.36 (KHTML, like Gecko) Mobile Safari/537.36 (compatible; PetalBot;+https://webmaster.petalsearch.com/site/petalbot)"
198.41.227.133 - - [11/Jan/2026:07:52:46 +0300] "GET /?GameID=2026-01-11/5002.html HTTP/1.0" 200 35264 "-" "Mozilla/5.0 (Linux; Android 6.0.1; Nexus 5X Build/MMB29P) AppleWebKit/537.36 (KHTML, like Gecko) Chrome/143.0.7499.169 Mobile Safari/537.36 (compatible; Googlebot/2.1; +http://www.google.com/bot.html)"
198.41.227.133 - - [11/Jan/2026:07:52:50 +0300] "GET /?ID=8509.html HTTP/1.0" 200 9917 "https://www.dom-rus.ru/?GameID=2026-01-11/5002.html" "Mozilla/5.0 (Linux; Android 6.0.1; Nexus 5X Build/MMB29P) AppleWebKit/537.36 (KHTML, like Gecko) Chrome/143.0.7499.169 Mobile Safari/537.36 (compatible; Googlebot/2.1; +http://www.google.com/bot.html)"
198.41.227.133 - - [11/Jan/2026:07:52:51 +0300] "GET /?ID=8973.html HTTP/1.0" 200 50361 "https://www.dom-rus.ru/?GameID=2026-01-11/5002.html" "Mozilla/5.0 (Linux; Android 6.0.1; Nexus 5X Build/MMB29P) AppleWebKit/537.36 (KHTML, like Gecko) Chrome/143.0.7499.169 Mobile Safari/537.36 (compatible; Googlebot/2.1; +http://www.google.com/bot.html)"
198.41.227.133 - - [11/Jan/2026:07:52:54 +0300] "GET /?ID=8630.html HTTP/1.0" 200 48946 "https://www.dom-rus.ru/?GameID=2026-01-11/5002.html" "Mozilla/5.0 (Linux; Android 6.0.1; Nexus 5X Build/MMB29P) AppleWebKit/537.36 (KHTML, like Gecko) Chrome/143.0.7499.169 Mobile Safari/537.36 (compatible; Googlebot/2.1; +http://www.google.com/bot.html)"
198.41.227.133 - - [11/Jan/2026:07:53:45 +0300] "GET /?GameID=2026-01-11/4678.html HTTP/1.0" 200 20256 "-" "Mozilla/5.0 (Linux; Android 6.0.1; Nexus 5X Build/MMB29P) AppleWebKit/537.36 (KHTML, like Gecko) Chrome/143.0.7499.169 Mobile Safari/537.36 (compatible; Googlebot/2.1; +http://www.google.com/bot.html)"
172.69.166.111 - - [11/Jan/2026:07:54:03 +0300] "GET /?x=002002525 HTTP/1.0" 200 2964 "https://dom-rus.ru/sitemap562.xml" "Mozilla/5.0 (Linux; Android 7.0;) AppleWebKit/537.36 (KHTML, like Gecko) Mobile Safari/537.36 (compatible; PetalBot;+https://webmaster.petalsearch.com/site/petalbot)"
198.41.227.133 - - [11/Jan/2026:07:54:03 +0300] "GET /?GameID=2026-01-06/ynpfcv.html HTTP/1.0" 200 20469 "-" "Mozilla/5.0 (Linux; Android 6.0.1; Nexus 5X Build/MMB29P) AppleWebKit/537.36 (KHTML, like Gecko) Chrome/143.0.7499.169 Mobile Safari/537.36 (compatible; Googlebot/2.1; +http://www.google.com/bot.html)"
198.41.227.133 - - [11/Jan/2026:07:54:51 +0300] "GET /?GameID=2026-01-11/5060.html HTTP/1.0" 200 50138 "-" "Mozilla/5.0 (Linux; Android 6.0.1; Nexus 5X Build/MMB29P) AppleWebKit/537.36 (KHTML, like Gecko) Chrome/143.0.7499.169 Mobile Safari/537.36 (compatible; Googlebot/2.1; +http://www.google.com/bot.html)"
198.41.227.133 - - [11/Jan/2026:07:54:53 +0300] "GET /?GameID=2026-01-11/4244.html HTTP/1.0" 200 9270 "-" "Mozilla/5.0 (Linux; Android 6.0.1; Nexus 5X Build/MMB29P) AppleWebKit/537.36 (KHTML, like Gecko) Chrome/143.0.7499.169 Mobile Safari/537.36 (compatible; Googlebot/2.1; +http://www.google.com/bot.html)"
172.71.166.101 - - [11/Jan/2026:07:56:29 +0300] "GET /?GameID=2026-01-05/8684.html HTTP/1.0" 200 8914 "-" "Mozilla/5.0 (Linux; Android 6.0.1; Nexus 5X Build/MMB29P) AppleWebKit/537.36 (KHTML, like Gecko) Chrome/143.0.7499.169 Mobile Safari/537.36 (compatible; Googlebot/2.1; +http://www.google.com/bot.html)"
198.41.227.133 - - [11/Jan/2026:07:56:30 +0300] "GET /?GameID=2026-01-11/eftwnu.html HTTP/1.0" 200 11618 "-" "Mozilla/5.0 (Linux; Android 6.0.1; Nexus 5X Build/MMB29P) AppleWebKit/537.36 (KHTML, like Gecko) Chrome/143.0.7499.169 Mobile Safari/537.36 (compatible; Googlebot/2.1; +http://www.google.com/bot.html)"
198.41.227.133 - - [11/Jan/2026:07:56:32 +0300] "GET /?GameID=2026-01-11/confcz.html HTTP/1.0" 200 10311 "-" "Mozilla/5.0 (Linux; Android 6.0.1; Nexus 5X Build/MMB29P) AppleWebKit/537.36 (KHTML, like Gecko) Chrome/143.0.7499.169 Mobile Safari/537.36 (compatible; Googlebot/2.1; +http://www.google.com/bot.html)"
198.41.227.133 - - [11/Jan/2026:07:56:33 +0300] "GET /?GameID=2026-01-11/4960.html HTTP/1.0" 200 50892 "-" "Mozilla/5.0 (Linux; Android 6.0.1; Nexus 5X Build/MMB29P) AppleWebKit/537.36 (KHTML, like Gecko) Chrome/143.0.7499.169 Mobile Safari/537.36 (compatible; Googlebot/2.1; +http://www.google.com/bot.html)"
198.41.227.133 - - [11/Jan/2026:07:56:35 +0300] "GET /?ID=3833.html HTTP/1.0" 200 19381 "-" "Mozilla/5.0 (Linux; Android 6.0.1; Nexus 5X Build/MMB29P) AppleWebKit/537.36 (KHTML, like Gecko) Chrome/143.0.7499.169 Mobile Safari/537.36 (compatible; Googlebot/2.1; +http://www.google.com/bot.html)"
198.41.227.133 - - [11/Jan/2026:07:56:59 +0300] "GET /?GameID=2026-01-11/1210.html HTTP/1.0" 200 34517 "-" "Mozilla/5.0 (Linux; Android 6.0.1; Nexus 5X Build/MMB29P) AppleWebKit/537.36 (KHTML, like Gecko) Chrome/143.0.7499.169 Mobile Safari/537.36 (compatible; Googlebot/2.1; +http://www.google.com/bot.html)"
198.41.227.133 - - [11/Jan/2026:07:57:02 +0300] "GET /?ID=2872.html HTTP/1.0" 200 9006 "https://www.dom-rus.ru/?GameID=2026-01-11/1210.html" "Mozilla/5.0 (Linux; Android 6.0.1; Nexus 5X Build/MMB29P) AppleWebKit/537.36 (KHTML, like Gecko) Chrome/143.0.7499.169 Mobile Safari/537.36 (compatible; Googlebot/2.1; +http://www.google.com/bot.html)"
198.41.227.133 - - [11/Jan/2026:07:57:04 +0300] "GET /?ID=2790.html HTTP/1.0" 200 35102 "https://www.dom-rus.ru/?GameID=2026-01-11/1210.html" "Mozilla/5.0 (Linux; Android 6.0.1; Nexus 5X Build/MMB29P) AppleWebKit/537.36 (KHTML, like Gecko) Chrome/143.0.7499.169 Mobile Safari/537.36 (compatible; Googlebot/2.1; +http://www.google.com/bot.html)"
198.41.227.133 - - [11/Jan/2026:07:57:40 +0300] "GET /?GameID=2026-01-11/1831.html HTTP/1.0" 200 20511 "-" "Mozilla/5.0 (Linux; Android 6.0.1; Nexus 5X Build/MMB29P) AppleWebKit/537.36 (KHTML, like Gecko) Chrome/143.0.7499.169 Mobile Safari/537.36 (compatible; Googlebot/2.1; +http://www.google.com/bot.html)"
172.71.166.101 - - [11/Jan/2026:07:58:39 +0300] "GET /?GameID=2026-01-11/9066.html HTTP/1.0" 200 11187 "-" "Mozilla/5.0 (Linux; Android 6.0.1; Nexus 5X Build/MMB29P) AppleWebKit/537.36 (KHTML, like Gecko) Chrome/143.0.7499.169 Mobile Safari/537.36 (compatible; Googlebot/2.1; +http://www.google.com/bot.html)"
172.71.166.101 - - [11/Jan/2026:07:59:38 +0300] "GET /?GameID=2026-01-11/655.html HTTP/1.0" 200 36454 "-" "Mozilla/5.0 (Linux; Android 6.0.1; Nexus 5X Build/MMB29P) AppleWebKit/537.36 (KHTML, like Gecko) Chrome/143.0.7499.169 Mobile Safari/537.36 (compatible; Googlebot/2.1; +http://www.google.com/bot.html)"
172.68.26.115 - - [11/Jan/2026:07:59:47 +0300] "GET /?ID=8190.html HTTP/1.0" 200 12904 "https://www.dom-rus.ru/?GameID=2026-01-11/655.html" "Mozilla/5.0 (Linux; Android 6.0.1; Nexus 5X Build/MMB29P) AppleWebKit/537.36 (KHTML, like Gecko) Chrome/143.0.7499.169 Mobile Safari/537.36 (compatible; Googlebot/2.1; +http://www.google.com/bot.html)"
198.41.227.132 - - [11/Jan/2026:07:59:48 +0300] "GET /?ID=8507.html HTTP/1.0" 200 35297 "https://www.dom-rus.ru/?GameID=2026-01-11/655.html" "Mozilla/5.0 (Linux; Android 6.0.1; Nexus 5X Build/MMB29P) AppleWebKit/537.36 (KHTML, like Gecko) Chrome/143.0.7499.169 Mobile Safari/537.36 (compatible; Googlebot/2.1; +http://www.google.com/bot.html)"
198.41.227.132 - - [11/Jan/2026:07:59:49 +0300] "GET /?ID=8581.html HTTP/1.0" 200 50538 "https://www.dom-rus.ru/?GameID=2026-01-11/655.html" "Mozilla/5.0 (Linux; Android 6.0.1; Nexus 5X Build/MMB29P) AppleWebKit/537.36 (KHTML, like Gecko) Chrome/143.0.7499.169 Mobile Safari/537.36 (compatible; Googlebot/2.1; +http://www.google.com/bot.html)"
172.71.166.101 - - [11/Jan/2026:08:00:11 +0300] "GET /?GameID=2026-01-10/843.html HTTP/1.0" 200 50330 "-" "Mozilla/5.0 (Linux; Android 6.0.1; Nexus 5X Build/MMB29P) AppleWebKit/537.36 (KHTML, like Gecko) Chrome/143.0.7499.169 Mobile Safari/537.36 (compatible; Googlebot/2.1; +http://www.google.com/bot.html)"
198.41.227.132 - - [11/Jan/2026:08:00:37 +0300] "GET /?GameID=2026-01-11/325.html HTTP/1.0" 200 11939 "-" "Mozilla/5.0 (Linux; Android 6.0.1; Nexus 5X Build/MMB29P) AppleWebKit/537.36 (KHTML, like Gecko) Chrome/143.0.7499.169 Mobile Safari/537.36 (compatible; Googlebot/2.1; +http://www.google.com/bot.html)"
172.71.124.44 - - [11/Jan/2026:08:00:44 +0300] "GET /?y=043010938 HTTP/1.0" 200 2964 "https://dom-rus.ru/sitemap833.xml" "Mozilla/5.0 (Linux; Android 7.0;) AppleWebKit/537.36 (KHTML, like Gecko) Mobile Safari/537.36 (compatible; PetalBot;+https://webmaster.petalsearch.com/site/petalbot)"
162.159.104.157 - - [11/Jan/2026:08:03:54 +0300] "GET /?GameID=2026-01-11/760.html HTTP/1.0" 200 9348 "-" "Mozilla/5.0 (Linux; Android 6.0.1; Nexus 5X Build/MMB29P) AppleWebKit/537.36 (KHTML, like Gecko) Chrome/143.0.7499.169 Mobile Safari/537.36 (compatible; Googlebot/2.1; +http://www.google.com/bot.html)"
172.71.166.101 - - [11/Jan/2026:08:05:09 +0300] "GET /?GameID=2026-01-11/3375.html HTTP/1.0" 200 35945 "-" "Mozilla/5.0 (Linux; Android 6.0.1; Nexus 5X Build/MMB29P) AppleWebKit/537.36 (KHTML, like Gecko) Chrome/143.0.7499.169 Mobile Safari/537.36 (compatible; Googlebot/2.1; +http://www.google.com/bot.html)"
172.71.166.101 - - [11/Jan/2026:08:05:15 +0300] "GET /?ID=3189.html HTTP/1.0" 200 50341 "https://www.dom-rus.ru/?GameID=2026-01-11/3375.html" "Mozilla/5.0 (Linux; Android 6.0.1; Nexus 5X Build/MMB29P) AppleWebKit/537.36 (KHTML, like Gecko) Chrome/143.0.7499.169 Mobile Safari/537.36 (compatible; Googlebot/2.1; +http://www.google.com/bot.html)"
172.71.166.101 - - [11/Jan/2026:08:05:17 +0300] "GET /?ID=3591.html HTTP/1.0" 200 49540 "https://www.dom-rus.ru/?GameID=2026-01-11/3375.html" "Mozilla/5.0 (Linux; Android 6.0.1; Nexus 5X Build/MMB29P) AppleWebKit/537.36 (KHTML, like Gecko) Chrome/143.0.7499.169 Mobile Safari/537.36 (compatible; Googlebot/2.1; +http://www.google.com/bot.html)"
172.71.166.101 - - [11/Jan/2026:08:05:57 +0300] "GET /?GameID=2026-01-11/vtlqsh.html HTTP/1.0" 200 18301 "-" "Mozilla/5.0 (Linux; Android 6.0.1; Nexus 5X Build/MMB29P) AppleWebKit/537.36 (KHTML, like Gecko) Chrome/143.0.7499.169 Mobile Safari/537.36 (compatible; Googlebot/2.1; +http://www.google.com/bot.html)"
172.71.166.101 - - [11/Jan/2026:08:05:58 +0300] "GET /?GameID=2026-01-11/237.html HTTP/1.0" 200 35882 "-" "Mozilla/5.0 (Linux; Android 6.0.1; Nexus 5X Build/MMB29P) AppleWebKit/537.36 (KHTML, like Gecko) Chrome/143.0.7499.169 Mobile Safari/537.36 (compatible; Googlebot/2.1; +http://www.google.com/bot.html)"
172.71.166.101 - - [11/Jan/2026:08:06:07 +0300] "GET /?ID=5872.html HTTP/1.0" 200 36512 "https://www.dom-rus.ru/?GameID=2026-01-11/237.html" "Mozilla/5.0 (Linux; Android 6.0.1; Nexus 5X Build/MMB29P) AppleWebKit/537.36 (KHTML, like Gecko) Chrome/143.0.7499.169 Mobile Safari/537.36 (compatible; Googlebot/2.1; +http://www.google.com/bot.html)"
172.71.166.101 - - [11/Jan/2026:08:06:09 +0300] "GET /?ID=5281.html HTTP/1.0" 200 9561 "https://www.dom-rus.ru/?GameID=2026-01-11/237.html" "Mozilla/5.0 (Linux; Android 6.0.1; Nexus 5X Build/MMB29P) AppleWebKit/537.36 (KHTML, like Gecko) Chrome/143.0.7499.169 Mobile Safari/537.36 (compatible; Googlebot/2.1; +http://www.google.com/bot.html)"
172.71.166.101 - - [11/Jan/2026:08:06:10 +0300] "GET /?ID=5810.html HTTP/1.0" 200 34689 "https://www.dom-rus.ru/?GameID=2026-01-11/237.html" "Mozilla/5.0 (Linux; Android 6.0.1; Nexus 5X Build/MMB29P) AppleWebKit/537.36 (KHTML, like Gecko) Chrome/143.0.7499.169 Mobile Safari/537.36 (compatible; Googlebot/2.1; +http://www.google.com/bot.html)"
172.71.166.101 - - [11/Jan/2026:08:06:28 +0300] "GET /?GameID=2026-01-11/prgofp.html HTTP/1.0" 200 49427 "-" "Mozilla/5.0 (Linux; Android 6.0.1; Nexus 5X Build/MMB29P) AppleWebKit/537.36 (KHTML, like Gecko) Chrome/143.0.7499.169 Mobile Safari/537.36 (compatible; Googlebot/2.1; +http://www.google.com/bot.html)"
172.71.166.101 - - [11/Jan/2026:08:06:58 +0300] "GET /?GameID=2026-01-11/wtvsqs.html HTTP/1.0" 200 49715 "-" "Mozilla/5.0 (Linux; Android 6.0.1; Nexus 5X Build/MMB29P) AppleWebKit/537.36 (KHTML, like Gecko) Chrome/143.0.7499.169 Mobile Safari/537.36 (compatible; Googlebot/2.1; +http://www.google.com/bot.html)"
172.64.192.191 - - [11/Jan/2026:08:07:18 +0300] "GET /robots.txt HTTP/1.1" 404 173 "-" "Mozilla/5.0 (compatible; AhrefsBot/7.0; +http://ahrefs.com/robot/)"
172.71.166.101 - - [11/Jan/2026:08:07:28 +0300] "GET /?GameID=2026-01-11/euzjtm.html HTTP/1.0" 200 20006 "-" "Mozilla/5.0 (Linux; Android 6.0.1; Nexus 5X Build/MMB29P) AppleWebKit/537.36 (KHTML, like Gecko) Chrome/143.0.7499.169 Mobile Safari/537.36 (compatible; Googlebot/2.1; +http://www.google.com/bot.html)"
172.71.166.101 - - [11/Jan/2026:08:07:57 +0300] "GET /?GameID=2026-01-11/agabyf.html HTTP/1.0" 200 19696 "-" "Mozilla/5.0 (Linux; Android 6.0.1; Nexus 5X Build/MMB29P) AppleWebKit/537.36 (KHTML, like Gecko) Chrome/143.0.7499.169 Mobile Safari/537.36 (compatible; Googlebot/2.1; +http://www.google.com/bot.html)"
198.41.227.133 - - [11/Jan/2026:08:08:13 +0300] "GET /?GameID=2026-01-03/zcgves.html HTTP/1.0" 200 34856 "-" "Mozilla/5.0 (Linux; Android 6.0.1; Nexus 5X Build/MMB29P) AppleWebKit/537.36 (KHTML, like Gecko) Chrome/143.0.7499.169 Mobile Safari/537.36 (compatible; Googlebot/2.1; +http://www.google.com/bot.html)"
172.71.166.101 - - [11/Jan/2026:08:08:14 +0300] "GET /?GameID=2026-01-07/zelnvl.html HTTP/1.0" 200 10358 "-" "Mozilla/5.0 (compatible; Googlebot/2.1; +http://www.google.com/bot.html)"
198.41.227.133 - - [11/Jan/2026:08:08:15 +0300] "GET /?GameID=2026-01-11/dqvmts.html HTTP/1.0" 200 19206 "-" "Mozilla/5.0 (Linux; Android 6.0.1; Nexus 5X Build/MMB29P) AppleWebKit/537.36 (KHTML, like Gecko) Chrome/143.0.7499.169 Mobile Safari/537.36 (compatible; Googlebot/2.1; +http://www.google.com/bot.html)"
172.71.166.101 - - [11/Jan/2026:08:08:19 +0300] "GET /?ID=1417.html HTTP/1.0" 200 50275 "https://www.dom-rus.ru/?GameID=2026-01-03/zcgves.html" "Mozilla/5.0 (Linux; Android 6.0.1; Nexus 5X Build/MMB29P) AppleWebKit/537.36 (KHTML, like Gecko) Chrome/143.0.7499.169 Mobile Safari/537.36 (compatible; Googlebot/2.1; +http://www.google.com/bot.html)"
172.71.166.101 - - [11/Jan/2026:08:08:20 +0300] "GET /?ID=1944.html HTTP/1.0" 200 9942 "https://www.dom-rus.ru/?GameID=2026-01-03/zcgves.html" "Mozilla/5.0 (Linux; Android 6.0.1; Nexus 5X Build/MMB29P) AppleWebKit/537.36 (KHTML, like Gecko) Chrome/143.0.7499.169 Mobile Safari/537.36 (compatible; Googlebot/2.1; +http://www.google.com/bot.html)"
172.71.166.101 - - [11/Jan/2026:08:08:27 +0300] "GET /?GameID=2026-01-11/hnxipl.html HTTP/1.0" 200 19733 "-" "Mozilla/5.0 (Linux; Android 6.0.1; Nexus 5X Build/MMB29P) AppleWebKit/537.36 (KHTML, like Gecko) Chrome/143.0.7499.169 Mobile Safari/537.36 (compatible; Googlebot/2.1; +http://www.google.com/bot.html)"
172.70.94.26 - - [11/Jan/2026:08:08:57 +0300] "GET /?GameID=2026-01-11/lyblma.html HTTP/1.0" 200 35349 "-" "Mozilla/5.0 (Linux; Android 6.0.1; Nexus 5X Build/MMB29P) AppleWebKit/537.36 (KHTML, like Gecko) Chrome/143.0.7499.169 Mobile Safari/537.36 (compatible; Googlebot/2.1; +http://www.google.com/bot.html)"
172.70.94.26 - - [11/Jan/2026:08:09:01 +0300] "GET /?ID=5286.html HTTP/1.0" 200 9442 "https://www.dom-rus.ru/?GameID=2026-01-11/lyblma.html" "Mozilla/5.0 (Linux; Android 6.0.1; Nexus 5X Build/MMB29P) AppleWebKit/537.36 (KHTML, like Gecko) Chrome/143.0.7499.169 Mobile Safari/537.36 (compatible; Googlebot/2.1; +http://www.google.com/bot.html)"
162.159.104.156 - - [11/Jan/2026:08:09:03 +0300] "GET /?ID=5884.html HTTP/1.0" 200 50058 "https://www.dom-rus.ru/?GameID=2026-01-11/lyblma.html" "Mozilla/5.0 (Linux; Android 6.0.1; Nexus 5X Build/MMB29P) AppleWebKit/537.36 (KHTML, like Gecko) Chrome/143.0.7499.169 Mobile Safari/537.36 (compatible; Googlebot/2.1; +http://www.google.com/bot.html)"
162.159.104.156 - - [11/Jan/2026:08:09:04 +0300] "GET /?ID=5483.html HTTP/1.0" 200 9373 "https://www.dom-rus.ru/?GameID=2026-01-11/lyblma.html" "Mozilla/5.0 (Linux; Android 6.0.1; Nexus 5X Build/MMB29P) AppleWebKit/537.36 (KHTML, like Gecko) Chrome/143.0.7499.169 Mobile Safari/537.36 (compatible; Googlebot/2.1; +http://www.google.com/bot.html)"
162.159.104.156 - - [11/Jan/2026:08:09:53 +0300] "GET /?GameID=2026-01-11/770.html HTTP/1.0" 200 11846 "-" "Mozilla/5.0 (Linux; Android 6.0.1; Nexus 5X Build/MMB29P) AppleWebKit/537.36 (KHTML, like Gecko) Chrome/143.0.7499.169 Mobile Safari/537.36 (compatible; Googlebot/2.1; +http://www.google.com/bot.html)"
162.158.175.218 - - [11/Jan/2026:08:10:27 +0300] "GET /?GameID=2026-01-09/ioedkm.html HTTP/1.0" 200 50046 "-" "Mozilla/5.0 (Linux; Android 6.0.1; Nexus 5X Build/MMB29P) AppleWebKit/537.36 (KHTML, like Gecko) Chrome/143.0.7499.169 Mobile Safari/537.36 (compatible; Googlebot/2.1; +http://www.google.com/bot.html)"
172.71.166.14 - - [11/Jan/2026:08:10:32 +0300] "GET /?r=147047944 HTTP/1.0" 200 2964 "-" "Mozilla/5.0 (Linux; Android 6.0.1; Nexus 5X Build/MMB29P) AppleWebKit/537.36 (KHTML, like Gecko) Chrome/143.0.7499.169 Mobile Safari/537.36 (compatible; GoogleOther)"
162.159.104.156 - - [11/Jan/2026:08:10:52 +0300] "GET /?GameID=2026-01-11/596.html HTTP/1.0" 200 35160 "-" "Mozilla/5.0 (Linux; Android 6.0.1; Nexus 5X Build/MMB29P) AppleWebKit/537.36 (KHTML, like Gecko) Chrome/143.0.7499.169 Mobile Safari/537.36 (compatible; Googlebot/2.1; +http://www.google.com/bot.html)"
172.70.94.26 - - [11/Jan/2026:08:10:59 +0300] "GET /?ID=2619.html HTTP/1.0" 200 49532 "https://www.dom-rus.ru/?GameID=2026-01-11/596.html" "Mozilla/5.0 (Linux; Android 6.0.1; Nexus 5X Build/MMB29P) AppleWebKit/537.36 (KHTML, like Gecko) Chrome/143.0.7499.169 Mobile Safari/537.36 (compatible; Googlebot/2.1; +http://www.google.com/bot.html)"
198.41.227.195 - - [11/Jan/2026:08:11:30 +0300] "GET /favicon.ico HTTP/1.0" 404 456 "https://www.dom-rus.ru/?GameID=2026-01-05/2493.html" "Mozilla/5.0 (compatible; Googlebot/2.1; +http://www.google.com/bot.html)"
172.69.65.128 - - [11/Jan/2026:08:11:34 +0300] "GET /?GameID=2026-01-05/2493.html HTTP/1.0" 200 9478 "-" "Mozilla/5.0 (compatible; Googlebot/2.1; +http://www.google.com/bot.html)"
172.71.166.101 - - [11/Jan/2026:08:12:24 +0300] "GET /?ID=9536.html HTTP/1.0" 200 36194 "https://www.dom-rus.ru/?GameID=2026-01-05/2493.html" "Mozilla/5.0 (compatible; Googlebot/2.1; +http://www.google.com/bot.html)"
162.159.104.156 - - [11/Jan/2026:08:12:26 +0300] "GET /?ID=6117.html HTTP/1.0" 200 19532 "https://www.dom-rus.ru/?ID=9536.html" "Mozilla/5.0 (compatible; Googlebot/2.1; +http://www.google.com/bot.html)"
172.69.65.128 - - [11/Jan/2026:08:12:26 +0300] "GET /?ID=6646.html HTTP/1.0" 200 9187 "https://www.dom-rus.ru/?ID=9536.html" "Mozilla/5.0 (compatible; Googlebot/2.1; +http://www.google.com/bot.html)"
172.69.65.128 - - [11/Jan/2026:08:12:28 +0300] "POST /mod_pagespeed_beacon?url=http%3A%2F%2Fnoiseaware.com%2Fblog%2Fhow-to-protect-airbnb-neighbors-from-noise-prevent-complaints%2F HTTP/1.0" 404 456 "https://www.dom-rus.ru/?ID=9536.html" "Mozilla/5.0 (compatible; Googlebot/2.1; +http://www.google.com/bot.html)"
172.70.94.26 - - [11/Jan/2026:08:12:37 +0300] "GET /?GameID=2026-01-11/275.html HTTP/1.0" 200 49148 "-" "Mozilla/5.0 (Linux; Android 6.0.1; Nexus 5X Build/MMB29P) AppleWebKit/537.36 (KHTML, like Gecko) Chrome/143.0.7499.169 Mobile Safari/537.36 (compatible; Googlebot/2.1; +http://www.google.com/bot.html)"
172.68.26.115 - - [11/Jan/2026:08:13:15 +0300] "GET /?GameID=2026-01-05/2493.html HTTP/1.0" 200 9478 "-" "Mozilla/5.0 (compatible; Googlebot/2.1; +http://www.google.com/bot.html)"
172.71.166.101 - - [11/Jan/2026:08:13:27 +0300] "GET /?GameID=2026-01-05/2493.html HTTP/1.0" 200 9478 "-" "Mozilla/5.0 (compatible; Googlebot/2.1; +http://www.google.com/bot.html)"
172.70.94.26 - - [11/Jan/2026:08:13:53 +0300] "GET /?GameID=2026-01-11/250.html HTTP/1.0" 200 49811 "-" "Mozilla/5.0 (Linux; Android 6.0.1; Nexus 5X Build/MMB29P) AppleWebKit/537.36 (KHTML, like Gecko) Chrome/143.0.7499.169 Mobile Safari/537.36 (compatible; Googlebot/2.1; +http://www.google.com/bot.html)"
172.70.94.26 - - [11/Jan/2026:08:13:55 +0300] "GET /?GameID=2026-01-10/hvgtkl.html HTTP/1.0" 200 48658 "-" "Mozilla/5.0 (Linux; Android 6.0.1; Nexus 5X Build/MMB29P) AppleWebKit/537.36 (KHTML, like Gecko) Chrome/143.0.7499.169 Mobile Safari/537.36 (compatible; Googlebot/2.1; +http://www.google.com/bot.html)"
172.69.65.128 - - [11/Jan/2026:08:14:02 +0300] "GET /?GameID=2026-01-05/2493.html HTTP/1.0" 200 9478 "-" "Mozilla/5.0 (compatible; Googlebot/2.1; +http://www.google.com/bot.html)"
172.68.26.114 - - [11/Jan/2026:08:14:30 +0300] "GET /?GameID=2026-01-05/2493.html HTTP/1.0" 200 9478 "-" "Mozilla/5.0 (compatible; Googlebot/2.1; +http://www.google.com/bot.html)"
172.68.26.114 - - [11/Jan/2026:08:14:36 +0300] "GET /?GameID=2026-01-05/2493.html HTTP/1.0" 200 9478 "-" "Mozilla/5.0 (compatible; Googlebot/2.1; +http://www.google.com/bot.html)"
172.69.65.127 - - [11/Jan/2026:08:15:54 +0300] "GET /?GameID=2026-01-11/332.html HTTP/1.0" 200 19805 "-" "Mozilla/5.0 (Linux; Android 6.0.1; Nexus 5X Build/MMB29P) AppleWebKit/537.36 (KHTML, like Gecko) Chrome/143.0.7499.169 Mobile Safari/537.36 (compatible; Googlebot/2.1; +http://www.google.com/bot.html)"
172.71.170.219 - - [11/Jan/2026:08:15:56 +0300] "GET /?GameID=2026-01-11/7688.html HTTP/1.0" 200 36613 "-" "Mozilla/5.0 (Linux; Android 6.0.1; Nexus 5X Build/MMB29P) AppleWebKit/537.36 (KHTML, like Gecko) Chrome/143.0.7499.169 Mobile Safari/537.36 (compatible; Googlebot/2.1; +http://www.google.com/bot.html)"
172.69.65.127 - - [11/Jan/2026:08:15:57 +0300] "GET /?GameID=2026-01-11/axwego.html HTTP/1.0" 200 49586 "-" "Mozilla/5.0 (Linux; Android 6.0.1; Nexus 5X Build/MMB29P) AppleWebKit/537.36 (KHTML, like Gecko) Chrome/143.0.7499.169 Mobile Safari/537.36 (compatible; Googlebot/2.1; +http://www.google.com/bot.html)"
172.69.65.127 - - [11/Jan/2026:08:16:00 +0300] "GET /?GameID=2026-01-11/vykbji.html HTTP/1.0" 200 19483 "-" "Mozilla/5.0 (Linux; Android 6.0.1; Nexus 5X Build/MMB29P) AppleWebKit/537.36 (KHTML, like Gecko) Chrome/143.0.7499.169 Mobile Safari/537.36 (compatible; Googlebot/2.1; +http://www.google.com/bot.html)"
198.41.227.133 - - [11/Jan/2026:08:16:24 +0300] "GET /?GameID=2026-01-11/126.html HTTP/1.0" 200 9670 "-" "Mozilla/5.0 (Linux; Android 6.0.1; Nexus 5X Build/MMB29P) AppleWebKit/537.36 (KHTML, like Gecko) Chrome/143.0.7499.169 Mobile Safari/537.36 (compatible; Googlebot/2.1; +http://www.google.com/bot.html)"
198.41.227.133 - - [11/Jan/2026:08:16:53 +0300] "GET /?GameID=2026-01-11/812.html HTTP/1.0" 200 18956 "-" "Mozilla/5.0 (Linux; Android 6.0.1; Nexus 5X Build/MMB29P) AppleWebKit/537.36 (KHTML, like Gecko) Chrome/143.0.7499.169 Mobile Safari/537.36 (compatible; Googlebot/2.1; +http://www.google.com/bot.html)"
198.41.227.133 - - [11/Jan/2026:08:17:22 +0300] "GET /?GameID=2026-01-11/438.html HTTP/1.0" 200 49274 "-" "Mozilla/5.0 (Linux; Android 6.0.1; Nexus 5X Build/MMB29P) AppleWebKit/537.36 (KHTML, like Gecko) Chrome/143.0.7499.169 Mobile Safari/537.36 (compatible; Googlebot/2.1; +http://www.google.com/bot.html)"
172.69.65.128 - - [11/Jan/2026:08:17:42 +0300] "GET /?ID=9448.html HTTP/1.0" 200 9594 "https://www.dom-rus.ru/?GameID=2026-01-11/7688.html" "Mozilla/5.0 (Linux; Android 6.0.1; Nexus 5X Build/MMB29P) AppleWebKit/537.36 (KHTML, like Gecko) Chrome/143.0.7499.169 Mobile Safari/537.36 (compatible; Googlebot/2.1; +http://www.google.com/bot.html)"
198.41.227.133 - - [11/Jan/2026:08:17:51 +0300] "GET /?GameID=2026-01-11/745.html HTTP/1.0" 200 9988 "-" "Mozilla/5.0 (Linux; Android 6.0.1; Nexus 5X Build/MMB29P) AppleWebKit/537.36 (KHTML, like Gecko) Chrome/143.0.7499.169 Mobile Safari/537.36 (compatible; Googlebot/2.1; +http://www.google.com/bot.html)"
162.158.175.217 - - [11/Jan/2026:08:18:43 +0300] "GET /?GameID=2026-01-11/666.html HTTP/1.0" 200 36038 "-" "Mozilla/5.0 (Linux; Android 6.0.1; Nexus 5X Build/MMB29P) AppleWebKit/537.36 (KHTML, like Gecko) Chrome/143.0.7499.169 Mobile Safari/537.36 (compatible; Googlebot/2.1; +http://www.google.com/bot.html)"
162.159.106.135 - - [11/Jan/2026:08:19:14 +0300] "GET /?ID=6204.html HTTP/1.0" 200 53142 "https://www.dom-rus.ru/?GameID=2026-01-11/666.html" "Mozilla/5.0 (Linux; Android 6.0.1; Nexus 5X Build/MMB29P) AppleWebKit/537.36 (KHTML, like Gecko) Chrome/143.0.7499.169 Mobile Safari/537.36 (compatible; Googlebot/2.1; +http://www.google.com/bot.html)"
162.159.104.156 - - [11/Jan/2026:08:19:16 +0300] "GET /?ID=6490.html HTTP/1.0" 200 10262 "https://www.dom-rus.ru/?GameID=2026-01-11/666.html" "Mozilla/5.0 (Linux; Android 6.0.1; Nexus 5X Build/MMB29P) AppleWebKit/537.36 (KHTML, like Gecko) Chrome/143.0.7499.169 Mobile Safari/537.36 (compatible; Googlebot/2.1; +http://www.google.com/bot.html)"
172.70.94.26 - - [11/Jan/2026:08:19:18 +0300] "GET /?ID=6514.html HTTP/1.0" 200 49293 "https://www.dom-rus.ru/?GameID=2026-01-11/666.html" "Mozilla/5.0 (Linux; Android 6.0.1; Nexus 5X Build/MMB29P) AppleWebKit/537.36 (KHTML, like Gecko) Chrome/143.0.7499.169 Mobile Safari/537.36 (compatible; Googlebot/2.1; +http://www.google.com/bot.html)"
172.69.165.56 - - [11/Jan/2026:08:19:55 +0300] "GET /?z=102016091 HTTP/1.0" 200 2964 "https://dom-rus.ru/sitemap811.xml" "Mozilla/5.0 (Linux; Android 7.0;) AppleWebKit/537.36 (KHTML, like Gecko) Mobile Safari/537.36 (compatible; PetalBot;+https://webmaster.petalsearch.com/site/petalbot)"
162.159.106.134 - - [11/Jan/2026:08:20:28 +0300] "GET /?GameID=2026-01-11/481.html HTTP/1.0" 200 34335 "-" "Mozilla/5.0 (Linux; Android 6.0.1; Nexus 5X Build/MMB29P) AppleWebKit/537.36 (KHTML, like Gecko) Chrome/143.0.7499.169 Mobile Safari/537.36 (compatible; Googlebot/2.1; +http://www.google.com/bot.html)"
162.159.106.134 - - [11/Jan/2026:08:20:57 +0300] "GET /?GameID=2026-01-11/862.html HTTP/1.0" 200 49507 "-" "Mozilla/5.0 (Linux; Android 6.0.1; Nexus 5X Build/MMB29P) AppleWebKit/537.36 (KHTML, like Gecko) Chrome/143.0.7499.169 Mobile Safari/537.36 (compatible; Googlebot/2.1; +http://www.google.com/bot.html)"
172.69.176.5 - - [11/Jan/2026:08:21:18 +0300] "GET /?y=056030495 HTTP/1.0" 200 2964 "https://dom-rus.ru/sitemap525.xml" "Mozilla/5.0 (Linux; Android 7.0;) AppleWebKit/537.36 (KHTML, like Gecko) Mobile Safari/537.36 (compatible; PetalBot;+https://webmaster.petalsearch.com/site/petalbot)"
162.159.104.156 - - [11/Jan/2026:08:21:40 +0300] "GET /?GameID=2026-01-11/413.html HTTP/1.0" 200 20449 "-" "Mozilla/5.0 (Linux; Android 6.0.1; Nexus 5X Build/MMB29P) AppleWebKit/537.36 (KHTML, like Gecko) Chrome/143.0.7499.169 Mobile Safari/537.36 (compatible; Googlebot/2.1; +http://www.google.com/bot.html)"
162.159.104.156 - - [11/Jan/2026:08:22:01 +0300] "GET /?ID=8334.html HTTP/1.0" 200 9866 "https://www.dom-rus.ru/?GameID=2026-01-11/481.html" "Mozilla/5.0 (Linux; Android 6.0.1; Nexus 5X Build/MMB29P) AppleWebKit/537.36 (KHTML, like Gecko) Chrome/143.0.7499.169 Mobile Safari/537.36 (compatible; Googlebot/2.1; +http://www.google.com/bot.html)"
162.159.104.156 - - [11/Jan/2026:08:22:02 +0300] "GET /?ID=8983.html HTTP/1.0" 200 9169 "https://www.dom-rus.ru/?GameID=2026-01-11/481.html" "Mozilla/5.0 (Linux; Android 6.0.1; Nexus 5X Build/MMB29P) AppleWebKit/537.36 (KHTML, like Gecko) Chrome/143.0.7499.169 Mobile Safari/537.36 (compatible; Googlebot/2.1; +http://www.google.com/bot.html)"
172.71.81.145 - - [11/Jan/2026:08:22:41 +0300] "GET /?x=084048227 HTTP/1.0" 200 2964 "https://dom-rus.ru/sitemap833.xml" "Mozilla/5.0 (Linux; Android 7.0;) AppleWebKit/537.36 (KHTML, like Gecko) Mobile Safari/537.36 (compatible; PetalBot;+https://webmaster.petalsearch.com/site/petalbot)"
172.70.94.26 - - [11/Jan/2026:08:23:24 +0300] "GET /?ID=9038.html HTTP/1.0" 200 9343 "-" "Mozilla/5.0 (compatible; Googlebot/2.1; +http://www.google.com/bot.html)"
162.159.104.157 - - [11/Jan/2026:08:23:25 +0300] "GET /?GameID=2026-01-11/683.html HTTP/1.0" 200 49970 "-" "Mozilla/5.0 (Linux; Android 6.0.1; Nexus 5X Build/MMB29P) AppleWebKit/537.36 (KHTML, like Gecko) Chrome/143.0.7499.169 Mobile Safari/537.36 (compatible; Googlebot/2.1; +http://www.google.com/bot.html)"
162.159.106.134 - - [11/Jan/2026:08:23:59 +0300] "GET /?ID=6366.html HTTP/1.0" 200 10216 "https://www.dom-rus.ru/?ID=9038.html" "Mozilla/5.0 (compatible; Googlebot/2.1; +http://www.google.com/bot.html)"
172.71.124.45 - - [11/Jan/2026:08:24:05 +0300] "GET /?w=259018784 HTTP/1.0" 200 2964 "https://dom-rus.ru/sitemap460.xml" "Mozilla/5.0 (Linux; Android 7.0;) AppleWebKit/537.36 (KHTML, like Gecko) Mobile Safari/537.36 (compatible; PetalBot;+https://webmaster.petalsearch.com/site/petalbot)"
162.159.104.157 - - [11/Jan/2026:08:24:21 +0300] "GET /?ID=9038.html HTTP/1.0" 200 9343 "-" "Mozilla/5.0 (compatible; Googlebot/2.1; +http://www.google.com/bot.html)"
198.41.227.194 - - [11/Jan/2026:08:24:22 +0300] "GET /favicon.ico HTTP/1.0" 404 456 "https://www.dom-rus.ru/?ID=9038.html" "Mozilla/5.0 (compatible; Googlebot/2.1; +http://www.google.com/bot.html)"
198.41.227.132 - - [11/Jan/2026:08:25:26 +0300] "GET /?GameID=2026-01-11/276.html HTTP/1.0" 200 36050 "-" "Mozilla/5.0 (Linux; Android 6.0.1; Nexus 5X Build/MMB29P) AppleWebKit/537.36 (KHTML, like Gecko) Chrome/143.0.7499.169 Mobile Safari/537.36 (compatible; Googlebot/2.1; +http://www.google.com/bot.html)"
104.23.175.250 - - [11/Jan/2026:08:25:29 +0300] "GET /?n=062026713 HTTP/1.0" 200 2964 "https://dom-rus.ru/sitemap833.xml" "Mozilla/5.0 (Linux; Android 7.0;) AppleWebKit/537.36 (KHTML, like Gecko) Mobile Safari/537.36 (compatible; PetalBot;+https://webmaster.petalsearch.com/site/petalbot)"
198.41.227.132 - - [11/Jan/2026:08:25:42 +0300] "GET /?ID=7199.html HTTP/1.0" 200 50248 "https://www.dom-rus.ru/?GameID=2026-01-11/276.html" "Mozilla/5.0 (Linux; Android 6.0.1; Nexus 5X Build/MMB29P) AppleWebKit/537.36 (KHTML, like Gecko) Chrome/143.0.7499.169 Mobile Safari/537.36 (compatible; Googlebot/2.1; +http://www.google.com/bot.html)"
198.41.227.132 - - [11/Jan/2026:08:25:44 +0300] "GET /?ID=7130.html HTTP/1.0" 200 49362 "https://www.dom-rus.ru/?GameID=2026-01-11/276.html" "Mozilla/5.0 (Linux; Android 6.0.1; Nexus 5X Build/MMB29P) AppleWebKit/537.36 (KHTML, like Gecko) Chrome/143.0.7499.169 Mobile Safari/537.36 (compatible; Googlebot/2.1; +http://www.google.com/bot.html)"
172.71.166.100 - - [11/Jan/2026:08:25:55 +0300] "GET /?GameID=2026-01-11/693.html HTTP/1.0" 200 20533 "-" "Mozilla/5.0 (Linux; Android 6.0.1; Nexus 5X Build/MMB29P) AppleWebKit/537.36 (KHTML, like Gecko) Chrome/143.0.7499.169 Mobile Safari/537.36 (compatible; Googlebot/2.1; +http://www.google.com/bot.html)"
172.71.166.100 - - [11/Jan/2026:08:26:24 +0300] "GET /?GameID=2026-01-11/285.html HTTP/1.0" 200 10283 "-" "Mozilla/5.0 (Linux; Android 6.0.1; Nexus 5X Build/MMB29P) AppleWebKit/537.36 (KHTML, like Gecko) Chrome/143.0.7499.169 Mobile Safari/537.36 (compatible; Googlebot/2.1; +http://www.google.com/bot.html)"
172.69.176.5 - - [11/Jan/2026:08:26:51 +0300] "GET /?n=046001451 HTTP/1.0" 200 2964 "https://dom-rus.ru/sitemap460.xml" "Mozilla/5.0 (Linux; Android 7.0;) AppleWebKit/537.36 (KHTML, like Gecko) Mobile Safari/537.36 (compatible; PetalBot;+https://webmaster.petalsearch.com/site/petalbot)"
172.71.166.100 - - [11/Jan/2026:08:27:40 +0300] "GET /?GameID=2026-01-11/9134.html HTTP/1.0" 200 35024 "-" "Mozilla/5.0 (Linux; Android 6.0.1; Nexus 5X Build/MMB29P) AppleWebKit/537.36 (KHTML, like Gecko) Chrome/143.0.7499.169 Mobile Safari/537.36 (compatible; Googlebot/2.1; +http://www.google.com/bot.html)"
172.71.166.100 - - [11/Jan/2026:08:27:44 +0300] "GET /?ID=6068.html HTTP/1.0" 200 36118 "https://www.dom-rus.ru/?GameID=2026-01-11/9134.html" "Mozilla/5.0 (Linux; Android 6.0.1; Nexus 5X Build/MMB29P) AppleWebKit/537.36 (KHTML, like Gecko) Chrome/143.0.7499.169 Mobile Safari/537.36 (compatible; Googlebot/2.1; +http://www.google.com/bot.html)"
172.71.166.100 - - [11/Jan/2026:08:27:46 +0300] "GET /?ID=6817.html HTTP/1.0" 200 10678 "https://www.dom-rus.ru/?GameID=2026-01-11/9134.html" "Mozilla/5.0 (Linux; Android 6.0.1; Nexus 5X Build/MMB29P) AppleWebKit/537.36 (KHTML, like Gecko) Chrome/143.0.7499.169 Mobile Safari/537.36 (compatible; Googlebot/2.1; +http://www.google.com/bot.html)"
172.71.166.100 - - [11/Jan/2026:08:27:48 +0300] "GET /?ID=6821.html HTTP/1.0" 200 10502 "https://www.dom-rus.ru/?GameID=2026-01-11/9134.html" "Mozilla/5.0 (Linux; Android 6.0.1; Nexus 5X Build/MMB29P) AppleWebKit/537.36 (KHTML, like Gecko) Chrome/143.0.7499.169 Mobile Safari/537.36 (compatible; Googlebot/2.1; +http://www.google.com/bot.html)"
172.71.166.100 - - [11/Jan/2026:08:28:09 +0300] "GET /?GameID=2026-01-11/4246.html HTTP/1.0" 200 50759 "-" "Mozilla/5.0 (Linux; Android 6.0.1; Nexus 5X Build/MMB29P) AppleWebKit/537.36 (KHTML, like Gecko) Chrome/143.0.7499.169 Mobile Safari/537.36 (compatible; Googlebot/2.1; +http://www.google.com/bot.html)"
172.71.166.100 - - [11/Jan/2026:08:28:38 +0300] "GET /?GameID=2026-01-11/6700.html HTTP/1.0" 200 10056 "-" "Mozilla/5.0 (Linux; Android 6.0.1; Nexus 5X Build/MMB29P) AppleWebKit/537.36 (KHTML, like Gecko) Chrome/143.0.7499.169 Mobile Safari/537.36 (compatible; Googlebot/2.1; +http://www.google.com/bot.html)"
198.41.227.132 - - [11/Jan/2026:08:31:02 +0300] "GET /?GameID=2026-01-11/4854.html HTTP/1.0" 200 50958 "-" "Mozilla/5.0 (Linux; Android 6.0.1; Nexus 5X Build/MMB29P) AppleWebKit/537.36 (KHTML, like Gecko) Chrome/143.0.7499.169 Mobile Safari/537.36 (compatible; Googlebot/2.1; +http://www.google.com/bot.html)"
162.159.106.135 - - [11/Jan/2026:08:31:32 +0300] "GET /?GameID=2026-01-11/1736.html HTTP/1.0" 200 36056 "-" "Mozilla/5.0 (Linux; Android 6.0.1; Nexus 5X Build/MMB29P) AppleWebKit/537.36 (KHTML, like Gecko) Chrome/143.0.7499.169 Mobile Safari/537.36 (compatible; Googlebot/2.1; +http://www.google.com/bot.html)"
198.41.227.132 - - [11/Jan/2026:08:31:34 +0300] "GET /?GameID=2026-01-06/871.html HTTP/1.0" 200 20501 "-" "Mozilla/5.0 (Linux; Android 6.0.1; Nexus 5X Build/MMB29P) AppleWebKit/537.36 (KHTML, like Gecko) Chrome/143.0.7499.169 Mobile Safari/537.36 (compatible; Googlebot/2.1; +http://www.google.com/bot.html)"
162.159.106.135 - - [11/Jan/2026:08:31:56 +0300] "GET /?GameID=2026-01-11/471.html HTTP/1.0" 200 19717 "https://www.dom-rus.ru/?GameID=2026-01-11/1736.html" "Mozilla/5.0 (Linux; Android 6.0.1; Nexus 5X Build/MMB29P) AppleWebKit/537.36 (KHTML, like Gecko) Chrome/143.0.7499.169 Mobile Safari/537.36 (compatible; Googlebot/2.1; +http://www.google.com/bot.html)"
162.159.106.135 - - [11/Jan/2026:08:31:58 +0300] "GET /?GameID=2026-01-11/268.html HTTP/1.0" 200 20134 "https://www.dom-rus.ru/?GameID=2026-01-11/1736.html" "Mozilla/5.0 (Linux; Android 6.0.1; Nexus 5X Build/MMB29P) AppleWebKit/537.36 (KHTML, like Gecko) Chrome/143.0.7499.169 Mobile Safari/537.36 (compatible; Googlebot/2.1; +http://www.google.com/bot.html)"
162.159.106.135 - - [11/Jan/2026:08:32:01 +0300] "GET /?GameID=2026-01-11/716.html HTTP/1.0" 200 10204 "https://www.dom-rus.ru/?GameID=2026-01-11/1736.html" "Mozilla/5.0 (Linux; Android 6.0.1; Nexus 5X Build/MMB29P) AppleWebKit/537.36 (KHTML, like Gecko) Chrome/143.0.7499.169 Mobile Safari/537.36 (compatible; Googlebot/2.1; +http://www.google.com/bot.html)"
162.159.106.135 - - [11/Jan/2026:08:32:02 +0300] "GET /?GameID=2026-01-11/2446.html HTTP/1.0" 200 50552 "-" "Mozilla/5.0 (Linux; Android 6.0.1; Nexus 5X Build/MMB29P) AppleWebKit/537.36 (KHTML, like Gecko) Chrome/143.0.7499.169 Mobile Safari/537.36 (compatible; Googlebot/2.1; +http://www.google.com/bot.html)"
