172.71.124.45 - - [11/Jan/2026:05:47:37 +0300] "GET /?t=028029391 HTTP/1.0" 200 2964 "https://dom-rus.ru/sitemap525.xml" "Mozilla/5.0 (Linux; Android 7.0;) AppleWebKit/537.36 (KHTML, like Gecko) Mobile Safari/537.36 (compatible; PetalBot;+https://webmaster.petalsearch.com/site/petalbot)"
172.71.166.101 - - [11/Jan/2026:05:48:55 +0300] "GET /?GameID=2026-01-10/lkotqf.html HTTP/1.0" 200 19590 "-" "Mozilla/5.0 (Linux; Android 6.0.1; Nexus 5X Build/MMB29P) AppleWebKit/537.36 (KHTML, like Gecko) Chrome/143.0.7499.169 Mobile Safari/537.36 (compatible; Googlebot/2.1; +http://www.google.com/bot.html)"
172.69.166.111 - - [11/Jan/2026:05:49:01 +0300] "GET /?w=149044840 HTTP/1.0" 200 2964 "https://dom-rus.ru/sitemap525.xml" "Mozilla/5.0 (Linux; Android 7.0;) AppleWebKit/537.36 (KHTML, like Gecko) Mobile Safari/537.36 (compatible; PetalBot;+https://webmaster.petalsearch.com/site/petalbot)"
172.71.166.101 - - [11/Jan/2026:05:50:02 +0300] "GET /?GameID=2026-01-10/mgsqyn.html HTTP/1.0" 200 9283 "-" "Mozilla/5.0 (Linux; Android 6.0.1; Nexus 5X Build/MMB29P) AppleWebKit/537.36 (KHTML, like Gecko) Chrome/143.0.7499.169 Mobile Safari/537.36 (compatible; Googlebot/2.1; +http://www.google.com/bot.html)"
172.71.166.101 - - [11/Jan/2026:05:50:07 +0300] "GET /?GameID=2026-01-03/3094.html HTTP/1.0" 200 35101 "-" "Mozilla/5.0 (Linux; Android 6.0.1; Nexus 5X Build/MMB29P) AppleWebKit/537.36 (KHTML, like Gecko) Chrome/143.0.7499.169 Mobile Safari/537.36 (compatible; Googlebot/2.1; +http://www.google.com/bot.html)"
172.71.166.101 - - [11/Jan/2026:05:50:10 +0300] "GET /?ID=9251.html HTTP/1.0" 200 34561 "https://www.dom-rus.ru/?GameID=2026-01-03/3094.html" "Mozilla/5.0 (Linux; Android 6.0.1; Nexus 5X Build/MMB29P) AppleWebKit/537.36 (KHTML, like Gecko) Chrome/143.0.7499.169 Mobile Safari/537.36 (compatible; Googlebot/2.1; +http://www.google.com/bot.html)"
172.71.166.101 - - [11/Jan/2026:05:50:12 +0300] "GET /?ID=9632.html HTTP/1.0" 200 36809 "https://www.dom-rus.ru/?GameID=2026-01-03/3094.html" "Mozilla/5.0 (Linux; Android 6.0.1; Nexus 5X Build/MMB29P) AppleWebKit/537.36 (KHTML, like Gecko) Chrome/143.0.7499.169 Mobile Safari/537.36 (compatible; Googlebot/2.1; +http://www.google.com/bot.html)"
172.71.166.101 - - [11/Jan/2026:05:50:13 +0300] "GET /?ID=9219.html HTTP/1.0" 200 35906 "https://www.dom-rus.ru/?GameID=2026-01-03/3094.html" "Mozilla/5.0 (Linux; Android 6.0.1; Nexus 5X Build/MMB29P) AppleWebKit/537.36 (KHTML, like Gecko) Chrome/143.0.7499.169 Mobile Safari/537.36 (compatible; Googlebot/2.1; +http://www.google.com/bot.html)"
162.158.108.5 - - [11/Jan/2026:05:50:25 +0300] "GET /?u=203031384 HTTP/1.0" 200 2964 "https://dom-rus.ru/sitemap556.xml" "Mozilla/5.0 (Linux; Android 7.0;) AppleWebKit/537.36 (KHTML, like Gecko) Mobile Safari/537.36 (compatible; PetalBot;+https://webmaster.petalsearch.com/site/petalbot)"
172.71.166.101 - - [11/Jan/2026:05:50:27 +0300] "GET /?GameID=2026-01-11/9047.html HTTP/1.0" 200 10010 "-" "Mozilla/5.0 (Linux; Android 6.0.1; Nexus 5X Build/MMB29P) AppleWebKit/537.36 (KHTML, like Gecko) Chrome/143.0.7499.169 Mobile Safari/537.36 (compatible; Googlebot/2.1; +http://www.google.com/bot.html)"
162.158.88.132 - - [11/Jan/2026:05:51:51 +0300] "GET /?z=211038910 HTTP/1.0" 200 2964 "https://dom-rus.ru/sitemap65.xml" "Mozilla/5.0 (Linux; Android 7.0;) AppleWebKit/537.36 (KHTML, like Gecko) Mobile Safari/537.36 (compatible; PetalBot;+https://webmaster.petalsearch.com/site/petalbot)"
198.41.227.132 - - [11/Jan/2026:05:52:09 +0300] "GET /?GameID=2026-01-10/bcnhwq.html HTTP/1.0" 200 50463 "-" "Mozilla/5.0 (Linux; Android 6.0.1; Nexus 5X Build/MMB29P) AppleWebKit/537.36 (KHTML, like Gecko) Chrome/143.0.7499.169 Mobile Safari/537.36 (compatible; Googlebot/2.1; +http://www.google.com/bot.html)"
172.69.165.57 - - [11/Jan/2026:05:53:15 +0300] "GET /?y=006033159 HTTP/1.0" 200 2964 "https://dom-rus.ru/sitemap525.xml" "Mozilla/5.0 (Linux; Android 7.0;) AppleWebKit/537.36 (KHTML, like Gecko) Mobile Safari/537.36 (compatible; PetalBot;+https://webmaster.petalsearch.com/site/petalbot)"
172.71.110.208 - - [11/Jan/2026:05:53:46 +0300] "GET /wp-content HTTP/1.0" 404 452 "https://www.google.de/" "Mozilla/5.0 (iPad; CPU OS 16_7_2 like Mac OS X) AppleWebKit/605.1.15 (KHTML, like Gecko) Version/16.6 Mobile/15E148 Safari/604.1"
172.71.111.91 - - [11/Jan/2026:05:53:47 +0300] "GET /404.php HTTP/1.0" 404 452 "https://www.bing.com/" "Mozilla/5.0 (Linux; Android 13; SM-G991U) AppleWebKit/537.36 (KHTML, like Gecko) Chrome/117.0.0.0 Mobile Safari/537.36"
172.71.111.91 - - [11/Jan/2026:05:53:47 +0300] "GET /av.php HTTP/1.0" 404 452 "https://www.google.com/" "Mozilla/5.0 (Linux; Android 10; LM-Q720) AppleWebKit/537.36 (KHTML, like Gecko) Chrome/116.0.0.0 Mobile Safari/537.36"
172.71.111.91 - - [11/Jan/2026:05:53:48 +0300] "GET /wp-includes/ID3/about.php HTTP/1.0" 404 452 "https://www.google.com/" "Mozilla/5.0 (iPhone; CPU iPhone OS 17_0_3 like Mac OS X) AppleWebKit/605.1.15 (KHTML, like Gecko) Version/17.0.1 Mobile/15E148 Safari/604.1"
172.71.110.208 - - [11/Jan/2026:05:53:48 +0300] "GET /baxa1.php7 HTTP/1.0" 404 452 "https://duckduckgo.com/" "Mozilla/5.0 (Linux; Android 10; K) AppleWebKit/537.36 (KHTML, like Gecko) Chrome/117.0.0.0 Mobile Safari/537.36"
172.71.110.208 - - [11/Jan/2026:05:53:48 +0300] "GET /wp-content/uploads HTTP/1.0" 404 452 "https://www.google.de/" "Mozilla/5.0 (Linux; Android 13; M2101K6G) AppleWebKit/537.36 (KHTML, like Gecko) Chrome/116.0.0.0 Mobile Safari/537.36"
172.71.110.208 - - [11/Jan/2026:05:53:49 +0300] "GET /bolt.php HTTP/1.0" 404 452 "https://www.google.co.uk/" "Mozilla/5.0 (iPhone; CPU iPhone OS 15_7_9 like Mac OS X) AppleWebKit/605.1.15 (KHTML, like Gecko) Version/15.6.5 Mobile/15E148 Safari/604.1"
172.71.110.208 - - [11/Jan/2026:05:53:49 +0300] "GET /manager.php HTTP/1.0" 404 452 "https://www.google.de/" "Mozilla/5.0 (Linux; Android 14; Pixel 8 Pro) AppleWebKit/537.36 (KHTML, like Gecko) Chrome/119.0.0.0 Mobile Safari/537.36"
172.71.110.208 - - [11/Jan/2026:05:53:49 +0300] "GET /buy.php HTTP/1.0" 404 452 "https://duckduckgo.com/" "Mozilla/5.0 (Linux; Android 12; V2134) AppleWebKit/537.36 (KHTML, like Gecko) Chrome/116.0.0.0 Mobile Safari/537.36"
172.71.110.208 - - [11/Jan/2026:05:53:50 +0300] "GET /wp-content/admin.php HTTP/1.0" 404 452 "https://duckduckgo.com/" "Mozilla/5.0 (iPhone; CPU iPhone OS 17_0_3 like Mac OS X) AppleWebKit/605.1.15 (KHTML, like Gecko) Version/17.0.1 Mobile/15E148 Safari/604.1"
172.71.110.208 - - [11/Jan/2026:05:53:50 +0300] "GET /wp-content/plugins/WordPressCore HTTP/1.0" 404 452 "https://www.google.co.uk/" "Mozilla/5.0 (Linux; Android 12; SM-A525F) AppleWebKit/537.36 (KHTML, like Gecko) Chrome/117.0.0.0 Mobile Safari/537.36"
172.71.110.208 - - [11/Jan/2026:05:53:50 +0300] "GET /bless.php HTTP/1.0" 404 452 "https://www.google.com/" "Mozilla/5.0 (iPhone; CPU iPhone OS 16_6_1 like Mac OS X) AppleWebKit/605.1.15 (KHTML, like Gecko) Version/16.6 Mobile/15E148 Safari/604.1"
172.71.110.208 - - [11/Jan/2026:05:53:51 +0300] "GET /gel4y.php HTTP/1.0" 404 452 "https://www.google.fr/" "Mozilla/5.0 (Linux; Android 10; LM-Q720) AppleWebKit/537.36 (KHTML, like Gecko) Chrome/116.0.0.0 Mobile Safari/537.36"
172.71.110.208 - - [11/Jan/2026:05:53:51 +0300] "GET /wp-includes/fonts HTTP/1.0" 404 452 "https://www.yahoo.com/" "Mozilla/5.0 (iPhone; CPU iPhone OS 16_0 like Mac OS X) AppleWebKit/605.1.15 (KHTML, like Gecko) FxiOS/118.0 Mobile/15E148 Safari/605.1.15"
172.71.110.208 - - [11/Jan/2026:05:53:51 +0300] "GET /wso.php HTTP/1.0" 404 452 "https://www.google.fr/" "Mozilla/5.0 (Linux; Android 12; 2201116SG) AppleWebKit/537.36 (KHTML, like Gecko) Chrome/116.0.0.0 Mobile Safari/537.36"
172.71.110.208 - - [11/Jan/2026:05:53:52 +0300] "GET /num.php HTTP/1.0" 404 452 "https://www.google.com/" "Mozilla/5.0 (iPhone; CPU iPhone OS 16_0 like Mac OS X) AppleWebKit/605.1.15 (KHTML, like Gecko) FxiOS/118.0 Mobile/15E148 Safari/605.1.15"
172.71.110.208 - - [11/Jan/2026:05:53:52 +0300] "GET /wp-content/plugins/shell/index.php HTTP/1.0" 404 452 "https://www.google.com/" "Mozilla/5.0 (iPad; CPU OS 17_0_3 like Mac OS X) AppleWebKit/605.1.15 (KHTML, like Gecko) Version/17.0.1 Mobile/15E148 Safari/604.1"
172.71.110.208 - - [11/Jan/2026:05:53:52 +0300] "GET /as.php HTTP/1.0" 404 452 "https://www.google.de/" "Mozilla/5.0 (iPad; CPU OS 17_0_3 like Mac OS X) AppleWebKit/605.1.15 (KHTML, like Gecko) Version/17.0.1 Mobile/15E148 Safari/604.1"
172.71.110.208 - - [11/Jan/2026:05:53:53 +0300] "GET /wp-admin/js HTTP/1.0" 404 452 "https://www.google.de/" "Mozilla/5.0 (iPhone; CPU iPhone OS 17_1 like Mac OS X) AppleWebKit/605.1.15 (KHTML, like Gecko) CriOS/119.0.6045.109 Mobile/15E148 Safari/604.1"
172.71.110.208 - - [11/Jan/2026:05:53:53 +0300] "GET /wp-content/plugins/wp-help/admin/wp-fclass.php HTTP/1.0" 404 452 "https://www.google.co.uk/" "Mozilla/5.0 (Linux; Android 12; 2201116SG) AppleWebKit/537.36 (KHTML, like Gecko) Chrome/116.0.0.0 Mobile Safari/537.36"
172.71.110.208 - - [11/Jan/2026:05:53:53 +0300] "GET /wp-admin/includes HTTP/1.0" 404 452 "https://www.bing.com/" "Mozilla/5.0 (Linux; Android 13; SM-S908E) AppleWebKit/537.36 (KHTML, like Gecko) Chrome/116.0.0.0 Mobile Safari/537.36"
172.71.110.208 - - [11/Jan/2026:05:53:54 +0300] "GET /fonts/index.php HTTP/1.0" 404 452 "https://www.google.com/" "Mozilla/5.0 (iPhone; CPU iPhone OS 16_0 like Mac OS X) AppleWebKit/605.1.15 (KHTML, like Gecko) FxiOS/118.0 Mobile/15E148 Safari/605.1.15"
172.71.110.208 - - [11/Jan/2026:05:53:54 +0300] "GET /new.php HTTP/1.0" 404 452 "https://www.google.de/" "Mozilla/5.0 (Linux; Android 12; SM-A525F) AppleWebKit/537.36 (KHTML, like Gecko) Chrome/117.0.0.0 Mobile Safari/537.36"
172.71.110.208 - - [11/Jan/2026:05:53:54 +0300] "GET /text.php HTTP/1.0" 404 452 "https://www.yahoo.com/" "Mozilla/5.g (Linux; Android 13; Pixel 7) AppleWebKit/537.36 (KHTML, like Gecko) Chrome/116.0.0.0 Mobile Safari/537.36"
172.71.110.208 - - [11/Jan/2026:05:53:55 +0300] "GET /baxa1.php HTTP/1.0" 404 452 "https://www.google.co.uk/" "Mozilla/5.0 (Linux; Android 10; K) AppleWebKit/537.36 (KHTML, like Gecko) Chrome/117.0.0.0 Mobile Safari/537.36"
172.71.110.208 - - [11/Jan/2026:05:53:55 +0300] "GET /wp-admin/images/about.php HTTP/1.0" 404 452 "https://www.google.de/" "Mozilla/5.0 (iPhone; CPU iPhone OS 15_7_9 like Mac OS X) AppleWebKit/605.1.15 (KHTML, like Gecko) Version/15.6.5 Mobile/15E148 Safari/604.1"
172.71.110.208 - - [11/Jan/2026:05:53:55 +0300] "GET /wp-admin/network/index.php HTTP/1.0" 404 452 "https://www.google.de/" "Mozilla/5.0 (iPhone; CPU iPhone OS 17_1 like Mac OS X) AppleWebKit/605.1.15 (KHTML, like Gecko) CriOS/119.0.6045.109 Mobile/15E148 Safari/604.1"
172.71.110.208 - - [11/Jan/2026:05:53:56 +0300] "GET /elp.php HTTP/1.0" 404 452 "https://www.yahoo.com/" "Mozilla/5.0 (Linux; Android 13; SM-S908E) AppleWebKit/537.36 (KHTML, like Gecko) Chrome/116.0.0.0 Mobile Safari/537.36"
172.71.110.208 - - [11/Jan/2026:05:53:56 +0300] "GET /wp-includes/ID3 HTTP/1.0" 404 452 "https://www.google.de/" "Mozilla/5.0 (Linux; Android 12; 2201116SG) AppleWebKit/537.36 (KHTML, like Gecko) Chrome/116.0.0.0 Mobile Safari/537.36"
172.71.110.208 - - [11/Jan/2026:05:53:56 +0300] "GET /wp-content/plugins/fix/up.php HTTP/1.0" 404 452 "https://duckduckgo.com/" "Mozilla/5.0 (iPad; CPU OS 16_7_2 like Mac OS X) AppleWebKit/605.1.15 (KHTML, like Gecko) Version/16.6 Mobile/15E148 Safari/604.1"
172.71.110.208 - - [11/Jan/2026:05:53:57 +0300] "GET /admin/function.php HTTP/1.0" 404 452 "https://www.google.com/" "Mozilla/5.0 (iPhone; CPU iPhone OS 17_0_3 like Mac OS X) AppleWebKit/605.1.15 (KHTML, like Gecko) Version/17.0.1 Mobile/15E148 Safari/604.1"
172.71.110.208 - - [11/Jan/2026:05:53:57 +0300] "GET /wp-admin/index.php HTTP/1.0" 404 452 "https://www.bing.com/" "Mozilla/5.0 (iPad; CPU OS 16_7_2 like Mac OS X) AppleWebKit/605.1.15 (KHTML, like Gecko) Version/16.6 Mobile/15E148 Safari/604.1"
172.71.110.208 - - [11/Jan/2026:05:53:57 +0300] "GET /wp-admin/js/widgets HTTP/1.0" 404 452 "https://duckduckgo.com/" "Mozilla/5.0 (iPad; CPU OS 16_7_2 like Mac OS X) AppleWebKit/605.1.15 (KHTML, like Gecko) Version/16.6 Mobile/15E148 Safari/604.1"
172.71.110.208 - - [11/Jan/2026:05:53:58 +0300] "GET /.well-known HTTP/1.0" 404 452 "https://www.google.de/" "Mozilla/5.0 (Linux; Android 14; Pixel 8 Pro) AppleWebKit/537.36 (KHTML, like Gecko) Chrome/119.0.0.0 Mobile Safari/537.36"
172.71.110.208 - - [11/Jan/2026:05:53:58 +0300] "GET /.well-known/gecko-litespeed.php HTTP/1.0" 404 452 "https://www.google.fr/" "Mozilla/5.0 (iPhone; CPU iPhone OS 17_0_3 like Mac OS X) AppleWebKit/605.1.15 (KHTML, like Gecko) Version/17.0.1 Mobile/15E148 Safari/604.1"
172.71.110.208 - - [11/Jan/2026:05:53:58 +0300] "GET /wp-admin/images/wp-login.php HTTP/1.0" 404 452 "https://www.google.co.uk/" "Mozilla/5.0 (Linux; Android 13; SM-S908E) AppleWebKit/537.36 (KHTML, like Gecko) Chrome/116.0.0.0 Mobile Safari/537.36"
172.71.110.208 - - [11/Jan/2026:05:53:59 +0300] "GET /wp-admin/images/admin.php HTTP/1.0" 404 452 "https://www.google.com/" "Mozilla/5.0 (iPad; CPU OS 16_7_2 like Mac OS X) AppleWebKit/605.1.15 (KHTML, like Gecko) Version/16.6 Mobile/15E148 Safari/604.1"
172.71.110.208 - - [11/Jan/2026:05:53:59 +0300] "GET /wp-includes/ID3/wp-login.php HTTP/1.0" 404 452 "https://duckduckgo.com/" "Mozilla/5.0 (Linux; Android 12; 2201116SG) AppleWebKit/537.36 (KHTML, like Gecko) Chrome/116.0.0.0 Mobile Safari/537.36"
172.71.110.208 - - [11/Jan/2026:05:53:59 +0300] "GET /item.php HTTP/1.0" 404 452 "https://www.google.co.uk/" "Mozilla/5.0 (Linux; Android 10; LM-Q720) AppleWebKit/537.36 (KHTML, like Gecko) Chrome/116.0.0.0 Mobile Safari/537.36"
172.71.110.208 - - [11/Jan/2026:05:54:00 +0300] "GET /akcc.php HTTP/1.0" 404 452 "https://www.bing.com/" "Mozilla/5.0 (Linux; Android 12; V2134) AppleWebKit/537.36 (KHTML, like Gecko) Chrome/116.0.0.0 Mobile Safari/537.36"
172.71.110.208 - - [11/Jan/2026:05:54:00 +0300] "GET /autoload_classmap/function.php HTTP/1.0" 404 452 "https://www.bing.com/" "Mozilla/5.0 (Linux; Android 12; 2201116SG) AppleWebKit/537.36 (KHTML, like Gecko) Chrome/116.0.0.0 Mobile Safari/537.36"
172.71.110.208 - - [11/Jan/2026:05:54:00 +0300] "GET /222.php HTTP/1.0" 404 452 "https://www.google.co.uk/" "Mozilla/5.0 (Linux; Android 12; SM-A525F) AppleWebKit/537.36 (KHTML, like Gecko) Chrome/117.0.0.0 Mobile Safari/537.36"
172.71.110.208 - - [11/Jan/2026:05:54:01 +0300] "GET /wp-content/plugins/erinyani/baxa1.php HTTP/1.0" 404 452 "https://www.google.com/" "Mozilla/5.0 (Linux; Android 11; CPH2251) AppleWebKit/537.36 (KHTML, like Gecko) Chrome/116.0.0.0 Mobile Safari/537.36"
172.71.110.208 - - [11/Jan/2026:05:54:01 +0300] "GET /wp-error.php HTTP/1.0" 404 452 "https://www.yahoo.com/" "Mozilla/5.0 (Linux; Android 12; SM-A525F) AppleWebKit/537.36 (KHTML, like Gecko) Chrome/117.0.0.0 Mobile Safari/537.36"
172.71.110.208 - - [11/Jan/2026:05:54:01 +0300] "GET /shell.php HTTP/1.0" 404 452 "https://www.bing.com/" "Mozilla/5.0 (iPad; CPU OS 16_7_2 like Mac OS X) AppleWebKit/605.1.15 (KHTML, like Gecko) Version/16.6 Mobile/15E148 Safari/604.1"
172.71.110.208 - - [11/Jan/2026:05:54:02 +0300] "GET /wp-content/plugins/core-plugin/include.php HTTP/1.0" 404 452 "https://www.yahoo.com/" "Mozilla/5.0 (iPhone; CPU iPhone OS 15_7_9 like Mac OS X) AppleWebKit/605.1.15 (KHTML, like Gecko) Version/15.6.5 Mobile/15E148 Safari/604.1"
172.71.110.208 - - [11/Jan/2026:05:54:02 +0300] "GET /assets HTTP/1.0" 301 534 "https://duckduckgo.com/" "Mozilla/5.0 (Linux; Android 13; SM-G991U) AppleWebKit/537.36 (KHTML, like Gecko) Chrome/117.0.0.0 Mobile Safari/537.36"
172.71.110.208 - - [11/Jan/2026:05:54:02 +0300] "GET /class.php HTTP/1.0" 404 452 "https://duckduckgo.com/" "Mozilla/5.0 (Linux; Android 13; SM-G991U) AppleWebKit/537.36 (KHTML, like Gecko) Chrome/117.0.0.0 Mobile Safari/537.36"
172.71.110.208 - - [11/Jan/2026:05:54:03 +0300] "GET /ioxi002.PhP7 HTTP/1.0" 404 452 "https://www.bing.com/" "Mozilla/5.0 (Linux; Android 11; 21081111RG) AppleWebKit/537.36 (KHTML, like Gecko) Chrome/116.0.0.0 Mobile Safari/537.36"
172.71.110.208 - - [11/Jan/2026:05:54:03 +0300] "GET /wp-admin/maint HTTP/1.0" 404 452 "https://www.google.fr/" "Mozilla/5.0 (iPhone; CPU iPhone OS 17_1_1 like Mac OS X) AppleWebKit/605.1.15 (KHTML, like Gecko) Version/17.1 Mobile/15E148 Safari/604.1"
172.71.110.208 - - [11/Jan/2026:05:54:03 +0300] "GET /wp-includes/assets/index.php HTTP/1.0" 404 452 "https://www.yahoo.com/" "Mozilla/5.0 (Linux; Android 13; SM-S908E) AppleWebKit/537.36 (KHTML, like Gecko) Chrome/116.0.0.0 Mobile Safari/537.36"
172.71.110.208 - - [11/Jan/2026:05:54:04 +0300] "GET /wp-links.php HTTP/1.0" 404 452 "https://duckduckgo.com/" "Mozilla/5.0 (iPad; CPU OS 16_7_2 like Mac OS X) AppleWebKit/605.1.15 (KHTML, like Gecko) Version/16.6 Mobile/15E148 Safari/604.1"
172.71.110.208 - - [11/Jan/2026:05:54:04 +0300] "GET /nf_tracking.php HTTP/1.0" 404 452 "https://www.google.fr/" "Mozilla/5.0 (iPad; CPU OS 17_0_3 like Mac OS X) AppleWebKit/605.1.15 (KHTML, like Gecko) Version/17.0.1 Mobile/15E148 Safari/604.1"
172.70.208.154 - - [11/Jan/2026:05:54:37 +0300] "GET /?o=025008684 HTTP/1.0" 200 2964 "https://dom-rus.ru/sitemap525.xml" "Mozilla/5.0 (Linux; Android 7.0;) AppleWebKit/537.36 (KHTML, like Gecko) Mobile Safari/537.36 (compatible; PetalBot;+https://webmaster.petalsearch.com/site/petalbot)"
172.68.26.115 - - [11/Jan/2026:05:55:15 +0300] "GET /?ID=%EC%B9%B4%EC%A7%80%EB%85%B8%20%EB%A9%B4%EC%A0%91.html HTTP/1.0" 200 50565 "-" "Mozilla/5.0 (Linux; Android 6.0.1; Nexus 5X Build/MMB29P) AppleWebKit/537.36 (KHTML, like Gecko) Chrome/143.0.7499.169 Mobile Safari/537.36 (compatible; Googlebot/2.1; +http://www.google.com/bot.html)"
172.68.26.115 - - [11/Jan/2026:05:55:27 +0300] "GET /?GameID=2026-01-09/7074.html HTTP/1.0" 200 20014 "-" "Mozilla/5.0 (Linux; Android 6.0.1; Nexus 5X Build/MMB29P) AppleWebKit/537.36 (KHTML, like Gecko) Chrome/143.0.7499.169 Mobile Safari/537.36 (compatible; Googlebot/2.1; +http://www.google.com/bot.html)"
172.70.208.155 - - [11/Jan/2026:05:56:00 +0300] "GET /?m=236007883 HTTP/1.0" 200 2964 "https://dom-rus.ru/sitemap811.xml" "Mozilla/5.0 (Linux; Android 7.0;) AppleWebKit/537.36 (KHTML, like Gecko) Mobile Safari/537.36 (compatible; PetalBot;+https://webmaster.petalsearch.com/site/petalbot)"
198.41.227.132 - - [11/Jan/2026:05:56:22 +0300] "GET /?ID=%EC%B9%B4%EC%A7%80%EB%85%B8%20%EC%8B%9C%EC%A6%8C%202%206%ED%99%94.html HTTP/1.0" 200 36355 "-" "Mozilla/5.0 (Linux; Android 6.0.1; Nexus 5X Build/MMB29P) AppleWebKit/537.36 (KHTML, like Gecko) Chrome/143.0.7499.169 Mobile Safari/537.36 (compatible; Googlebot/2.1; +http://www.google.com/bot.html)"
198.41.227.132 - - [11/Jan/2026:05:56:26 +0300] "GET /?GameID=1645.html HTTP/1.0" 200 10039 "https://www.dom-rus.ru/?ID=%EC%B9%B4%EC%A7%80%EB%85%B8%20%EC%8B%9C%EC%A6%8C%202%206%ED%99%94.html" "Mozilla/5.0 (Linux; Android 6.0.1; Nexus 5X Build/MMB29P) AppleWebKit/537.36 (KHTML, like Gecko) Chrome/143.0.7499.169 Mobile Safari/537.36 (compatible; Googlebot/2.1; +http://www.google.com/bot.html)"
172.68.26.115 - - [11/Jan/2026:05:56:29 +0300] "GET /?GameID=1906.html HTTP/1.0" 200 35920 "https://www.dom-rus.ru/?ID=%EC%B9%B4%EC%A7%80%EB%85%B8%20%EC%8B%9C%EC%A6%8C%202%206%ED%99%94.html" "Mozilla/5.0 (Linux; Android 6.0.1; Nexus 5X Build/MMB29P) AppleWebKit/537.36 (KHTML, like Gecko) Chrome/143.0.7499.169 Mobile Safari/537.36 (compatible; Googlebot/2.1; +http://www.google.com/bot.html)"
172.68.26.115 - - [11/Jan/2026:05:56:30 +0300] "GET /?GameID=1360.html HTTP/1.0" 200 19579 "https://www.dom-rus.ru/?ID=%EC%B9%B4%EC%A7%80%EB%85%B8%20%EC%8B%9C%EC%A6%8C%202%206%ED%99%94.html" "Mozilla/5.0 (Linux; Android 6.0.1; Nexus 5X Build/MMB29P) AppleWebKit/537.36 (KHTML, like Gecko) Chrome/143.0.7499.169 Mobile Safari/537.36 (compatible; Googlebot/2.1; +http://www.google.com/bot.html)"
172.68.26.114 - - [11/Jan/2026:05:58:29 +0300] "GET /?ID=%EC%8A%AC%EB%A1%AF%20%EC%BB%A4%EB%AE%A4%20io.html HTTP/1.0" 200 50370 "-" "Mozilla/5.0 (Linux; Android 6.0.1; Nexus 5X Build/MMB29P) AppleWebKit/537.36 (KHTML, like Gecko) Chrome/143.0.7499.169 Mobile Safari/537.36 (compatible; Googlebot/2.1; +http://www.google.com/bot.html)"
172.68.23.206 - - [11/Jan/2026:05:58:59 +0300] "GET /robots.txt HTTP/1.1" 404 173 "-" "Mozilla/5.0 (compatible; DotBot/1.2; +https://opensiteexplorer.org/dotbot; help@moz.com)"
172.69.165.56 - - [11/Jan/2026:05:59:30 +0300] "GET /?x=061032802 HTTP/1.0" 200 2964 "https://dom-rus.ru/sitemap525.xml" "Mozilla/5.0 (Linux; Android 7.0;) AppleWebKit/537.36 (KHTML, like Gecko) Mobile Safari/537.36 (compatible; PetalBot;+https://webmaster.petalsearch.com/site/petalbot)"
172.69.165.57 - - [11/Jan/2026:06:00:39 +0300] "GET /?k=122033971 HTTP/1.0" 200 2964 "https://dom-rus.ru/sitemap65.xml" "Mozilla/5.0 (Linux; Android 7.0;) AppleWebKit/537.36 (KHTML, like Gecko) Mobile Safari/537.36 (compatible; PetalBot;+https://webmaster.petalsearch.com/site/petalbot)"
172.71.81.145 - - [11/Jan/2026:06:01:06 +0300] "GET /?i=264027057 HTTP/1.0" 200 2964 "https://dom-rus.ru/sitemap556.xml" "Mozilla/5.0 (Linux; Android 7.0;) AppleWebKit/537.36 (KHTML, like Gecko) Mobile Safari/537.36 (compatible; PetalBot;+https://webmaster.petalsearch.com/site/petalbot)"
198.41.227.132 - - [11/Jan/2026:06:01:36 +0300] "GET /?ID=%EB%9D%BC%EC%8A%A4%EB%B2%A0%EA%B0%80%EC%8A%A4%20%ED%98%B8%ED%85%94%EA%B3%BC%20%EC%B9%B4%EC%A7%80%EB%85%B8.html HTTP/1.0" 200 19521 "-" "Mozilla/5.0 (Linux; Android 6.0.1; Nexus 5X Build/MMB29P) AppleWebKit/537.36 (KHTML, like Gecko) Chrome/143.0.7499.169 Mobile Safari/537.36 (compatible; Googlebot/2.1; +http://www.google.com/bot.html)"
172.71.81.145 - - [11/Jan/2026:06:02:10 +0300] "GET /?k=086017703 HTTP/1.0" 200 2964 "https://dom-rus.ru/sitemap525.xml" "Mozilla/5.0 (Linux; Android 7.0;) AppleWebKit/537.36 (KHTML, like Gecko) Mobile Safari/537.36 (compatible; PetalBot;+https://webmaster.petalsearch.com/site/petalbot)"
172.69.176.4 - - [11/Jan/2026:06:03:01 +0300] "GET /?t=072022323 HTTP/1.0" 200 2964 "https://dom-rus.ru/sitemap556.xml" "Mozilla/5.0 (Linux; Android 7.0;) AppleWebKit/537.36 (KHTML, like Gecko) Mobile Safari/537.36 (compatible; PetalBot;+https://webmaster.petalsearch.com/site/petalbot)"
108.162.245.223 - - [11/Jan/2026:06:03:10 +0300] "GET /xj3znq/r-bonney-gabriel-mother.html HTTP/1.0" 404 452 "-" "Mozilla/5.0 (compatible; DotBot/1.2; +https://opensiteexplorer.org/dotbot; help@moz.com)"
172.69.65.127 - - [11/Jan/2026:06:03:42 +0300] "GET /?ID=%ED%86%A0%ED%86%A0%20%EC%8A%A4%ED%8C%9F.html HTTP/1.0" 200 20030 "-" "Mozilla/5.0 (Linux; Android 6.0.1; Nexus 5X Build/MMB29P) AppleWebKit/537.36 (KHTML, like Gecko) Chrome/143.0.7499.169 Mobile Safari/537.36 (compatible; Googlebot/2.1; +http://www.google.com/bot.html)"
108.162.227.139 - - [11/Jan/2026:06:04:25 +0300] "GET /?u=007024348 HTTP/1.0" 200 2964 "https://dom-rus.ru/sitemap65.xml" "Mozilla/5.0 (Linux; Android 7.0;) AppleWebKit/537.36 (KHTML, like Gecko) Mobile Safari/537.36 (compatible; PetalBot;+https://webmaster.petalsearch.com/site/petalbot)"
172.69.166.110 - - [11/Jan/2026:06:05:48 +0300] "GET /?j=166041819 HTTP/1.0" 200 2964 "https://dom-rus.ru/sitemap833.xml" "Mozilla/5.0 (Linux; Android 7.0;) AppleWebKit/537.36 (KHTML, like Gecko) Mobile Safari/537.36 (compatible; PetalBot;+https://webmaster.petalsearch.com/site/petalbot)"
162.159.106.134 - - [11/Jan/2026:06:06:49 +0300] "GET /?ID=%EB%9D%BC%EC%9D%B4%EC%A6%88%20%EB%B0%A9%EC%96%B4%EA%B5%AC%20%EC%8A%AC%EB%A1%AF.html HTTP/1.0" 200 9795 "-" "Mozilla/5.0 (Linux; Android 6.0.1; Nexus 5X Build/MMB29P) AppleWebKit/537.36 (KHTML, like Gecko) Chrome/143.0.7499.169 Mobile Safari/537.36 (compatible; Googlebot/2.1; +http://www.google.com/bot.html)"
172.68.164.166 - - [11/Jan/2026:06:07:13 +0300] "GET /?y=189041658 HTTP/1.0" 200 2964 "https://dom-rus.ru/sitemap613.xml" "Mozilla/5.0 (Linux; Android 7.0;) AppleWebKit/537.36 (KHTML, like Gecko) Mobile Safari/537.36 (compatible; PetalBot;+https://webmaster.petalsearch.com/site/petalbot)"
162.159.106.134 - - [11/Jan/2026:06:07:52 +0300] "GET /?ID=%EC%98%A8%EB%9D%BC%EC%9D%B8%20%EC%B9%B4%EC%A7%80%EB%85%B8%20%EC%B2%98%EB%B2%8C%20%20%EB%B2%A0%EC%8A%A4%ED%8A%B8%20%EC%98%A8%EB%9D%BC%EC%9D%B8%20%EC%B9%B4%EC%A7%80%EB%85%B8%EC%8A%AC%EB%A1%AF%EB%B3%B4%EC%A6%9D.html HTTP/1.0" 200 49566 "-" "Mozilla/5.0 (Linux; Android 6.0.1; Nexus 5X Build/MMB29P) AppleWebKit/537.36 (KHTML, like Gecko) Chrome/143.0.7499.169 Mobile Safari/537.36 (compatible; Googlebot/2.1; +http://www.google.com/bot.html)"
172.69.65.127 - - [11/Jan/2026:06:08:22 +0300] "GET /?GameID=2026-01-09/9108.html HTTP/1.0" 200 9705 "-" "Mozilla/5.0 (Linux; Android 6.0.1; Nexus 5X Build/MMB29P) AppleWebKit/537.36 (KHTML, like Gecko) Chrome/143.0.7499.169 Mobile Safari/537.36 (compatible; Googlebot/2.1; +http://www.google.com/bot.html)"
172.70.208.154 - - [11/Jan/2026:06:08:37 +0300] "GET /?v=105039884 HTTP/1.0" 200 2964 "https://dom-rus.ru/sitemap525.xml" "Mozilla/5.0 (Linux; Android 7.0;) AppleWebKit/537.36 (KHTML, like Gecko) Mobile Safari/537.36 (compatible; PetalBot;+https://webmaster.petalsearch.com/site/petalbot)"
172.69.65.127 - - [11/Jan/2026:06:09:02 +0300] "GET /?ID=%EC%98%A8%EB%9D%BC%EC%9D%B8%20%EB%B0%94%EC%B9%B4%EB%9D%BC%20%EC%82%AC%EC%9D%B4%ED%8A%B8%EC%8A%AC%EB%A1%AF%EB%B3%B4%EC%A6%9D.html HTTP/1.0" 200 9581 "-" "Mozilla/5.0 (Linux; Android 6.0.1; Nexus 5X Build/MMB29P) AppleWebKit/537.36 (KHTML, like Gecko) Chrome/143.0.7499.169 Mobile Safari/537.36 (compatible; Googlebot/2.1; +http://www.google.com/bot.html)"
172.69.165.56 - - [11/Jan/2026:06:10:00 +0300] "GET /?i=146003383 HTTP/1.0" 200 2964 "https://dom-rus.ru/sitemap613.xml" "Mozilla/5.0 (Linux; Android 7.0;) AppleWebKit/537.36 (KHTML, like Gecko) Mobile Safari/537.36 (compatible; PetalBot;+https://webmaster.petalsearch.com/site/petalbot)"
172.71.166.100 - - [11/Jan/2026:06:10:28 +0300] "GET /?GameID=2026-01-03/amhtom.html HTTP/1.0" 200 20197 "-" "Mozilla/5.0 (Linux; Android 6.0.1; Nexus 5X Build/MMB29P) AppleWebKit/537.36 (KHTML, like Gecko) Chrome/143.0.7499.169 Mobile Safari/537.36 (compatible; Googlebot/2.1; +http://www.google.com/bot.html)"
162.159.104.156 - - [11/Jan/2026:06:11:10 +0300] "GET /?ID=%ED%86%A0%ED%86%A0%20%EC%96%B8%EC%98%A4%EB%B2%84%20%EB%9C%BB.html HTTP/1.0" 200 10448 "-" "Mozilla/5.0 (Linux; Android 6.0.1; Nexus 5X Build/MMB29P) AppleWebKit/537.36 (KHTML, like Gecko) Chrome/143.0.7499.169 Mobile Safari/537.36 (compatible; Googlebot/2.1; +http://www.google.com/bot.html)"
172.68.164.166 - - [11/Jan/2026:06:11:25 +0300] "GET /?i=007043274 HTTP/1.0" 200 2964 "https://dom-rus.ru/sitemap460.xml" "Mozilla/5.0 (Linux; Android 7.0;) AppleWebKit/537.36 (KHTML, like Gecko) Mobile Safari/537.36 (compatible; PetalBot;+https://webmaster.petalsearch.com/site/petalbot)"
172.71.166.100 - - [11/Jan/2026:06:12:19 +0300] "GET /?GameID=1330.html HTTP/1.0" 200 19595 "-" "Mozilla/5.0 (Linux; Android 6.0.1; Nexus 5X Build/MMB29P) AppleWebKit/537.36 (KHTML, like Gecko) Chrome/143.0.7499.169 Mobile Safari/537.36 (compatible; Googlebot/2.1; +http://www.google.com/bot.html)"
162.159.104.156 - - [11/Jan/2026:06:12:23 +0300] "GET /?GameID=2026-01-05/131.html HTTP/1.0" 200 9431 "-" "Mozilla/5.0 (Linux; Android 6.0.1; Nexus 5X Build/MMB29P) AppleWebKit/537.36 (KHTML, like Gecko) Chrome/143.0.7499.169 Mobile Safari/537.36 (compatible; Googlebot/2.1; +http://www.google.com/bot.html)"
108.162.227.139 - - [11/Jan/2026:06:12:48 +0300] "GET /?y=221043920 HTTP/1.0" 200 2964 "https://dom-rus.ru/sitemap690.xml" "Mozilla/5.0 (Linux; Android 7.0;) AppleWebKit/537.36 (KHTML, like Gecko) Mobile Safari/537.36 (compatible; PetalBot;+https://webmaster.petalsearch.com/site/petalbot)"
172.70.94.27 - - [11/Jan/2026:06:13:16 +0300] "GET /?GameID=2026-01-10/lcxwcd.html HTTP/1.0" 200 49624 "-" "Mozilla/5.0 (Linux; Android 6.0.1; Nexus 5X Build/MMB29P) AppleWebKit/537.36 (KHTML, like Gecko) Chrome/143.0.7499.169 Mobile Safari/537.36 (compatible; Googlebot/2.1; +http://www.google.com/bot.html)"
172.70.93.23 - - [11/Jan/2026:06:14:10 +0300] "GET /?z=001036548 HTTP/1.0" 200 2964 "https://dom-rus.ru/sitemap562.xml" "Mozilla/5.0 (Linux; Android 7.0;) AppleWebKit/537.36 (KHTML, like Gecko) Mobile Safari/537.36 (compatible; PetalBot;+https://webmaster.petalsearch.com/site/petalbot)"
162.159.106.135 - - [11/Jan/2026:06:15:23 +0300] "GET /?ID=%EC%95%88%EC%A0%84%20%EC%B9%B4%EC%A7%80%EB%85%B8.html HTTP/1.0" 200 19708 "-" "Mozilla/5.0 (Linux; Android 6.0.1; Nexus 5X Build/MMB29P) AppleWebKit/537.36 (KHTML, like Gecko) Chrome/143.0.7499.169 Mobile Safari/537.36 (compatible; Googlebot/2.1; +http://www.google.com/bot.html)"
172.70.208.155 - - [11/Jan/2026:06:15:34 +0300] "GET /?r=116039557 HTTP/1.0" 200 2964 "https://dom-rus.ru/sitemap690.xml" "Mozilla/5.0 (Linux; Android 7.0;) AppleWebKit/537.36 (KHTML, like Gecko) Mobile Safari/537.36 (compatible; PetalBot;+https://webmaster.petalsearch.com/site/petalbot)"
172.69.194.114 - - [11/Jan/2026:06:15:57 +0300] "GET / HTTP/1.0" 200 2964 "-" "Mozilla/5.0 (compatible; AhrefsBot/7.0; +http://ahrefs.com/robot/)"
172.70.189.135 - - [11/Jan/2026:06:16:58 +0300] "GET /?n=006038157 HTTP/1.0" 200 2964 "https://dom-rus.ru/sitemap65.xml" "Mozilla/5.0 (Linux; Android 7.0;) AppleWebKit/537.36 (KHTML, like Gecko) Mobile Safari/537.36 (compatible; PetalBot;+https://webmaster.petalsearch.com/site/petalbot)"
172.69.65.128 - - [11/Jan/2026:06:17:30 +0300] "GET /?ID=%EB%84%A4%EC%98%B4%20%ED%86%A0%ED%86%A0.html HTTP/1.0" 200 11294 "-" "Mozilla/5.0 (Linux; Android 6.0.1; Nexus 5X Build/MMB29P) AppleWebKit/537.36 (KHTML, like Gecko) Chrome/143.0.7499.169 Mobile Safari/537.36 (compatible; Googlebot/2.1; +http://www.google.com/bot.html)"
104.23.175.250 - - [11/Jan/2026:06:18:22 +0300] "GET /?i=004000807 HTTP/1.0" 200 2964 "https://dom-rus.ru/sitemap525.xml" "Mozilla/5.0 (Linux; Android 7.0;) AppleWebKit/537.36 (KHTML, like Gecko) Mobile Safari/537.36 (compatible; PetalBot;+https://webmaster.petalsearch.com/site/petalbot)"
104.23.223.28 - - [11/Jan/2026:06:19:36 +0300] "GET /?ID=%EC%82%AC%EC%9D%B4%ED%8A%B8%20%EA%B2%80%EC%A6%9D%20%20%EB%B2%A0%EC%8A%A4%ED%8A%B8%20%EC%98%A8%EB%9D%BC%EC%9D%B8%20%EC%B9%B4%EC%A7%80%EB%85%B8%EC%8A%AC%EB%A1%AF%EB%B3%B4%EC%A6%9D.html HTTP/1.0" 200 49646 "-" "Mozilla/5.0 (Linux; Android 6.0.1; Nexus 5X Build/MMB29P) AppleWebKit/537.36 (KHTML, like Gecko) Chrome/143.0.7499.169 Mobile Safari/537.36 (compatible; Googlebot/2.1; +http://www.google.com/bot.html)"
172.70.189.136 - - [11/Jan/2026:06:19:47 +0300] "GET /?z=232035223 HTTP/1.0" 200 2964 "https://dom-rus.ru/sitemap833.xml" "Mozilla/5.0 (Linux; Android 7.0;) AppleWebKit/537.36 (KHTML, like Gecko) Mobile Safari/537.36 (compatible; PetalBot;+https://webmaster.petalsearch.com/site/petalbot)"
104.23.223.37 - - [11/Jan/2026:06:20:27 +0300] "GET /?GameID=2026-01-03/idzlfb.html HTTP/1.0" 200 34416 "-" "Mozilla/5.0 (Linux; Android 6.0.1; Nexus 5X Build/MMB29P) AppleWebKit/537.36 (KHTML, like Gecko) Chrome/143.0.7499.169 Mobile Safari/537.36 (compatible; Googlebot/2.1; +http://www.google.com/bot.html)"
104.23.223.132 - - [11/Jan/2026:06:20:30 +0300] "GET /?GameID=1183.html HTTP/1.0" 200 51117 "https://www.dom-rus.ru/?GameID=2026-01-03/idzlfb.html" "Mozilla/5.0 (Linux; Android 6.0.1; Nexus 5X Build/MMB29P) AppleWebKit/537.36 (KHTML, like Gecko) Chrome/143.0.7499.169 Mobile Safari/537.36 (compatible; Googlebot/2.1; +http://www.google.com/bot.html)"
104.23.223.117 - - [11/Jan/2026:06:20:31 +0300] "GET /?GameID=1669.html HTTP/1.0" 200 9229 "https://www.dom-rus.ru/?GameID=2026-01-03/idzlfb.html" "Mozilla/5.0 (Linux; Android 6.0.1; Nexus 5X Build/MMB29P) AppleWebKit/537.36 (KHTML, like Gecko) Chrome/143.0.7499.169 Mobile Safari/537.36 (compatible; Googlebot/2.1; +http://www.google.com/bot.html)"
172.71.166.101 - - [11/Jan/2026:06:20:33 +0300] "GET /?GameID=1912.html HTTP/1.0" 200 36568 "https://www.dom-rus.ru/?GameID=2026-01-03/idzlfb.html" "Mozilla/5.0 (Linux; Android 6.0.1; Nexus 5X Build/MMB29P) AppleWebKit/537.36 (KHTML, like Gecko) Chrome/143.0.7499.169 Mobile Safari/537.36 (compatible; Googlebot/2.1; +http://www.google.com/bot.html)"
162.158.88.133 - - [11/Jan/2026:06:21:09 +0300] "GET /?h=248035161 HTTP/1.0" 200 2964 "https://dom-rus.ru/sitemap460.xml" "Mozilla/5.0 (Linux; Android 7.0;) AppleWebKit/537.36 (KHTML, like Gecko) Mobile Safari/537.36 (compatible; PetalBot;+https://webmaster.petalsearch.com/site/petalbot)"
172.69.166.111 - - [11/Jan/2026:06:22:33 +0300] "GET /?h=153007856 HTTP/1.0" 200 2964 "https://dom-rus.ru/sitemap833.xml" "Mozilla/5.0 (Linux; Android 7.0;) AppleWebKit/537.36 (KHTML, like Gecko) Mobile Safari/537.36 (compatible; PetalBot;+https://webmaster.petalsearch.com/site/petalbot)"
172.71.174.152 - - [11/Jan/2026:06:22:43 +0300] "GET /?GameID=2026-01-09/1885.html HTTP/1.0" 200 19388 "-" "Mozilla/5.0 (Linux; Android 6.0.1; Nexus 5X Build/MMB29P) AppleWebKit/537.36 (KHTML, like Gecko) Chrome/143.0.7499.169 Mobile Safari/537.36 (compatible; Googlebot/2.1; +http://www.google.com/bot.html)"
172.71.174.153 - - [11/Jan/2026:06:23:50 +0300] "GET /?GameID=2026-01-09/yidnud.html HTTP/1.0" 200 50446 "-" "Mozilla/5.0 (Linux; Android 6.0.1; Nexus 5X Build/MMB29P) AppleWebKit/537.36 (KHTML, like Gecko) Chrome/143.0.7499.169 Mobile Safari/537.36 (compatible; Googlebot/2.1; +http://www.google.com/bot.html)"
172.70.208.154 - - [11/Jan/2026:06:23:56 +0300] "GET /?v=080046929 HTTP/1.0" 200 2964 "https://dom-rus.ru/sitemap556.xml" "Mozilla/5.0 (Linux; Android 7.0;) AppleWebKit/537.36 (KHTML, like Gecko) Mobile Safari/537.36 (compatible; PetalBot;+https://webmaster.petalsearch.com/site/petalbot)"
172.71.81.145 - - [11/Jan/2026:06:25:20 +0300] "GET /?h=131043506 HTTP/1.0" 200 2964 "https://dom-rus.ru/sitemap833.xml" "Mozilla/5.0 (Linux; Android 7.0;) AppleWebKit/537.36 (KHTML, like Gecko) Mobile Safari/537.36 (compatible; PetalBot;+https://webmaster.petalsearch.com/site/petalbot)"
172.71.174.153 - - [11/Jan/2026:06:25:28 +0300] "GET /?GameID=2026-01-09/tfhogk.html HTTP/1.0" 200 49656 "-" "Mozilla/5.0 (Linux; Android 6.0.1; Nexus 5X Build/MMB29P) AppleWebKit/537.36 (KHTML, like Gecko) Chrome/143.0.7499.169 Mobile Safari/537.36 (compatible; Googlebot/2.1; +http://www.google.com/bot.html)"
172.69.65.128 - - [11/Jan/2026:06:25:57 +0300] "GET /?GameID=2026-01-09/jmtudr.html HTTP/1.0" 200 49714 "-" "Mozilla/5.0 (Linux; Android 6.0.1; Nexus 5X Build/MMB29P) AppleWebKit/537.36 (KHTML, like Gecko) Chrome/143.0.7499.169 Mobile Safari/537.36 (compatible; Googlebot/2.1; +http://www.google.com/bot.html)"
172.69.169.138 - - [11/Jan/2026:06:26:11 +0300] "GET /php.php HTTP/1.0" 404 452 "https://www.google.de/" "Mozilla/5.0 (Linux; Android 12; 2201116SG) AppleWebKit/537.36 (KHTML, like Gecko) Chrome/116.0.0.0 Mobile Safari/537.36"
162.158.182.163 - - [11/Jan/2026:06:26:11 +0300] "GET /wp-content/plugins/erinyani/baxa1.php7 HTTP/1.0" 404 452 "https://www.bing.com/" "Mozilla/5.0 (Linux; Android 10; LM-Q720) AppleWebKit/537.36 (KHTML, like Gecko) Chrome/116.0.0.0 Mobile Safari/537.36"
172.68.183.18 - - [11/Jan/2026:06:26:12 +0300] "GET /wp-content/plugins/secure-fortress/avdb_3f7a1921c1e2b.php HTTP/1.0" 404 452 "https://www.google.fr/" "Mozilla/5.0 (iPhone; CPU iPhone OS 17_1_1 like Mac OS X) AppleWebKit/605.1.15 (KHTML, like Gecko) Version/17.1 Mobile/15E148 Safari/604.1"
162.158.182.117 - - [11/Jan/2026:06:26:12 +0300] "GET /xBrain.php HTTP/1.0" 404 452 "https://www.google.com/" "Mozilla/5.0 (Linux; Android 13; SM-G991U) AppleWebKit/537.36 (KHTML, like Gecko) Chrome/117.0.0.0 Mobile Safari/537.36"
162.158.182.111 - - [11/Jan/2026:06:26:12 +0300] "GET /wp-includes/themes7.php HTTP/1.0" 404 452 "https://www.google.com/" "Mozilla/5.0 (Linux; Android 12; 2201116SG) AppleWebKit/537.36 (KHTML, like Gecko) Chrome/116.0.0.0 Mobile Safari/537.36"
172.71.100.204 - - [11/Jan/2026:06:26:13 +0300] "GET /contact.php HTTP/1.0" 404 452 "https://www.bing.com/" "Mozilla/5.0 (Linux; Android 11; CPH2251) AppleWebKit/537.36 (KHTML, like Gecko) Chrome/116.0.0.0 Mobile Safari/537.36"
172.71.100.204 - - [11/Jan/2026:06:26:14 +0300] "GET /load.php HTTP/1.0" 404 452 "https://www.yahoo.com/" "Mozilla/5.0 (iPhone; CPU iPhone OS 17_1 like Mac OS X) AppleWebKit/605.1.15 (KHTML, like Gecko) CriOS/119.0.6045.109 Mobile/15E148 Safari/604.1"
172.71.100.204 - - [11/Jan/2026:06:26:14 +0300] "GET /wp-content/plugins/janusv2/janus.php HTTP/1.0" 404 452 "https://www.yahoo.com/" "Mozilla/5.0 (iPhone; CPU iPhone OS 16_6_1 like Mac OS X) AppleWebKit/605.1.15 (KHTML, like Gecko) Version/16.6 Mobile/15E148 Safari/604.1"
172.71.100.204 - - [11/Jan/2026:06:26:14 +0300] "GET /wp-login.php HTTP/1.0" 404 452 "https://www.bing.com/" "Mozilla/5.0 (Linux; Android 14; Pixel 8 Pro) AppleWebKit/537.36 (KHTML, like Gecko) Chrome/119.0.0.0 Mobile Safari/537.36"
172.71.100.204 - - [11/Jan/2026:06:26:15 +0300] "GET /mah/function.php HTTP/1.0" 404 452 "https://duckduckgo.com/" "Mozilla/5.0 (Linux; Android 13; M2101K6G) AppleWebKit/537.36 (KHTML, like Gecko) Chrome/116.0.0.0 Mobile Safari/537.36"
172.71.100.204 - - [11/Jan/2026:06:26:15 +0300] "GET /wp-Owl.php HTTP/1.0" 404 452 "https://duckduckgo.com/" "Mozilla/5.0 (iPhone; CPU iPhone OS 16_6_1 like Mac OS X) AppleWebKit/605.1.15 (KHTML, like Gecko) Version/16.6 Mobile/15E148 Safari/604.1"
172.71.100.204 - - [11/Jan/2026:06:26:15 +0300] "GET /classsmtps.php HTTP/1.0" 404 452 "https://www.google.de/" "Mozilla/5.0 (Linux; Android 12; V2134) AppleWebKit/537.36 (KHTML, like Gecko) Chrome/116.0.0.0 Mobile Safari/537.36"
172.71.100.204 - - [11/Jan/2026:06:26:15 +0300] "GET /wp-admin/css/colors HTTP/1.0" 404 452 "https://www.bing.com/" "Mozilla/5.0 (Linux; Android 11; CPH2251) AppleWebKit/537.36 (KHTML, like Gecko) Chrome/116.0.0.0 Mobile Safari/537.36"
172.71.100.204 - - [11/Jan/2026:06:26:16 +0300] "GET /wp-content/plugins/core/include.php HTTP/1.0" 404 452 "https://www.google.fr/" "Mozilla/5.0 (Linux; Android 13; SM-S908E) AppleWebKit/537.36 (KHTML, like Gecko) Chrome/116.0.0.0 Mobile Safari/537.36"
172.69.169.138 - - [11/Jan/2026:06:26:16 +0300] "GET /wp-content/themes HTTP/1.0" 404 452 "https://www.google.de/" "Mozilla/5.0 (Linux; Android 12; SM-A525F) AppleWebKit/537.36 (KHTML, like Gecko) Chrome/117.0.0.0 Mobile Safari/537.36"
172.69.169.138 - - [11/Jan/2026:06:26:16 +0300] "GET /wp-includes/wp-atom.php HTTP/1.0" 404 452 "https://duckduckgo.com/" "Mozilla/5.0 (Linux; Android 11; CPH2251) AppleWebKit/537.36 (KHTML, like Gecko) Chrome/116.0.0.0 Mobile Safari/537.36"
172.69.169.138 - - [11/Jan/2026:06:26:17 +0300] "GET /wp-admin/includes/nav.php HTTP/1.0" 404 452 "https://www.bing.com/" "Mozilla/5.0 (Linux; Android 12; 2201116SG) AppleWebKit/537.36 (KHTML, like Gecko) Chrome/116.0.0.0 Mobile Safari/537.36"
172.69.169.138 - - [11/Jan/2026:06:26:17 +0300] "GET /wp-admin/maint/users.php HTTP/1.0" 404 452 "https://duckduckgo.com/" "Mozilla/5.0 (iPhone; CPU iPhone OS 15_7_9 like Mac OS X) AppleWebKit/605.1.15 (KHTML, like Gecko) Version/15.6.5 Mobile/15E148 Safari/604.1"
172.69.169.138 - - [11/Jan/2026:06:26:17 +0300] "GET /wp-content/plugins/view-more/ioxi.php HTTP/1.0" 404 452 "https://www.google.com/" "Mozilla/5.0 (iPhone; CPU iPhone OS 15_7_9 like Mac OS X) AppleWebKit/605.1.15 (KHTML, like Gecko) Version/15.6.5 Mobile/15E148 Safari/604.1"
172.69.169.138 - - [11/Jan/2026:06:26:18 +0300] "GET /wp-admin/css HTTP/1.0" 404 452 "https://www.bing.com/" "Mozilla/5.0 (iPhone; CPU iPhone OS 17_0_3 like Mac OS X) AppleWebKit/605.1.15 (KHTML, like Gecko) Version/17.0.1 Mobile/15E148 Safari/604.1"
172.69.169.138 - - [11/Jan/2026:06:26:18 +0300] "GET /moon.php HTTP/1.0" 404 452 "https://www.bing.com/" "Mozilla/5.0 (Linux; Android 14; Pixel 8 Pro) AppleWebKit/537.36 (KHTML, like Gecko) Chrome/119.0.0.0 Mobile Safari/537.36"
172.69.169.138 - - [11/Jan/2026:06:26:18 +0300] "GET /wp-blog.php HTTP/1.0" 404 452 "https://www.google.de/" "Mozilla/5.0 (Linux; Android 10; LM-Q720) AppleWebKit/537.36 (KHTML, like Gecko) Chrome/116.0.0.0 Mobile Safari/537.36"
172.69.169.138 - - [11/Jan/2026:06:26:18 +0300] "GET /wp-content/plugins/about.php HTTP/1.0" 404 452 "https://www.google.fr/" "Mozilla/5.0 (Linux; Android 13; M2101K6G) AppleWebKit/537.36 (KHTML, like Gecko) Chrome/116.0.0.0 Mobile Safari/537.36"
172.69.169.138 - - [11/Jan/2026:06:26:19 +0300] "GET /wp-content/themes/pridmag/db.php HTTP/1.0" 404 452 "https://www.google.de/" "Mozilla/5.0 (Linux; Android 12; 2201116SG) AppleWebKit/537.36 (KHTML, like Gecko) Chrome/116.0.0.0 Mobile Safari/537.36"
172.69.169.138 - - [11/Jan/2026:06:26:19 +0300] "GET /wp-includes/css/index.php HTTP/1.0" 404 452 "https://www.bing.com/" "Mozilla/5.0 (Linux; Android 10; K) AppleWebKit/537.36 (KHTML, like Gecko) Chrome/117.0.0.0 Mobile Safari/537.36"
172.69.169.138 - - [11/Jan/2026:06:26:19 +0300] "GET /about/function.php HTTP/1.0" 404 452 "https://www.yahoo.com/" "Mozilla/5.0 (iPhone; CPU iPhone OS 16_0 like Mac OS X) AppleWebKit/605.1.15 (KHTML, like Gecko) FxiOS/118.0 Mobile/15E148 Safari/605.1.15"
172.69.169.138 - - [11/Jan/2026:06:26:20 +0300] "GET /wp-admin/js/about.php7 HTTP/1.0" 404 452 "https://www.yahoo.com/" "Mozilla/5.0 (Linux; Android 13; SM-G991U) AppleWebKit/537.36 (KHTML, like Gecko) Chrome/117.0.0.0 Mobile Safari/537.36"
172.69.169.138 - - [11/Jan/2026:06:26:20 +0300] "GET /wp-content/plugins/revslider/includes/external/page/index.php HTTP/1.0" 404 452 "https://www.google.co.uk/" "Mozilla/5.0 (Linux; Android 11; CPH2251) AppleWebKit/537.36 (KHTML, like Gecko) Chrome/116.0.0.0 Mobile Safari/537.36"
172.69.169.138 - - [11/Jan/2026:06:26:20 +0300] "GET /default.php HTTP/1.0" 404 452 "https://www.google.co.uk/" "Mozilla/5.0 (Linux; Android 13; SM-G991U) AppleWebKit/537.36 (KHTML, like Gecko) Chrome/117.0.0.0 Mobile Safari/537.36"
172.69.169.138 - - [11/Jan/2026:06:26:20 +0300] "GET /motu.php HTTP/1.0" 404 452 "https://www.google.co.uk/" "Mozilla/5.0 (Linux; Android 11; 21081111RG) AppleWebKit/537.36 (KHTML, like Gecko) Chrome/116.0.0.0 Mobile Safari/537.36"
172.69.169.138 - - [11/Jan/2026:06:26:21 +0300] "GET /past.php HTTP/1.0" 404 452 "https://www.google.com/" "Mozilla/5.0 (Linux; Android 12; V2134) AppleWebKit/537.36 (KHTML, like Gecko) Chrome/116.0.0.0 Mobile Safari/537.36"
172.69.169.138 - - [11/Jan/2026:06:26:21 +0300] "GET /tinyfilemanager.php HTTP/1.0" 404 452 "https://www.google.com/" "Mozilla/5.0 (Linux; Android 11; 21081111RG) AppleWebKit/537.36 (KHTML, like Gecko) Chrome/116.0.0.0 Mobile Safari/537.36"
172.69.169.138 - - [11/Jan/2026:06:26:21 +0300] "GET /wp-file.php HTTP/1.0" 404 452 "https://www.google.com/" "Mozilla/5.0 (iPhone; CPU iPhone OS 17_0_3 like Mac OS X) AppleWebKit/605.1.15 (KHTML, like Gecko) Version/17.0.1 Mobile/15E148 Safari/604.1"
172.69.169.138 - - [11/Jan/2026:06:26:22 +0300] "GET /wp-trackback.php HTTP/1.0" 404 452 "https://www.google.de/" "Mozilla/5.0 (iPhone; CPU iPhone OS 17_1 like Mac OS X) AppleWebKit/605.1.15 (KHTML, like Gecko) CriOS/119.0.6045.109 Mobile/15E148 Safari/604.1"
172.69.169.138 - - [11/Jan/2026:06:26:22 +0300] "GET /gecko.php HTTP/1.0" 404 452 "https://www.google.de/" "Mozilla/5.0 (Linux; Android 13; M2101K6G) AppleWebKit/537.36 (KHTML, like Gecko) Chrome/116.0.0.0 Mobile Safari/537.36"
172.69.169.138 - - [11/Jan/2026:06:26:22 +0300] "GET /install.php HTTP/1.0" 404 452 "https://www.bing.com/" "Mozilla/5.0 (Linux; Android 13; M2101K6G) AppleWebKit/537.36 (KHTML, like Gecko) Chrome/116.0.0.0 Mobile Safari/537.36"
172.69.169.138 - - [11/Jan/2026:06:26:22 +0300] "GET /wk/index.php HTTP/1.0" 404 452 "https://www.google.co.uk/" "Mozilla/5.0 (Linux; Android 13; M2101K6G) AppleWebKit/537.36 (KHTML, like Gecko) Chrome/116.0.0.0 Mobile Safari/537.36"
172.69.169.138 - - [11/Jan/2026:06:26:23 +0300] "GET /woh.php HTTP/1.0" 404 452 "https://www.google.co.uk/" "Mozilla/5.g (Linux; Android 13; Pixel 7) AppleWebKit/537.36 (KHTML, like Gecko) Chrome/116.0.0.0 Mobile Safari/537.36"
172.69.169.138 - - [11/Jan/2026:06:26:23 +0300] "GET /wp-admin/css/colors/blue HTTP/1.0" 404 452 "https://www.yahoo.com/" "Mozilla/5.0 (iPhone; CPU iPhone OS 17_1 like Mac OS X) AppleWebKit/605.1.15 (KHTML, like Gecko) CriOS/119.0.6045.109 Mobile/15E148 Safari/604.1"
172.69.169.138 - - [11/Jan/2026:06:26:23 +0300] "GET /a.php HTTP/1.0" 404 452 "https://www.google.fr/" "Mozilla/5.0 (Linux; Android 12; 2201116SG) AppleWebKit/537.36 (KHTML, like Gecko) Chrome/116.0.0.0 Mobile Safari/537.36"
172.69.169.138 - - [11/Jan/2026:06:26:24 +0300] "GET /eagle.php HTTP/1.0" 404 452 "https://www.yahoo.com/" "Mozilla/5.0 (iPad; CPU OS 17_0_3 like Mac OS X) AppleWebKit/605.1.15 (KHTML, like Gecko) Version/17.0.1 Mobile/15E148 Safari/604.1"
172.69.169.138 - - [11/Jan/2026:06:26:24 +0300] "GET /files/index.php HTTP/1.0" 404 452 "https://www.google.com/" "Mozilla/5.g (Linux; Android 13; Pixel 7) AppleWebKit/537.36 (KHTML, like Gecko) Chrome/116.0.0.0 Mobile Safari/537.36"
172.69.169.138 - - [11/Jan/2026:06:26:24 +0300] "GET /wp-admin/network/admin.php HTTP/1.0" 404 452 "https://www.bing.com/" "Mozilla/5.0 (Linux; Android 13; SM-S908E) AppleWebKit/537.36 (KHTML, like Gecko) Chrome/116.0.0.0 Mobile Safari/537.36"
172.69.169.138 - - [11/Jan/2026:06:26:25 +0300] "GET /wp-admin/css/colors/blue/index.php HTTP/1.0" 404 452 "https://www.yahoo.com/" "Mozilla/5.0 (Linux; Android 13; SM-S908E) AppleWebKit/537.36 (KHTML, like Gecko) Chrome/116.0.0.0 Mobile Safari/537.36"
172.69.169.138 - - [11/Jan/2026:06:26:25 +0300] "GET /wp-content/plugins/pwnd/pwnd.php HTTP/1.0" 404 452 "https://www.google.com/" "Mozilla/5.0 (Linux; Android 11; CPH2251) AppleWebKit/537.36 (KHTML, like Gecko) Chrome/116.0.0.0 Mobile Safari/537.36"
172.69.169.138 - - [11/Jan/2026:06:26:25 +0300] "GET /xc.php HTTP/1.0" 404 452 "https://www.google.com/" "Mozilla/5.0 (iPad; CPU OS 17_0_3 like Mac OS X) AppleWebKit/605.1.15 (KHTML, like Gecko) Version/17.0.1 Mobile/15E148 Safari/604.1"
172.69.169.138 - - [11/Jan/2026:06:26:25 +0300] "GET /ahax.php HTTP/1.0" 404 452 "https://www.bing.com/" "Mozilla/5.0 (iPad; CPU OS 17_0_3 like Mac OS X) AppleWebKit/605.1.15 (KHTML, like Gecko) Version/17.0.1 Mobile/15E148 Safari/604.1"
172.69.169.138 - - [11/Jan/2026:06:26:26 +0300] "GET /server.php HTTP/1.0" 404 452 "https://www.google.co.uk/" "Mozilla/5.0 (iPhone; CPU iPhone OS 16_0 like Mac OS X) AppleWebKit/605.1.15 (KHTML, like Gecko) FxiOS/118.0 Mobile/15E148 Safari/605.1.15"
172.69.169.138 - - [11/Jan/2026:06:26:26 +0300] "GET /wp-includes/assets/ty.php HTTP/1.0" 404 452 "https://www.google.de/" "Mozilla/5.0 (iPhone; CPU iPhone OS 16_0 like Mac OS X) AppleWebKit/605.1.15 (KHTML, like Gecko) FxiOS/118.0 Mobile/15E148 Safari/605.1.15"
172.69.169.138 - - [11/Jan/2026:06:26:26 +0300] "GET /wp-includes/PHPMailer HTTP/1.0" 404 452 "https://www.google.co.uk/" "Mozilla/5.0 (iPad; CPU OS 16_7_2 like Mac OS X) AppleWebKit/605.1.15 (KHTML, like Gecko) Version/16.6 Mobile/15E148 Safari/604.1"
172.69.169.138 - - [11/Jan/2026:06:26:27 +0300] "GET /images/class-config.php HTTP/1.0" 404 452 "https://www.bing.com/" "Mozilla/5.0 (iPhone; CPU iPhone OS 15_7_9 like Mac OS X) AppleWebKit/605.1.15 (KHTML, like Gecko) Version/15.6.5 Mobile/15E148 Safari/604.1"
172.69.169.138 - - [11/Jan/2026:06:26:27 +0300] "GET /wp-admin/admin-wolf.php HTTP/1.0" 404 452 "https://www.bing.com/" "Mozilla/5.0 (Linux; Android 13; SM-S908E) AppleWebKit/537.36 (KHTML, like Gecko) Chrome/116.0.0.0 Mobile Safari/537.36"
172.69.169.138 - - [11/Jan/2026:06:26:27 +0300] "GET /wp-includes/ID3/index.php HTTP/1.0" 404 452 "https://www.google.co.uk/" "Mozilla/5.0 (Linux; Android 10; LM-Q720) AppleWebKit/537.36 (KHTML, like Gecko) Chrome/116.0.0.0 Mobile Safari/537.36"
162.158.170.18 - - [11/Jan/2026:06:26:43 +0300] "GET /?m=108014977 HTTP/1.0" 200 2964 "https://dom-rus.ru/sitemap65.xml" "Mozilla/5.0 (Linux; Android 7.0;) AppleWebKit/537.36 (KHTML, like Gecko) Mobile Safari/537.36 (compatible; PetalBot;+https://webmaster.petalsearch.com/site/petalbot)"
172.69.65.127 - - [11/Jan/2026:06:28:04 +0300] "GET /?GameID=2026-01-08/3690.html HTTP/1.0" 200 48852 "-" "Mozilla/5.0 (Linux; Android 6.0.1; Nexus 5X Build/MMB29P) AppleWebKit/537.36 (KHTML, like Gecko) Chrome/143.0.7499.169 Mobile Safari/537.36 (compatible; Googlebot/2.1; +http://www.google.com/bot.html)"
162.158.108.5 - - [11/Jan/2026:06:28:07 +0300] "GET /?h=155004410 HTTP/1.0" 200 2964 "https://dom-rus.ru/sitemap525.xml" "Mozilla/5.0 (Linux; Android 7.0;) AppleWebKit/537.36 (KHTML, like Gecko) Mobile Safari/537.36 (compatible; PetalBot;+https://webmaster.petalsearch.com/site/petalbot)"
108.162.227.139 - - [11/Jan/2026:06:29:30 +0300] "GET /?h=118045331 HTTP/1.0" 200 2964 "https://dom-rus.ru/sitemap833.xml" "Mozilla/5.0 (Linux; Android 7.0;) AppleWebKit/537.36 (KHTML, like Gecko) Mobile Safari/537.36 (compatible; PetalBot;+https://webmaster.petalsearch.com/site/petalbot)"
162.158.175.218 - - [11/Jan/2026:06:30:10 +0300] "GET /?GameID=2026-01-08/shaytm.html HTTP/1.0" 200 19779 "-" "Mozilla/5.0 (Linux; Android 6.0.1; Nexus 5X Build/MMB29P) AppleWebKit/537.36 (KHTML, like Gecko) Chrome/143.0.7499.169 Mobile Safari/537.36 (compatible; Googlebot/2.1; +http://www.google.com/bot.html)"
172.71.81.146 - - [11/Jan/2026:06:30:55 +0300] "GET /?s=016013603 HTTP/1.0" 200 2964 "https://dom-rus.ru/sitemap690.xml" "Mozilla/5.0 (Linux; Android 7.0;) AppleWebKit/537.36 (KHTML, like Gecko) Mobile Safari/537.36 (compatible; PetalBot;+https://webmaster.petalsearch.com/site/petalbot)"
172.71.170.218 - - [11/Jan/2026:06:32:16 +0300] "GET /?GameID=2026-01-11/9326.html HTTP/1.0" 200 51775 "-" "Mozilla/5.0 (Linux; Android 6.0.1; Nexus 5X Build/MMB29P) AppleWebKit/537.36 (KHTML, like Gecko) Chrome/143.0.7499.169 Mobile Safari/537.36 (compatible; Googlebot/2.1; +http://www.google.com/bot.html)"
172.71.124.45 - - [11/Jan/2026:06:32:19 +0300] "GET /?h=068035491 HTTP/1.0" 200 2964 "https://dom-rus.ru/sitemap613.xml" "Mozilla/5.0 (Linux; Android 7.0;) AppleWebKit/537.36 (KHTML, like Gecko) Mobile Safari/537.36 (compatible; PetalBot;+https://webmaster.petalsearch.com/site/petalbot)"
172.69.65.127 - - [11/Jan/2026:06:33:18 +0300] "GET /?GameID=2026-01-08/xyreuc.html HTTP/1.0" 200 20480 "-" "Mozilla/5.0 (Linux; Android 6.0.1; Nexus 5X Build/MMB29P) AppleWebKit/537.36 (KHTML, like Gecko) Chrome/143.0.7499.169 Mobile Safari/537.36 (compatible; Googlebot/2.1; +http://www.google.com/bot.html)"
