172.69.65.128 - - [11/Jan/2026:09:25:11 +0300] "GET /?GameID=2026-01-11/5747.html HTTP/1.0" 200 34985 "-" "Mozilla/5.0 (Linux; Android 6.0.1; Nexus 5X Build/MMB29P) AppleWebKit/537.36 (KHTML, like Gecko) Chrome/143.0.7499.169 Mobile Safari/537.36 (compatible; Googlebot/2.1; +http://www.google.com/bot.html)"
172.69.65.128 - - [11/Jan/2026:09:25:15 +0300] "GET /?ID=1919.html HTTP/1.0" 200 36691 "https://www.dom-rus.ru/?GameID=2026-01-11/5747.html" "Mozilla/5.0 (Linux; Android 6.0.1; Nexus 5X Build/MMB29P) AppleWebKit/537.36 (KHTML, like Gecko) Chrome/143.0.7499.169 Mobile Safari/537.36 (compatible; Googlebot/2.1; +http://www.google.com/bot.html)"
172.69.65.128 - - [11/Jan/2026:09:25:17 +0300] "GET /?ID=1683.html HTTP/1.0" 200 36822 "https://www.dom-rus.ru/?GameID=2026-01-11/5747.html" "Mozilla/5.0 (Linux; Android 6.0.1; Nexus 5X Build/MMB29P) AppleWebKit/537.36 (KHTML, like Gecko) Chrome/143.0.7499.169 Mobile Safari/537.36 (compatible; Googlebot/2.1; +http://www.google.com/bot.html)"
172.69.65.128 - - [11/Jan/2026:09:25:40 +0300] "GET /?GameID=2026-01-11/5818.html HTTP/1.0" 200 35470 "-" "Mozilla/5.0 (Linux; Android 6.0.1; Nexus 5X Build/MMB29P) AppleWebKit/537.36 (KHTML, like Gecko) Chrome/143.0.7499.169 Mobile Safari/537.36 (compatible; Googlebot/2.1; +http://www.google.com/bot.html)"
172.69.65.128 - - [11/Jan/2026:09:25:44 +0300] "GET /?ID=5397.html HTTP/1.0" 200 35743 "https://www.dom-rus.ru/?GameID=2026-01-11/5818.html" "Mozilla/5.0 (Linux; Android 6.0.1; Nexus 5X Build/MMB29P) AppleWebKit/537.36 (KHTML, like Gecko) Chrome/143.0.7499.169 Mobile Safari/537.36 (compatible; Googlebot/2.1; +http://www.google.com/bot.html)"
172.69.65.128 - - [11/Jan/2026:09:25:45 +0300] "GET /?ID=5866.html HTTP/1.0" 200 49391 "https://www.dom-rus.ru/?GameID=2026-01-11/5818.html" "Mozilla/5.0 (Linux; Android 6.0.1; Nexus 5X Build/MMB29P) AppleWebKit/537.36 (KHTML, like Gecko) Chrome/143.0.7499.169 Mobile Safari/537.36 (compatible; Googlebot/2.1; +http://www.google.com/bot.html)"
172.69.65.128 - - [11/Jan/2026:09:25:47 +0300] "GET /?ID=5409.html HTTP/1.0" 200 35005 "https://www.dom-rus.ru/?GameID=2026-01-11/5818.html" "Mozilla/5.0 (Linux; Android 6.0.1; Nexus 5X Build/MMB29P) AppleWebKit/537.36 (KHTML, like Gecko) Chrome/143.0.7499.169 Mobile Safari/537.36 (compatible; Googlebot/2.1; +http://www.google.com/bot.html)"
172.69.65.128 - - [11/Jan/2026:09:26:26 +0300] "GET /?GameID=2026-01-11/1682.html HTTP/1.0" 200 49095 "-" "Mozilla/5.0 (Linux; Android 6.0.1; Nexus 5X Build/MMB29P) AppleWebKit/537.36 (KHTML, like Gecko) Chrome/143.0.7499.169 Mobile Safari/537.36 (compatible; Googlebot/2.1; +http://www.google.com/bot.html)"
172.69.65.128 - - [11/Jan/2026:09:26:28 +0300] "GET /?GameID=2026-01-11/3161.html HTTP/1.0" 200 50631 "-" "Mozilla/5.0 (Linux; Android 6.0.1; Nexus 5X Build/MMB29P) AppleWebKit/537.36 (KHTML, like Gecko) Chrome/143.0.7499.169 Mobile Safari/537.36 (compatible; Googlebot/2.1; +http://www.google.com/bot.html)"
162.158.88.133 - - [11/Jan/2026:09:26:35 +0300] "GET /?r=216041641 HTTP/1.0" 200 2964 "https://dom-rus.ru/sitemap613.xml" "Mozilla/5.0 (Linux; Android 7.0;) AppleWebKit/537.36 (KHTML, like Gecko) Mobile Safari/537.36 (compatible; PetalBot;+https://webmaster.petalsearch.com/site/petalbot)"
172.69.65.128 - - [11/Jan/2026:09:26:39 +0300] "GET /?GameID=2026-01-11/9380.html HTTP/1.0" 200 48803 "-" "Mozilla/5.0 (Linux; Android 6.0.1; Nexus 5X Build/MMB29P) AppleWebKit/537.36 (KHTML, like Gecko) Chrome/143.0.7499.169 Mobile Safari/537.36 (compatible; Googlebot/2.1; +http://www.google.com/bot.html)"
172.69.65.128 - - [11/Jan/2026:09:26:58 +0300] "GET /?GameID=2026-01-11/3793.html HTTP/1.0" 200 9666 "-" "Mozilla/5.0 (Linux; Android 6.0.1; Nexus 5X Build/MMB29P) AppleWebKit/537.36 (KHTML, like Gecko) Chrome/143.0.7499.169 Mobile Safari/537.36 (compatible; Googlebot/2.1; +http://www.google.com/bot.html)"
172.69.65.128 - - [11/Jan/2026:09:27:24 +0300] "GET /?GameID=2026-01-11/4422.html HTTP/1.0" 200 20024 "-" "Mozilla/5.0 (Linux; Android 6.0.1; Nexus 5X Build/MMB29P) AppleWebKit/537.36 (KHTML, like Gecko) Chrome/143.0.7499.169 Mobile Safari/537.36 (compatible; Googlebot/2.1; +http://www.google.com/bot.html)"
172.69.65.128 - - [11/Jan/2026:09:27:51 +0300] "GET /?GameID=2026-01-11/9022.html HTTP/1.0" 200 35009 "-" "Mozilla/5.0 (Linux; Android 6.0.1; Nexus 5X Build/MMB29P) AppleWebKit/537.36 (KHTML, like Gecko) Chrome/143.0.7499.169 Mobile Safari/537.36 (compatible; Googlebot/2.1; +http://www.google.com/bot.html)"
172.69.65.128 - - [11/Jan/2026:09:27:55 +0300] "GET /?GameID=2026-01-11/2756.html HTTP/1.0" 200 20485 "https://www.dom-rus.ru/?GameID=2026-01-11/9022.html" "Mozilla/5.0 (Linux; Android 6.0.1; Nexus 5X Build/MMB29P) AppleWebKit/537.36 (KHTML, like Gecko) Chrome/143.0.7499.169 Mobile Safari/537.36 (compatible; Googlebot/2.1; +http://www.google.com/bot.html)"
172.69.65.128 - - [11/Jan/2026:09:27:57 +0300] "GET /?GameID=2026-01-11/2198.html HTTP/1.0" 200 50185 "https://www.dom-rus.ru/?GameID=2026-01-11/9022.html" "Mozilla/5.0 (Linux; Android 6.0.1; Nexus 5X Build/MMB29P) AppleWebKit/537.36 (KHTML, like Gecko) Chrome/143.0.7499.169 Mobile Safari/537.36 (compatible; Googlebot/2.1; +http://www.google.com/bot.html)"
172.70.189.136 - - [11/Jan/2026:09:27:59 +0300] "GET /?p=090013563 HTTP/1.0" 200 2964 "https://dom-rus.ru/sitemap562.xml" "Mozilla/5.0 (Linux; Android 7.0;) AppleWebKit/537.36 (KHTML, like Gecko) Mobile Safari/537.36 (compatible; PetalBot;+https://webmaster.petalsearch.com/site/petalbot)"
172.69.65.128 - - [11/Jan/2026:09:27:59 +0300] "GET /?GameID=2026-01-11/6115.html HTTP/1.0" 200 50129 "https://www.dom-rus.ru/?GameID=2026-01-11/9022.html" "Mozilla/5.0 (Linux; Android 6.0.1; Nexus 5X Build/MMB29P) AppleWebKit/537.36 (KHTML, like Gecko) Chrome/143.0.7499.169 Mobile Safari/537.36 (compatible; Googlebot/2.1; +http://www.google.com/bot.html)"
172.69.65.128 - - [11/Jan/2026:09:28:18 +0300] "GET /?GameID=2026-01-11/8146.html HTTP/1.0" 200 35841 "-" "Mozilla/5.0 (Linux; Android 6.0.1; Nexus 5X Build/MMB29P) AppleWebKit/537.36 (KHTML, like Gecko) Chrome/143.0.7499.169 Mobile Safari/537.36 (compatible; Googlebot/2.1; +http://www.google.com/bot.html)"
172.69.65.128 - - [11/Jan/2026:09:28:22 +0300] "GET /?GameID=2026-01-11/vhubgx.html HTTP/1.0" 200 9888 "https://www.dom-rus.ru/?GameID=2026-01-11/8146.html" "Mozilla/5.0 (Linux; Android 6.0.1; Nexus 5X Build/MMB29P) AppleWebKit/537.36 (KHTML, like Gecko) Chrome/143.0.7499.169 Mobile Safari/537.36 (compatible; Googlebot/2.1; +http://www.google.com/bot.html)"
162.158.210.218 - - [11/Jan/2026:09:28:24 +0300] "GET /bitrix.gz HTTP/1.0" 404 452 "-" "Mozilla/5.0 (Windows NT 10.0; Win64; x64) AppleWebKit/537.36 (KHTML, like Gecko) Chrome/101.0.4951.67 Safari/537.36"
172.69.65.128 - - [11/Jan/2026:09:28:24 +0300] "GET /?GameID=2026-01-11/fwshxs.html HTTP/1.0" 200 50070 "https://www.dom-rus.ru/?GameID=2026-01-11/8146.html" "Mozilla/5.0 (Linux; Android 6.0.1; Nexus 5X Build/MMB29P) AppleWebKit/537.36 (KHTML, like Gecko) Chrome/143.0.7499.169 Mobile Safari/537.36 (compatible; Googlebot/2.1; +http://www.google.com/bot.html)"
172.69.65.128 - - [11/Jan/2026:09:28:26 +0300] "GET /?GameID=2026-01-11/wghncv.html HTTP/1.0" 200 10534 "https://www.dom-rus.ru/?GameID=2026-01-11/8146.html" "Mozilla/5.0 (Linux; Android 6.0.1; Nexus 5X Build/MMB29P) AppleWebKit/537.36 (KHTML, like Gecko) Chrome/143.0.7499.169 Mobile Safari/537.36 (compatible; Googlebot/2.1; +http://www.google.com/bot.html)"
172.69.65.128 - - [11/Jan/2026:09:28:44 +0300] "GET /?GameID=2026-01-11/7784.html HTTP/1.0" 200 10050 "-" "Mozilla/5.0 (Linux; Android 6.0.1; Nexus 5X Build/MMB29P) AppleWebKit/537.36 (KHTML, like Gecko) Chrome/143.0.7499.169 Mobile Safari/537.36 (compatible; Googlebot/2.1; +http://www.google.com/bot.html)"
172.69.65.128 - - [11/Jan/2026:09:29:11 +0300] "GET /?GameID=2026-01-11/4563.html HTTP/1.0" 200 9563 "-" "Mozilla/5.0 (Linux; Android 6.0.1; Nexus 5X Build/MMB29P) AppleWebKit/537.36 (KHTML, like Gecko) Chrome/143.0.7499.169 Mobile Safari/537.36 (compatible; Googlebot/2.1; +http://www.google.com/bot.html)"
172.70.189.136 - - [11/Jan/2026:09:29:24 +0300] "GET /?o=173042570 HTTP/1.0" 200 2964 "https://dom-rus.ru/sitemap613.xml" "Mozilla/5.0 (Linux; Android 7.0;) AppleWebKit/537.36 (KHTML, like Gecko) Mobile Safari/537.36 (compatible; PetalBot;+https://webmaster.petalsearch.com/site/petalbot)"
172.69.65.128 - - [11/Jan/2026:09:29:38 +0300] "GET /?GameID=2026-01-11/6659.html HTTP/1.0" 200 19124 "-" "Mozilla/5.0 (Linux; Android 6.0.1; Nexus 5X Build/MMB29P) AppleWebKit/537.36 (KHTML, like Gecko) Chrome/143.0.7499.169 Mobile Safari/537.36 (compatible; Googlebot/2.1; +http://www.google.com/bot.html)"
172.69.65.128 - - [11/Jan/2026:09:30:04 +0300] "GET /?GameID=2026-01-11/3414.html HTTP/1.0" 200 19352 "-" "Mozilla/5.0 (Linux; Android 6.0.1; Nexus 5X Build/MMB29P) AppleWebKit/537.36 (KHTML, like Gecko) Chrome/143.0.7499.169 Mobile Safari/537.36 (compatible; Googlebot/2.1; +http://www.google.com/bot.html)"
172.69.65.128 - - [11/Jan/2026:09:30:31 +0300] "GET /?GameID=2026-01-11/7590.html HTTP/1.0" 200 35564 "-" "Mozilla/5.0 (Linux; Android 6.0.1; Nexus 5X Build/MMB29P) AppleWebKit/537.36 (KHTML, like Gecko) Chrome/143.0.7499.169 Mobile Safari/537.36 (compatible; Googlebot/2.1; +http://www.google.com/bot.html)"
172.69.65.128 - - [11/Jan/2026:09:30:35 +0300] "GET /?ID=2046.html HTTP/1.0" 200 20622 "https://www.dom-rus.ru/?GameID=2026-01-11/7590.html" "Mozilla/5.0 (Linux; Android 6.0.1; Nexus 5X Build/MMB29P) AppleWebKit/537.36 (KHTML, like Gecko) Chrome/143.0.7499.169 Mobile Safari/537.36 (compatible; Googlebot/2.1; +http://www.google.com/bot.html)"
172.69.65.128 - - [11/Jan/2026:09:30:37 +0300] "GET /?ID=2682.html HTTP/1.0" 200 20039 "https://www.dom-rus.ru/?GameID=2026-01-11/7590.html" "Mozilla/5.0 (Linux; Android 6.0.1; Nexus 5X Build/MMB29P) AppleWebKit/537.36 (KHTML, like Gecko) Chrome/143.0.7499.169 Mobile Safari/537.36 (compatible; Googlebot/2.1; +http://www.google.com/bot.html)"
172.69.65.128 - - [11/Jan/2026:09:30:39 +0300] "GET /?ID=2621.html HTTP/1.0" 200 11196 "https://www.dom-rus.ru/?GameID=2026-01-11/7590.html" "Mozilla/5.0 (Linux; Android 6.0.1; Nexus 5X Build/MMB29P) AppleWebKit/537.36 (KHTML, like Gecko) Chrome/143.0.7499.169 Mobile Safari/537.36 (compatible; Googlebot/2.1; +http://www.google.com/bot.html)"
104.23.175.250 - - [11/Jan/2026:09:30:46 +0300] "GET /?m=054035183 HTTP/1.0" 200 2964 "https://dom-rus.ru/sitemap690.xml" "Mozilla/5.0 (Linux; Android 7.0;) AppleWebKit/537.36 (KHTML, like Gecko) Mobile Safari/537.36 (compatible; PetalBot;+https://webmaster.petalsearch.com/site/petalbot)"
172.69.65.128 - - [11/Jan/2026:09:30:57 +0300] "GET /?GameID=2026-01-11/7119.html HTTP/1.0" 200 19660 "-" "Mozilla/5.0 (Linux; Android 6.0.1; Nexus 5X Build/MMB29P) AppleWebKit/537.36 (KHTML, like Gecko) Chrome/143.0.7499.169 Mobile Safari/537.36 (compatible; Googlebot/2.1; +http://www.google.com/bot.html)"
172.64.192.191 - - [11/Jan/2026:09:31:26 +0300] "GET /robots.txt HTTP/1.1" 404 173 "-" "Mozilla/5.0 (compatible; AhrefsBot/7.0; +http://ahrefs.com/robot/)"
172.69.65.128 - - [11/Jan/2026:09:31:34 +0300] "GET /?GameID=2026-01-11/2836.html HTTP/1.0" 200 19039 "-" "Mozilla/5.0 (Linux; Android 6.0.1; Nexus 5X Build/MMB29P) AppleWebKit/537.36 (KHTML, like Gecko) Chrome/143.0.7499.169 Mobile Safari/537.36 (compatible; Googlebot/2.1; +http://www.google.com/bot.html)"
141.101.99.154 - - [11/Jan/2026:09:31:36 +0300] "GET /zimnii_sad.html HTTP/1.0" 200 4189 "-" "Mozilla/5.0 (compatible; AhrefsBot/7.0; +http://ahrefs.com/robot/)"
172.69.65.128 - - [11/Jan/2026:09:31:57 +0300] "GET /?GameID=2026-01-11/2131.html HTTP/1.0" 200 9349 "-" "Mozilla/5.0 (Linux; Android 6.0.1; Nexus 5X Build/MMB29P) AppleWebKit/537.36 (KHTML, like Gecko) Chrome/143.0.7499.169 Mobile Safari/537.36 (compatible; Googlebot/2.1; +http://www.google.com/bot.html)"
172.69.65.128 - - [11/Jan/2026:09:31:58 +0300] "GET /?GameID=2026-01-11/545.html HTTP/1.0" 200 49906 "-" "Mozilla/5.0 (Linux; Android 6.0.1; Nexus 5X Build/MMB29P) AppleWebKit/537.36 (KHTML, like Gecko) Chrome/143.0.7499.169 Mobile Safari/537.36 (compatible; Googlebot/2.1; +http://www.google.com/bot.html)"
162.158.108.5 - - [11/Jan/2026:09:32:10 +0300] "GET /?g=236040365 HTTP/1.0" 200 2964 "https://dom-rus.ru/sitemap562.xml" "Mozilla/5.0 (Linux; Android 7.0;) AppleWebKit/537.36 (KHTML, like Gecko) Mobile Safari/537.36 (compatible; PetalBot;+https://webmaster.petalsearch.com/site/petalbot)"
172.69.65.128 - - [11/Jan/2026:09:32:17 +0300] "GET /?GameID=2026-01-11/3533.html HTTP/1.0" 200 19277 "-" "Mozilla/5.0 (Linux; Android 6.0.1; Nexus 5X Build/MMB29P) AppleWebKit/537.36 (KHTML, like Gecko) Chrome/143.0.7499.169 Mobile Safari/537.36 (compatible; Googlebot/2.1; +http://www.google.com/bot.html)"
172.69.65.128 - - [11/Jan/2026:09:32:44 +0300] "GET /?GameID=2026-01-11/7716.html HTTP/1.0" 200 36169 "-" "Mozilla/5.0 (Linux; Android 6.0.1; Nexus 5X Build/MMB29P) AppleWebKit/537.36 (KHTML, like Gecko) Chrome/143.0.7499.169 Mobile Safari/537.36 (compatible; Googlebot/2.1; +http://www.google.com/bot.html)"
172.69.65.128 - - [11/Jan/2026:09:32:51 +0300] "GET /?GameID=3999.html HTTP/1.0" 200 11119 "https://www.dom-rus.ru/?GameID=2026-01-11/7716.html" "Mozilla/5.0 (Linux; Android 6.0.1; Nexus 5X Build/MMB29P) AppleWebKit/537.36 (KHTML, like Gecko) Chrome/143.0.7499.169 Mobile Safari/537.36 (compatible; Googlebot/2.1; +http://www.google.com/bot.html)"
172.69.65.128 - - [11/Jan/2026:09:32:53 +0300] "GET /?GameID=3496.html HTTP/1.0" 200 49844 "https://www.dom-rus.ru/?GameID=2026-01-11/7716.html" "Mozilla/5.0 (Linux; Android 6.0.1; Nexus 5X Build/MMB29P) AppleWebKit/537.36 (KHTML, like Gecko) Chrome/143.0.7499.169 Mobile Safari/537.36 (compatible; Googlebot/2.1; +http://www.google.com/bot.html)"
172.69.65.128 - - [11/Jan/2026:09:32:55 +0300] "GET /?GameID=3347.html HTTP/1.0" 200 9270 "https://www.dom-rus.ru/?GameID=2026-01-11/7716.html" "Mozilla/5.0 (Linux; Android 6.0.1; Nexus 5X Build/MMB29P) AppleWebKit/537.36 (KHTML, like Gecko) Chrome/143.0.7499.169 Mobile Safari/537.36 (compatible; Googlebot/2.1; +http://www.google.com/bot.html)"
172.69.65.128 - - [11/Jan/2026:09:33:11 +0300] "GET /?GameID=2026-01-11/2444.html HTTP/1.0" 200 50707 "-" "Mozilla/5.0 (Linux; Android 6.0.1; Nexus 5X Build/MMB29P) AppleWebKit/537.36 (KHTML, like Gecko) Chrome/143.0.7499.169 Mobile Safari/537.36 (compatible; Googlebot/2.1; +http://www.google.com/bot.html)"
172.69.176.4 - - [11/Jan/2026:09:33:34 +0300] "GET /?f=051045920 HTTP/1.0" 200 2964 "https://dom-rus.ru/sitemap556.xml" "Mozilla/5.0 (Linux; Android 7.0;) AppleWebKit/537.36 (KHTML, like Gecko) Mobile Safari/537.36 (compatible; PetalBot;+https://webmaster.petalsearch.com/site/petalbot)"
172.69.65.128 - - [11/Jan/2026:09:33:37 +0300] "GET /?GameID=2026-01-11/2536.html HTTP/1.0" 200 49386 "-" "Mozilla/5.0 (Linux; Android 6.0.1; Nexus 5X Build/MMB29P) AppleWebKit/537.36 (KHTML, like Gecko) Chrome/143.0.7499.169 Mobile Safari/537.36 (compatible; Googlebot/2.1; +http://www.google.com/bot.html)"
172.70.94.26 - - [11/Jan/2026:09:34:04 +0300] "GET /?GameID=2026-01-11/8715.html HTTP/1.0" 200 34966 "-" "Mozilla/5.0 (Linux; Android 6.0.1; Nexus 5X Build/MMB29P) AppleWebKit/537.36 (KHTML, like Gecko) Chrome/143.0.7499.169 Mobile Safari/537.36 (compatible; Googlebot/2.1; +http://www.google.com/bot.html)"
172.70.94.26 - - [11/Jan/2026:09:34:05 +0300] "GET /?GameID=2026-01-11/1384.html HTTP/1.0" 200 50745 "-" "Mozilla/5.0 (Linux; Android 6.0.1; Nexus 5X Build/MMB29P) AppleWebKit/537.36 (KHTML, like Gecko) Chrome/143.0.7499.169 Mobile Safari/537.36 (compatible; Googlebot/2.1; +http://www.google.com/bot.html)"
172.69.65.128 - - [11/Jan/2026:09:34:08 +0300] "GET /?ID=9865.html HTTP/1.0" 200 9569 "https://www.dom-rus.ru/?GameID=2026-01-11/8715.html" "Mozilla/5.0 (Linux; Android 6.0.1; Nexus 5X Build/MMB29P) AppleWebKit/537.36 (KHTML, like Gecko) Chrome/143.0.7499.169 Mobile Safari/537.36 (compatible; Googlebot/2.1; +http://www.google.com/bot.html)"
172.69.65.128 - - [11/Jan/2026:09:34:10 +0300] "GET /?ID=9804.html HTTP/1.0" 200 38444 "https://www.dom-rus.ru/?GameID=2026-01-11/8715.html" "Mozilla/5.0 (Linux; Android 6.0.1; Nexus 5X Build/MMB29P) AppleWebKit/537.36 (KHTML, like Gecko) Chrome/143.0.7499.169 Mobile Safari/537.36 (compatible; Googlebot/2.1; +http://www.google.com/bot.html)"
172.69.65.128 - - [11/Jan/2026:09:34:30 +0300] "GET /?GameID=2026-01-11/7903.html HTTP/1.0" 200 9937 "-" "Mozilla/5.0 (Linux; Android 6.0.1; Nexus 5X Build/MMB29P) AppleWebKit/537.36 (KHTML, like Gecko) Chrome/143.0.7499.169 Mobile Safari/537.36 (compatible; Googlebot/2.1; +http://www.google.com/bot.html)"
172.69.65.128 - - [11/Jan/2026:09:34:57 +0300] "GET /?GameID=2026-01-11/2947.html HTTP/1.0" 200 9606 "-" "Mozilla/5.0 (Linux; Android 6.0.1; Nexus 5X Build/MMB29P) AppleWebKit/537.36 (KHTML, like Gecko) Chrome/143.0.7499.169 Mobile Safari/537.36 (compatible; Googlebot/2.1; +http://www.google.com/bot.html)"
172.70.189.136 - - [11/Jan/2026:09:34:59 +0300] "GET /?d=131037270 HTTP/1.0" 200 2964 "https://dom-rus.ru/sitemap460.xml" "Mozilla/5.0 (Linux; Android 7.0;) AppleWebKit/537.36 (KHTML, like Gecko) Mobile Safari/537.36 (compatible; PetalBot;+https://webmaster.petalsearch.com/site/petalbot)"
172.69.65.128 - - [11/Jan/2026:09:35:08 +0300] "GET /?GameID=2026-01-11/795.html HTTP/1.0" 200 9705 "-" "Mozilla/5.0 (Linux; Android 6.0.1; Nexus 5X Build/MMB29P) AppleWebKit/537.36 (KHTML, like Gecko) Chrome/143.0.7499.169 Mobile Safari/537.36 (compatible; Googlebot/2.1; +http://www.google.com/bot.html)"
172.69.65.128 - - [11/Jan/2026:09:35:10 +0300] "GET /?GameID=2026-01-03/mttkdh.html HTTP/1.0" 200 21712 "-" "Mozilla/5.0 (Linux; Android 6.0.1; Nexus 5X Build/MMB29P) AppleWebKit/537.36 (KHTML, like Gecko) Chrome/143.0.7499.169 Mobile Safari/537.36 (compatible; Googlebot/2.1; +http://www.google.com/bot.html)"
172.69.65.128 - - [11/Jan/2026:09:35:24 +0300] "GET /?GameID=2026-01-11/3257.html HTTP/1.0" 200 49742 "-" "Mozilla/5.0 (Linux; Android 6.0.1; Nexus 5X Build/MMB29P) AppleWebKit/537.36 (KHTML, like Gecko) Chrome/143.0.7499.169 Mobile Safari/537.36 (compatible; Googlebot/2.1; +http://www.google.com/bot.html)"
172.69.65.128 - - [11/Jan/2026:09:35:43 +0300] "GET /?ID=5578.html HTTP/1.0" 200 10307 "-" "Mozilla/5.0 (Linux; Android 6.0.1; Nexus 5X Build/MMB29P) AppleWebKit/537.36 (KHTML, like Gecko) Chrome/143.0.7499.169 Mobile Safari/537.36 (compatible; Googlebot/2.1; +http://www.google.com/bot.html)"
172.69.65.128 - - [11/Jan/2026:09:35:50 +0300] "GET /?GameID=2026-01-11/2670.html HTTP/1.0" 200 50002 "-" "Mozilla/5.0 (Linux; Android 6.0.1; Nexus 5X Build/MMB29P) AppleWebKit/537.36 (KHTML, like Gecko) Chrome/143.0.7499.169 Mobile Safari/537.36 (compatible; Googlebot/2.1; +http://www.google.com/bot.html)"
172.69.65.128 - - [11/Jan/2026:09:36:17 +0300] "GET /?GameID=2026-01-11/7983.html HTTP/1.0" 200 35072 "-" "Mozilla/5.0 (Linux; Android 6.0.1; Nexus 5X Build/MMB29P) AppleWebKit/537.36 (KHTML, like Gecko) Chrome/143.0.7499.169 Mobile Safari/537.36 (compatible; Googlebot/2.1; +http://www.google.com/bot.html)"
104.23.175.250 - - [11/Jan/2026:09:36:22 +0300] "GET /?b=258004857 HTTP/1.0" 200 2964 "https://dom-rus.ru/sitemap562.xml" "Mozilla/5.0 (Linux; Android 7.0;) AppleWebKit/537.36 (KHTML, like Gecko) Mobile Safari/537.36 (compatible; PetalBot;+https://webmaster.petalsearch.com/site/petalbot)"
172.69.65.128 - - [11/Jan/2026:09:36:26 +0300] "GET /?ID=6585.html HTTP/1.0" 200 9731 "https://www.dom-rus.ru/?GameID=2026-01-11/7983.html" "Mozilla/5.0 (Linux; Android 6.0.1; Nexus 5X Build/MMB29P) AppleWebKit/537.36 (KHTML, like Gecko) Chrome/143.0.7499.169 Mobile Safari/537.36 (compatible; Googlebot/2.1; +http://www.google.com/bot.html)"
172.69.65.128 - - [11/Jan/2026:09:36:28 +0300] "GET /?ID=6661.html HTTP/1.0" 200 11202 "https://www.dom-rus.ru/?GameID=2026-01-11/7983.html" "Mozilla/5.0 (Linux; Android 6.0.1; Nexus 5X Build/MMB29P) AppleWebKit/537.36 (KHTML, like Gecko) Chrome/143.0.7499.169 Mobile Safari/537.36 (compatible; Googlebot/2.1; +http://www.google.com/bot.html)"
172.69.65.128 - - [11/Jan/2026:09:36:29 +0300] "GET /?ID=6761.html HTTP/1.0" 200 35573 "https://www.dom-rus.ru/?GameID=2026-01-11/7983.html" "Mozilla/5.0 (Linux; Android 6.0.1; Nexus 5X Build/MMB29P) AppleWebKit/537.36 (KHTML, like Gecko) Chrome/143.0.7499.169 Mobile Safari/537.36 (compatible; Googlebot/2.1; +http://www.google.com/bot.html)"
172.71.174.152 - - [11/Jan/2026:09:36:44 +0300] "GET /?GameID=2026-01-11/2483.html HTTP/1.0" 200 9258 "-" "Mozilla/5.0 (Linux; Android 6.0.1; Nexus 5X Build/MMB29P) AppleWebKit/537.36 (KHTML, like Gecko) Chrome/143.0.7499.169 Mobile Safari/537.36 (compatible; Googlebot/2.1; +http://www.google.com/bot.html)"
172.69.65.98 - - [11/Jan/2026:09:37:10 +0300] "GET /?s=023030894 HTTP/1.0" 200 2964 "-" "Mozilla/5.0 (Linux; Android 6.0.1; Nexus 5X Build/MMB29P) AppleWebKit/537.36 (KHTML, like Gecko) Chrome/143.0.7499.169 Mobile Safari/537.36 (compatible; GoogleOther)"
172.71.166.101 - - [11/Jan/2026:09:37:11 +0300] "GET /?GameID=2026-01-11/5068.html HTTP/1.0" 200 36288 "-" "Mozilla/5.0 (Linux; Android 6.0.1; Nexus 5X Build/MMB29P) AppleWebKit/537.36 (KHTML, like Gecko) Chrome/143.0.7499.169 Mobile Safari/537.36 (compatible; Googlebot/2.1; +http://www.google.com/bot.html)"
172.71.166.101 - - [11/Jan/2026:09:37:14 +0300] "GET /?GameID=2026-01-11/ifkmut.html HTTP/1.0" 200 54893 "https://www.dom-rus.ru/?GameID=2026-01-11/5068.html" "Mozilla/5.0 (Linux; Android 6.0.1; Nexus 5X Build/MMB29P) AppleWebKit/537.36 (KHTML, like Gecko) Chrome/143.0.7499.169 Mobile Safari/537.36 (compatible; Googlebot/2.1; +http://www.google.com/bot.html)"
172.71.174.152 - - [11/Jan/2026:09:37:16 +0300] "GET /?GameID=2026-01-11/sbfzzs.html HTTP/1.0" 200 50011 "https://www.dom-rus.ru/?GameID=2026-01-11/5068.html" "Mozilla/5.0 (Linux; Android 6.0.1; Nexus 5X Build/MMB29P) AppleWebKit/537.36 (KHTML, like Gecko) Chrome/143.0.7499.169 Mobile Safari/537.36 (compatible; Googlebot/2.1; +http://www.google.com/bot.html)"
172.71.174.152 - - [11/Jan/2026:09:37:18 +0300] "GET /?GameID=2026-01-11/mrkvli.html HTTP/1.0" 200 35769 "https://www.dom-rus.ru/?GameID=2026-01-11/5068.html" "Mozilla/5.0 (Linux; Android 6.0.1; Nexus 5X Build/MMB29P) AppleWebKit/537.36 (KHTML, like Gecko) Chrome/143.0.7499.169 Mobile Safari/537.36 (compatible; Googlebot/2.1; +http://www.google.com/bot.html)"
172.71.174.152 - - [11/Jan/2026:09:37:37 +0300] "GET /?GameID=2026-01-11/1439.html HTTP/1.0" 200 9657 "-" "Mozilla/5.0 (Linux; Android 6.0.1; Nexus 5X Build/MMB29P) AppleWebKit/537.36 (KHTML, like Gecko) Chrome/143.0.7499.169 Mobile Safari/537.36 (compatible; Googlebot/2.1; +http://www.google.com/bot.html)"
172.71.166.101 - - [11/Jan/2026:09:38:03 +0300] "GET /?GameID=2026-01-11/1345.html HTTP/1.0" 200 19829 "-" "Mozilla/5.0 (Linux; Android 6.0.1; Nexus 5X Build/MMB29P) AppleWebKit/537.36 (KHTML, like Gecko) Chrome/143.0.7499.169 Mobile Safari/537.36 (compatible; Googlebot/2.1; +http://www.google.com/bot.html)"
172.71.166.101 - - [11/Jan/2026:09:38:30 +0300] "GET /?GameID=2026-01-11/8845.html HTTP/1.0" 200 10288 "-" "Mozilla/5.0 (Linux; Android 6.0.1; Nexus 5X Build/MMB29P) AppleWebKit/537.36 (KHTML, like Gecko) Chrome/143.0.7499.169 Mobile Safari/537.36 (compatible; Googlebot/2.1; +http://www.google.com/bot.html)"
172.71.174.153 - - [11/Jan/2026:09:38:53 +0300] "GET /?GameID=2026-01-11/ybjvtz.html HTTP/1.0" 200 20262 "-" "Mozilla/5.0 (Linux; Android 6.0.1; Nexus 5X Build/MMB29P) AppleWebKit/537.36 (KHTML, like Gecko) Chrome/143.0.7499.169 Mobile Safari/537.36 (compatible; Googlebot/2.1; +http://www.google.com/bot.html)"
172.71.174.153 - - [11/Jan/2026:09:38:55 +0300] "GET /?GameID=2026-01-11/9872.html HTTP/1.0" 200 19730 "-" "Mozilla/5.0 (Linux; Android 6.0.1; Nexus 5X Build/MMB29P) AppleWebKit/537.36 (KHTML, like Gecko) Chrome/143.0.7499.169 Mobile Safari/537.36 (compatible; Googlebot/2.1; +http://www.google.com/bot.html)"
172.71.174.153 - - [11/Jan/2026:09:38:57 +0300] "GET /?GameID=2026-01-11/3082.html HTTP/1.0" 200 19904 "-" "Mozilla/5.0 (Linux; Android 6.0.1; Nexus 5X Build/MMB29P) AppleWebKit/537.36 (KHTML, like Gecko) Chrome/143.0.7499.169 Mobile Safari/537.36 (compatible; Googlebot/2.1; +http://www.google.com/bot.html)"
172.71.166.101 - - [11/Jan/2026:09:39:29 +0300] "GET /?GameID=2026-01-11/3477.html HTTP/1.0" 200 18766 "-" "Mozilla/5.0 (Linux; Android 6.0.1; Nexus 5X Build/MMB29P) AppleWebKit/537.36 (KHTML, like Gecko) Chrome/143.0.7499.169 Mobile Safari/537.36 (compatible; Googlebot/2.1; +http://www.google.com/bot.html)"
172.71.166.101 - - [11/Jan/2026:09:39:31 +0300] "GET /?GameID=2026-01-11/724.html HTTP/1.0" 200 49913 "-" "Mozilla/5.0 (Linux; Android 6.0.1; Nexus 5X Build/MMB29P) AppleWebKit/537.36 (KHTML, like Gecko) Chrome/143.0.7499.169 Mobile Safari/537.36 (compatible; Googlebot/2.1; +http://www.google.com/bot.html)"
172.71.166.101 - - [11/Jan/2026:09:39:33 +0300] "GET /?GameID=2026-01-11/4693.html HTTP/1.0" 200 20214 "-" "Mozilla/5.0 (Linux; Android 6.0.1; Nexus 5X Build/MMB29P) AppleWebKit/537.36 (KHTML, like Gecko) Chrome/143.0.7499.169 Mobile Safari/537.36 (compatible; Googlebot/2.1; +http://www.google.com/bot.html)"
172.71.174.153 - - [11/Jan/2026:09:39:34 +0300] "GET /?GameID=2026-01-11/2537.html HTTP/1.0" 200 35302 "-" "Mozilla/5.0 (Linux; Android 6.0.1; Nexus 5X Build/MMB29P) AppleWebKit/537.36 (KHTML, like Gecko) Chrome/143.0.7499.169 Mobile Safari/537.36 (compatible; Googlebot/2.1; +http://www.google.com/bot.html)"
172.71.174.153 - - [11/Jan/2026:09:39:39 +0300] "GET /?ID=4360.html HTTP/1.0" 200 41540 "https://www.dom-rus.ru/?GameID=2026-01-11/2537.html" "Mozilla/5.0 (Linux; Android 6.0.1; Nexus 5X Build/MMB29P) AppleWebKit/537.36 (KHTML, like Gecko) Chrome/143.0.7499.169 Mobile Safari/537.36 (compatible; Googlebot/2.1; +http://www.google.com/bot.html)"
172.71.174.153 - - [11/Jan/2026:09:39:41 +0300] "GET /?ID=4542.html HTTP/1.0" 200 20788 "https://www.dom-rus.ru/?GameID=2026-01-11/2537.html" "Mozilla/5.0 (Linux; Android 6.0.1; Nexus 5X Build/MMB29P) AppleWebKit/537.36 (KHTML, like Gecko) Chrome/143.0.7499.169 Mobile Safari/537.36 (compatible; Googlebot/2.1; +http://www.google.com/bot.html)"
172.71.174.153 - - [11/Jan/2026:09:39:50 +0300] "GET /?GameID=2026-01-11/395.html HTTP/1.0" 200 18716 "-" "Mozilla/5.0 (Linux; Android 6.0.1; Nexus 5X Build/MMB29P) AppleWebKit/537.36 (KHTML, like Gecko) Chrome/143.0.7499.169 Mobile Safari/537.36 (compatible; Googlebot/2.1; +http://www.google.com/bot.html)"