172.68.23.113 - - [11/Jan/2026:01:11:35 +0300] "GET /?k=80671108124500 HTTP/1.0" 200 6122 "-" "Mozilla/5.0 (Linux; Android 6.0.1; Nexus 5X Build/MMB29P) AppleWebKit/537.36 (KHTML, like Gecko) Chrome/143.0.7499.192 Mobile Safari/537.36 (compatible; Googlebot/2.1; +http://www.google.com/bot.html)"
172.70.39.218 - - [11/Jan/2026:01:11:47 +0300] "GET /?k=8271971018101 HTTP/1.0" 200 4783 "-" "Mozilla/5.0 (compatible; SemrushBot/7~bl; +http://www.semrush.com/bot.html)"
172.70.135.105 - - [11/Jan/2026:01:12:43 +0300] "GET /?k=8195728755604 HTTP/1.0" 200 4783 "-" "Mozilla/5.0 (compatible; SemrushBot/7~bl; +http://www.semrush.com/bot.html)"
172.71.190.32 - - [11/Jan/2026:01:13:03 +0300] "GET /?k=757689351803 HTTP/1.0" 200 4783 "-" "Mozilla/5.0 (compatible; SemrushBot/7~bl; +http://www.semrush.com/bot.html)"
172.70.174.232 - - [11/Jan/2026:01:13:37 +0300] "GET /?k=7922911221600 HTTP/1.0" 200 4783 "-" "Mozilla/5.0 (compatible; SemrushBot/7~bl; +http://www.semrush.com/bot.html)"
172.71.190.32 - - [11/Jan/2026:01:14:14 +0300] "GET /?k=8836378510803 HTTP/1.0" 200 4783 "-" "Mozilla/5.0 (compatible; SemrushBot/7~bl; +http://www.semrush.com/bot.html)"
104.23.209.115 - - [11/Jan/2026:01:14:22 +0300] "GET /?k=27460242876204 HTTP/1.0" 200 4783 "-" "Mozilla/5.0 (compatible; SemrushBot/7~bl; +http://www.semrush.com/bot.html)"
172.68.138.150 - - [11/Jan/2026:01:14:30 +0300] "GET /?k=4938534636801 HTTP/1.0" 200 4783 "-" "Mozilla/5.0 (compatible; SemrushBot/7~bl; +http://www.semrush.com/bot.html)"
172.71.223.68 - - [11/Jan/2026:01:14:56 +0300] "GET /?k=78489251598001 HTTP/1.0" 200 4783 "-" "Mozilla/5.0 (compatible; SemrushBot/7~bl; +http://www.semrush.com/bot.html)"
172.71.190.209 - - [11/Jan/2026:01:15:25 +0300] "GET /?k=2929585653502 HTTP/1.0" 200 4783 "-" "Mozilla/5.0 (compatible; SemrushBot/7~bl; +http://www.semrush.com/bot.html)"
172.70.135.188 - - [11/Jan/2026:01:16:07 +0300] "GET /?k=5271238369202 HTTP/1.0" 200 4783 "-" "Mozilla/5.0 (compatible; SemrushBot/7~bl; +http://www.semrush.com/bot.html)"
162.158.41.126 - - [11/Jan/2026:01:16:08 +0300] "GET /?k=0033067239400 HTTP/1.0" 200 6174 "-" "Mozilla/5.0 (Linux; Android 6.0.1; Nexus 5X Build/MMB29P) AppleWebKit/537.36 (KHTML, like Gecko) Chrome/143.0.7499.192 Mobile Safari/537.36 (compatible; Googlebot/2.1; +http://www.google.com/bot.html)"
172.68.245.75 - - [11/Jan/2026:01:16:18 +0300] "GET /?k=90249202180202 HTTP/1.0" 200 4783 "-" "Mozilla/5.0 (compatible; SemrushBot/7~bl; +http://www.semrush.com/bot.html)"
172.71.190.209 - - [11/Jan/2026:01:16:28 +0300] "GET /?k=22489100626802 HTTP/1.0" 200 4783 "-" "Mozilla/5.0 (compatible; SemrushBot/7~bl; +http://www.semrush.com/bot.html)"
172.71.190.33 - - [11/Jan/2026:01:16:42 +0300] "GET /?k=98190175157100 HTTP/1.0" 200 4783 "-" "Mozilla/5.0 (compatible; SemrushBot/7~bl; +http://www.semrush.com/bot.html)"
172.71.194.111 - - [11/Jan/2026:01:17:13 +0300] "GET /?k=48301264902601 HTTP/1.0" 200 4783 "-" "Mozilla/5.0 (compatible; SemrushBot/7~bl; +http://www.semrush.com/bot.html)"
104.23.213.175 - - [11/Jan/2026:01:17:32 +0300] "GET /?k=99718168648000 HTTP/1.0" 200 4783 "-" "Mozilla/5.0 (compatible; SemrushBot/7~bl; +http://www.semrush.com/bot.html)"
172.68.245.127 - - [11/Jan/2026:01:17:35 +0300] "GET /?k=092218562800 HTTP/1.0" 200 4783 "-" "Mozilla/5.0 (compatible; SemrushBot/7~bl; +http://www.semrush.com/bot.html)"
172.70.175.200 - - [11/Jan/2026:01:17:49 +0300] "GET /?k=21282230221805 HTTP/1.0" 200 4783 "-" "Mozilla/5.0 (compatible; SemrushBot/7~bl; +http://www.semrush.com/bot.html)"
172.70.175.200 - - [11/Jan/2026:01:18:00 +0300] "GET /?k=5105770366105 HTTP/1.0" 200 4783 "-" "Mozilla/5.0 (compatible; SemrushBot/7~bl; +http://www.semrush.com/bot.html)"
172.70.34.26 - - [11/Jan/2026:01:18:08 +0300] "GET /?k=2161357984903 HTTP/1.0" 200 4783 "-" "Mozilla/5.0 (compatible; SemrushBot/7~bl; +http://www.semrush.com/bot.html)"
172.71.194.233 - - [11/Jan/2026:01:18:29 +0300] "GET /?k=21672280877000 HTTP/1.0" 200 4783 "-" "Mozilla/5.0 (compatible; SemrushBot/7~bl; +http://www.semrush.com/bot.html)"
172.71.194.110 - - [11/Jan/2026:01:18:34 +0300] "GET /?k=81967209726903 HTTP/1.0" 200 4783 "-" "Mozilla/5.0 (compatible; SemrushBot/7~bl; +http://www.semrush.com/bot.html)"
172.70.34.26 - - [11/Jan/2026:01:18:44 +0300] "GET /?k=5230177388304 HTTP/1.0" 200 4783 "-" "Mozilla/5.0 (compatible; SemrushBot/7~bl; +http://www.semrush.com/bot.html)"
172.70.135.105 - - [11/Jan/2026:01:19:01 +0300] "GET /?k=28026173134901 HTTP/1.0" 200 4783 "-" "Mozilla/5.0 (compatible; SemrushBot/7~bl; +http://www.semrush.com/bot.html)"
172.70.39.218 - - [11/Jan/2026:01:19:32 +0300] "GET /?k=8201360518100 HTTP/1.0" 200 4783 "-" "Mozilla/5.0 (compatible; SemrushBot/7~bl; +http://www.semrush.com/bot.html)"
162.158.78.167 - - [11/Jan/2026:01:20:27 +0300] "GET /?k=0001869757600 HTTP/1.0" 200 4783 "-" "Mozilla/5.0 (compatible; SemrushBot/7~bl; +http://www.semrush.com/bot.html)"
108.162.246.43 - - [11/Jan/2026:01:20:42 +0300] "GET /?k=22809116446003 HTTP/1.0" 200 6077 "-" "Mozilla/5.0 (Linux; Android 6.0.1; Nexus 5X Build/MMB29P) AppleWebKit/537.36 (KHTML, like Gecko) Chrome/143.0.7499.192 Mobile Safari/537.36 (compatible; Googlebot/2.1; +http://www.google.com/bot.html)"
162.158.152.160 - - [11/Jan/2026:01:20:43 +0300] "GET /?k=22048147528605 HTTP/1.0" 200 4783 "-" "Mozilla/5.0 (compatible; SemrushBot/7~bl; +http://www.semrush.com/bot.html)"
172.71.190.209 - - [11/Jan/2026:01:20:44 +0300] "GET /?k=2093119005700 HTTP/1.0" 200 4783 "-" "Mozilla/5.0 (compatible; SemrushBot/7~bl; +http://www.semrush.com/bot.html)"
172.70.135.105 - - [11/Jan/2026:01:21:13 +0300] "GET /?k=1227182242303 HTTP/1.0" 200 4783 "-" "Mozilla/5.0 (compatible; SemrushBot/7~bl; +http://www.semrush.com/bot.html)"
172.70.175.199 - - [11/Jan/2026:01:21:35 +0300] "GET /?k=80232105151903 HTTP/1.0" 200 4783 "-" "Mozilla/5.0 (compatible; SemrushBot/7~bl; +http://www.semrush.com/bot.html)"
104.23.209.122 - - [11/Jan/2026:01:22:29 +0300] "GET /?k=71182237400500 HTTP/1.0" 200 4783 "-" "Mozilla/5.0 (compatible; SemrushBot/7~bl; +http://www.semrush.com/bot.html)"
172.70.174.233 - - [11/Jan/2026:01:23:33 +0300] "GET /?k=09394251519600 HTTP/1.0" 200 4783 "-" "Mozilla/5.0 (compatible; SemrushBot/7~bl; +http://www.semrush.com/bot.html)"
172.70.135.187 - - [11/Jan/2026:01:23:33 +0300] "GET /?k=29410120189803 HTTP/1.0" 200 4783 "-" "Mozilla/5.0 (compatible; SemrushBot/7~bl; +http://www.semrush.com/bot.html)"
104.23.213.174 - - [11/Jan/2026:01:23:39 +0300] "GET /?k=71782155933207 HTTP/1.0" 200 4783 "-" "Mozilla/5.0 (compatible; SemrushBot/7~bl; +http://www.semrush.com/bot.html)"
172.71.194.111 - - [11/Jan/2026:01:24:37 +0300] "GET /?k=17405124124502 HTTP/1.0" 200 4783 "-" "Mozilla/5.0 (compatible; SemrushBot/7~bl; +http://www.semrush.com/bot.html)"
108.162.246.101 - - [11/Jan/2026:01:25:14 +0300] "GET /?k=8514285377600 HTTP/1.0" 200 6061 "-" "Mozilla/5.0 (Linux; Android 6.0.1; Nexus 5X Build/MMB29P) AppleWebKit/537.36 (KHTML, like Gecko) Chrome/143.0.7499.192 Mobile Safari/537.36 (compatible; Googlebot/2.1; +http://www.google.com/bot.html)"
104.23.211.221 - - [11/Jan/2026:01:25:23 +0300] "GET /?k=51871154522504 HTTP/1.0" 200 4783 "-" "Mozilla/5.0 (compatible; SemrushBot/7~bl; +http://www.semrush.com/bot.html)"
172.71.190.208 - - [11/Jan/2026:01:25:24 +0300] "GET /?k=62188168910408 HTTP/1.0" 200 4783 "-" "Mozilla/5.0 (compatible; SemrushBot/7~bl; +http://www.semrush.com/bot.html)"
104.23.209.122 - - [11/Jan/2026:01:26:12 +0300] "GET /?k=93284203624505 HTTP/1.0" 200 4783 "-" "Mozilla/5.0 (compatible; SemrushBot/7~bl; +http://www.semrush.com/bot.html)"
108.162.246.101 - - [11/Jan/2026:01:26:14 +0300] "GET /?k=67941263433700 HTTP/1.0" 200 6133 "-" "Mozilla/5.0 (Linux; Android 6.0.1; Nexus 5X Build/MMB29P) AppleWebKit/537.36 (KHTML, like Gecko) Chrome/143.0.7499.192 Mobile Safari/537.36 (compatible; Googlebot/2.1; +http://www.google.com/bot.html)"
172.70.175.200 - - [11/Jan/2026:01:26:24 +0300] "GET /?k=4244068654703 HTTP/1.0" 200 4783 "-" "Mozilla/5.0 (compatible; SemrushBot/7~bl; +http://www.semrush.com/bot.html)"
172.71.194.232 - - [11/Jan/2026:01:26:50 +0300] "GET /?k=81658124840103 HTTP/1.0" 200 4783 "-" "Mozilla/5.0 (compatible; SemrushBot/7~bl; +http://www.semrush.com/bot.html)"
172.70.35.105 - - [11/Jan/2026:01:29:22 +0300] "GET /?k=38948272006500 HTTP/1.0" 200 4783 "-" "Mozilla/5.0 (compatible; SemrushBot/7~bl; +http://www.semrush.com/bot.html)"
172.70.175.199 - - [11/Jan/2026:01:30:56 +0300] "GET /?k=87806150593908 HTTP/1.0" 200 4783 "-" "Mozilla/5.0 (compatible; SemrushBot/7~bl; +http://www.semrush.com/bot.html)"
172.70.39.217 - - [11/Jan/2026:01:31:06 +0300] "GET /?k=98690244803703 HTTP/1.0" 200 4783 "-" "Mozilla/5.0 (compatible; SemrushBot/7~bl; +http://www.semrush.com/bot.html)"
172.71.194.110 - - [11/Jan/2026:01:31:21 +0300] "GET /?k=7907452463602 HTTP/1.0" 200 4783 "-" "Mozilla/5.0 (compatible; SemrushBot/7~bl; +http://www.semrush.com/bot.html)"
172.70.175.200 - - [11/Jan/2026:01:32:29 +0300] "GET /?k=0063615149600 HTTP/1.0" 200 4783 "-" "Mozilla/5.0 (compatible; SemrushBot/7~bl; +http://www.semrush.com/bot.html)"
104.23.209.44 - - [11/Jan/2026:01:33:15 +0300] "GET /robots.txt HTTP/1.1" 404 173 "-" "Mozilla/5.0 (compatible; SemrushBot/7~bl; +http://www.semrush.com/bot.html)"
172.71.223.17 - - [11/Jan/2026:01:33:15 +0300] "GET /?k=02717162577505 HTTP/1.0" 200 4783 "-" "Mozilla/5.0 (compatible; SemrushBot/7~bl; +http://www.semrush.com/bot.html)"
172.70.43.139 - - [11/Jan/2026:01:34:16 +0300] "GET /?k=11140207604404 HTTP/1.0" 200 4783 "-" "Mozilla/5.0 (compatible; SemrushBot/7~bl; +http://www.semrush.com/bot.html)"
104.23.213.100 - - [11/Jan/2026:01:34:43 +0300] "GET /?k=76289137940500 HTTP/1.0" 200 4783 "-" "Mozilla/5.0 (compatible; SemrushBot/7~bl; +http://www.semrush.com/bot.html)"
172.70.39.218 - - [11/Jan/2026:01:34:43 +0300] "GET /?k=5091192414507 HTTP/1.0" 200 4783 "-" "Mozilla/5.0 (compatible; SemrushBot/7~bl; +http://www.semrush.com/bot.html)"
172.70.39.218 - - [11/Jan/2026:01:34:44 +0300] "GET /?k=82292137541206 HTTP/1.0" 200 4783 "-" "Mozilla/5.0 (compatible; SemrushBot/7~bl; +http://www.semrush.com/bot.html)"
172.71.223.18 - - [11/Jan/2026:01:34:48 +0300] "GET /?k=96007100875201 HTTP/1.0" 200 4783 "-" "Mozilla/5.0 (compatible; SemrushBot/7~bl; +http://www.semrush.com/bot.html)"
172.71.194.111 - - [11/Jan/2026:01:35:02 +0300] "GET /?k=3627885370401 HTTP/1.0" 200 4783 "-" "Mozilla/5.0 (compatible; SemrushBot/7~bl; +http://www.semrush.com/bot.html)"
172.68.245.127 - - [11/Jan/2026:01:36:50 +0300] "GET /?k=84829130657306 HTTP/1.0" 200 4783 "-" "Mozilla/5.0 (compatible; SemrushBot/7~bl; +http://www.semrush.com/bot.html)"
172.71.223.18 - - [11/Jan/2026:01:38:37 +0300] "GET /?k=96019123641800 HTTP/1.0" 200 4783 "-" "Mozilla/5.0 (compatible; SemrushBot/7~bl; +http://www.semrush.com/bot.html)"
172.71.194.232 - - [11/Jan/2026:01:38:45 +0300] "GET /?k=79771249047103 HTTP/1.0" 200 4783 "-" "Mozilla/5.0 (compatible; SemrushBot/7~bl; +http://www.semrush.com/bot.html)"
172.70.38.85 - - [11/Jan/2026:01:39:23 +0300] "GET /?k=87828292301303 HTTP/1.0" 200 4783 "-" "Mozilla/5.0 (compatible; SemrushBot/7~bl; +http://www.semrush.com/bot.html)"
172.71.223.68 - - [11/Jan/2026:01:40:12 +0300] "GET /?k=9738181013702 HTTP/1.0" 200 4783 "-" "Mozilla/5.0 (compatible; SemrushBot/7~bl; +http://www.semrush.com/bot.html)"
108.162.246.101 - - [11/Jan/2026:01:40:55 +0300] "GET /?k=99198219640000 HTTP/1.0" 200 6106 "-" "Mozilla/5.0 (Linux; Android 6.0.1; Nexus 5X Build/MMB29P) AppleWebKit/537.36 (KHTML, like Gecko) Chrome/143.0.7499.192 Mobile Safari/537.36 (compatible; Googlebot/2.1; +http://www.google.com/bot.html)"
104.23.209.122 - - [11/Jan/2026:01:40:58 +0300] "GET /?k=1083725939200 HTTP/1.0" 200 4783 "-" "Mozilla/5.0 (compatible; SemrushBot/7~bl; +http://www.semrush.com/bot.html)"
172.71.194.232 - - [11/Jan/2026:01:42:30 +0300] "GET /?k=7047931874305 HTTP/1.0" 200 4783 "-" "Mozilla/5.0 (compatible; SemrushBot/7~bl; +http://www.semrush.com/bot.html)"
172.71.194.232 - - [11/Jan/2026:01:42:38 +0300] "GET /?k=45004195615501 HTTP/1.0" 200 4783 "-" "Mozilla/5.0 (compatible; SemrushBot/7~bl; +http://www.semrush.com/bot.html)"
172.71.223.67 - - [11/Jan/2026:01:43:15 +0300] "GET /?k=000472012801 HTTP/1.0" 200 4783 "-" "Mozilla/5.0 (compatible; SemrushBot/7~bl; +http://www.semrush.com/bot.html)"
104.23.213.100 - - [11/Jan/2026:01:43:31 +0300] "GET /?k=2120687566003 HTTP/1.0" 200 4783 "-" "Mozilla/5.0 (compatible; SemrushBot/7~bl; +http://www.semrush.com/bot.html)"
162.158.78.167 - - [11/Jan/2026:01:44:25 +0300] "GET /?k=82197267503207 HTTP/1.0" 200 4783 "-" "Mozilla/5.0 (compatible; SemrushBot/7~bl; +http://www.semrush.com/bot.html)"
172.71.190.209 - - [11/Jan/2026:01:45:39 +0300] "GET /?k=07037207089209 HTTP/1.0" 200 4783 "-" "Mozilla/5.0 (compatible; SemrushBot/7~bl; +http://www.semrush.com/bot.html)"
172.71.223.67 - - [11/Jan/2026:01:45:58 +0300] "GET /?k=9011089510601 HTTP/1.0" 200 4783 "-" "Mozilla/5.0 (compatible; SemrushBot/7~bl; +http://www.semrush.com/bot.html)"
172.71.151.158 - - [11/Jan/2026:01:46:39 +0300] "GET /?k=09707238325202 HTTP/1.0" 200 6104 "-" "Mozilla/5.0 (Linux; Android 6.0.1; Nexus 5X Build/MMB29P) AppleWebKit/537.36 (KHTML, like Gecko) Chrome/143.0.7499.192 Mobile Safari/537.36 (compatible; Googlebot/2.1; +http://www.google.com/bot.html)"
104.23.211.201 - - [11/Jan/2026:01:47:15 +0300] "GET /?k=39054272484600 HTTP/1.0" 200 4783 "-" "Mozilla/5.0 (compatible; SemrushBot/7~bl; +http://www.semrush.com/bot.html)"
172.71.190.32 - - [11/Jan/2026:01:47:22 +0300] "GET /?k=13876269149103 HTTP/1.0" 200 4783 "-" "Mozilla/5.0 (compatible; SemrushBot/7~bl; +http://www.semrush.com/bot.html)"
104.23.213.174 - - [11/Jan/2026:01:49:26 +0300] "GET /?k=79759116229904 HTTP/1.0" 200 4783 "-" "Mozilla/5.0 (compatible; SemrushBot/7~bl; +http://www.semrush.com/bot.html)"
162.158.79.86 - - [11/Jan/2026:01:49:40 +0300] "GET /?k=80115269223703 HTTP/1.0" 200 4783 "-" "Mozilla/5.0 (compatible; SemrushBot/7~bl; +http://www.semrush.com/bot.html)"
172.70.135.188 - - [11/Jan/2026:01:49:48 +0300] "GET /?k=00835181355606 HTTP/1.0" 200 4783 "-" "Mozilla/5.0 (compatible; SemrushBot/7~bl; +http://www.semrush.com/bot.html)"
172.70.43.139 - - [11/Jan/2026:01:50:13 +0300] "GET /?k=85919189418202 HTTP/1.0" 200 4783 "-" "Mozilla/5.0 (compatible; SemrushBot/7~bl; +http://www.semrush.com/bot.html)"
172.71.194.111 - - [11/Jan/2026:01:50:26 +0300] "GET /?k=7982930814902 HTTP/1.0" 200 4783 "-" "Mozilla/5.0 (compatible; SemrushBot/7~bl; +http://www.semrush.com/bot.html)"
162.158.79.85 - - [11/Jan/2026:01:50:57 +0300] "GET /?k=00191134536302 HTTP/1.0" 200 4783 "-" "Mozilla/5.0 (compatible; SemrushBot/7~bl; +http://www.semrush.com/bot.html)"
108.162.246.101 - - [11/Jan/2026:01:51:38 +0300] "GET /?k=70480237205302 HTTP/1.0" 200 6178 "-" "Mozilla/5.0 (Linux; Android 6.0.1; Nexus 5X Build/MMB29P) AppleWebKit/537.36 (KHTML, like Gecko) Chrome/143.0.7499.192 Mobile Safari/537.36 (compatible; Googlebot/2.1; +http://www.google.com/bot.html)"
172.71.194.111 - - [11/Jan/2026:01:51:46 +0300] "GET /?k=58752117881501 HTTP/1.0" 200 4783 "-" "Mozilla/5.0 (compatible; SemrushBot/7~bl; +http://www.semrush.com/bot.html)"
172.71.190.33 - - [11/Jan/2026:01:51:49 +0300] "GET /?k=2780784309404 HTTP/1.0" 200 4783 "-" "Mozilla/5.0 (compatible; SemrushBot/7~bl; +http://www.semrush.com/bot.html)"
172.68.245.74 - - [11/Jan/2026:01:52:09 +0300] "GET /?k=1299766219704 HTTP/1.0" 200 4783 "-" "Mozilla/5.0 (compatible; SemrushBot/7~bl; +http://www.semrush.com/bot.html)"
172.71.194.111 - - [11/Jan/2026:01:52:35 +0300] "GET /?k=39397161335301 HTTP/1.0" 200 4783 "-" "Mozilla/5.0 (compatible; SemrushBot/7~bl; +http://www.semrush.com/bot.html)"
162.158.152.160 - - [11/Jan/2026:01:53:33 +0300] "GET /?k=91640204049400 HTTP/1.0" 200 4783 "-" "Mozilla/5.0 (compatible; SemrushBot/7~bl; +http://www.semrush.com/bot.html)"
172.70.135.105 - - [11/Jan/2026:01:54:34 +0300] "GET /?k=17402294428303 HTTP/1.0" 200 4783 "-" "Mozilla/5.0 (compatible; SemrushBot/7~bl; +http://www.semrush.com/bot.html)"
172.71.223.18 - - [11/Jan/2026:01:54:41 +0300] "GET /?k=9412174426300 HTTP/1.0" 200 4783 "-" "Mozilla/5.0 (compatible; SemrushBot/7~bl; +http://www.semrush.com/bot.html)"
104.23.211.201 - - [11/Jan/2026:01:54:54 +0300] "GET /?k=7451161985601 HTTP/1.0" 200 4783 "-" "Mozilla/5.0 (compatible; SemrushBot/7~bl; +http://www.semrush.com/bot.html)"
172.70.35.105 - - [11/Jan/2026:01:54:57 +0300] "GET /?k=00208262446200 HTTP/1.0" 200 4783 "-" "Mozilla/5.0 (compatible; SemrushBot/7~bl; +http://www.semrush.com/bot.html)"
104.23.211.201 - - [11/Jan/2026:01:54:57 +0300] "GET /?k=8742829958900 HTTP/1.0" 200 4783 "-" "Mozilla/5.0 (compatible; SemrushBot/7~bl; +http://www.semrush.com/bot.html)"
172.68.245.140 - - [11/Jan/2026:01:57:10 +0300] "GET /robots.txt HTTP/1.1" 404 173 "-" "Mozilla/5.0 (compatible; SemrushBot/7~bl; +http://www.semrush.com/bot.html)"
162.158.78.167 - - [11/Jan/2026:01:57:11 +0300] "GET /?k=18704268697700 HTTP/1.0" 200 4783 "-" "Mozilla/5.0 (compatible; SemrushBot/7~bl; +http://www.semrush.com/bot.html)"
104.23.211.200 - - [11/Jan/2026:01:58:37 +0300] "GET /?k=69790258905901 HTTP/1.0" 200 4783 "-" "Mozilla/5.0 (compatible; SemrushBot/7~bl; +http://www.semrush.com/bot.html)"
172.68.245.75 - - [11/Jan/2026:01:58:44 +0300] "GET /?k=82661157579500 HTTP/1.0" 200 4783 "-" "Mozilla/5.0 (compatible; SemrushBot/7~bl; +http://www.semrush.com/bot.html)"
104.23.209.115 - - [11/Jan/2026:01:59:09 +0300] "GET /?k=8202252918914 HTTP/1.0" 200 4783 "-" "Mozilla/5.0 (compatible; SemrushBot/7~bl; +http://www.semrush.com/bot.html)"
104.23.213.175 - - [11/Jan/2026:01:59:14 +0300] "GET /?k=13079143632300 HTTP/1.0" 200 4783 "-" "Mozilla/5.0 (compatible; SemrushBot/7~bl; +http://www.semrush.com/bot.html)"
172.70.43.139 - - [11/Jan/2026:01:59:33 +0300] "GET /?k=77973262681405 HTTP/1.0" 200 4783 "-" "Mozilla/5.0 (compatible; SemrushBot/7~bl; +http://www.semrush.com/bot.html)"
162.158.78.166 - - [11/Jan/2026:02:00:02 +0300] "GET /?k=19589175676600 HTTP/1.0" 200 4783 "-" "Mozilla/5.0 (compatible; SemrushBot/7~bl; +http://www.semrush.com/bot.html)"
104.23.213.101 - - [11/Jan/2026:02:00:53 +0300] "GET /?k=65952209702900 HTTP/1.0" 200 4783 "-" "Mozilla/5.0 (compatible; SemrushBot/7~bl; +http://www.semrush.com/bot.html)"
172.71.223.18 - - [11/Jan/2026:02:02:28 +0300] "GET /?k=1118039124401 HTTP/1.0" 200 4783 "-" "Mozilla/5.0 (compatible; SemrushBot/7~bl; +http://www.semrush.com/bot.html)"
162.158.210.241 - - [11/Jan/2026:02:03:10 +0300] "GET /2025.gz HTTP/1.0" 404 457 "-" "Mozilla/5.0 (Windows NT 10.0; Win64; x64) AppleWebKit/537.36 (KHTML, like Gecko) Chrome/101.0.4951.67 Safari/537.36"
172.71.190.33 - - [11/Jan/2026:02:03:11 +0300] "GET /?k=12077149924201 HTTP/1.0" 200 4783 "-" "Mozilla/5.0 (compatible; SemrushBot/7~bl; +http://www.semrush.com/bot.html)"
104.23.211.220 - - [11/Jan/2026:02:03:31 +0300] "GET /?k=7975538959901 HTTP/1.0" 200 4783 "-" "Mozilla/5.0 (compatible; SemrushBot/7~bl; +http://www.semrush.com/bot.html)"
172.71.190.33 - - [11/Jan/2026:02:03:42 +0300] "GET /?k=8211491314200 HTTP/1.0" 200 4783 "-" "Mozilla/5.0 (compatible; SemrushBot/7~bl; +http://www.semrush.com/bot.html)"
172.71.147.172 - - [11/Jan/2026:02:03:45 +0300] "GET /?Slot=0222.html HTTP/1.0" 200 9865 "-" "Mozilla/5.0 (Linux; Android 6.0.1; Nexus 5X Build/MMB29P) AppleWebKit/537.36 (KHTML, like Gecko) Chrome/143.0.7499.192 Mobile Safari/537.36 (compatible; Googlebot/2.1; +http://www.google.com/bot.html)"
172.70.34.26 - - [11/Jan/2026:02:03:59 +0300] "GET /?k=85818239778700 HTTP/1.0" 200 4783 "-" "Mozilla/5.0 (compatible; SemrushBot/7~bl; +http://www.semrush.com/bot.html)"
172.71.194.232 - - [11/Jan/2026:02:04:09 +0300] "GET /?k=18949210419401 HTTP/1.0" 200 4783 "-" "Mozilla/5.0 (compatible; SemrushBot/7~bl; +http://www.semrush.com/bot.html)"
162.158.79.85 - - [11/Jan/2026:02:04:21 +0300] "GET /?k=8969616927403 HTTP/1.0" 200 4783 "-" "Mozilla/5.0 (compatible; SemrushBot/7~bl; +http://www.semrush.com/bot.html)"
104.23.209.114 - - [11/Jan/2026:02:04:26 +0300] "GET /?k=96977133805604 HTTP/1.0" 200 4783 "-" "Mozilla/5.0 (compatible; SemrushBot/7~bl; +http://www.semrush.com/bot.html)"
162.158.79.85 - - [11/Jan/2026:02:04:53 +0300] "GET /?k=27481119935000 HTTP/1.0" 200 4783 "-" "Mozilla/5.0 (compatible; SemrushBot/7~bl; +http://www.semrush.com/bot.html)"
104.23.209.114 - - [11/Jan/2026:02:05:52 +0300] "GET /?k=92371200994104 HTTP/1.0" 200 4783 "-" "Mozilla/5.0 (compatible; SemrushBot/7~bl; +http://www.semrush.com/bot.html)"
162.158.79.86 - - [11/Jan/2026:02:06:15 +0300] "GET /?k=34732264719802 HTTP/1.0" 200 4783 "-" "Mozilla/5.0 (compatible; SemrushBot/7~bl; +http://www.semrush.com/bot.html)"
172.71.190.208 - - [11/Jan/2026:02:07:47 +0300] "GET /?k=4517217294400 HTTP/1.0" 200 4783 "-" "Mozilla/5.0 (compatible; SemrushBot/7~bl; +http://www.semrush.com/bot.html)"
172.71.147.171 - - [11/Jan/2026:02:08:05 +0300] "GET /?k=71980166653100 HTTP/1.0" 200 6135 "-" "Mozilla/5.0 (Linux; Android 6.0.1; Nexus 5X Build/MMB29P) AppleWebKit/537.36 (KHTML, like Gecko) Chrome/143.0.7499.192 Mobile Safari/537.36 (compatible; Googlebot/2.1; +http://www.google.com/bot.html)"
172.71.190.208 - - [11/Jan/2026:02:09:56 +0300] "GET /?k=71922260552702 HTTP/1.0" 200 4783 "-" "Mozilla/5.0 (compatible; SemrushBot/7~bl; +http://www.semrush.com/bot.html)"
172.71.124.132 - - [11/Jan/2026:02:11:20 +0300] "GET /advtru/rca-schematics-for-free.html HTTP/1.0" 404 457 "http://enviro-pcs.com.au/gor0qbc/esttab-stata-se.html" "Mozilla/5.0 (Linux; Android 7.0;) AppleWebKit/537.36 (KHTML, like Gecko) Mobile Safari/537.36 (compatible; PetalBot;+https://webmaster.petalsearch.com/site/petalbot)"
172.70.43.139 - - [11/Jan/2026:02:11:30 +0300] "GET /?k=9709791692900 HTTP/1.0" 200 4783 "-" "Mozilla/5.0 (compatible; SemrushBot/7~bl; +http://www.semrush.com/bot.html)"
172.71.223.68 - - [11/Jan/2026:02:11:38 +0300] "GET /?k=51478232192002 HTTP/1.0" 200 4783 "-" "Mozilla/5.0 (compatible; SemrushBot/7~bl; +http://www.semrush.com/bot.html)"
172.68.245.75 - - [11/Jan/2026:02:12:28 +0300] "GET /?k=641388754900 HTTP/1.0" 200 4783 "-" "Mozilla/5.0 (compatible; SemrushBot/7~bl; +http://www.semrush.com/bot.html)"
172.71.194.232 - - [11/Jan/2026:02:12:30 +0300] "GET /?k=84774165863703 HTTP/1.0" 200 4783 "-" "Mozilla/5.0 (compatible; SemrushBot/7~bl; +http://www.semrush.com/bot.html)"
104.23.211.220 - - [11/Jan/2026:02:12:35 +0300] "GET /?k=65298232732700 HTTP/1.0" 200 4783 "-" "Mozilla/5.0 (compatible; SemrushBot/7~bl; +http://www.semrush.com/bot.html)"
172.70.35.105 - - [11/Jan/2026:02:12:45 +0300] "GET /?k=2992825548505 HTTP/1.0" 200 4783 "-" "Mozilla/5.0 (compatible; SemrushBot/7~bl; +http://www.semrush.com/bot.html)"
104.23.209.122 - - [11/Jan/2026:02:15:04 +0300] "GET /?k=3799335439400 HTTP/1.0" 200 4783 "-" "Mozilla/5.0 (compatible; SemrushBot/7~bl; +http://www.semrush.com/bot.html)"
104.23.211.221 - - [11/Jan/2026:02:15:12 +0300] "GET /?k=19718143310800 HTTP/1.0" 200 4783 "-" "Mozilla/5.0 (compatible; SemrushBot/7~bl; +http://www.semrush.com/bot.html)"
172.70.174.232 - - [11/Jan/2026:02:16:39 +0300] "GET /?k=8072861734205 HTTP/1.0" 200 4783 "-" "Mozilla/5.0 (compatible; SemrushBot/7~bl; +http://www.semrush.com/bot.html)"
104.23.209.123 - - [11/Jan/2026:02:16:46 +0300] "GET /?k=2901172731401 HTTP/1.0" 200 4783 "-" "Mozilla/5.0 (compatible; SemrushBot/7~bl; +http://www.semrush.com/bot.html)"
104.23.209.123 - - [11/Jan/2026:02:18:55 +0300] "GET /?k=95678111288003 HTTP/1.0" 200 4783 "-" "Mozilla/5.0 (compatible; SemrushBot/7~bl; +http://www.semrush.com/bot.html)"
104.23.211.220 - - [11/Jan/2026:02:19:13 +0300] "GET /?k=8381943882002 HTTP/1.0" 200 4783 "-" "Mozilla/5.0 (compatible; SemrushBot/7~bl; +http://www.semrush.com/bot.html)"
172.70.43.140 - - [11/Jan/2026:02:19:36 +0300] "GET /?k=97709115205601 HTTP/1.0" 200 4783 "-" "Mozilla/5.0 (compatible; SemrushBot/7~bl; +http://www.semrush.com/bot.html)"
172.70.174.233 - - [11/Jan/2026:02:20:23 +0300] "GET /?k=79783187677903 HTTP/1.0" 200 4783 "-" "Mozilla/5.0 (compatible; SemrushBot/7~bl; +http://www.semrush.com/bot.html)"
172.71.194.111 - - [11/Jan/2026:02:20:40 +0300] "GET /?k=28432107417600 HTTP/1.0" 200 4783 "-" "Mozilla/5.0 (compatible; SemrushBot/7~bl; +http://www.semrush.com/bot.html)"
162.158.152.160 - - [11/Jan/2026:02:20:45 +0300] "GET /?k=06179171269503 HTTP/1.0" 200 4783 "-" "Mozilla/5.0 (compatible; SemrushBot/7~bl; +http://www.semrush.com/bot.html)"
104.23.211.220 - - [11/Jan/2026:02:21:14 +0300] "GET /?k=28287260895903 HTTP/1.0" 200 4783 "-" "Mozilla/5.0 (compatible; SemrushBot/7~bl; +http://www.semrush.com/bot.html)"
172.68.245.127 - - [11/Jan/2026:02:22:54 +0300] "GET /?k=97892140449407 HTTP/1.0" 200 4783 "-" "Mozilla/5.0 (compatible; SemrushBot/7~bl; +http://www.semrush.com/bot.html)"
172.70.39.218 - - [11/Jan/2026:02:23:31 +0300] "GET /?k=59655222800012 HTTP/1.0" 200 4783 "-" "Mozilla/5.0 (compatible; SemrushBot/7~bl; +http://www.semrush.com/bot.html)"
172.70.38.99 - - [11/Jan/2026:02:25:47 +0300] "GET /?k=12615277084005 HTTP/1.0" 200 4783 "-" "Mozilla/5.0 (compatible; SemrushBot/7~bl; +http://www.semrush.com/bot.html)"
104.23.211.220 - - [11/Jan/2026:02:25:50 +0300] "GET /?k=24171276484101 HTTP/1.0" 200 4783 "-" "Mozilla/5.0 (compatible; SemrushBot/7~bl; +http://www.semrush.com/bot.html)"
104.23.221.146 - - [11/Jan/2026:02:26:42 +0300] "GET /?k=37696289553409 HTTP/1.0" 200 4783 "-" "Mozilla/5.0 (compatible; SemrushBot/7~bl; +http://www.semrush.com/bot.html)"
172.68.164.130 - - [11/Jan/2026:02:27:02 +0300] "GET /advtru/orasyon-ng-oxz-kidlat.html HTTP/1.0" 404 457 "http://internettvbilling.com/ajkfvivd/gumroad-free-3d-models.html" "Mozilla/5.0 (Linux; Android 7.0;) AppleWebKit/537.36 (KHTML, like Gecko) Mobile Safari/537.36 (compatible; PetalBot;+https://webmaster.petalsearch.com/site/petalbot)"
172.71.82.12 - - [11/Jan/2026:02:28:22 +0300] "GET /advtru/bnb-private-key-with-balance-free.html HTTP/1.0" 404 457 "http://fgupoktyabr.ru/lj0xw8hrs/gig-car-customer-service.html" "Mozilla/5.0 (Linux; Android 7.0;) AppleWebKit/537.36 (KHTML, like Gecko) Mobile Safari/537.36 (compatible; PetalBot;+https://webmaster.petalsearch.com/site/petalbot)"
104.23.211.201 - - [11/Jan/2026:02:28:38 +0300] "GET /?k=4123963693202 HTTP/1.0" 200 4783 "-" "Mozilla/5.0 (compatible; SemrushBot/7~bl; +http://www.semrush.com/bot.html)"
104.23.209.115 - - [11/Jan/2026:02:28:42 +0300] "GET /?k=5929364226403 HTTP/1.0" 200 4783 "-" "Mozilla/5.0 (compatible; SemrushBot/7~bl; +http://www.semrush.com/bot.html)"
172.71.223.67 - - [11/Jan/2026:02:29:24 +0300] "GET /?k=35411148580601 HTTP/1.0" 200 4783 "-" "Mozilla/5.0 (compatible; SemrushBot/7~bl; +http://www.semrush.com/bot.html)"
198.41.227.37 - - [11/Jan/2026:02:29:26 +0300] "GET /.env HTTP/1.0" 404 457 "-" "Mozilla/5.0 (Macintosh; Intel Mac OS X 10.15; rv:77.0) Gecko/20100101 Firefox/77.0"
108.162.246.101 - - [11/Jan/2026:02:29:31 +0300] "GET /?k=58581276731501 HTTP/1.0" 200 6161 "-" "Mozilla/5.0 (Linux; Android 6.0.1; Nexus 5X Build/MMB29P) AppleWebKit/537.36 (KHTML, like Gecko) Chrome/143.0.7499.192 Mobile Safari/537.36 (compatible; Googlebot/2.1; +http://www.google.com/bot.html)"
172.70.143.253 - - [11/Jan/2026:02:29:46 +0300] "GET /advtru/lexus-navigation-sd-card.html HTTP/1.0" 404 457 "http://internettvbilling.com/ajkfvivd/gumroad-free-3d-models.html" "Mozilla/5.0 (Linux; Android 7.0;) AppleWebKit/537.36 (KHTML, like Gecko) Mobile Safari/537.36 (compatible; PetalBot;+https://webmaster.petalsearch.com/site/petalbot)"
172.70.174.233 - - [11/Jan/2026:02:30:07 +0300] "GET /?k=50565125662304 HTTP/1.0" 200 4783 "-" "Mozilla/5.0 (compatible; SemrushBot/7~bl; +http://www.semrush.com/bot.html)"
172.71.190.32 - - [11/Jan/2026:02:30:22 +0300] "GET /?k=817992588903 HTTP/1.0" 200 4783 "-" "Mozilla/5.0 (compatible; SemrushBot/7~bl; +http://www.semrush.com/bot.html)"
104.23.209.122 - - [11/Jan/2026:02:30:45 +0300] "GET /?k=80237146983000 HTTP/1.0" 200 4783 "-" "Mozilla/5.0 (compatible; SemrushBot/7~bl; +http://www.semrush.com/bot.html)"
108.162.246.102 - - [11/Jan/2026:02:30:55 +0300] "GET /?k=23520234080201 HTTP/1.0" 200 6047 "-" "Mozilla/5.0 (Linux; Android 6.0.1; Nexus 5X Build/MMB29P) AppleWebKit/537.36 (KHTML, like Gecko) Chrome/143.0.7499.192 Mobile Safari/537.36 (compatible; Googlebot/2.1; +http://www.google.com/bot.html)"
172.70.174.233 - - [11/Jan/2026:02:31:06 +0300] "GET /?k=8483696603500 HTTP/1.0" 200 4783 "-" "Mozilla/5.0 (compatible; SemrushBot/7~bl; +http://www.semrush.com/bot.html)"
162.158.182.162 - - [11/Jan/2026:02:32:32 +0300] "GET /advtru/where-is-father-ralph-diorio.html HTTP/1.0" 404 457 "https://globlight.ru/07b0sp1a1/jilat--puki-ibumertuaku-yang-telah-berlaku.html" "Mozilla/5.0 (Linux; Android 7.0;) AppleWebKit/537.36 (KHTML, like Gecko) Mobile Safari/537.36 (compatible; PetalBot;+https://webmaster.petalsearch.com/site/petalbot)"
172.70.174.233 - - [11/Jan/2026:02:32:54 +0300] "GET /?k=2029869569905 HTTP/1.0" 200 4783 "-" "Mozilla/5.0 (compatible; SemrushBot/7~bl; +http://www.semrush.com/bot.html)"
162.158.152.160 - - [11/Jan/2026:02:33:32 +0300] "GET /?k=2430584856000 HTTP/1.0" 200 4783 "-" "Mozilla/5.0 (compatible; SemrushBot/7~bl; +http://www.semrush.com/bot.html)"
172.70.92.141 - - [11/Jan/2026:02:33:56 +0300] "GET /advtru/40-amp-wire-size-12v.html HTTP/1.0" 404 457 "http://www.xlservice.ru/yksnvc/adrenal-fatigue-spiritual-awakening.html" "Mozilla/5.0 (Linux; Android 7.0;) AppleWebKit/537.36 (KHTML, like Gecko) Mobile Safari/537.36 (compatible; PetalBot;+https://webmaster.petalsearch.com/site/petalbot)"
172.70.39.217 - - [11/Jan/2026:02:34:40 +0300] "GET /?k=22245268302301 HTTP/1.0" 200 4783 "-" "Mozilla/5.0 (compatible; SemrushBot/7~bl; +http://www.semrush.com/bot.html)"
172.69.176.171 - - [11/Jan/2026:02:35:22 +0300] "GET /9nuvs0vlc/truth-or-dare-generator-extreme.html HTTP/1.0" 404 457 "https://vpskov.ru/wwdmve/lmc-box-blade-price.html" "Mozilla/5.0 (Linux; Android 7.0;) AppleWebKit/537.36 (KHTML, like Gecko) Mobile Safari/537.36 (compatible; PetalBot;+https://webmaster.petalsearch.com/site/petalbot)"
172.68.164.130 - - [11/Jan/2026:02:36:44 +0300] "GET /9nuvs0vlc/japan-vpn-chrome-reddit.html HTTP/1.0" 404 457 "http://kalinos.ru/hbwcn1hr/california-country-club-membership-cost.html" "Mozilla/5.0 (Linux; Android 7.0;) AppleWebKit/537.36 (KHTML, like Gecko) Mobile Safari/537.36 (compatible; PetalBot;+https://webmaster.petalsearch.com/site/petalbot)"
172.71.194.232 - - [11/Jan/2026:02:36:57 +0300] "GET /?k=2015534747701 HTTP/1.0" 200 4783 "-" "Mozilla/5.0 (compatible; SemrushBot/7~bl; +http://www.semrush.com/bot.html)"
104.23.223.62 - - [11/Jan/2026:02:37:43 +0300] "GET / HTTP/1.0" 200 4783 "OKNA-STROYKA.RU" "Mozilla/5.0 (compatible; BackupLand/1.0; https://go.backupland.com/; Domain check for viruses;)"
172.68.164.131 - - [11/Jan/2026:02:38:08 +0300] "GET /9nuvs0vlc/python-smbus-windows.html HTTP/1.0" 404 457 "https://ninic.ru/xcd9/find-office-product-id.html" "Mozilla/5.0 (Linux; Android 7.0;) AppleWebKit/537.36 (KHTML, like Gecko) Mobile Safari/537.36 (compatible; PetalBot;+https://webmaster.petalsearch.com/site/petalbot)"
104.23.209.45 - - [11/Jan/2026:02:38:50 +0300] "GET /robots.txt HTTP/1.1" 404 173 "-" "Mozilla/5.0 (compatible; SemrushBot/7~bl; +http://www.semrush.com/bot.html)"
172.70.43.140 - - [11/Jan/2026:02:38:51 +0300] "GET /?k=38469270900401 HTTP/1.0" 200 4783 "-" "Mozilla/5.0 (compatible; SemrushBot/7~bl; +http://www.semrush.com/bot.html)"
172.71.190.208 - - [11/Jan/2026:02:39:56 +0300] "GET /?k=47002143509700 HTTP/1.0" 200 4783 "-" "Mozilla/5.0 (compatible; SemrushBot/7~bl; +http://www.semrush.com/bot.html)"
172.71.24.74 - - [11/Jan/2026:02:40:29 +0300] "GET /wp-content HTTP/1.0" 404 457 "https://www.google.com/" "Mozilla/5.0 (Linux; Android 12; V2134) AppleWebKit/537.36 (KHTML, like Gecko) Chrome/116.0.0.0 Mobile Safari/537.36"
172.71.24.74 - - [11/Jan/2026:02:40:29 +0300] "GET /404.php HTTP/1.0" 404 457 "https://www.yahoo.com/" "Mozilla/5.0 (Linux; Android 13; SM-G991U) AppleWebKit/537.36 (KHTML, like Gecko) Chrome/117.0.0.0 Mobile Safari/537.36"
172.71.24.74 - - [11/Jan/2026:02:40:29 +0300] "GET /av.php HTTP/1.0" 404 457 "https://www.google.co.uk/" "Mozilla/5.0 (Linux; Android 10; LM-Q720) AppleWebKit/537.36 (KHTML, like Gecko) Chrome/116.0.0.0 Mobile Safari/537.36"
172.71.24.74 - - [11/Jan/2026:02:40:30 +0300] "GET /wp-includes/ID3/about.php HTTP/1.0" 404 457 "https://www.google.fr/" "Mozilla/5.g (Linux; Android 13; Pixel 7) AppleWebKit/537.36 (KHTML, like Gecko) Chrome/116.0.0.0 Mobile Safari/537.36"
172.71.24.74 - - [11/Jan/2026:02:40:30 +0300] "GET /baxa1.php7 HTTP/1.0" 404 457 "https://duckduckgo.com/" "Mozilla/5.0 (Linux; Android 11; CPH2251) AppleWebKit/537.36 (KHTML, like Gecko) Chrome/116.0.0.0 Mobile Safari/537.36"
172.71.24.74 - - [11/Jan/2026:02:40:30 +0300] "GET /wp-content/uploads HTTP/1.0" 404 457 "https://www.google.fr/" "Mozilla/5.0 (Linux; Android 13; SM-S908E) AppleWebKit/537.36 (KHTML, like Gecko) Chrome/116.0.0.0 Mobile Safari/537.36"
172.71.24.74 - - [11/Jan/2026:02:40:30 +0300] "GET /bolt.php HTTP/1.0" 404 457 "https://www.bing.com/" "Mozilla/5.0 (iPhone; CPU iPhone OS 17_0_3 like Mac OS X) AppleWebKit/605.1.15 (KHTML, like Gecko) Version/17.0.1 Mobile/15E148 Safari/604.1"
172.71.24.74 - - [11/Jan/2026:02:40:31 +0300] "GET /manager.php HTTP/1.0" 404 457 "https://duckduckgo.com/" "Mozilla/5.0 (Linux; Android 14; Pixel 8 Pro) AppleWebKit/537.36 (KHTML, like Gecko) Chrome/119.0.0.0 Mobile Safari/537.36"
172.71.24.74 - - [11/Jan/2026:02:40:31 +0300] "GET /buy.php HTTP/1.0" 404 457 "https://www.google.de/" "Mozilla/5.0 (Linux; Android 11; 21081111RG) AppleWebKit/537.36 (KHTML, like Gecko) Chrome/116.0.0.0 Mobile Safari/537.36"
172.71.24.74 - - [11/Jan/2026:02:40:32 +0300] "GET /wp-content/admin.php HTTP/1.0" 404 457 "https://www.google.com/" "Mozilla/5.0 (Linux; Android 10; LM-Q720) AppleWebKit/537.36 (KHTML, like Gecko) Chrome/116.0.0.0 Mobile Safari/537.36"
172.71.24.74 - - [11/Jan/2026:02:40:32 +0300] "GET /wp-content/plugins/WordPressCore HTTP/1.0" 404 457 "https://www.yahoo.com/" "Mozilla/5.0 (iPhone; CPU iPhone OS 16_6_1 like Mac OS X) AppleWebKit/605.1.15 (KHTML, like Gecko) Version/16.6 Mobile/15E148 Safari/604.1"
172.71.24.74 - - [11/Jan/2026:02:40:32 +0300] "GET /bless.php HTTP/1.0" 404 457 "https://www.google.co.uk/" "Mozilla/5.0 (Linux; Android 13; SM-G991U) AppleWebKit/537.36 (KHTML, like Gecko) Chrome/117.0.0.0 Mobile Safari/537.36"
172.71.24.74 - - [11/Jan/2026:02:40:32 +0300] "GET /gel4y.php HTTP/1.0" 404 457 "https://duckduckgo.com/" "Mozilla/5.0 (iPhone; CPU iPhone OS 17_1_1 like Mac OS X) AppleWebKit/605.1.15 (KHTML, like Gecko) Version/17.1 Mobile/15E148 Safari/604.1"
172.71.24.74 - - [11/Jan/2026:02:40:33 +0300] "GET /wp-includes/fonts HTTP/1.0" 404 457 "https://www.bing.com/" "Mozilla/5.0 (iPad; CPU OS 16_7_2 like Mac OS X) AppleWebKit/605.1.15 (KHTML, like Gecko) Version/16.6 Mobile/15E148 Safari/604.1"
172.71.24.74 - - [11/Jan/2026:02:40:33 +0300] "GET /wso.php HTTP/1.0" 404 457 "https://www.google.fr/" "Mozilla/5.0 (Linux; Android 12; V2134) AppleWebKit/537.36 (KHTML, like Gecko) Chrome/116.0.0.0 Mobile Safari/537.36"
172.71.24.74 - - [11/Jan/2026:02:40:33 +0300] "GET /num.php HTTP/1.0" 404 457 "https://www.google.fr/" "Mozilla/5.g (Linux; Android 13; Pixel 7) AppleWebKit/537.36 (KHTML, like Gecko) Chrome/116.0.0.0 Mobile Safari/537.36"
172.71.24.74 - - [11/Jan/2026:02:40:34 +0300] "GET /wp-content/plugins/shell/index.php HTTP/1.0" 404 457 "https://www.google.de/" "Mozilla/5.0 (Linux; Android 13; SM-S908E) AppleWebKit/537.36 (KHTML, like Gecko) Chrome/116.0.0.0 Mobile Safari/537.36"
172.71.24.74 - - [11/Jan/2026:02:40:34 +0300] "GET /as.php HTTP/1.0" 404 457 "https://www.google.de/" "Mozilla/5.0 (iPad; CPU OS 16_7_2 like Mac OS X) AppleWebKit/605.1.15 (KHTML, like Gecko) Version/16.6 Mobile/15E148 Safari/604.1"
172.71.24.74 - - [11/Jan/2026:02:40:35 +0300] "GET /wp-admin/js HTTP/1.0" 404 457 "https://www.google.fr/" "Mozilla/5.0 (iPhone; CPU iPhone OS 17_1 like Mac OS X) AppleWebKit/605.1.15 (KHTML, like Gecko) CriOS/119.0.6045.109 Mobile/15E148 Safari/604.1"
172.71.24.74 - - [11/Jan/2026:02:40:35 +0300] "GET /wp-content/plugins/wp-help/admin/wp-fclass.php HTTP/1.0" 404 457 "https://www.google.fr/" "Mozilla/5.0 (iPad; CPU OS 17_0_3 like Mac OS X) AppleWebKit/605.1.15 (KHTML, like Gecko) Version/17.0.1 Mobile/15E148 Safari/604.1"
172.71.24.74 - - [11/Jan/2026:02:40:35 +0300] "GET /wp-admin/includes HTTP/1.0" 404 457 "https://www.google.co.uk/" "Mozilla/5.0 (iPhone; CPU iPhone OS 17_1 like Mac OS X) AppleWebKit/605.1.15 (KHTML, like Gecko) CriOS/119.0.6045.109 Mobile/15E148 Safari/604.1"
172.71.24.74 - - [11/Jan/2026:02:40:36 +0300] "GET /fonts/index.php HTTP/1.0" 404 457 "https://www.google.fr/" "Mozilla/5.0 (Linux; Android 13; SM-G991U) AppleWebKit/537.36 (KHTML, like Gecko) Chrome/117.0.0.0 Mobile Safari/537.36"
172.71.24.74 - - [11/Jan/2026:02:40:36 +0300] "GET /new.php HTTP/1.0" 404 457 "https://duckduckgo.com/" "Mozilla/5.0 (Linux; Android 14; Pixel 8 Pro) AppleWebKit/537.36 (KHTML, like Gecko) Chrome/119.0.0.0 Mobile Safari/537.36"
172.71.24.74 - - [11/Jan/2026:02:40:36 +0300] "GET /text.php HTTP/1.0" 404 457 "https://www.google.com/" "Mozilla/5.0 (Linux; Android 14; Pixel 8 Pro) AppleWebKit/537.36 (KHTML, like Gecko) Chrome/119.0.0.0 Mobile Safari/537.36"
172.71.24.74 - - [11/Jan/2026:02:40:36 +0300] "GET /baxa1.php HTTP/1.0" 404 457 "https://www.google.de/" "Mozilla/5.0 (Linux; Android 12; V2134) AppleWebKit/537.36 (KHTML, like Gecko) Chrome/116.0.0.0 Mobile Safari/537.36"
172.71.24.74 - - [11/Jan/2026:02:40:37 +0300] "GET /wp-admin/images/about.php HTTP/1.0" 404 457 "https://www.yahoo.com/" "Mozilla/5.0 (Linux; Android 11; 21081111RG) AppleWebKit/537.36 (KHTML, like Gecko) Chrome/116.0.0.0 Mobile Safari/537.36"
172.71.24.74 - - [11/Jan/2026:02:40:37 +0300] "GET /wp-admin/network/index.php HTTP/1.0" 404 457 "https://www.google.fr/" "Mozilla/5.0 (iPhone; CPU iPhone OS 15_7_9 like Mac OS X) AppleWebKit/605.1.15 (KHTML, like Gecko) Version/15.6.5 Mobile/15E148 Safari/604.1"
172.71.24.74 - - [11/Jan/2026:02:40:37 +0300] "GET /elp.php HTTP/1.0" 404 457 "https://www.yahoo.com/" "Mozilla/5.0 (Linux; Android 13; SM-G991U) AppleWebKit/537.36 (KHTML, like Gecko) Chrome/117.0.0.0 Mobile Safari/537.36"
172.71.24.74 - - [11/Jan/2026:02:40:38 +0300] "GET /wp-atom.php HTTP/1.0" 404 457 "https://duckduckgo.com/" "Mozilla/5.0 (Linux; Android 14; Pixel 8 Pro) AppleWebKit/537.36 (KHTML, like Gecko) Chrome/119.0.0.0 Mobile Safari/537.36"
172.71.24.74 - - [11/Jan/2026:02:40:38 +0300] "GET /wp-includes/ID3 HTTP/1.0" 404 457 "https://www.google.fr/" "Mozilla/5.0 (iPad; CPU OS 17_0_3 like Mac OS X) AppleWebKit/605.1.15 (KHTML, like Gecko) Version/17.0.1 Mobile/15E148 Safari/604.1"
172.71.24.74 - - [11/Jan/2026:02:40:38 +0300] "GET /wp-content/plugins/fix/up.php HTTP/1.0" 404 457 "https://www.google.de/" "Mozilla/5.0 (iPhone; CPU iPhone OS 17_1_1 like Mac OS X) AppleWebKit/605.1.15 (KHTML, like Gecko) Version/17.1 Mobile/15E148 Safari/604.1"
172.71.24.74 - - [11/Jan/2026:02:40:39 +0300] "GET /admin/function.php HTTP/1.0" 404 457 "https://duckduckgo.com/" "Mozilla/5.0 (Linux; Android 10; K) AppleWebKit/537.36 (KHTML, like Gecko) Chrome/117.0.0.0 Mobile Safari/537.36"
172.71.24.74 - - [11/Jan/2026:02:40:39 +0300] "GET /wp-admin/index.php HTTP/1.0" 404 457 "https://www.google.fr/" "Mozilla/5.0 (Linux; Android 12; V2134) AppleWebKit/537.36 (KHTML, like Gecko) Chrome/116.0.0.0 Mobile Safari/537.36"
172.71.24.74 - - [11/Jan/2026:02:40:39 +0300] "GET /wp-admin/js/widgets HTTP/1.0" 404 457 "https://www.yahoo.com/" "Mozilla/5.0 (iPhone; CPU iPhone OS 17_0_3 like Mac OS X) AppleWebKit/605.1.15 (KHTML, like Gecko) Version/17.0.1 Mobile/15E148 Safari/604.1"
172.71.24.74 - - [11/Jan/2026:02:40:39 +0300] "GET /.well-known HTTP/1.0" 404 457 "https://www.google.fr/" "Mozilla/5.g (Linux; Android 13; Pixel 7) AppleWebKit/537.36 (KHTML, like Gecko) Chrome/116.0.0.0 Mobile Safari/537.36"
172.71.24.74 - - [11/Jan/2026:02:40:40 +0300] "GET /.well-known/gecko-litespeed.php HTTP/1.0" 404 457 "https://www.google.de/" "Mozilla/5.0 (Linux; Android 11; CPH2251) AppleWebKit/537.36 (KHTML, like Gecko) Chrome/116.0.0.0 Mobile Safari/537.36"
172.71.24.74 - - [11/Jan/2026:02:40:40 +0300] "GET /wp-admin/images/wp-login.php HTTP/1.0" 404 457 "https://www.google.fr/" "Mozilla/5.0 (Linux; Android 11; 21081111RG) AppleWebKit/537.36 (KHTML, like Gecko) Chrome/116.0.0.0 Mobile Safari/537.36"
172.71.24.74 - - [11/Jan/2026:02:40:40 +0300] "GET /wp-admin/images/admin.php HTTP/1.0" 404 457 "https://duckduckgo.com/" "Mozilla/5.g (Linux; Android 13; Pixel 7) AppleWebKit/537.36 (KHTML, like Gecko) Chrome/116.0.0.0 Mobile Safari/537.36"
172.71.24.74 - - [11/Jan/2026:02:40:41 +0300] "GET /wp-includes/ID3/wp-login.php HTTP/1.0" 404 457 "https://www.yahoo.com/" "Mozilla/5.0 (Linux; Android 12; 2201116SG) AppleWebKit/537.36 (KHTML, like Gecko) Chrome/116.0.0.0 Mobile Safari/537.36"
172.71.24.74 - - [11/Jan/2026:02:40:41 +0300] "GET /item.php HTTP/1.0" 404 457 "https://www.bing.com/" "Mozilla/5.0 (iPhone; CPU iPhone OS 17_1_1 like Mac OS X) AppleWebKit/605.1.15 (KHTML, like Gecko) Version/17.1 Mobile/15E148 Safari/604.1"
172.71.24.74 - - [11/Jan/2026:02:40:41 +0300] "GET /akcc.php HTTP/1.0" 404 457 "https://www.yahoo.com/" "Mozilla/5.0 (iPhone; CPU iPhone OS 15_7_9 like Mac OS X) AppleWebKit/605.1.15 (KHTML, like Gecko) Version/15.6.5 Mobile/15E148 Safari/604.1"
172.71.24.74 - - [11/Jan/2026:02:40:42 +0300] "GET /autoload_classmap/function.php HTTP/1.0" 404 457 "https://www.yahoo.com/" "Mozilla/5.0 (Linux; Android 12; 2201116SG) AppleWebKit/537.36 (KHTML, like Gecko) Chrome/116.0.0.0 Mobile Safari/537.36"
172.71.24.74 - - [11/Jan/2026:02:40:42 +0300] "GET /wp-admin/css.php HTTP/1.0" 404 457 "https://www.google.co.uk/" "Mozilla/5.0 (Linux; Android 10; LM-Q720) AppleWebKit/537.36 (KHTML, like Gecko) Chrome/116.0.0.0 Mobile Safari/537.36"
172.71.24.74 - - [11/Jan/2026:02:40:42 +0300] "GET /222.php HTTP/1.0" 404 457 "https://www.google.com/" "Mozilla/5.0 (iPhone; CPU iPhone OS 15_7_9 like Mac OS X) AppleWebKit/605.1.15 (KHTML, like Gecko) Version/15.6.5 Mobile/15E148 Safari/604.1"
172.71.24.74 - - [11/Jan/2026:02:40:43 +0300] "GET /wp-content/plugins/erinyani/baxa1.php HTTP/1.0" 404 457 "https://duckduckgo.com/" "Mozilla/5.0 (Linux; Android 12; V2134) AppleWebKit/537.36 (KHTML, like Gecko) Chrome/116.0.0.0 Mobile Safari/537.36"
172.71.24.74 - - [11/Jan/2026:02:40:43 +0300] "GET /wp-error.php HTTP/1.0" 404 457 "https://www.google.com/" "Mozilla/5.0 (Linux; Android 14; Pixel 8 Pro) AppleWebKit/537.36 (KHTML, like Gecko) Chrome/119.0.0.0 Mobile Safari/537.36"
172.71.24.74 - - [11/Jan/2026:02:40:43 +0300] "GET /shell.php HTTP/1.0" 404 457 "https://www.bing.com/" "Mozilla/5.0 (iPad; CPU OS 17_0_3 like Mac OS X) AppleWebKit/605.1.15 (KHTML, like Gecko) Version/17.0.1 Mobile/15E148 Safari/604.1"
172.71.24.74 - - [11/Jan/2026:02:40:43 +0300] "GET /wp-content/plugins/core-plugin/include.php HTTP/1.0" 404 457 "https://www.google.com/" "Mozilla/5.0 (Linux; Android 13; SM-S908E) AppleWebKit/537.36 (KHTML, like Gecko) Chrome/116.0.0.0 Mobile Safari/537.36"
172.71.24.74 - - [11/Jan/2026:02:40:44 +0300] "GET /assets HTTP/1.0" 301 549 "https://www.google.de/" "Mozilla/5.0 (Linux; Android 10; K) AppleWebKit/537.36 (KHTML, like Gecko) Chrome/117.0.0.0 Mobile Safari/537.36"
172.71.24.74 - - [11/Jan/2026:02:40:44 +0300] "GET /class.php HTTP/1.0" 404 457 "https://duckduckgo.com/" "Mozilla/5.0 (iPad; CPU OS 17_0_3 like Mac OS X) AppleWebKit/605.1.15 (KHTML, like Gecko) Version/17.0.1 Mobile/15E148 Safari/604.1"
172.71.24.74 - - [11/Jan/2026:02:40:44 +0300] "GET /ioxi002.PhP7 HTTP/1.0" 404 457 "https://duckduckgo.com/" "Mozilla/5.0 (iPhone; CPU iPhone OS 15_7_9 like Mac OS X) AppleWebKit/605.1.15 (KHTML, like Gecko) Version/15.6.5 Mobile/15E148 Safari/604.1"
172.71.24.74 - - [11/Jan/2026:02:40:45 +0300] "GET /wp-admin/maint HTTP/1.0" 404 457 "https://www.yahoo.com/" "Mozilla/5.0 (Linux; Android 13; M2101K6G) AppleWebKit/537.36 (KHTML, like Gecko) Chrome/116.0.0.0 Mobile Safari/537.36"
172.71.24.74 - - [11/Jan/2026:02:40:45 +0300] "GET /wp-includes/assets/index.php HTTP/1.0" 404 457 "https://www.bing.com/" "Mozilla/5.0 (iPhone; CPU iPhone OS 16_0 like Mac OS X) AppleWebKit/605.1.15 (KHTML, like Gecko) FxiOS/118.0 Mobile/15E148 Safari/605.1.15"
172.71.24.74 - - [11/Jan/2026:02:40:45 +0300] "GET /wp-links.php HTTP/1.0" 404 457 "https://duckduckgo.com/" "Mozilla/5.0 (iPad; CPU OS 17_0_3 like Mac OS X) AppleWebKit/605.1.15 (KHTML, like Gecko) Version/17.0.1 Mobile/15E148 Safari/604.1"
172.71.24.74 - - [11/Jan/2026:02:40:46 +0300] "GET /nf_tracking.php HTTP/1.0" 404 457 "https://www.yahoo.com/" "Mozilla/5.0 (Linux; Android 10; LM-Q720) AppleWebKit/537.36 (KHTML, like Gecko) Chrome/116.0.0.0 Mobile Safari/537.36"
172.70.208.72 - - [11/Jan/2026:02:40:55 +0300] "GET /9nuvs0vlc/ip-man-3-full-movie-in-hindi-filmyzilla.html HTTP/1.0" 404 457 "http://eldoct.ru/cdfb/victor-regulator-repair-kits.html" "Mozilla/5.0 (Linux; Android 7.0;) AppleWebKit/537.36 (KHTML, like Gecko) Mobile Safari/537.36 (compatible; PetalBot;+https://webmaster.petalsearch.com/site/petalbot)"
104.23.213.174 - - [11/Jan/2026:02:41:05 +0300] "GET /?k=00745280623100 HTTP/1.0" 200 4783 "-" "Mozilla/5.0 (compatible; SemrushBot/7~bl; +http://www.semrush.com/bot.html)"
104.23.211.220 - - [11/Jan/2026:02:41:12 +0300] "GET /?k=15022185637406 HTTP/1.0" 200 4783 "-" "Mozilla/5.0 (compatible; SemrushBot/7~bl; +http://www.semrush.com/bot.html)"
172.71.151.158 - - [11/Jan/2026:02:41:15 +0300] "GET /?k=40289145106704 HTTP/1.0" 200 6074 "-" "Mozilla/5.0 (Linux; Android 6.0.1; Nexus 5X Build/MMB29P) AppleWebKit/537.36 (KHTML, like Gecko) Chrome/143.0.7499.192 Mobile Safari/537.36 (compatible; Googlebot/2.1; +http://www.google.com/bot.html)"
104.23.213.100 - - [11/Jan/2026:02:41:28 +0300] "GET /?k=77607115241902 HTTP/1.0" 200 4783 "-" "Mozilla/5.0 (compatible; SemrushBot/7~bl; +http://www.semrush.com/bot.html)"
172.71.223.67 - - [11/Jan/2026:02:41:49 +0300] "GET /?k=0924055670904 HTTP/1.0" 200 4783 "-" "Mozilla/5.0 (compatible; SemrushBot/7~bl; +http://www.semrush.com/bot.html)"
172.70.34.26 - - [11/Jan/2026:02:42:01 +0300] "GET /?k=7384020011500 HTTP/1.0" 200 4783 "-" "Mozilla/5.0 (compatible; SemrushBot/7~bl; +http://www.semrush.com/bot.html)"
172.71.151.158 - - [11/Jan/2026:02:42:15 +0300] "GET /?k=4399170028809 HTTP/1.0" 200 6157 "-" "Mozilla/5.0 (Linux; Android 6.0.1; Nexus 5X Build/MMB29P) AppleWebKit/537.36 (KHTML, like Gecko) Chrome/143.0.7499.192 Mobile Safari/537.36 (compatible; Googlebot/2.1; +http://www.google.com/bot.html)"
104.23.209.123 - - [11/Jan/2026:02:43:53 +0300] "GET /?k=649948154901 HTTP/1.0" 200 4783 "-" "Mozilla/5.0 (compatible; SemrushBot/7~bl; +http://www.semrush.com/bot.html)"
172.71.82.13 - - [11/Jan/2026:02:44:37 +0300] "GET /advtru/starbursts-around-lights-normal.html HTTP/1.0" 404 457 "https://test.atletika24.ru/pn5tk/2uz-fe-knocking-when-cold.html" "Mozilla/5.0 (Linux; Android 7.0;) AppleWebKit/537.36 (KHTML, like Gecko) Mobile Safari/537.36 (compatible; PetalBot;+https://webmaster.petalsearch.com/site/petalbot)"
162.158.78.166 - - [11/Jan/2026:02:45:19 +0300] "GET /?k=78983242317300 HTTP/1.0" 200 4783 "-" "Mozilla/5.0 (compatible; SemrushBot/7~bl; +http://www.semrush.com/bot.html)"
172.71.194.233 - - [11/Jan/2026:02:45:31 +0300] "GET /?k=63757228731602 HTTP/1.0" 200 4783 "-" "Mozilla/5.0 (compatible; SemrushBot/7~bl; +http://www.semrush.com/bot.html)"
172.71.223.67 - - [11/Jan/2026:02:45:37 +0300] "GET /?k=96040219749203 HTTP/1.0" 200 4783 "-" "Mozilla/5.0 (compatible; SemrushBot/7~bl; +http://www.semrush.com/bot.html)"
108.162.226.197 - - [11/Jan/2026:02:45:58 +0300] "GET /advtru/panasonic-ev-battery-manufacturing-locations.html HTTP/1.0" 404 457 "https://opsk24.ru/zh6i/nico-robin-transformation.html" "Mozilla/5.0 (Linux; Android 7.0;) AppleWebKit/537.36 (KHTML, like Gecko) Mobile Safari/537.36 (compatible; PetalBot;+https://webmaster.petalsearch.com/site/petalbot)"
172.71.190.33 - - [11/Jan/2026:02:46:24 +0300] "GET /?k=92751120395700 HTTP/1.0" 200 4783 "-" "Mozilla/5.0 (compatible; SemrushBot/7~bl; +http://www.semrush.com/bot.html)"
172.70.189.79 - - [11/Jan/2026:02:47:23 +0300] "GET /advtru/patreon-downloader-online.html HTTP/1.0" 404 457 "https://temmoroz.ru/4ymzp/interview-questions-for-employee-engagement-manager.html" "Mozilla/5.0 (Linux; Android 7.0;) AppleWebKit/537.36 (KHTML, like Gecko) Mobile Safari/537.36 (compatible; PetalBot;+https://webmaster.petalsearch.com/site/petalbot)"
172.70.43.140 - - [11/Jan/2026:02:47:29 +0300] "GET /?k=8710639148504 HTTP/1.0" 200 4783 "-" "Mozilla/5.0 (compatible; SemrushBot/7~bl; +http://www.semrush.com/bot.html)"
104.23.211.221 - - [11/Jan/2026:02:47:47 +0300] "GET /?k=80040208761804 HTTP/1.0" 200 4783 "-" "Mozilla/5.0 (compatible; SemrushBot/7~bl; +http://www.semrush.com/bot.html)"
172.70.43.140 - - [11/Jan/2026:02:47:50 +0300] "GET /?k=67333132697900 HTTP/1.0" 200 4783 "-" "Mozilla/5.0 (compatible; SemrushBot/7~bl; +http://www.semrush.com/bot.html)"
104.23.175.170 - - [11/Jan/2026:02:48:47 +0300] "GET /advtru/ai-create-3d-from-2d.html HTTP/1.0" 404 457 "https://atomcult.ru/oj0za/who-are-the-celts-descended-from.html" "Mozilla/5.0 (Linux; Android 7.0;) AppleWebKit/537.36 (KHTML, like Gecko) Mobile Safari/537.36 (compatible; PetalBot;+https://webmaster.petalsearch.com/site/petalbot)"
104.23.209.115 - - [11/Jan/2026:02:49:23 +0300] "GET /?k=31240109230500 HTTP/1.0" 200 4783 "-" "Mozilla/5.0 (compatible; SemrushBot/7~bl; +http://www.semrush.com/bot.html)"
172.71.223.67 - - [11/Jan/2026:02:49:46 +0300] "GET /?k=8648040622101 HTTP/1.0" 200 4783 "-" "Mozilla/5.0 (compatible; SemrushBot/7~bl; +http://www.semrush.com/bot.html)"
162.158.182.177 - - [11/Jan/2026:02:49:48 +0300] "GET /?k=1387920216500 HTTP/1.0" 200 4783 "-" "Mozilla/5.0 (compatible; SemrushBot/7~bl; +http://www.semrush.com/bot.html)"
172.71.190.208 - - [11/Jan/2026:02:50:05 +0300] "GET /?k=7182349178103 HTTP/1.0" 200 4783 "-" "Mozilla/5.0 (compatible; SemrushBot/7~bl; +http://www.semrush.com/bot.html)"
