Your IP : 172.69.214.232


Current Path : /var/www/element/data/logs/
Upload File :
Current File : /var/www/element/data/logs/anuha.ru.access.log

172.68.150.116 - - [10/Jan/2026:00:05:38 +0300] "GET /wp-content/js181387/edit.php HTTP/1.0" 404 450 "https://anuha.ru/wp-content/js181387/edit.php" "Mozilla/5.0 (Windows NT 10.0; Win64; x64) AppleWebKit/537.36 (KHTML, like Gecko) Chrome/58.0.3029.110 Safari/537.3"
162.158.210.71 - - [10/Jan/2026:00:07:31 +0300] "GET /public_html.tar.gz HTTP/1.0" 404 450 "-" "Mozilla/5.0 (Windows NT 10.0; Win64; x64) AppleWebKit/537.36 (KHTML, like Gecko) Chrome/101.0.4951.67 Safari/537.36"
104.22.1.149 - - [10/Jan/2026:00:08:01 +0300] "GET /?ID=2797.html HTTP/1.0" 200 859 "-" "Mozilla/5.0 (Linux; Android 6.0.1; Nexus 5X Build/MMB29P) AppleWebKit/537.36 (KHTML, like Gecko) Chrome/143.0.7499.169 Mobile Safari/537.36 (compatible; GoogleOther)"
172.68.150.117 - - [10/Jan/2026:00:18:28 +0300] "GET /wp-content/js181387/edit.php HTTP/1.0" 404 450 "https://anuha.ru/wp-content/js181387/edit.php" "Mozilla/5.0 (Windows NT 10.0; Win64; x64) AppleWebKit/537.36 (KHTML, like Gecko) Chrome/58.0.3029.110 Safari/537.3"
172.71.23.156 - - [10/Jan/2026:00:20:31 +0300] "GET /?ID=2938.html HTTP/1.0" 200 859 "-" "Mozilla/5.0 (Linux; Android 6.0.1; Nexus 5X Build/MMB29P) AppleWebKit/537.36 (KHTML, like Gecko) Chrome/143.0.7499.169 Mobile Safari/537.36 (compatible; GoogleOther)"
172.68.150.116 - - [10/Jan/2026:00:27:32 +0300] "GET /wp-content/js181387/edit.php HTTP/1.0" 404 450 "https://anuha.ru/wp-content/js181387/edit.php" "Mozilla/5.0 (Windows NT 10.0; Win64; x64) AppleWebKit/537.36 (KHTML, like Gecko) Chrome/58.0.3029.110 Safari/537.3"
104.22.1.149 - - [10/Jan/2026:00:33:01 +0300] "GET /?ID=1121.html HTTP/1.0" 200 859 "-" "Mozilla/5.0 (Linux; Android 6.0.1; Nexus 5X Build/MMB29P) AppleWebKit/537.36 (KHTML, like Gecko) Chrome/143.0.7499.169 Mobile Safari/537.36 (compatible; GoogleOther)"
104.22.1.149 - - [10/Jan/2026:00:33:03 +0300] "GET /?ID=1524.html HTTP/1.0" 200 859 "-" "Mozilla/5.0 (Linux; Android 6.0.1; Nexus 5X Build/MMB29P) AppleWebKit/537.36 (KHTML, like Gecko) Chrome/143.0.7499.169 Mobile Safari/537.36 (compatible; GoogleOther)"
172.70.176.115 - - [10/Jan/2026:00:38:02 +0300] "GET /wp-content/js181387/edit.php HTTP/1.0" 404 450 "https://anuha.ru/wp-content/js181387/edit.php" "Mozilla/5.0 (Windows NT 10.0; Win64; x64) AppleWebKit/537.36 (KHTML, like Gecko) Chrome/58.0.3029.110 Safari/537.3"
172.64.200.40 - - [10/Jan/2026:00:39:22 +0300] "GET /index.php/jk HTTP/1.0" 200 859 "-" "Mozilla/5.0 (iPhone; CPU iPhone OS 12_3 like Mac OS X) AppleWebKit/605.1.15 (KHTML, like Gecko) Version/12.0.4 Mobile/15E148 Safari/604.1"
172.68.150.117 - - [10/Jan/2026:00:48:18 +0300] "GET /wp-content/js181387/edit.php HTTP/1.0" 404 450 "https://anuha.ru/wp-content/js181387/edit.php" "Mozilla/5.0 (Windows NT 10.0; Win64; x64) AppleWebKit/537.36 (KHTML, like Gecko) Chrome/58.0.3029.110 Safari/537.3"
104.22.24.89 - - [10/Jan/2026:00:58:01 +0300] "GET /?ID=3900.html HTTP/1.0" 200 859 "-" "Mozilla/5.0 (Linux; Android 6.0.1; Nexus 5X Build/MMB29P) AppleWebKit/537.36 (KHTML, like Gecko) Chrome/143.0.7499.169 Mobile Safari/537.36 (compatible; GoogleOther)"
172.68.151.87 - - [10/Jan/2026:01:02:42 +0300] "GET / HTTP/1.0" 200 859 "-" "t3versionsBot/1.1; +https://www.t3versions.com/bot"
172.71.30.31 - - [10/Jan/2026:01:02:53 +0300] "GET /?product/Q195?a=search&l=46221 HTTP/1.0" 200 859 "-" "Mozilla/5.0 (X11; Linux x86_64) AppleWebKit/537.36 (KHTML, like Gecko) Chrome/143.0.7499.169 Safari/537.36"
104.22.1.191 - - [10/Jan/2026:01:02:54 +0300] "GET /prisma.jpg HTTP/1.1" 304 0 "https://anuha.ru/?product/Q195?a=search&l=46221" "Mozilla/5.0 (X11; Linux x86_64) AppleWebKit/537.36 (KHTML, like Gecko) Chrome/143.0.7499.169 Safari/537.36"
108.162.237.66 - - [10/Jan/2026:01:02:55 +0300] "GET /anutka.mp4 HTTP/1.0" 304 147 "https://anuha.ru/?product/Q195?a=search&l=46221" "Mozilla/5.0 (X11; Linux x86_64) AppleWebKit/537.36 (KHTML, like Gecko) Chrome/143.0.7499.169 Safari/537.36"
104.23.168.103 - - [10/Jan/2026:01:07:02 +0300] "GET /wp-content/js181387/edit.php HTTP/1.0" 404 450 "https://anuha.ru/wp-content/js181387/edit.php" "Mozilla/5.0 (Windows NT 10.0; Win64; x64) AppleWebKit/537.36 (KHTML, like Gecko) Chrome/58.0.3029.110 Safari/537.3"
172.71.31.78 - - [10/Jan/2026:01:11:02 +0300] "GET /?ID=2215.html HTTP/1.0" 200 859 "-" "Mozilla/5.0 (Linux; Android 6.0.1; Nexus 5X Build/MMB29P) AppleWebKit/537.36 (KHTML, like Gecko) Chrome/143.0.7499.169 Mobile Safari/537.36 (compatible; GoogleOther)"
104.23.223.91 - - [10/Jan/2026:01:13:00 +0300] "GET /products/67ul15106 HTTP/1.0" 404 450 "-" "Mozilla/5.0 (Linux; Android 6.0.1; Nexus 5X Build/MMB29P) AppleWebKit/537.36 (KHTML, like Gecko) Chrome/143.0.7499.169 Mobile Safari/537.36 (compatible; Googlebot/2.1; +http://www.google.com/bot.html)"
172.71.31.77 - - [10/Jan/2026:01:15:01 +0300] "GET / HTTP/1.0" 200 19289 "-" "Mozilla/5.0 (Linux; Android 6.0.1; Nexus 5X Build/MMB29P) AppleWebKit/537.36 (KHTML, like Gecko) Chrome/143.0.7499.169 Mobile Safari/537.36 (compatible; Googlebot/2.1; +http://www.google.com/bot.html)"
172.68.150.116 - - [10/Jan/2026:01:16:05 +0300] "GET /wp-content/js181387/edit.php HTTP/1.0" 404 450 "https://anuha.ru/wp-content/js181387/edit.php" "Mozilla/5.0 (Windows NT 10.0; Win64; x64) AppleWebKit/537.36 (KHTML, like Gecko) Chrome/58.0.3029.110 Safari/537.3"
172.71.22.151 - - [10/Jan/2026:01:19:58 +0300] "GET /?product/Q195?a=search&l=46221 HTTP/1.0" 200 859 "-" "Mozilla/5.0 (X11; Linux x86_64) AppleWebKit/537.36 (KHTML, like Gecko) Chrome/143.0.7499.169 Safari/537.36"
172.68.150.116 - - [10/Jan/2026:01:25:04 +0300] "GET /wp-content/js181387/edit.php HTTP/1.0" 404 450 "https://anuha.ru/wp-content/js181387/edit.php" "Mozilla/5.0 (Windows NT 10.0; Win64; x64) AppleWebKit/537.36 (KHTML, like Gecko) Chrome/58.0.3029.110 Safari/537.3"
172.68.150.117 - - [10/Jan/2026:01:34:35 +0300] "GET /wp-content/js181387/edit.php HTTP/1.0" 404 450 "https://anuha.ru/wp-content/js181387/edit.php" "Mozilla/5.0 (Windows NT 10.0; Win64; x64) AppleWebKit/537.36 (KHTML, like Gecko) Chrome/58.0.3029.110 Safari/537.3"
172.68.150.117 - - [10/Jan/2026:01:45:06 +0300] "GET /wp-content/js181387/edit.php HTTP/1.0" 404 450 "https://anuha.ru/wp-content/js181387/edit.php" "Mozilla/5.0 (Windows NT 10.0; Win64; x64) AppleWebKit/537.36 (KHTML, like Gecko) Chrome/58.0.3029.110 Safari/537.3"
162.158.108.158 - - [10/Jan/2026:01:50:23 +0300] "GET /.env HTTP/1.0" 404 450 "-" "-"
172.71.31.77 - - [10/Jan/2026:01:52:31 +0300] "GET /?ID=3921.html HTTP/1.0" 200 49746 "-" "Mozilla/5.0 (Linux; Android 6.0.1; Nexus 5X Build/MMB29P) AppleWebKit/537.36 (KHTML, like Gecko) Chrome/143.0.7499.169 Mobile Safari/537.36 (compatible; Googlebot/2.1; +http://www.google.com/bot.html)"
172.69.71.177 - - [10/Jan/2026:01:55:02 +0300] "GET /?ID=4758.html HTTP/1.0" 200 859 "-" "Mozilla/5.0 (Linux; Android 6.0.1; Nexus 5X Build/MMB29P) AppleWebKit/537.36 (KHTML, like Gecko) Chrome/143.0.7499.169 Mobile Safari/537.36 (compatible; GoogleOther)"
172.68.150.116 - - [10/Jan/2026:01:55:06 +0300] "GET /wp-content/js181387/edit.php HTTP/1.0" 404 450 "https://anuha.ru/wp-content/js181387/edit.php" "Mozilla/5.0 (Windows NT 10.0; Win64; x64) AppleWebKit/537.36 (KHTML, like Gecko) Chrome/58.0.3029.110 Safari/537.3"
172.68.150.117 - - [10/Jan/2026:02:04:20 +0300] "GET /wp-content/js181387/edit.php HTTP/1.0" 404 450 "https://anuha.ru/wp-content/js181387/edit.php" "Mozilla/5.0 (Windows NT 10.0; Win64; x64) AppleWebKit/537.36 (KHTML, like Gecko) Chrome/58.0.3029.110 Safari/537.3"
162.158.210.108 - - [10/Jan/2026:02:05:29 +0300] "GET /bitrix.tar.gz HTTP/1.0" 404 450 "-" "Mozilla/5.0 (Windows NT 10.0; Win64; x64) AppleWebKit/537.36 (KHTML, like Gecko) Chrome/101.0.4951.67 Safari/537.36"
172.69.109.186 - - [10/Jan/2026:02:07:36 +0300] "HEAD / HTTP/1.0" 200 259 "-" "quic-go-HTTP/3"
172.68.150.117 - - [10/Jan/2026:02:14:59 +0300] "GET /wp-content/js181387/edit.php HTTP/1.0" 404 450 "https://anuha.ru/wp-content/js181387/edit.php" "Mozilla/5.0 (Windows NT 10.0; Win64; x64) AppleWebKit/537.36 (KHTML, like Gecko) Chrome/58.0.3029.110 Safari/537.3"
172.71.31.78 - - [10/Jan/2026:02:18:01 +0300] "GET /?GameID=3709.html HTTP/1.0" 200 49334 "-" "Mozilla/5.0 (Linux; Android 6.0.1; Nexus 5X Build/MMB29P) AppleWebKit/537.36 (KHTML, like Gecko) Chrome/143.0.7499.169 Mobile Safari/537.36 (compatible; Googlebot/2.1; +http://www.google.com/bot.html)"
172.71.31.78 - - [10/Jan/2026:02:18:06 +0300] "POST /mod_pagespeed_beacon?url=http%3A%2F%2Fnoiseaware.com%2Fkorentest.html HTTP/1.0" 404 454 "https://www.anuha.ru/?GameID=3709.html" "Mozilla/5.0 (Linux; Android 6.0.1; Nexus 5X Build/MMB29P) AppleWebKit/537.36 (KHTML, like Gecko) Chrome/143.0.7499.169 Mobile Safari/537.36 (compatible; Googlebot/2.1; +http://www.google.com/bot.html)"
172.68.150.116 - - [10/Jan/2026:02:24:43 +0300] "GET /wp-content/js181387/edit.php HTTP/1.0" 404 450 "https://anuha.ru/wp-content/js181387/edit.php" "Mozilla/5.0 (Windows NT 10.0; Win64; x64) AppleWebKit/537.36 (KHTML, like Gecko) Chrome/58.0.3029.110 Safari/537.3"
172.71.30.31 - - [10/Jan/2026:02:28:01 +0300] "GET /products/14fo4319 HTTP/1.0" 404 450 "-" "Mozilla/5.0 (Linux; Android 6.0.1; Nexus 5X Build/MMB29P) AppleWebKit/537.36 (KHTML, like Gecko) Chrome/143.0.7499.169 Mobile Safari/537.36 (compatible; Googlebot/2.1; +http://www.google.com/bot.html)"
172.68.150.117 - - [10/Jan/2026:02:35:04 +0300] "GET /wp-content/js181387/edit.php HTTP/1.0" 404 450 "https://anuha.ru/wp-content/js181387/edit.php" "Mozilla/5.0 (Windows NT 10.0; Win64; x64) AppleWebKit/537.36 (KHTML, like Gecko) Chrome/58.0.3029.110 Safari/537.3"
172.71.23.155 - - [10/Jan/2026:02:39:57 +0300] "GET /?ID=1878.html HTTP/1.0" 200 49306 "-" "Mozilla/5.0 (Linux; Android 6.0.1; Nexus 5X Build/MMB29P) AppleWebKit/537.36 (KHTML, like Gecko) Chrome/143.0.7499.169 Mobile Safari/537.36 (compatible; Googlebot/2.1; +http://www.google.com/bot.html)"
172.68.150.116 - - [10/Jan/2026:02:45:03 +0300] "GET /wp-content/js181387/edit.php HTTP/1.0" 404 450 "https://anuha.ru/wp-content/js181387/edit.php" "Mozilla/5.0 (Windows NT 10.0; Win64; x64) AppleWebKit/537.36 (KHTML, like Gecko) Chrome/58.0.3029.110 Safari/537.3"
172.68.150.116 - - [10/Jan/2026:02:55:23 +0300] "GET /wp-content/js181387/edit.php HTTP/1.0" 404 450 "https://anuha.ru/wp-content/js181387/edit.php" "Mozilla/5.0 (Windows NT 10.0; Win64; x64) AppleWebKit/537.36 (KHTML, like Gecko) Chrome/58.0.3029.110 Safari/537.3"
172.71.31.78 - - [10/Jan/2026:03:03:01 +0300] "GET /?ID=3994.html HTTP/1.0" 200 859 "-" "Mozilla/5.0 (Linux; Android 6.0.1; Nexus 5X Build/MMB29P) AppleWebKit/537.36 (KHTML, like Gecko) Chrome/143.0.7499.169 Mobile Safari/537.36 (compatible; GoogleOther)"
172.68.150.116 - - [10/Jan/2026:03:03:58 +0300] "GET /wp-content/js181387/edit.php HTTP/1.0" 404 450 "https://anuha.ru/wp-content/js181387/edit.php" "Mozilla/5.0 (Windows NT 10.0; Win64; x64) AppleWebKit/537.36 (KHTML, like Gecko) Chrome/58.0.3029.110 Safari/537.3"
172.68.150.117 - - [10/Jan/2026:03:13:04 +0300] "GET /wp-content/js181387/edit.php HTTP/1.0" 404 450 "https://anuha.ru/wp-content/js181387/edit.php" "Mozilla/5.0 (Windows NT 10.0; Win64; x64) AppleWebKit/537.36 (KHTML, like Gecko) Chrome/58.0.3029.110 Safari/537.3"
104.23.175.211 - - [10/Jan/2026:03:14:41 +0300] "GET / HTTP/1.0" 200 35574 "-" "Mozilla/5.0 (compatible; Googlebot/2.1; +http://www.google.com/bot.html)"
162.158.190.58 - - [10/Jan/2026:03:14:42 +0300] "GET /wp-content/js181387/edit.php HTTP/1.0" 404 450 "-" "-"
104.23.229.131 - - [10/Jan/2026:03:16:41 +0300] "GET /robots.txt HTTP/1.1" 404 133 "-" "Mozilla/5.0 (compatible; MJ12bot/v2.0.4; http://mj12bot.com/)"
141.101.69.112 - - [10/Jan/2026:03:18:54 +0300] "GET / HTTP/1.0" 200 859 "-" "Mozilla/5.0 (compatible; MJ12bot/v2.0.4; http://mj12bot.com/)"
172.68.150.117 - - [10/Jan/2026:03:22:19 +0300] "GET /wp-content/js181387/edit.php HTTP/1.0" 404 450 "https://anuha.ru/wp-content/js181387/edit.php" "Mozilla/5.0 (Windows NT 10.0; Win64; x64) AppleWebKit/537.36 (KHTML, like Gecko) Chrome/58.0.3029.110 Safari/537.3"
172.69.169.151 - - [10/Jan/2026:03:23:52 +0300] "GET /wp-content/plugins/autoload_classmap.php HTTP/1.0" 404 450 "https://duckduckgo.com/" "Mozilla/5.0 (Linux; Android 13; M2101K6G) AppleWebKit/537.36 (KHTML, like Gecko) Chrome/116.0.0.0 Mobile Safari/537.36"
172.71.100.212 - - [10/Jan/2026:03:23:53 +0300] "GET /wp-includes/assets/ty.php HTTP/1.0" 404 450 "https://duckduckgo.com/" "Mozilla/5.0 (Linux; Android 12; SM-A525F) AppleWebKit/537.36 (KHTML, like Gecko) Chrome/117.0.0.0 Mobile Safari/537.36"
172.71.100.212 - - [10/Jan/2026:03:23:53 +0300] "GET /xmlrpc.php HTTP/1.0" 404 450 "https://www.google.de/" "Mozilla/5.0 (Linux; Android 12; SM-A525F) AppleWebKit/537.36 (KHTML, like Gecko) Chrome/117.0.0.0 Mobile Safari/537.36"
172.71.100.212 - - [10/Jan/2026:03:23:53 +0300] "GET /autoload_classmap.php HTTP/1.0" 404 450 "https://www.bing.com/" "Mozilla/5.g (Linux; Android 13; Pixel 7) AppleWebKit/537.36 (KHTML, like Gecko) Chrome/116.0.0.0 Mobile Safari/537.36"
172.71.100.212 - - [10/Jan/2026:03:23:54 +0300] "GET /.well-known/acme-challenge/about.php HTTP/1.1" 404 133 "https://www.google.fr/" "Mozilla/5.0 (iPhone; CPU iPhone OS 17_1 like Mac OS X) AppleWebKit/605.1.15 (KHTML, like Gecko) CriOS/119.0.6045.109 Mobile/15E148 Safari/604.1"
172.71.100.212 - - [10/Jan/2026:03:23:54 +0300] "GET /NewFile.php HTTP/1.0" 404 450 "https://www.google.fr/" "Mozilla/5.0 (iPhone; CPU iPhone OS 17_0_3 like Mac OS X) AppleWebKit/605.1.15 (KHTML, like Gecko) Version/17.0.1 Mobile/15E148 Safari/604.1"
172.71.100.212 - - [10/Jan/2026:03:23:54 +0300] "GET /adminfuns.php HTTP/1.0" 404 450 "https://www.google.co.uk/" "Mozilla/5.0 (Linux; Android 13; SM-S908E) AppleWebKit/537.36 (KHTML, like Gecko) Chrome/116.0.0.0 Mobile Safari/537.36"
172.71.100.212 - - [10/Jan/2026:03:23:55 +0300] "GET /inputs.php HTTP/1.0" 404 450 "https://duckduckgo.com/" "Mozilla/5.0 (Linux; Android 11; CPH2251) AppleWebKit/537.36 (KHTML, like Gecko) Chrome/116.0.0.0 Mobile Safari/537.36"
172.71.100.212 - - [10/Jan/2026:03:23:55 +0300] "GET /upload.php HTTP/1.0" 404 450 "https://www.google.de/" "Mozilla/5.0 (Linux; Android 12; 2201116SG) AppleWebKit/537.36 (KHTML, like Gecko) Chrome/116.0.0.0 Mobile Safari/537.36"
172.71.100.212 - - [10/Jan/2026:03:23:55 +0300] "GET /simple.php HTTP/1.0" 404 450 "https://duckduckgo.com/" "Mozilla/5.0 (iPhone; CPU iPhone OS 15_7_9 like Mac OS X) AppleWebKit/605.1.15 (KHTML, like Gecko) Version/15.6.5 Mobile/15E148 Safari/604.1"
172.71.100.212 - - [10/Jan/2026:03:23:56 +0300] "GET /alfa-rex.php7 HTTP/1.0" 404 450 "https://www.google.co.uk/" "Mozilla/5.0 (iPad; CPU OS 17_0_3 like Mac OS X) AppleWebKit/605.1.15 (KHTML, like Gecko) Version/17.0.1 Mobile/15E148 Safari/604.1"
172.69.169.151 - - [10/Jan/2026:03:23:56 +0300] "GET /tinyy.php HTTP/1.0" 404 450 "https://duckduckgo.com/" "Mozilla/5.0 (Linux; Android 13; M2101K6G) AppleWebKit/537.36 (KHTML, like Gecko) Chrome/116.0.0.0 Mobile Safari/537.36"
172.69.169.151 - - [10/Jan/2026:03:23:56 +0300] "GET /makeasmtp.php HTTP/1.0" 404 450 "https://www.google.fr/" "Mozilla/5.0 (Linux; Android 10; LM-Q720) AppleWebKit/537.36 (KHTML, like Gecko) Chrome/116.0.0.0 Mobile Safari/537.36"
172.69.169.151 - - [10/Jan/2026:03:23:57 +0300] "GET /elp.php HTTP/1.0" 404 450 "https://duckduckgo.com/" "Mozilla/5.0 (Linux; Android 13; SM-G991U) AppleWebKit/537.36 (KHTML, like Gecko) Chrome/117.0.0.0 Mobile Safari/537.36"
172.69.169.151 - - [10/Jan/2026:03:23:57 +0300] "GET /flower.php HTTP/1.0" 404 450 "https://www.google.de/" "Mozilla/5.0 (Linux; Android 12; 2201116SG) AppleWebKit/537.36 (KHTML, like Gecko) Chrome/116.0.0.0 Mobile Safari/537.36"
172.69.169.151 - - [10/Jan/2026:03:23:57 +0300] "GET /bala.php HTTP/1.0" 404 450 "https://www.google.de/" "Mozilla/5.0 (Linux; Android 12; 2201116SG) AppleWebKit/537.36 (KHTML, like Gecko) Chrome/116.0.0.0 Mobile Safari/537.36"
172.69.169.151 - - [10/Jan/2026:03:23:57 +0300] "GET /goods.php HTTP/1.0" 404 450 "https://www.yahoo.com/" "Mozilla/5.0 (Linux; Android 10; K) AppleWebKit/537.36 (KHTML, like Gecko) Chrome/117.0.0.0 Mobile Safari/537.36"
172.69.169.151 - - [10/Jan/2026:03:23:58 +0300] "GET /bolt.php HTTP/1.0" 404 450 "https://www.google.com/" "Mozilla/5.0 (Linux; Android 12; 2201116SG) AppleWebKit/537.36 (KHTML, like Gecko) Chrome/116.0.0.0 Mobile Safari/537.36"
172.69.169.151 - - [10/Jan/2026:03:23:58 +0300] "GET /man.php HTTP/1.0" 404 450 "https://www.google.com/" "Mozilla/5.0 (iPhone; CPU iPhone OS 17_1 like Mac OS X) AppleWebKit/605.1.15 (KHTML, like Gecko) CriOS/119.0.6045.109 Mobile/15E148 Safari/604.1"
172.69.169.151 - - [10/Jan/2026:03:23:58 +0300] "GET /bless.php HTTP/1.0" 404 450 "https://www.google.com/" "Mozilla/5.0 (Linux; Android 12; 2201116SG) AppleWebKit/537.36 (KHTML, like Gecko) Chrome/116.0.0.0 Mobile Safari/537.36"
172.69.169.151 - - [10/Jan/2026:03:23:59 +0300] "GET /system.php HTTP/1.0" 404 450 "https://www.google.co.uk/" "Mozilla/5.0 (Linux; Android 10; LM-Q720) AppleWebKit/537.36 (KHTML, like Gecko) Chrome/116.0.0.0 Mobile Safari/537.36"
172.69.169.151 - - [10/Jan/2026:03:24:00 +0300] "GET /about.php HTTP/1.0" 404 450 "https://www.yahoo.com/" "Mozilla/5.0 (Linux; Android 13; SM-G991U) AppleWebKit/537.36 (KHTML, like Gecko) Chrome/117.0.0.0 Mobile Safari/537.36"
172.69.169.151 - - [10/Jan/2026:03:24:00 +0300] "GET /text.php HTTP/1.0" 404 450 "https://www.google.fr/" "Mozilla/5.0 (Linux; Android 10; LM-Q720) AppleWebKit/537.36 (KHTML, like Gecko) Chrome/116.0.0.0 Mobile Safari/537.36"
172.69.169.151 - - [10/Jan/2026:03:24:01 +0300] "GET /abcd.php HTTP/1.0" 404 450 "https://www.google.fr/" "Mozilla/5.0 (Linux; Android 10; LM-Q720) AppleWebKit/537.36 (KHTML, like Gecko) Chrome/116.0.0.0 Mobile Safari/537.36"
172.69.169.151 - - [10/Jan/2026:03:24:01 +0300] "GET /admin.php HTTP/1.0" 404 450 "https://www.google.com/" "Mozilla/5.0 (Linux; Android 13; SM-S908E) AppleWebKit/537.36 (KHTML, like Gecko) Chrome/116.0.0.0 Mobile Safari/537.36"
172.69.169.151 - - [10/Jan/2026:03:24:02 +0300] "GET /files.php HTTP/1.0" 404 450 "https://www.google.de/" "Mozilla/5.0 (iPhone; CPU iPhone OS 15_7_9 like Mac OS X) AppleWebKit/605.1.15 (KHTML, like Gecko) Version/15.6.5 Mobile/15E148 Safari/604.1"
172.69.169.151 - - [10/Jan/2026:03:24:02 +0300] "GET /file.php HTTP/1.0" 404 450 "https://www.bing.com/" "Mozilla/5.0 (Linux; Android 11; 21081111RG) AppleWebKit/537.36 (KHTML, like Gecko) Chrome/116.0.0.0 Mobile Safari/537.36"
172.69.169.151 - - [10/Jan/2026:03:24:02 +0300] "GET /moon.php HTTP/1.0" 404 450 "https://www.google.com/" "Mozilla/5.0 (Linux; Android 13; SM-G991U) AppleWebKit/537.36 (KHTML, like Gecko) Chrome/117.0.0.0 Mobile Safari/537.36"
172.69.169.151 - - [10/Jan/2026:03:24:03 +0300] "GET /akcc.php HTTP/1.0" 404 450 "https://www.google.com/" "Mozilla/5.0 (Linux; Android 13; M2101K6G) AppleWebKit/537.36 (KHTML, like Gecko) Chrome/116.0.0.0 Mobile Safari/537.36"
172.69.169.151 - - [10/Jan/2026:03:24:03 +0300] "GET /gecko-new.php HTTP/1.0" 404 450 "https://www.google.fr/" "Mozilla/5.0 (iPhone; CPU iPhone OS 15_7_9 like Mac OS X) AppleWebKit/605.1.15 (KHTML, like Gecko) Version/15.6.5 Mobile/15E148 Safari/604.1"
172.69.169.151 - - [10/Jan/2026:03:24:03 +0300] "GET /admin-header.php HTTP/1.0" 404 450 "https://www.google.fr/" "Mozilla/5.0 (iPad; CPU OS 17_0_3 like Mac OS X) AppleWebKit/605.1.15 (KHTML, like Gecko) Version/17.0.1 Mobile/15E148 Safari/604.1"
172.69.169.151 - - [10/Jan/2026:03:24:03 +0300] "GET /edit.php HTTP/1.0" 404 450 "https://www.google.co.uk/" "Mozilla/5.0 (Linux; Android 11; 21081111RG) AppleWebKit/537.36 (KHTML, like Gecko) Chrome/116.0.0.0 Mobile Safari/537.36"
172.69.169.151 - - [10/Jan/2026:03:24:04 +0300] "GET /ioxi-o.php HTTP/1.0" 404 450 "https://duckduckgo.com/" "Mozilla/5.0 (Linux; Android 12; 2201116SG) AppleWebKit/537.36 (KHTML, like Gecko) Chrome/116.0.0.0 Mobile Safari/537.36"
172.69.169.151 - - [10/Jan/2026:03:24:04 +0300] "GET /info.php HTTP/1.0" 404 450 "https://www.bing.com/" "Mozilla/5.0 (Linux; Android 13; SM-G991U) AppleWebKit/537.36 (KHTML, like Gecko) Chrome/117.0.0.0 Mobile Safari/537.36"
172.69.169.151 - - [10/Jan/2026:03:24:04 +0300] "GET /lock360.php HTTP/1.0" 404 450 "https://www.bing.com/" "Mozilla/5.0 (Linux; Android 12; 2201116SG) AppleWebKit/537.36 (KHTML, like Gecko) Chrome/116.0.0.0 Mobile Safari/537.36"
172.69.169.151 - - [10/Jan/2026:03:24:05 +0300] "GET /ws.php HTTP/1.0" 404 450 "https://duckduckgo.com/" "Mozilla/5.0 (Linux; Android 13; SM-S908E) AppleWebKit/537.36 (KHTML, like Gecko) Chrome/116.0.0.0 Mobile Safari/537.36"
172.69.169.151 - - [10/Jan/2026:03:24:05 +0300] "GET /file4.php HTTP/1.0" 404 450 "https://www.google.fr/" "Mozilla/5.0 (Linux; Android 12; SM-A525F) AppleWebKit/537.36 (KHTML, like Gecko) Chrome/117.0.0.0 Mobile Safari/537.36"
172.69.169.151 - - [10/Jan/2026:03:24:05 +0300] "GET /wp-good.php HTTP/1.0" 404 450 "https://www.google.de/" "Mozilla/5.0 (iPhone; CPU iPhone OS 17_1 like Mac OS X) AppleWebKit/605.1.15 (KHTML, like Gecko) CriOS/119.0.6045.109 Mobile/15E148 Safari/604.1"
172.69.169.151 - - [10/Jan/2026:03:24:06 +0300] "GET /content.php HTTP/1.0" 404 450 "https://duckduckgo.com/" "Mozilla/5.0 (iPhone; CPU iPhone OS 16_0 like Mac OS X) AppleWebKit/605.1.15 (KHTML, like Gecko) FxiOS/118.0 Mobile/15E148 Safari/605.1.15"
172.69.169.151 - - [10/Jan/2026:03:24:08 +0300] "GET /wp-signup.php HTTP/1.0" 404 450 "https://www.google.fr/" "Mozilla/5.0 (Linux; Android 13; SM-G991U) AppleWebKit/537.36 (KHTML, like Gecko) Chrome/117.0.0.0 Mobile Safari/537.36"
172.69.169.151 - - [10/Jan/2026:03:24:08 +0300] "GET /log.php HTTP/1.0" 404 450 "https://www.yahoo.com/" "Mozilla/5.0 (Linux; Android 12; SM-A525F) AppleWebKit/537.36 (KHTML, like Gecko) Chrome/117.0.0.0 Mobile Safari/537.36"
172.69.169.151 - - [10/Jan/2026:03:24:08 +0300] "GET /hplfuns.php HTTP/1.0" 404 450 "https://www.yahoo.com/" "Mozilla/5.0 (iPhone; CPU iPhone OS 15_7_9 like Mac OS X) AppleWebKit/605.1.15 (KHTML, like Gecko) Version/15.6.5 Mobile/15E148 Safari/604.1"
172.69.169.151 - - [10/Jan/2026:03:24:08 +0300] "GET /ahax.php HTTP/1.0" 404 450 "https://www.bing.com/" "Mozilla/5.0 (Linux; Android 13; SM-G991U) AppleWebKit/537.36 (KHTML, like Gecko) Chrome/117.0.0.0 Mobile Safari/537.36"
172.69.169.151 - - [10/Jan/2026:03:24:09 +0300] "GET /atomlib.php HTTP/1.0" 404 450 "https://www.google.co.uk/" "Mozilla/5.0 (iPhone; CPU iPhone OS 16_6_1 like Mac OS X) AppleWebKit/605.1.15 (KHTML, like Gecko) Version/16.6 Mobile/15E148 Safari/604.1"
172.69.169.151 - - [10/Jan/2026:03:24:09 +0300] "GET /server.php HTTP/1.0" 404 450 "https://www.google.de/" "Mozilla/5.0 (Linux; Android 11; CPH2251) AppleWebKit/537.36 (KHTML, like Gecko) Chrome/116.0.0.0 Mobile Safari/537.36"
172.69.169.151 - - [10/Jan/2026:03:24:09 +0300] "GET /wp-trackback.php HTTP/1.0" 404 450 "https://www.bing.com/" "Mozilla/5.0 (iPhone; CPU iPhone OS 16_6_1 like Mac OS X) AppleWebKit/605.1.15 (KHTML, like Gecko) Version/16.6 Mobile/15E148 Safari/604.1"
172.69.169.151 - - [10/Jan/2026:03:24:10 +0300] "GET /radio.php HTTP/1.0" 404 450 "https://www.google.co.uk/" "Mozilla/5.0 (Linux; Android 14; Pixel 8 Pro) AppleWebKit/537.36 (KHTML, like Gecko) Chrome/119.0.0.0 Mobile Safari/537.36"
172.69.169.151 - - [10/Jan/2026:03:24:10 +0300] "GET /wp-setup.php HTTP/1.0" 404 450 "https://www.google.com/" "Mozilla/5.0 (Linux; Android 11; CPH2251) AppleWebKit/537.36 (KHTML, like Gecko) Chrome/116.0.0.0 Mobile Safari/537.36"
172.69.169.151 - - [10/Jan/2026:03:24:10 +0300] "GET /options.php HTTP/1.0" 404 450 "https://www.google.fr/" "Mozilla/5.0 (Linux; Android 11; CPH2251) AppleWebKit/537.36 (KHTML, like Gecko) Chrome/116.0.0.0 Mobile Safari/537.36"
172.69.169.151 - - [10/Jan/2026:03:24:10 +0300] "GET /wp-user.php HTTP/1.0" 404 450 "https://duckduckgo.com/" "Mozilla/5.0 (Linux; Android 13; M2101K6G) AppleWebKit/537.36 (KHTML, like Gecko) Chrome/116.0.0.0 Mobile Safari/537.36"
172.69.169.151 - - [10/Jan/2026:03:24:11 +0300] "GET /new.php HTTP/1.0" 404 450 "https://www.google.co.uk/" "Mozilla/5.0 (iPad; CPU OS 17_0_3 like Mac OS X) AppleWebKit/605.1.15 (KHTML, like Gecko) Version/17.0.1 Mobile/15E148 Safari/604.1"
172.69.169.151 - - [10/Jan/2026:03:24:12 +0300] "GET /classwithtostring.php HTTP/1.0" 404 450 "https://www.google.co.uk/" "Mozilla/5.0 (Linux; Android 12; SM-A525F) AppleWebKit/537.36 (KHTML, like Gecko) Chrome/117.0.0.0 Mobile Safari/537.36"
172.69.169.151 - - [10/Jan/2026:03:24:12 +0300] "GET /bgymj.php HTTP/1.0" 404 450 "https://www.yahoo.com/" "Mozilla/5.0 (Linux; Android 13; SM-S908E) AppleWebKit/537.36 (KHTML, like Gecko) Chrome/116.0.0.0 Mobile Safari/537.36"
172.69.169.151 - - [10/Jan/2026:03:24:12 +0300] "GET /default.php HTTP/1.0" 404 450 "https://www.bing.com/" "Mozilla/5.0 (iPhone; CPU iPhone OS 16_6_1 like Mac OS X) AppleWebKit/605.1.15 (KHTML, like Gecko) Version/16.6 Mobile/15E148 Safari/604.1"
172.69.169.151 - - [10/Jan/2026:03:24:13 +0300] "GET /root.php HTTP/1.0" 404 450 "https://www.google.com/" "Mozilla/5.0 (iPhone; CPU iPhone OS 16_6_1 like Mac OS X) AppleWebKit/605.1.15 (KHTML, like Gecko) Version/16.6 Mobile/15E148 Safari/604.1"
172.69.169.151 - - [10/Jan/2026:03:24:13 +0300] "GET /wp-file.php HTTP/1.0" 404 450 "https://www.google.co.uk/" "Mozilla/5.0 (Linux; Android 12; V2134) AppleWebKit/537.36 (KHTML, like Gecko) Chrome/116.0.0.0 Mobile Safari/537.36"
172.69.169.151 - - [10/Jan/2026:03:24:13 +0300] "GET /themes.php HTTP/1.0" 404 450 "https://www.google.fr/" "Mozilla/5.0 (iPhone; CPU iPhone OS 16_6_1 like Mac OS X) AppleWebKit/605.1.15 (KHTML, like Gecko) Version/16.6 Mobile/15E148 Safari/604.1"
172.69.169.151 - - [10/Jan/2026:03:24:14 +0300] "GET /gmo.php HTTP/1.0" 404 450 "https://www.bing.com/" "Mozilla/5.0 (Linux; Android 13; M2101K6G) AppleWebKit/537.36 (KHTML, like Gecko) Chrome/116.0.0.0 Mobile Safari/537.36"
172.69.169.151 - - [10/Jan/2026:03:24:14 +0300] "GET /asasx.php HTTP/1.0" 404 450 "https://www.google.co.uk/" "Mozilla/5.0 (Linux; Android 12; V2134) AppleWebKit/537.36 (KHTML, like Gecko) Chrome/116.0.0.0 Mobile Safari/537.36"
172.69.169.151 - - [10/Jan/2026:03:24:14 +0300] "GET /xleet.php HTTP/1.0" 404 450 "https://www.google.com/" "Mozilla/5.0 (iPad; CPU OS 16_7_2 like Mac OS X) AppleWebKit/605.1.15 (KHTML, like Gecko) Version/16.6 Mobile/15E148 Safari/604.1"
172.69.169.151 - - [10/Jan/2026:03:24:14 +0300] "GET /wp-error.php HTTP/1.0" 404 450 "https://www.bing.com/" "Mozilla/5.0 (Linux; Android 14; Pixel 8 Pro) AppleWebKit/537.36 (KHTML, like Gecko) Chrome/119.0.0.0 Mobile Safari/537.36"
172.71.31.77 - - [10/Jan/2026:03:25:03 +0300] "GET /?ID=3228.html HTTP/1.0" 200 859 "-" "Mozilla/5.0 (Linux; Android 6.0.1; Nexus 5X Build/MMB29P) AppleWebKit/537.36 (KHTML, like Gecko) Chrome/143.0.7499.169 Mobile Safari/537.36 (compatible; GoogleOther)"
172.70.176.114 - - [10/Jan/2026:03:32:04 +0300] "GET /wp-content/js181387/edit.php HTTP/1.0" 404 450 "https://anuha.ru/wp-content/js181387/edit.php" "Mozilla/5.0 (Windows NT 10.0; Win64; x64) AppleWebKit/537.36 (KHTML, like Gecko) Chrome/58.0.3029.110 Safari/537.3"
172.70.246.177 - - [10/Jan/2026:03:39:40 +0300] "GET / HTTP/1.0" 200 859 "-" "-"
172.70.176.114 - - [10/Jan/2026:03:41:27 +0300] "GET /wp-content/js181387/edit.php HTTP/1.0" 404 450 "https://anuha.ru/wp-content/js181387/edit.php" "Mozilla/5.0 (Windows NT 10.0; Win64; x64) AppleWebKit/537.36 (KHTML, like Gecko) Chrome/58.0.3029.110 Safari/537.3"
104.23.245.69 - - [10/Jan/2026:03:43:01 +0300] "GET / HTTP/1.0" 200 35574 "-" "Mozilla/5.0 (Linux; Android 6.0.1; Nexus 5X Build/MMB29P) AppleWebKit/537.36 (KHTML, like Gecko) Chrome/143.0.7499.169 Mobile Safari/537.36 (compatible; Googlebot/2.1; +http://www.google.com/bot.html)"
104.22.1.137 - - [10/Jan/2026:03:43:03 +0300] "GET /?ID=3595.html HTTP/1.0" 200 49776 "https://anuha.ru/" "Mozilla/5.0 (Linux; Android 6.0.1; Nexus 5X Build/MMB29P) AppleWebKit/537.36 (KHTML, like Gecko) Chrome/143.0.7499.169 Mobile Safari/537.36 (compatible; Googlebot/2.1; +http://www.google.com/bot.html)"
108.162.237.167 - - [10/Jan/2026:03:43:04 +0300] "GET /?ID=3296.html HTTP/1.0" 200 49723 "https://anuha.ru/" "Mozilla/5.0 (Linux; Android 6.0.1; Nexus 5X Build/MMB29P) AppleWebKit/537.36 (KHTML, like Gecko) Chrome/143.0.7499.169 Mobile Safari/537.36 (compatible; Googlebot/2.1; +http://www.google.com/bot.html)"
108.162.238.50 - - [10/Jan/2026:03:43:06 +0300] "GET /?ID=3674.html HTTP/1.0" 200 35784 "https://anuha.ru/" "Mozilla/5.0 (Linux; Android 6.0.1; Nexus 5X Build/MMB29P) AppleWebKit/537.36 (KHTML, like Gecko) Chrome/143.0.7499.169 Mobile Safari/537.36 (compatible; Googlebot/2.1; +http://www.google.com/bot.html)"
172.68.71.50 - - [10/Jan/2026:03:43:16 +0300] "GET / HTTP/1.0" 200 35576 "-" "Mozilla/5.0 (Linux; Android 6.0.1; Nexus 5X Build/MMB29P) AppleWebKit/537.36 (KHTML, like Gecko) Chrome/99.0.4844.84 Mobile Safari/537.36 (compatible; Googlebot/2.1; +http://www.google.com/bot.html)"
172.68.70.199 - - [10/Jan/2026:03:43:17 +0300] "GET / HTTP/1.0" 200 35575 "-" "Mozilla/5.0 (compatible; Googlebot/2.1; +http://www.google.com/bot.html)"
108.162.237.167 - - [10/Jan/2026:03:43:18 +0300] "GET /?ID=3674.html HTTP/1.0" 200 35780 "https://anuha.ru/" "Mozilla/5.0 (Linux; Android 6.0.1; Nexus 5X Build/MMB29P) AppleWebKit/537.36 (KHTML, like Gecko) Chrome/143.0.7499.169 Mobile Safari/537.36 (compatible; Googlebot/2.1; +http://www.google.com/bot.html)"
108.162.237.167 - - [10/Jan/2026:03:43:19 +0300] "GET /?ID=3296.html HTTP/1.0" 200 49724 "https://anuha.ru/" "Mozilla/5.0 (Linux; Android 6.0.1; Nexus 5X Build/MMB29P) AppleWebKit/537.36 (KHTML, like Gecko) Chrome/143.0.7499.169 Mobile Safari/537.36 (compatible; Googlebot/2.1; +http://www.google.com/bot.html)"
108.162.237.167 - - [10/Jan/2026:03:43:19 +0300] "GET /?ID=3595.html HTTP/1.0" 200 49774 "https://anuha.ru/" "Mozilla/5.0 (Linux; Android 6.0.1; Nexus 5X Build/MMB29P) AppleWebKit/537.36 (KHTML, like Gecko) Chrome/143.0.7499.169 Mobile Safari/537.36 (compatible; Googlebot/2.1; +http://www.google.com/bot.html)"
108.162.237.167 - - [10/Jan/2026:03:43:20 +0300] "GET /?ID=3595.html HTTP/1.0" 200 49776 "https://anuha.ru/" "Mozilla/5.0 AppleWebKit/537.36 (KHTML, like Gecko; compatible; Googlebot/2.1; +http://www.google.com/bot.html) Chrome/143.0.7499.169 Safari/537.36"
108.162.237.167 - - [10/Jan/2026:03:43:22 +0300] "GET /?ID=3674.html HTTP/1.0" 200 35782 "https://anuha.ru/" "Mozilla/5.0 AppleWebKit/537.36 (KHTML, like Gecko; compatible; Googlebot/2.1; +http://www.google.com/bot.html) Chrome/143.0.7499.169 Safari/537.36"
104.22.1.137 - - [10/Jan/2026:03:43:22 +0300] "GET /?ID=3296.html HTTP/1.0" 200 49722 "https://anuha.ru/" "Mozilla/5.0 AppleWebKit/537.36 (KHTML, like Gecko; compatible; Googlebot/2.1; +http://www.google.com/bot.html) Chrome/143.0.7499.169 Safari/537.36"
104.22.1.31 - - [10/Jan/2026:03:43:24 +0300] "GET /favicon.ico HTTP/1.0" 404 450 "-" "Googlebot-Image/1.0"
172.69.130.156 - - [10/Jan/2026:03:49:13 +0300] "GET /sitemap.xml HTTP/1.0" 404 454 "-" "Mozilla/5.0 AppleWebKit/537.36 (KHTML, like Gecko; compatible; ClaudeBot/1.0; +claudebot@anthropic.com)"
172.70.176.115 - - [10/Jan/2026:03:52:03 +0300] "GET /wp-content/js181387/edit.php HTTP/1.0" 404 450 "https://anuha.ru/wp-content/js181387/edit.php" "Mozilla/5.0 (Windows NT 10.0; Win64; x64) AppleWebKit/537.36 (KHTML, like Gecko) Chrome/58.0.3029.110 Safari/537.3"
172.71.118.135 - - [10/Jan/2026:03:54:25 +0300] "GET / HTTP/1.0" 200 859 "-" "Mozilla/5.0"
104.22.1.148 - - [10/Jan/2026:03:57:02 +0300] "GET /?ID=1579.html HTTP/1.0" 200 35949 "-" "Mozilla/5.0 (Linux; Android 6.0.1; Nexus 5X Build/MMB29P) AppleWebKit/537.36 (KHTML, like Gecko) Chrome/143.0.7499.169 Mobile Safari/537.36 (compatible; Googlebot/2.1; +http://www.google.com/bot.html)"
172.68.70.134 - - [10/Jan/2026:04:00:30 +0300] "GET /robots.txt HTTP/1.1" 404 194 "-" "Mozilla/5.0 (Macintosh; Intel Mac OS X 10_15_7) AppleWebKit/537.36 (KHTML, like Gecko) Chrome/131.0.0.0 Safari/537.36; compatible; OAI-SearchBot/1.3; robots.txt; +https://openai.com/searchbot"
104.23.245.149 - - [10/Jan/2026:04:00:31 +0300] "GET /favicon.ico HTTP/1.0" 404 454 "-" "Mozilla/5.0 AppleWebKit/537.36 (KHTML, like Gecko; compatible; GPTBot/1.3; +https://openai.com/gptbot)"
172.68.150.117 - - [10/Jan/2026:04:01:06 +0300] "GET /wp-content/js181387/edit.php HTTP/1.0" 404 450 "https://anuha.ru/wp-content/js181387/edit.php" "Mozilla/5.0 (Windows NT 10.0; Win64; x64) AppleWebKit/537.36 (KHTML, like Gecko) Chrome/58.0.3029.110 Safari/537.3"
162.158.211.33 - - [10/Jan/2026:04:03:21 +0300] "GET /modx.tar.gz HTTP/1.0" 404 450 "-" "Mozilla/5.0 (Windows NT 10.0; Win64; x64) AppleWebKit/537.36 (KHTML, like Gecko) Chrome/101.0.4951.67 Safari/537.36"
104.22.10.190 - - [10/Jan/2026:04:03:44 +0300] "GET / HTTP/1.0" 200 859 "http://172.67.176.40:80/" "-"
172.68.150.116 - - [10/Jan/2026:04:11:48 +0300] "GET /wp-content/js181387/edit.php HTTP/1.0" 404 450 "https://anuha.ru/wp-content/js181387/edit.php" "Mozilla/5.0 (Windows NT 10.0; Win64; x64) AppleWebKit/537.36 (KHTML, like Gecko) Chrome/58.0.3029.110 Safari/537.3"
172.68.10.20 - - [10/Jan/2026:04:16:00 +0300] "GET / HTTP/1.0" 200 35574 "-" "Mozilla/5.0 (compatible; Googlebot/2.1; +http://www.google.com/bot.html)"
172.69.71.177 - - [10/Jan/2026:04:18:01 +0300] "GET /?ID=3207.html HTTP/1.0" 200 859 "-" "Mozilla/5.0 (Linux; Android 6.0.1; Nexus 5X Build/MMB29P) AppleWebKit/537.36 (KHTML, like Gecko) Chrome/143.0.7499.169 Mobile Safari/537.36 (compatible; GoogleOther)"
172.68.150.116 - - [10/Jan/2026:04:23:22 +0300] "GET /wp-content/js181387/edit.php HTTP/1.0" 404 450 "https://anuha.ru/wp-content/js181387/edit.php" "Mozilla/5.0 (Windows NT 10.0; Win64; x64) AppleWebKit/537.36 (KHTML, like Gecko) Chrome/58.0.3029.110 Safari/537.3"
172.68.70.134 - - [10/Jan/2026:04:24:23 +0300] "GET /robots.txt HTTP/1.1" 404 194 "-" "Mozilla/5.0 (Macintosh; Intel Mac OS X 10_15_7) AppleWebKit/537.36 (KHTML, like Gecko) Chrome/131.0.0.0 Safari/537.36; compatible; OAI-SearchBot/1.3; robots.txt; +https://openai.com/searchbot"
172.68.150.116 - - [10/Jan/2026:04:33:35 +0300] "GET /wp-content/js181387/edit.php HTTP/1.0" 404 450 "https://anuha.ru/wp-content/js181387/edit.php" "Mozilla/5.0 (Windows NT 10.0; Win64; x64) AppleWebKit/537.36 (KHTML, like Gecko) Chrome/58.0.3029.110 Safari/537.3"
172.70.233.75 - - [10/Jan/2026:04:34:10 +0300] "GET /.tresh/index.php HTTP/1.0" 404 450 "https://www.google.de/" "Mozilla/5.0 (Linux; Android 14; Pixel 8 Pro) AppleWebKit/537.36 (KHTML, like Gecko) Chrome/119.0.0.0 Mobile Safari/537.36"
172.70.233.247 - - [10/Jan/2026:04:34:11 +0300] "GET /.well-known/ HTTP/1.0" 404 450 "https://www.google.fr/" "Mozilla/5.0 (Linux; Android 14; Pixel 8 Pro) AppleWebKit/537.36 (KHTML, like Gecko) Chrome/119.0.0.0 Mobile Safari/537.36"
172.70.233.247 - - [10/Jan/2026:04:34:11 +0300] "GET /.well-known/acme-challenge/index.php HTTP/1.1" 404 133 "https://www.google.fr/" "Mozilla/5.0 (iPad; CPU OS 16_7_2 like Mac OS X) AppleWebKit/605.1.15 (KHTML, like Gecko) Version/16.6 Mobile/15E148 Safari/604.1"
172.70.233.247 - - [10/Jan/2026:04:34:12 +0300] "GET /.well-known/error.php HTTP/1.0" 404 450 "https://www.google.de/" "Mozilla/5.0 (iPad; CPU OS 16_7_2 like Mac OS X) AppleWebKit/605.1.15 (KHTML, like Gecko) Version/16.6 Mobile/15E148 Safari/604.1"
172.70.233.247 - - [10/Jan/2026:04:34:12 +0300] "GET /.well-known/gecko-litespeed.php HTTP/1.0" 404 450 "https://www.google.fr/" "Mozilla/5.0 (iPad; CPU OS 16_7_2 like Mac OS X) AppleWebKit/605.1.15 (KHTML, like Gecko) Version/16.6 Mobile/15E148 Safari/604.1"
172.70.233.247 - - [10/Jan/2026:04:34:12 +0300] "GET //wp-includes/fonts/ HTTP/1.0" 404 450 "https://duckduckgo.com/" "Mozilla/5.0 (Linux; Android 14; Pixel 8 Pro) AppleWebKit/537.36 (KHTML, like Gecko) Chrome/119.0.0.0 Mobile Safari/537.36"
172.70.233.247 - - [10/Jan/2026:04:34:13 +0300] "GET /ALFA_DATA/alfacgiapi/ HTTP/1.0" 404 450 "https://www.bing.com/" "Mozilla/5.0 (Linux; Android 11; 21081111RG) AppleWebKit/537.36 (KHTML, like Gecko) Chrome/116.0.0.0 Mobile Safari/537.36"
172.70.233.247 - - [10/Jan/2026:04:34:13 +0300] "GET /about/function.php HTTP/1.0" 404 450 "https://www.google.fr/" "Mozilla/5.0 (Linux; Android 11; CPH2251) AppleWebKit/537.36 (KHTML, like Gecko) Chrome/116.0.0.0 Mobile Safari/537.36"
172.70.233.247 - - [10/Jan/2026:04:34:13 +0300] "GET /admin/controller/extension/extension/ HTTP/1.0" 404 450 "https://www.bing.com/" "Mozilla/5.0 (iPhone; CPU iPhone OS 16_0 like Mac OS X) AppleWebKit/605.1.15 (KHTML, like Gecko) FxiOS/118.0 Mobile/15E148 Safari/605.1.15"
172.70.233.247 - - [10/Jan/2026:04:34:14 +0300] "GET /admin/controller/extension/extension/ultra.php HTTP/1.0" 404 450 "https://www.bing.com/" "Mozilla/5.0 (Linux; Android 13; M2101K6G) AppleWebKit/537.36 (KHTML, like Gecko) Chrome/116.0.0.0 Mobile Safari/537.36"
172.70.233.247 - - [10/Jan/2026:04:34:14 +0300] "GET /admin/controller/extension/extension/vx.php HTTP/1.0" 404 450 "https://duckduckgo.com/" "Mozilla/5.0 (Linux; Android 14; Pixel 8 Pro) AppleWebKit/537.36 (KHTML, like Gecko) Chrome/119.0.0.0 Mobile Safari/537.36"
172.70.233.247 - - [10/Jan/2026:04:34:14 +0300] "GET /admin/function.php HTTP/1.0" 404 450 "https://www.google.co.uk/" "Mozilla/5.0 (Linux; Android 10; K) AppleWebKit/537.36 (KHTML, like Gecko) Chrome/117.0.0.0 Mobile Safari/537.36"
172.70.233.247 - - [10/Jan/2026:04:34:14 +0300] "GET /adminfuns.php/.well-known/acme-challenge/file.php HTTP/1.0" 404 450 "https://duckduckgo.com/" "Mozilla/5.0 (iPad; CPU OS 17_0_3 like Mac OS X) AppleWebKit/605.1.15 (KHTML, like Gecko) Version/17.0.1 Mobile/15E148 Safari/604.1"
172.70.233.75 - - [10/Jan/2026:04:34:15 +0300] "GET /assets/ HTTP/1.0" 200 657 "https://duckduckgo.com/" "Mozilla/5.0 (iPhone; CPU iPhone OS 17_1_1 like Mac OS X) AppleWebKit/605.1.15 (KHTML, like Gecko) Version/17.1 Mobile/15E148 Safari/604.1"
172.70.233.75 - - [10/Jan/2026:04:34:15 +0300] "GET /assets/images/ HTTP/1.0" 200 787 "https://www.yahoo.com/" "Mozilla/5.0 (iPhone; CPU iPhone OS 17_0_3 like Mac OS X) AppleWebKit/605.1.15 (KHTML, like Gecko) Version/17.0.1 Mobile/15E148 Safari/604.1"
172.70.233.75 - - [10/Jan/2026:04:34:15 +0300] "GET /assets/vx.php HTTP/1.0" 404 450 "https://www.yahoo.com/" "Mozilla/5.0 (iPhone; CPU iPhone OS 15_7_9 like Mac OS X) AppleWebKit/605.1.15 (KHTML, like Gecko) Version/15.6.5 Mobile/15E148 Safari/604.1"
172.70.233.75 - - [10/Jan/2026:04:34:16 +0300] "GET /autoload_classmap/function.php HTTP/1.0" 404 450 "https://www.google.de/" "Mozilla/5.0 (Linux; Android 14; Pixel 8 Pro) AppleWebKit/537.36 (KHTML, like Gecko) Chrome/119.0.0.0 Mobile Safari/537.36"
172.70.233.75 - - [10/Jan/2026:04:34:16 +0300] "GET /bk/index.php HTTP/1.0" 404 450 "https://www.bing.com/" "Mozilla/5.0 (Linux; Android 12; SM-A525F) AppleWebKit/537.36 (KHTML, like Gecko) Chrome/117.0.0.0 Mobile Safari/537.36"
172.70.233.75 - - [10/Jan/2026:04:34:16 +0300] "GET /cgi-bin/ HTTP/1.0" 403 453 "https://www.google.de/" "Mozilla/5.0 (iPhone; CPU iPhone OS 16_6_1 like Mac OS X) AppleWebKit/605.1.15 (KHTML, like Gecko) Version/16.6 Mobile/15E148 Safari/604.1"
172.70.233.75 - - [10/Jan/2026:04:34:16 +0300] "GET /css/admin.php HTTP/1.0" 404 450 "https://duckduckgo.com/" "Mozilla/5.0 (iPhone; CPU iPhone OS 16_0 like Mac OS X) AppleWebKit/605.1.15 (KHTML, like Gecko) FxiOS/118.0 Mobile/15E148 Safari/605.1.15"
172.70.233.75 - - [10/Jan/2026:04:34:17 +0300] "GET /css/index.php HTTP/1.0" 404 450 "https://www.google.de/" "Mozilla/5.0 (iPad; CPU OS 16_7_2 like Mac OS X) AppleWebKit/605.1.15 (KHTML, like Gecko) Version/16.6 Mobile/15E148 Safari/604.1"
172.70.233.75 - - [10/Jan/2026:04:34:17 +0300] "GET /function/function.php HTTP/1.0" 404 450 "https://www.google.fr/" "Mozilla/5.0 (Linux; Android 13; SM-S908E) AppleWebKit/537.36 (KHTML, like Gecko) Chrome/116.0.0.0 Mobile Safari/537.36"
172.70.233.75 - - [10/Jan/2026:04:34:17 +0300] "GET /images/index.php HTTP/1.0" 404 450 "https://www.bing.com/" "Mozilla/5.0 (Linux; Android 13; SM-S908E) AppleWebKit/537.36 (KHTML, like Gecko) Chrome/116.0.0.0 Mobile Safari/537.36"
172.70.233.75 - - [10/Jan/2026:04:34:18 +0300] "GET /images/install.php HTTP/1.0" 404 450 "https://duckduckgo.com/" "Mozilla/5.0 (iPhone; CPU iPhone OS 16_0 like Mac OS X) AppleWebKit/605.1.15 (KHTML, like Gecko) FxiOS/118.0 Mobile/15E148 Safari/605.1.15"
172.70.233.75 - - [10/Jan/2026:04:34:18 +0300] "GET /index.php/feed/atom/ HTTP/1.0" 200 859 "https://www.yahoo.com/" "Mozilla/5.0 (Linux; Android 12; 2201116SG) AppleWebKit/537.36 (KHTML, like Gecko) Chrome/116.0.0.0 Mobile Safari/537.36"
172.70.233.75 - - [10/Jan/2026:04:34:18 +0300] "GET /index/function.php HTTP/1.0" 404 450 "https://www.google.com/" "Mozilla/5.0 (iPhone; CPU iPhone OS 17_1 like Mac OS X) AppleWebKit/605.1.15 (KHTML, like Gecko) CriOS/119.0.6045.109 Mobile/15E148 Safari/604.1"
172.70.233.75 - - [10/Jan/2026:04:34:19 +0300] "GET /mah/function.php HTTP/1.0" 404 450 "https://www.google.co.uk/" "Mozilla/5.0 (Linux; Android 14; Pixel 8 Pro) AppleWebKit/537.36 (KHTML, like Gecko) Chrome/119.0.0.0 Mobile Safari/537.36"
172.70.233.75 - - [10/Jan/2026:04:34:19 +0300] "GET /update/gely.php HTTP/1.0" 404 450 "https://www.google.co.uk/" "Mozilla/5.0 (iPhone; CPU iPhone OS 17_1_1 like Mac OS X) AppleWebKit/605.1.15 (KHTML, like Gecko) Version/17.1 Mobile/15E148 Safari/604.1"
172.70.233.75 - - [10/Jan/2026:04:34:19 +0300] "GET /wp-admin/ HTTP/1.0" 404 450 "https://www.yahoo.com/" "Mozilla/5.0 (Linux; Android 12; V2134) AppleWebKit/537.36 (KHTML, like Gecko) Chrome/116.0.0.0 Mobile Safari/537.36"
172.70.233.75 - - [10/Jan/2026:04:34:19 +0300] "GET /wp-admin/css/ HTTP/1.0" 404 450 "https://duckduckgo.com/" "Mozilla/5.0 (Linux; Android 11; 21081111RG) AppleWebKit/537.36 (KHTML, like Gecko) Chrome/116.0.0.0 Mobile Safari/537.36"
172.70.233.75 - - [10/Jan/2026:04:34:20 +0300] "GET /wp-admin/css/colors/ HTTP/1.0" 404 450 "https://www.google.de/" "Mozilla/5.0 (Linux; Android 11; 21081111RG) AppleWebKit/537.36 (KHTML, like Gecko) Chrome/116.0.0.0 Mobile Safari/537.36"
172.70.233.75 - - [10/Jan/2026:04:34:20 +0300] "GET /wp-admin/css/colors/blue/ HTTP/1.0" 404 450 "https://www.bing.com/" "Mozilla/5.0 (Linux; Android 14; Pixel 8 Pro) AppleWebKit/537.36 (KHTML, like Gecko) Chrome/119.0.0.0 Mobile Safari/537.36"
172.70.233.75 - - [10/Jan/2026:04:34:20 +0300] "GET /wp-admin/css/colors/coffee/ HTTP/1.0" 404 450 "https://www.google.com/" "Mozilla/5.0 (Linux; Android 13; M2101K6G) AppleWebKit/537.36 (KHTML, like Gecko) Chrome/116.0.0.0 Mobile Safari/537.36"
172.70.233.75 - - [10/Jan/2026:04:34:21 +0300] "GET /wp-admin/css/colors/midnight/ HTTP/1.0" 404 450 "https://www.google.co.uk/" "Mozilla/5.0 (Linux; Android 13; SM-S908E) AppleWebKit/537.36 (KHTML, like Gecko) Chrome/116.0.0.0 Mobile Safari/537.36"
172.70.233.75 - - [10/Jan/2026:04:34:21 +0300] "GET /wp-admin/images/ HTTP/1.0" 404 450 "https://www.google.de/" "Mozilla/5.0 (Linux; Android 14; Pixel 8 Pro) AppleWebKit/537.36 (KHTML, like Gecko) Chrome/119.0.0.0 Mobile Safari/537.36"
172.70.233.75 - - [10/Jan/2026:04:34:21 +0300] "GET /wp-admin/includes/ HTTP/1.0" 404 450 "https://www.google.co.uk/" "Mozilla/5.0 (iPad; CPU OS 16_7_2 like Mac OS X) AppleWebKit/605.1.15 (KHTML, like Gecko) Version/16.6 Mobile/15E148 Safari/604.1"
172.70.233.75 - - [10/Jan/2026:04:34:21 +0300] "GET /wp-admin/js/ HTTP/1.0" 404 450 "https://www.google.com/" "Mozilla/5.0 (iPhone; CPU iPhone OS 17_0_3 like Mac OS X) AppleWebKit/605.1.15 (KHTML, like Gecko) Version/17.0.1 Mobile/15E148 Safari/604.1"
172.70.233.75 - - [10/Jan/2026:04:34:22 +0300] "GET /wp-admin/maint/ HTTP/1.0" 404 450 "https://www.bing.com/" "Mozilla/5.0 (Linux; Android 12; 2201116SG) AppleWebKit/537.36 (KHTML, like Gecko) Chrome/116.0.0.0 Mobile Safari/537.36"
172.70.233.75 - - [10/Jan/2026:04:34:22 +0300] "GET /wp-admin/network/ HTTP/1.0" 404 450 "https://www.google.com/" "Mozilla/5.0 (Linux; Android 11; 21081111RG) AppleWebKit/537.36 (KHTML, like Gecko) Chrome/116.0.0.0 Mobile Safari/537.36"
172.70.233.75 - - [10/Jan/2026:04:34:22 +0300] "GET /wp-content/ HTTP/1.0" 404 450 "https://www.google.com/" "Mozilla/5.0 (iPhone; CPU iPhone OS 16_6_1 like Mac OS X) AppleWebKit/605.1.15 (KHTML, like Gecko) Version/16.6 Mobile/15E148 Safari/604.1"
172.70.233.75 - - [10/Jan/2026:04:34:23 +0300] "GET /wp-content/plugins/ HTTP/1.0" 404 450 "https://www.google.com/" "Mozilla/5.0 (Linux; Android 10; LM-Q720) AppleWebKit/537.36 (KHTML, like Gecko) Chrome/116.0.0.0 Mobile Safari/537.36"
172.70.233.75 - - [10/Jan/2026:04:34:23 +0300] "GET /wp-content/themes/ HTTP/1.0" 404 450 "https://www.bing.com/" "Mozilla/5.g (Linux; Android 13; Pixel 7) AppleWebKit/537.36 (KHTML, like Gecko) Chrome/116.0.0.0 Mobile Safari/537.36"
172.70.233.75 - - [10/Jan/2026:04:34:23 +0300] "GET /wp-content/uploads/ HTTP/1.0" 404 450 "https://www.google.com/" "Mozilla/5.0 (iPhone; CPU iPhone OS 17_1 like Mac OS X) AppleWebKit/605.1.15 (KHTML, like Gecko) CriOS/119.0.6045.109 Mobile/15E148 Safari/604.1"
172.70.233.75 - - [10/Jan/2026:04:34:23 +0300] "GET /wp-includes/ HTTP/1.0" 404 450 "https://www.bing.com/" "Mozilla/5.0 (Linux; Android 12; V2134) AppleWebKit/537.36 (KHTML, like Gecko) Chrome/116.0.0.0 Mobile Safari/537.36"
172.70.233.75 - - [10/Jan/2026:04:34:24 +0300] "GET /wp-includes/ID3/ HTTP/1.0" 404 450 "https://www.google.co.uk/" "Mozilla/5.0 (Linux; Android 10; LM-Q720) AppleWebKit/537.36 (KHTML, like Gecko) Chrome/116.0.0.0 Mobile Safari/537.36"
172.70.233.75 - - [10/Jan/2026:04:34:24 +0300] "GET /wp-includes/IXR/ HTTP/1.0" 404 450 "https://www.bing.com/" "Mozilla/5.0 (Linux; Android 13; SM-G991U) AppleWebKit/537.36 (KHTML, like Gecko) Chrome/117.0.0.0 Mobile Safari/537.36"
172.70.233.75 - - [10/Jan/2026:04:34:24 +0300] "GET /wp-includes/PHPMailer/ HTTP/1.0" 404 450 "https://duckduckgo.com/" "Mozilla/5.0 (Linux; Android 13; M2101K6G) AppleWebKit/537.36 (KHTML, like Gecko) Chrome/116.0.0.0 Mobile Safari/537.36"
172.70.233.75 - - [10/Jan/2026:04:34:25 +0300] "GET /wp-includes/Requests/ HTTP/1.0" 404 450 "https://duckduckgo.com/" "Mozilla/5.0 (iPhone; CPU iPhone OS 17_1 like Mac OS X) AppleWebKit/605.1.15 (KHTML, like Gecko) CriOS/119.0.6045.109 Mobile/15E148 Safari/604.1"
172.70.233.75 - - [10/Jan/2026:04:34:25 +0300] "GET /wp-includes/Text/ HTTP/1.0" 404 450 "https://www.google.de/" "Mozilla/5.0 (Linux; Android 10; LM-Q720) AppleWebKit/537.36 (KHTML, like Gecko) Chrome/116.0.0.0 Mobile Safari/537.36"
172.70.233.75 - - [10/Jan/2026:04:34:25 +0300] "GET /wp-includes/js/ HTTP/1.0" 404 450 "https://duckduckgo.com/" "Mozilla/5.0 (Linux; Android 14; Pixel 8 Pro) AppleWebKit/537.36 (KHTML, like Gecko) Chrome/119.0.0.0 Mobile Safari/537.36"
172.70.233.75 - - [10/Jan/2026:04:34:25 +0300] "GET /wp-includes/sodium_compat/ HTTP/1.0" 404 450 "https://www.google.fr/" "Mozilla/5.0 (iPad; CPU OS 16_7_2 like Mac OS X) AppleWebKit/605.1.15 (KHTML, like Gecko) Version/16.6 Mobile/15E148 Safari/604.1"
172.70.233.75 - - [10/Jan/2026:04:34:26 +0300] "GET /wp-includes/block-bindings/index.php HTTP/1.0" 404 450 "https://www.google.co.uk/" "Mozilla/5.0 (Linux; Android 11; CPH2251) AppleWebKit/537.36 (KHTML, like Gecko) Chrome/116.0.0.0 Mobile Safari/537.36"
108.162.238.110 - - [10/Jan/2026:04:40:03 +0300] "GET /?GameID=3596.html HTTP/1.0" 200 859 "-" "Mozilla/5.0 (Linux; Android 6.0.1; Nexus 5X Build/MMB29P) AppleWebKit/537.36 (KHTML, like Gecko) Chrome/143.0.7499.169 Mobile Safari/537.36 (compatible; GoogleOther)"
172.68.150.116 - - [10/Jan/2026:04:44:33 +0300] "GET /wp-content/js181387/edit.php HTTP/1.0" 404 450 "https://anuha.ru/wp-content/js181387/edit.php" "Mozilla/5.0 (Windows NT 10.0; Win64; x64) AppleWebKit/537.36 (KHTML, like Gecko) Chrome/58.0.3029.110 Safari/537.3"
172.69.70.131 - - [10/Jan/2026:04:47:01 +0300] "GET /robots.txt HTTP/1.1" 404 194 "-" "Mozilla/5.0 (Macintosh; Intel Mac OS X 10_15_7) AppleWebKit/537.36 (KHTML, like Gecko) Chrome/131.0.0.0 Safari/537.36; compatible; OAI-SearchBot/1.3; robots.txt; +https://openai.com/searchbot"
172.64.200.40 - - [10/Jan/2026:04:47:27 +0300] "GET /index.php/jk HTTP/1.0" 200 859 "-" "Mozilla/5.0 (Macintosh; Intel Mac OS X 10.13; rv:103.0) Gecko/20100101 Firefox/102.0"
104.22.1.137 - - [10/Jan/2026:04:48:01 +0300] "GET /?ID=3616.html HTTP/1.0" 200 10051 "-" "Mozilla/5.0 (Linux; Android 6.0.1; Nexus 5X Build/MMB29P) AppleWebKit/537.36 (KHTML, like Gecko) Chrome/143.0.7499.169 Mobile Safari/537.36 (compatible; Googlebot/2.1; +http://www.google.com/bot.html)"
172.68.150.117 - - [10/Jan/2026:04:55:09 +0300] "GET /wp-content/js181387/edit.php HTTP/1.0" 404 450 "https://anuha.ru/wp-content/js181387/edit.php" "Mozilla/5.0 (Windows NT 10.0; Win64; x64) AppleWebKit/537.36 (KHTML, like Gecko) Chrome/58.0.3029.110 Safari/537.3"
172.64.223.147 - - [10/Jan/2026:04:58:42 +0300] "GET /.git/config HTTP/1.0" 404 450 "-" "Mozilla/5.0 (Windows NT 6.1; WOW64; rv:8.0) Gecko/20100101 Firefox/8.0"
108.162.237.166 - - [10/Jan/2026:05:00:01 +0300] "GET /?ID=3045.html HTTP/1.0" 200 53129 "-" "Mozilla/5.0 (Linux; Android 6.0.1; Nexus 5X Build/MMB29P) AppleWebKit/537.36 (KHTML, like Gecko) Chrome/143.0.7499.169 Mobile Safari/537.36 (compatible; Googlebot/2.1; +http://www.google.com/bot.html)"
172.68.150.117 - - [10/Jan/2026:05:06:20 +0300] "GET /wp-content/js181387/edit.php HTTP/1.0" 404 450 "https://anuha.ru/wp-content/js181387/edit.php" "Mozilla/5.0 (Windows NT 10.0; Win64; x64) AppleWebKit/537.36 (KHTML, like Gecko) Chrome/58.0.3029.110 Safari/537.3"
172.71.22.150 - - [10/Jan/2026:05:09:57 +0300] "GET /?ID=3343.html HTTP/1.0" 200 50009 "-" "Mozilla/5.0 (Linux; Android 6.0.1; Nexus 5X Build/MMB29P) AppleWebKit/537.36 (KHTML, like Gecko) Chrome/143.0.7499.169 Mobile Safari/537.36 (compatible; Googlebot/2.1; +http://www.google.com/bot.html)"
172.68.150.117 - - [10/Jan/2026:05:15:03 +0300] "GET /wp-content/js181387/edit.php HTTP/1.0" 404 450 "https://anuha.ru/wp-content/js181387/edit.php" "Mozilla/5.0 (Windows NT 10.0; Win64; x64) AppleWebKit/537.36 (KHTML, like Gecko) Chrome/58.0.3029.110 Safari/537.3"
