172.71.30.30 - - [10/Jan/2026:08:23:18 +0300] "GET /?GameID=2729.html HTTP/1.0" 200 36663 "https://anuha.ru/?ID=9320.html" "Mozilla/5.0 (Linux; Android 6.0.1; Nexus 5X Build/MMB29P) AppleWebKit/537.36 (KHTML, like Gecko) Chrome/143.0.7499.169 Mobile Safari/537.36 (compatible; Googlebot/2.1; +http://www.google.com/bot.html)"
108.162.237.166 - - [10/Jan/2026:08:23:20 +0300] "GET /?GameID=2160.html HTTP/1.0" 200 9634 "https://anuha.ru/?ID=9320.html" "Mozilla/5.0 (Linux; Android 6.0.1; Nexus 5X Build/MMB29P) AppleWebKit/537.36 (KHTML, like Gecko) Chrome/143.0.7499.169 Mobile Safari/537.36 (compatible; Googlebot/2.1; +http://www.google.com/bot.html)"
108.162.237.166 - - [10/Jan/2026:08:23:21 +0300] "GET /?GameID=2000.html HTTP/1.0" 200 35963 "https://anuha.ru/?ID=9320.html" "Mozilla/5.0 (Linux; Android 6.0.1; Nexus 5X Build/MMB29P) AppleWebKit/537.36 (KHTML, like Gecko) Chrome/143.0.7499.169 Mobile Safari/537.36 (compatible; Googlebot/2.1; +http://www.google.com/bot.html)"
104.22.1.137 - - [10/Jan/2026:08:26:54 +0300] "GET /?ID=%ED%8F%AC%EC%BB%A4%20%ED%81%B4%EB%9F%BD%20%EC%82%AC%EC%9D%B4%ED%8A%B8.html HTTP/1.0" 200 9509 "-" "Mozilla/5.0 (Linux; Android 6.0.1; Nexus 5X Build/MMB29P) AppleWebKit/537.36 (KHTML, like Gecko) Chrome/143.0.7499.169 Mobile Safari/537.36 (compatible; Googlebot/2.1; +http://www.google.com/bot.html)"
172.68.150.116 - - [10/Jan/2026:08:31:10 +0300] "GET /wp-content/js181387/edit.php HTTP/1.0" 404 450 "https://anuha.ru/wp-content/js181387/edit.php" "Mozilla/5.0 (Windows NT 10.0; Win64; x64) AppleWebKit/537.36 (KHTML, like Gecko) Chrome/58.0.3029.110 Safari/537.3"
172.69.71.109 - - [10/Jan/2026:08:33:35 +0300] "GET /?ID=%EC%86%94%EB%A0%88%EC%96%B4%20%EC%B9%B4%EC%A7%80%EB%85%B8%20%EB%A6%AC%EC%A1%B0%ED%8A%B8.html HTTP/1.0" 200 19144 "-" "Mozilla/5.0 (Linux; Android 6.0.1; Nexus 5X Build/MMB29P) AppleWebKit/537.36 (KHTML, like Gecko) Chrome/143.0.7499.169 Mobile Safari/537.36 (compatible; Googlebot/2.1; +http://www.google.com/bot.html)"
104.22.1.137 - - [10/Jan/2026:08:36:16 +0300] "GET /?ID=uefa%EC%BB%B5.html HTTP/1.0" 200 49632 "-" "Mozilla/5.0 (Linux; Android 6.0.1; Nexus 5X Build/MMB29P) AppleWebKit/537.36 (KHTML, like Gecko) Chrome/143.0.7499.169 Mobile Safari/537.36 (compatible; Googlebot/2.1; +http://www.google.com/bot.html)"
104.22.24.40 - - [10/Jan/2026:08:38:18 +0300] "GET /??product/Q195?a=search&l=46221 HTTP/1.0" 200 50962 "-" "Mozilla/5.0 (Linux; Android 6.0.1; Nexus 5X Build/MMB29P) AppleWebKit/537.36 (KHTML, like Gecko) Chrome/143.0.7499.169 Mobile Safari/537.36 (compatible; Googlebot/2.1; +http://www.google.com/bot.html)"
104.22.1.137 - - [10/Jan/2026:08:39:23 +0300] "GET /category/624_1055/1/listing HTTP/1.0" 404 450 "-" "Mozilla/5.0 (Linux; Android 6.0.1; Nexus 5X Build/MMB29P) AppleWebKit/537.36 (KHTML, like Gecko) Chrome/143.0.7499.169 Mobile Safari/537.36 (compatible; Googlebot/2.1; +http://www.google.com/bot.html)"
172.68.150.117 - - [10/Jan/2026:08:40:11 +0300] "GET /wp-content/js181387/edit.php HTTP/1.0" 404 450 "https://anuha.ru/wp-content/js181387/edit.php" "Mozilla/5.0 (Windows NT 10.0; Win64; x64) AppleWebKit/537.36 (KHTML, like Gecko) Chrome/58.0.3029.110 Safari/537.3"
172.70.93.104 - - [10/Jan/2026:08:40:56 +0300] "GET / HTTP/1.0" 200 859 "http://www.anuha.ru" "Mozilla/5.0 (iPhone; CPU iPhone OS 13_2_3 like Mac OS X) AppleWebKit/605.1.15 (KHTML, like Gecko) Version/13.0.3 Mobile/15E148 Safari/604.1"
104.22.1.136 - - [10/Jan/2026:08:42:58 +0300] "GET /?ID=9947.html HTTP/1.0" 200 19022 "-" "Mozilla/5.0 (Linux; Android 6.0.1; Nexus 5X Build/MMB29P) AppleWebKit/537.36 (KHTML, like Gecko) Chrome/143.0.7499.169 Mobile Safari/537.36 (compatible; Googlebot/2.1; +http://www.google.com/bot.html)"
172.71.22.151 - - [10/Jan/2026:08:47:39 +0300] "GET /?ID=9229.html HTTP/1.0" 200 49434 "-" "Mozilla/5.0 (Linux; Android 6.0.1; Nexus 5X Build/MMB29P) AppleWebKit/537.36 (KHTML, like Gecko) Chrome/143.0.7499.169 Mobile Safari/537.36 (compatible; Googlebot/2.1; +http://www.google.com/bot.html)"
172.68.150.116 - - [10/Jan/2026:08:50:12 +0300] "GET /wp-content/js181387/edit.php HTTP/1.0" 404 450 "https://anuha.ru/wp-content/js181387/edit.php" "Mozilla/5.0 (Windows NT 10.0; Win64; x64) AppleWebKit/537.36 (KHTML, like Gecko) Chrome/58.0.3029.110 Safari/537.3"
104.22.1.137 - - [10/Jan/2026:08:50:20 +0300] "GET /?ID=9565.html HTTP/1.0" 200 35602 "-" "Mozilla/5.0 (Linux; Android 6.0.1; Nexus 5X Build/MMB29P) AppleWebKit/537.36 (KHTML, like Gecko) Chrome/143.0.7499.169 Mobile Safari/537.36 (compatible; Googlebot/2.1; +http://www.google.com/bot.html)"
104.22.1.137 - - [10/Jan/2026:08:50:23 +0300] "GET /?GameID=3016.html HTTP/1.0" 200 50310 "https://anuha.ru/?ID=9565.html" "Mozilla/5.0 (Linux; Android 6.0.1; Nexus 5X Build/MMB29P) AppleWebKit/537.36 (KHTML, like Gecko) Chrome/143.0.7499.169 Mobile Safari/537.36 (compatible; Googlebot/2.1; +http://www.google.com/bot.html)"
104.22.24.41 - - [10/Jan/2026:08:50:25 +0300] "GET /?GameID=3073.html HTTP/1.0" 200 34919 "https://anuha.ru/?ID=9565.html" "Mozilla/5.0 (Linux; Android 6.0.1; Nexus 5X Build/MMB29P) AppleWebKit/537.36 (KHTML, like Gecko) Chrome/143.0.7499.169 Mobile Safari/537.36 (compatible; Googlebot/2.1; +http://www.google.com/bot.html)"
104.22.24.41 - - [10/Jan/2026:08:50:26 +0300] "GET /?GameID=3998.html HTTP/1.0" 200 19681 "https://anuha.ru/?ID=9565.html" "Mozilla/5.0 (Linux; Android 6.0.1; Nexus 5X Build/MMB29P) AppleWebKit/537.36 (KHTML, like Gecko) Chrome/143.0.7499.169 Mobile Safari/537.36 (compatible; Googlebot/2.1; +http://www.google.com/bot.html)"
108.162.237.166 - - [10/Jan/2026:08:54:02 +0300] "GET /?ID=3183.html HTTP/1.0" 200 49641 "-" "Mozilla/5.0 (Linux; Android 6.0.1; Nexus 5X Build/MMB29P) AppleWebKit/537.36 (KHTML, like Gecko) Chrome/143.0.7499.169 Mobile Safari/537.36 (compatible; Googlebot/2.1; +http://www.google.com/bot.html)"
108.162.237.166 - - [10/Jan/2026:08:54:04 +0300] "GET /?ID=3945.html HTTP/1.0" 200 35099 "-" "Mozilla/5.0 (Linux; Android 6.0.1; Nexus 5X Build/MMB29P) AppleWebKit/537.36 (KHTML, like Gecko) Chrome/143.0.7499.169 Mobile Safari/537.36 (compatible; Googlebot/2.1; +http://www.google.com/bot.html)"
108.162.237.166 - - [10/Jan/2026:08:54:05 +0300] "GET /?ID=1435.html HTTP/1.0" 200 9378 "-" "Mozilla/5.0 (Linux; Android 6.0.1; Nexus 5X Build/MMB29P) AppleWebKit/537.36 (KHTML, like Gecko) Chrome/143.0.7499.169 Mobile Safari/537.36 (compatible; Googlebot/2.1; +http://www.google.com/bot.html)"
108.162.237.166 - - [10/Jan/2026:08:54:07 +0300] "GET /?ID=3720.html HTTP/1.0" 200 37279 "https://anuha.ru/?ID=3945.html" "Mozilla/5.0 (Linux; Android 6.0.1; Nexus 5X Build/MMB29P) AppleWebKit/537.36 (KHTML, like Gecko) Chrome/143.0.7499.169 Mobile Safari/537.36 (compatible; Googlebot/2.1; +http://www.google.com/bot.html)"
108.162.237.166 - - [10/Jan/2026:08:54:09 +0300] "GET /?ID=1003.html HTTP/1.0" 200 49890 "-" "Mozilla/5.0 (Linux; Android 6.0.1; Nexus 5X Build/MMB29P) AppleWebKit/537.36 (KHTML, like Gecko) Chrome/143.0.7499.169 Mobile Safari/537.36 (compatible; Googlebot/2.1; +http://www.google.com/bot.html)"
108.162.237.166 - - [10/Jan/2026:08:54:11 +0300] "GET /?GameID=3533.html HTTP/1.0" 200 19344 "-" "Mozilla/5.0 (Linux; Android 6.0.1; Nexus 5X Build/MMB29P) AppleWebKit/537.36 (KHTML, like Gecko) Chrome/143.0.7499.169 Mobile Safari/537.36 (compatible; Googlebot/2.1; +http://www.google.com/bot.html)"
108.162.237.166 - - [10/Jan/2026:08:54:13 +0300] "GET /?ID=3944.html HTTP/1.0" 200 49004 "https://anuha.ru/?ID=3945.html" "Mozilla/5.0 (Linux; Android 6.0.1; Nexus 5X Build/MMB29P) AppleWebKit/537.36 (KHTML, like Gecko) Chrome/143.0.7499.169 Mobile Safari/537.36 (compatible; Googlebot/2.1; +http://www.google.com/bot.html)"
108.162.237.166 - - [10/Jan/2026:08:54:15 +0300] "GET /?ID=3463.html HTTP/1.0" 200 49539 "https://anuha.ru/?ID=3945.html" "Mozilla/5.0 (Linux; Android 6.0.1; Nexus 5X Build/MMB29P) AppleWebKit/537.36 (KHTML, like Gecko) Chrome/143.0.7499.169 Mobile Safari/537.36 (compatible; Googlebot/2.1; +http://www.google.com/bot.html)"
108.162.237.166 - - [10/Jan/2026:08:54:57 +0300] "GET /?ID=1574.html HTTP/1.0" 200 20177 "-" "Mozilla/5.0 (Linux; Android 6.0.1; Nexus 5X Build/MMB29P) AppleWebKit/537.36 (KHTML, like Gecko) Chrome/143.0.7499.169 Mobile Safari/537.36 (compatible; Googlebot/2.1; +http://www.google.com/bot.html)"
108.162.237.166 - - [10/Jan/2026:08:55:01 +0300] "GET /?ID=1903.html HTTP/1.0" 200 49393 "-" "Mozilla/5.0 (Linux; Android 6.0.1; Nexus 5X Build/MMB29P) AppleWebKit/537.36 (KHTML, like Gecko) Chrome/143.0.7499.169 Mobile Safari/537.36 (compatible; Googlebot/2.1; +http://www.google.com/bot.html)"
172.71.22.150 - - [10/Jan/2026:08:59:43 +0300] "GET /?ID=%EB%B0%94%EC%B9%B4%EB%9D%BC%20%EC%82%AC%EC%9D%B4%ED%8A%B8%20%EC%88%9C%EC%9C%84.html HTTP/1.0" 200 34922 "-" "Mozilla/5.0 (Linux; Android 6.0.1; Nexus 5X Build/MMB29P) AppleWebKit/537.36 (KHTML, like Gecko) Chrome/143.0.7499.169 Mobile Safari/537.36 (compatible; Googlebot/2.1; +http://www.google.com/bot.html)"
172.71.22.150 - - [10/Jan/2026:08:59:46 +0300] "GET /?GameID=1350.html HTTP/1.0" 200 20347 "https://anuha.ru/?ID=%EB%B0%94%EC%B9%B4%EB%9D%BC%20%EC%82%AC%EC%9D%B4%ED%8A%B8%20%EC%88%9C%EC%9C%84.html" "Mozilla/5.0 (Linux; Android 6.0.1; Nexus 5X Build/MMB29P) AppleWebKit/537.36 (KHTML, like Gecko) Chrome/143.0.7499.169 Mobile Safari/537.36 (compatible; Googlebot/2.1; +http://www.google.com/bot.html)"
172.71.22.150 - - [10/Jan/2026:08:59:48 +0300] "GET /?GameID=1826.html HTTP/1.0" 200 19737 "https://anuha.ru/?ID=%EB%B0%94%EC%B9%B4%EB%9D%BC%20%EC%82%AC%EC%9D%B4%ED%8A%B8%20%EC%88%9C%EC%9C%84.html" "Mozilla/5.0 (Linux; Android 6.0.1; Nexus 5X Build/MMB29P) AppleWebKit/537.36 (KHTML, like Gecko) Chrome/143.0.7499.169 Mobile Safari/537.36 (compatible; Googlebot/2.1; +http://www.google.com/bot.html)"
104.23.245.68 - - [10/Jan/2026:08:59:50 +0300] "GET /?GameID=1728.html HTTP/1.0" 200 11827 "https://anuha.ru/?ID=%EB%B0%94%EC%B9%B4%EB%9D%BC%20%EC%82%AC%EC%9D%B4%ED%8A%B8%20%EC%88%9C%EC%9C%84.html" "Mozilla/5.0 (Linux; Android 6.0.1; Nexus 5X Build/MMB29P) AppleWebKit/537.36 (KHTML, like Gecko) Chrome/143.0.7499.169 Mobile Safari/537.36 (compatible; Googlebot/2.1; +http://www.google.com/bot.html)"
172.70.176.114 - - [10/Jan/2026:09:00:11 +0300] "GET /wp-content/js181387/edit.php HTTP/1.0" 404 450 "https://anuha.ru/wp-content/js181387/edit.php" "Mozilla/5.0 (Windows NT 10.0; Win64; x64) AppleWebKit/537.36 (KHTML, like Gecko) Chrome/58.0.3029.110 Safari/537.3"
172.70.47.33 - - [10/Jan/2026:09:01:29 +0300] "GET / HTTP/1.0" 200 859 "-" "Mozilla/5.0 (iPhone; CPU iPhone OS 16_6_1 like Mac OS X) AppleWebKit/605.1.15 (KHTML, like Gecko) Version/16.6 Mobile/15E148 Safari/604.1"
104.22.24.40 - - [10/Jan/2026:09:05:24 +0300] "GET /?ID=9564.html HTTP/1.0" 200 19849 "-" "Mozilla/5.0 (Linux; Android 6.0.1; Nexus 5X Build/MMB29P) AppleWebKit/537.36 (KHTML, like Gecko) Chrome/143.0.7499.169 Mobile Safari/537.36 (compatible; Googlebot/2.1; +http://www.google.com/bot.html)"
104.22.1.136 - - [10/Jan/2026:09:05:25 +0300] "GET /?ID=1546.html HTTP/1.0" 200 10629 "-" "Mozilla/5.0 (Linux; Android 6.0.1; Nexus 5X Build/MMB29P) AppleWebKit/537.36 (KHTML, like Gecko) Chrome/143.0.7499.169 Mobile Safari/537.36 (compatible; Googlebot/2.1; +http://www.google.com/bot.html)"
104.22.24.41 - - [10/Jan/2026:09:07:04 +0300] "GET /?ID=3894.html HTTP/1.0" 200 10212 "-" "Mozilla/5.0 (Linux; Android 6.0.1; Nexus 5X Build/MMB29P) AppleWebKit/537.36 (KHTML, like Gecko) Chrome/143.0.7499.169 Mobile Safari/537.36 (compatible; Googlebot/2.1; +http://www.google.com/bot.html)"
104.22.24.40 - - [10/Jan/2026:09:10:05 +0300] "GET /?ID=6695.html HTTP/1.0" 200 34899 "-" "Mozilla/5.0 (Linux; Android 6.0.1; Nexus 5X Build/MMB29P) AppleWebKit/537.36 (KHTML, like Gecko) Chrome/143.0.7499.169 Mobile Safari/537.36 (compatible; Googlebot/2.1; +http://www.google.com/bot.html)"
104.23.245.68 - - [10/Jan/2026:09:10:10 +0300] "GET /?ID=2705.html HTTP/1.0" 200 35072 "https://anuha.ru/?ID=6695.html" "Mozilla/5.0 (Linux; Android 6.0.1; Nexus 5X Build/MMB29P) AppleWebKit/537.36 (KHTML, like Gecko) Chrome/143.0.7499.169 Mobile Safari/537.36 (compatible; Googlebot/2.1; +http://www.google.com/bot.html)"
172.68.150.116 - - [10/Jan/2026:09:10:11 +0300] "GET /wp-content/js181387/edit.php HTTP/1.0" 404 450 "https://anuha.ru/wp-content/js181387/edit.php" "Mozilla/5.0 (Windows NT 10.0; Win64; x64) AppleWebKit/537.36 (KHTML, like Gecko) Chrome/58.0.3029.110 Safari/537.3"
104.22.24.40 - - [10/Jan/2026:09:10:11 +0300] "GET /?ID=2765.html HTTP/1.0" 200 19245 "https://anuha.ru/?ID=6695.html" "Mozilla/5.0 (Linux; Android 6.0.1; Nexus 5X Build/MMB29P) AppleWebKit/537.36 (KHTML, like Gecko) Chrome/143.0.7499.169 Mobile Safari/537.36 (compatible; Googlebot/2.1; +http://www.google.com/bot.html)"
104.23.245.68 - - [10/Jan/2026:09:10:13 +0300] "GET /?ID=2030.html HTTP/1.0" 200 34582 "https://anuha.ru/?ID=6695.html" "Mozilla/5.0 (Linux; Android 6.0.1; Nexus 5X Build/MMB29P) AppleWebKit/537.36 (KHTML, like Gecko) Chrome/143.0.7499.169 Mobile Safari/537.36 (compatible; Googlebot/2.1; +http://www.google.com/bot.html)"
172.70.230.34 - - [10/Jan/2026:09:12:16 +0300] "GET /wp-admin/css/ HTTP/1.0" 404 450 "binance.com" "Mozilla/5.0 (Windows NT 10.0; Win64; x64) AppleWebKit/537.36 (KHTML, like Gecko) Chrome/90.0.4430.85 Safari/537.36"
162.158.155.111 - - [10/Jan/2026:09:12:21 +0300] "GET /.well-known/ HTTP/1.0" 404 450 "binance.com" "Mozilla/5.0 (Windows NT 10.0; Win64; x64) AppleWebKit/537.36 (KHTML, like Gecko) Chrome/90.0.4430.85 Safari/537.36"
172.71.203.79 - - [10/Jan/2026:09:12:26 +0300] "GET /sites/default/files/ HTTP/1.0" 404 450 "binance.com" "Mozilla/5.0 (Windows NT 10.0; Win64; x64) AppleWebKit/537.36 (KHTML, like Gecko) Chrome/90.0.4430.85 Safari/537.36"
162.158.158.106 - - [10/Jan/2026:09:12:31 +0300] "GET /admin/controller/extension/extension/ HTTP/1.0" 404 450 "binance.com" "Mozilla/5.0 (Windows NT 10.0; Win64; x64) AppleWebKit/537.36 (KHTML, like Gecko) Chrome/90.0.4430.85 Safari/537.36"
104.23.187.99 - - [10/Jan/2026:09:12:35 +0300] "GET /uploads/ HTTP/1.0" 404 450 "binance.com" "Mozilla/5.0 (Windows NT 10.0; Win64; x64) AppleWebKit/537.36 (KHTML, like Gecko) Chrome/90.0.4430.85 Safari/537.36"
172.70.230.34 - - [10/Jan/2026:09:12:40 +0300] "GET /images/ HTTP/1.0" 404 450 "binance.com" "Mozilla/5.0 (Windows NT 10.0; Win64; x64) AppleWebKit/537.36 (KHTML, like Gecko) Chrome/90.0.4430.85 Safari/537.36"
172.70.110.24 - - [10/Jan/2026:09:12:46 +0300] "GET /files/ HTTP/1.0" 404 450 "binance.com" "Mozilla/5.0 (Windows NT 10.0; Win64; x64) AppleWebKit/537.36 (KHTML, like Gecko) Chrome/90.0.4430.85 Safari/537.36"
172.68.71.49 - - [10/Jan/2026:09:13:48 +0300] "GET /?ID=9880.html HTTP/1.0" 200 20727 "-" "Mozilla/5.0 (Linux; Android 6.0.1; Nexus 5X Build/MMB29P) AppleWebKit/537.36 (KHTML, like Gecko) Chrome/143.0.7499.169 Mobile Safari/537.36 (compatible; Googlebot/2.1; +http://www.google.com/bot.html)"
104.22.24.88 - - [10/Jan/2026:09:15:50 +0300] "GET /?ID=6353.html HTTP/1.0" 200 19687 "-" "Mozilla/5.0 (Linux; Android 6.0.1; Nexus 5X Build/MMB29P) AppleWebKit/537.36 (KHTML, like Gecko) Chrome/143.0.7499.169 Mobile Safari/537.36 (compatible; Googlebot/2.1; +http://www.google.com/bot.html)"
172.69.71.110 - - [10/Jan/2026:09:19:32 +0300] "GET /?ID=9492.html HTTP/1.0" 200 50204 "-" "Mozilla/5.0 (Linux; Android 6.0.1; Nexus 5X Build/MMB29P) AppleWebKit/537.36 (KHTML, like Gecko) Chrome/143.0.7499.169 Mobile Safari/537.36 (compatible; Googlebot/2.1; +http://www.google.com/bot.html)"
172.68.150.117 - - [10/Jan/2026:09:20:11 +0300] "GET /wp-content/js181387/edit.php HTTP/1.0" 404 450 "https://anuha.ru/wp-content/js181387/edit.php" "Mozilla/5.0 (Windows NT 10.0; Win64; x64) AppleWebKit/537.36 (KHTML, like Gecko) Chrome/58.0.3029.110 Safari/537.3"
172.71.30.31 - - [10/Jan/2026:09:25:19 +0300] "GET /?GameID=2026-01-10/680.html HTTP/1.0" 200 35088 "-" "Mozilla/5.0 (Linux; Android 6.0.1; Nexus 5X Build/MMB29P) AppleWebKit/537.36 (KHTML, like Gecko) Chrome/143.0.7499.169 Mobile Safari/537.36 (compatible; Googlebot/2.1; +http://www.google.com/bot.html)"
104.23.223.103 - - [10/Jan/2026:09:25:28 +0300] "GET /?GameID=2026-01-10/baoacn.html HTTP/1.0" 200 20604 "https://anuha.ru/?GameID=2026-01-10/680.html" "Mozilla/5.0 (Linux; Android 6.0.1; Nexus 5X Build/MMB29P) AppleWebKit/537.36 (KHTML, like Gecko) Chrome/143.0.7499.169 Mobile Safari/537.36 (compatible; Googlebot/2.1; +http://www.google.com/bot.html)"
104.23.223.14 - - [10/Jan/2026:09:25:30 +0300] "GET /?GameID=2026-01-10/qbsirl.html HTTP/1.0" 200 49484 "https://anuha.ru/?GameID=2026-01-10/680.html" "Mozilla/5.0 (Linux; Android 6.0.1; Nexus 5X Build/MMB29P) AppleWebKit/537.36 (KHTML, like Gecko) Chrome/143.0.7499.169 Mobile Safari/537.36 (compatible; Googlebot/2.1; +http://www.google.com/bot.html)"
172.68.150.116 - - [10/Jan/2026:09:30:10 +0300] "GET /wp-content/js181387/edit.php HTTP/1.0" 404 450 "https://anuha.ru/wp-content/js181387/edit.php" "Mozilla/5.0 (Windows NT 10.0; Win64; x64) AppleWebKit/537.36 (KHTML, like Gecko) Chrome/58.0.3029.110 Safari/537.3"
104.23.245.68 - - [10/Jan/2026:09:31:05 +0300] "GET /?GameID=2026-01-10/890.html HTTP/1.0" 200 23592 "-" "Mozilla/5.0 (Linux; Android 6.0.1; Nexus 5X Build/MMB29P) AppleWebKit/537.36 (KHTML, like Gecko) Chrome/143.0.7499.169 Mobile Safari/537.36 (compatible; Googlebot/2.1; +http://www.google.com/bot.html)"
104.23.245.69 - - [10/Jan/2026:09:36:51 +0300] "GET /?GameID=2026-01-10/267.html HTTP/1.0" 200 50031 "-" "Mozilla/5.0 (Linux; Android 6.0.1; Nexus 5X Build/MMB29P) AppleWebKit/537.36 (KHTML, like Gecko) Chrome/143.0.7499.169 Mobile Safari/537.36 (compatible; Googlebot/2.1; +http://www.google.com/bot.html)"
172.70.176.115 - - [10/Jan/2026:09:40:11 +0300] "GET /wp-content/js181387/edit.php HTTP/1.0" 404 450 "https://anuha.ru/wp-content/js181387/edit.php" "Mozilla/5.0 (Windows NT 10.0; Win64; x64) AppleWebKit/537.36 (KHTML, like Gecko) Chrome/58.0.3029.110 Safari/537.3"
172.68.71.49 - - [10/Jan/2026:09:42:37 +0300] "GET /?GameID=2026-01-10/916.html HTTP/1.0" 200 10399 "-" "Mozilla/5.0 (Linux; Android 6.0.1; Nexus 5X Build/MMB29P) AppleWebKit/537.36 (KHTML, like Gecko) Chrome/143.0.7499.169 Mobile Safari/537.36 (compatible; Googlebot/2.1; +http://www.google.com/bot.html)"
172.68.71.50 - - [10/Jan/2026:09:48:23 +0300] "GET /?GameID=2026-01-10/372.html HTTP/1.0" 200 50400 "-" "Mozilla/5.0 (Linux; Android 6.0.1; Nexus 5X Build/MMB29P) AppleWebKit/537.36 (KHTML, like Gecko) Chrome/143.0.7499.169 Mobile Safari/537.36 (compatible; Googlebot/2.1; +http://www.google.com/bot.html)"
172.71.99.203 - - [10/Jan/2026:09:51:00 +0300] "HEAD / HTTP/1.0" 200 259 "-" "Mozilla/5.0 (Windows NT 10.0; Win64; x64) AppleWebKit/537.36"
172.71.183.154 - - [10/Jan/2026:09:51:04 +0300] "GET /.env.production HTTP/1.0" 404 450 "-" "Mozilla/5.0 (Windows NT 10.0; Win64; x64) AppleWebKit/537.36"
172.71.183.154 - - [10/Jan/2026:09:51:04 +0300] "GET /.env.development HTTP/1.0" 404 450 "-" "Mozilla/5.0 (Windows NT 10.0; Win64; x64) AppleWebKit/537.36"
141.101.76.56 - - [10/Jan/2026:09:51:25 +0300] "GET /config/env/production/database.js HTTP/1.0" 404 450 "-" "Mozilla/5.0 (Windows NT 10.0; Win64; x64) AppleWebKit/537.36"
104.23.168.40 - - [10/Jan/2026:09:51:25 +0300] "GET /phpinfo.php HTTP/1.0" 404 450 "-" "Mozilla/5.0 (Windows NT 10.0; Win64; x64) AppleWebKit/537.36"
172.70.176.115 - - [10/Jan/2026:09:51:27 +0300] "GET /wp-content/js181387/edit.php HTTP/1.0" 404 450 "https://anuha.ru/wp-content/js181387/edit.php" "Mozilla/5.0 (Windows NT 10.0; Win64; x64) AppleWebKit/537.36 (KHTML, like Gecko) Chrome/58.0.3029.110 Safari/537.3"
172.70.47.34 - - [10/Jan/2026:09:51:29 +0300] "GET /php.php HTTP/1.0" 404 450 "-" "Mozilla/5.0 (Windows NT 10.0; Win64; x64) AppleWebKit/537.36"
172.71.183.154 - - [10/Jan/2026:09:51:37 +0300] "GET /phpinfo HTTP/1.0" 404 450 "-" "Mozilla/5.0 (Windows NT 10.0; Win64; x64) AppleWebKit/537.36"
172.71.99.203 - - [10/Jan/2026:09:51:43 +0300] "GET /secrets.json HTTP/1.0" 404 450 "-" "Mozilla/5.0 (Windows NT 10.0; Win64; x64) AppleWebKit/537.36"
172.71.102.181 - - [10/Jan/2026:09:51:43 +0300] "GET /credentials.json HTTP/1.0" 404 450 "-" "Mozilla/5.0 (Windows NT 10.0; Win64; x64) AppleWebKit/537.36"
172.70.47.34 - - [10/Jan/2026:09:51:53 +0300] "GET /config.php.bak HTTP/1.0" 404 450 "-" "Mozilla/5.0 (Windows NT 10.0; Win64; x64) AppleWebKit/537.36"
162.159.113.63 - - [10/Jan/2026:09:51:54 +0300] "GET /config.js HTTP/1.0" 404 450 "-" "Mozilla/5.0 (Windows NT 10.0; Win64; x64) AppleWebKit/537.36"
104.23.168.40 - - [10/Jan/2026:09:52:04 +0300] "GET /.gitconfig HTTP/1.0" 404 450 "-" "Mozilla/5.0 (Windows NT 10.0; Win64; x64) AppleWebKit/537.36"
104.22.10.185 - - [10/Jan/2026:09:52:25 +0300] "GET / HTTP/1.0" 200 859 "-" "-"
172.71.30.30 - - [10/Jan/2026:09:54:19 +0300] "GET /?GameID=2026-01-10/252.html HTTP/1.0" 200 35503 "-" "Mozilla/5.0 (Linux; Android 6.0.1; Nexus 5X Build/MMB29P) AppleWebKit/537.36 (KHTML, like Gecko) Chrome/143.0.7499.169 Mobile Safari/537.36 (compatible; Googlebot/2.1; +http://www.google.com/bot.html)"
172.68.71.50 - - [10/Jan/2026:09:54:20 +0300] "GET /?ID=4317.html HTTP/1.0" 200 19003 "-" "Mozilla/5.0 (Linux; Android 6.0.1; Nexus 5X Build/MMB29P) AppleWebKit/537.36 (KHTML, like Gecko) Chrome/143.0.7499.169 Mobile Safari/537.36 (compatible; Googlebot/2.1; +http://www.google.com/bot.html)"
104.22.24.41 - - [10/Jan/2026:09:54:22 +0300] "GET /?ID=4395.html HTTP/1.0" 200 19645 "-" "Mozilla/5.0 (Linux; Android 6.0.1; Nexus 5X Build/MMB29P) AppleWebKit/537.36 (KHTML, like Gecko) Chrome/143.0.7499.169 Mobile Safari/537.36 (compatible; Googlebot/2.1; +http://www.google.com/bot.html)"
172.71.30.30 - - [10/Jan/2026:09:54:24 +0300] "GET /?ID=6908.html HTTP/1.0" 200 10622 "-" "Mozilla/5.0 (Linux; Android 6.0.1; Nexus 5X Build/MMB29P) AppleWebKit/537.36 (KHTML, like Gecko) Chrome/143.0.7499.169 Mobile Safari/537.36 (compatible; Googlebot/2.1; +http://www.google.com/bot.html)"
104.22.24.41 - - [10/Jan/2026:09:54:26 +0300] "GET /?GameID=2026-01-10/610.html HTTP/1.0" 200 35709 "-" "Mozilla/5.0 (Linux; Android 6.0.1; Nexus 5X Build/MMB29P) AppleWebKit/537.36 (KHTML, like Gecko) Chrome/143.0.7499.169 Mobile Safari/537.36 (compatible; Googlebot/2.1; +http://www.google.com/bot.html)"
104.22.24.41 - - [10/Jan/2026:09:54:28 +0300] "GET /?ID=3416.html HTTP/1.0" 200 34812 "https://anuha.ru/?GameID=2026-01-10/252.html" "Mozilla/5.0 (Linux; Android 6.0.1; Nexus 5X Build/MMB29P) AppleWebKit/537.36 (KHTML, like Gecko) Chrome/143.0.7499.169 Mobile Safari/537.36 (compatible; Googlebot/2.1; +http://www.google.com/bot.html)"
104.22.24.41 - - [10/Jan/2026:09:54:29 +0300] "GET /?GameID=2026-01-10/3502.html HTTP/1.0" 200 9463 "-" "Mozilla/5.0 (Linux; Android 6.0.1; Nexus 5X Build/MMB29P) AppleWebKit/537.36 (KHTML, like Gecko) Chrome/143.0.7499.169 Mobile Safari/537.36 (compatible; Googlebot/2.1; +http://www.google.com/bot.html)"
104.22.24.41 - - [10/Jan/2026:09:54:31 +0300] "GET /?ID=4628.html HTTP/1.0" 200 20521 "-" "Mozilla/5.0 (Linux; Android 6.0.1; Nexus 5X Build/MMB29P) AppleWebKit/537.36 (KHTML, like Gecko) Chrome/143.0.7499.169 Mobile Safari/537.36 (compatible; Googlebot/2.1; +http://www.google.com/bot.html)"
104.22.24.41 - - [10/Jan/2026:09:54:33 +0300] "GET /?ID=3025.html HTTP/1.0" 200 49309 "https://anuha.ru/?GameID=2026-01-10/252.html" "Mozilla/5.0 (Linux; Android 6.0.1; Nexus 5X Build/MMB29P) AppleWebKit/537.36 (KHTML, like Gecko) Chrome/143.0.7499.169 Mobile Safari/537.36 (compatible; Googlebot/2.1; +http://www.google.com/bot.html)"
104.22.24.41 - - [10/Jan/2026:09:54:35 +0300] "GET /?ID=3073.html HTTP/1.0" 200 49887 "https://anuha.ru/?GameID=2026-01-10/252.html" "Mozilla/5.0 (Linux; Android 6.0.1; Nexus 5X Build/MMB29P) AppleWebKit/537.36 (KHTML, like Gecko) Chrome/143.0.7499.169 Mobile Safari/537.36 (compatible; Googlebot/2.1; +http://www.google.com/bot.html)"
104.22.24.41 - - [10/Jan/2026:09:54:37 +0300] "GET /?ID=2695.html HTTP/1.0" 200 50234 "https://anuha.ru/?GameID=2026-01-10/610.html" "Mozilla/5.0 (Linux; Android 6.0.1; Nexus 5X Build/MMB29P) AppleWebKit/537.36 (KHTML, like Gecko) Chrome/143.0.7499.169 Mobile Safari/537.36 (compatible; Googlebot/2.1; +http://www.google.com/bot.html)"
104.22.24.41 - - [10/Jan/2026:09:54:39 +0300] "GET /?ID=2097.html HTTP/1.0" 200 49175 "https://anuha.ru/?GameID=2026-01-10/610.html" "Mozilla/5.0 (Linux; Android 6.0.1; Nexus 5X Build/MMB29P) AppleWebKit/537.36 (KHTML, like Gecko) Chrome/143.0.7499.169 Mobile Safari/537.36 (compatible; Googlebot/2.1; +http://www.google.com/bot.html)"
104.22.24.41 - - [10/Jan/2026:09:54:41 +0300] "GET /?ID=2040.html HTTP/1.0" 200 49419 "https://anuha.ru/?GameID=2026-01-10/610.html" "Mozilla/5.0 (Linux; Android 6.0.1; Nexus 5X Build/MMB29P) AppleWebKit/537.36 (KHTML, like Gecko) Chrome/143.0.7499.169 Mobile Safari/537.36 (compatible; Googlebot/2.1; +http://www.google.com/bot.html)"
162.158.210.127 - - [10/Jan/2026:09:55:29 +0300] "GET /1.tar.gz HTTP/1.0" 404 450 "-" "Mozilla/5.0 (Windows NT 10.0; Win64; x64) AppleWebKit/537.36 (KHTML, like Gecko) Chrome/101.0.4951.67 Safari/537.36"
104.23.245.68 - - [10/Jan/2026:09:59:56 +0300] "GET /?ID=2671.html HTTP/1.0" 200 36994 "-" "Mozilla/5.0 (Linux; Android 6.0.1; Nexus 5X Build/MMB29P) AppleWebKit/537.36 (KHTML, like Gecko) Chrome/143.0.7499.169 Mobile Safari/537.36 (compatible; Googlebot/2.1; +http://www.google.com/bot.html)"
172.71.22.151 - - [10/Jan/2026:10:00:00 +0300] "GET /?ID=4083.html HTTP/1.0" 200 36397 "https://anuha.ru/?ID=2671.html" "Mozilla/5.0 (Linux; Android 6.0.1; Nexus 5X Build/MMB29P) AppleWebKit/537.36 (KHTML, like Gecko) Chrome/143.0.7499.169 Mobile Safari/537.36 (compatible; Googlebot/2.1; +http://www.google.com/bot.html)"
172.71.22.151 - - [10/Jan/2026:10:00:01 +0300] "GET /?ID=4305.html HTTP/1.0" 200 9550 "https://anuha.ru/?ID=2671.html" "Mozilla/5.0 (Linux; Android 6.0.1; Nexus 5X Build/MMB29P) AppleWebKit/537.36 (KHTML, like Gecko) Chrome/143.0.7499.169 Mobile Safari/537.36 (compatible; Googlebot/2.1; +http://www.google.com/bot.html)"
172.68.150.116 - - [10/Jan/2026:10:03:43 +0300] "GET /wp-content/js181387/edit.php HTTP/1.0" 404 450 "https://anuha.ru/wp-content/js181387/edit.php" "Mozilla/5.0 (Windows NT 10.0; Win64; x64) AppleWebKit/537.36 (KHTML, like Gecko) Chrome/58.0.3029.110 Safari/537.3"
172.71.30.31 - - [10/Jan/2026:10:05:42 +0300] "GET /?ID=3536.html HTTP/1.0" 200 11038 "-" "Mozilla/5.0 (Linux; Android 6.0.1; Nexus 5X Build/MMB29P) AppleWebKit/537.36 (KHTML, like Gecko) Chrome/143.0.7499.169 Mobile Safari/537.36 (compatible; Googlebot/2.1; +http://www.google.com/bot.html)"
141.101.86.194 - - [10/Jan/2026:10:07:40 +0300] "GET /wp-content/plugins/autoload_classmap.php HTTP/1.0" 404 450 "https://www.google.com/" "Mozilla/5.0 (Linux; Android 13; M2101K6G) AppleWebKit/537.36 (KHTML, like Gecko) Chrome/116.0.0.0 Mobile Safari/537.36"
141.101.86.194 - - [10/Jan/2026:10:07:40 +0300] "GET /wp-includes/assets/ty.php HTTP/1.0" 404 450 "https://www.bing.com/" "Mozilla/5.0 (iPhone; CPU iPhone OS 16_0 like Mac OS X) AppleWebKit/605.1.15 (KHTML, like Gecko) FxiOS/118.0 Mobile/15E148 Safari/605.1.15"
141.101.86.194 - - [10/Jan/2026:10:07:41 +0300] "GET /xmlrpc.php HTTP/1.0" 404 450 "https://www.bing.com/" "Mozilla/5.0 (Linux; Android 13; M2101K6G) AppleWebKit/537.36 (KHTML, like Gecko) Chrome/116.0.0.0 Mobile Safari/537.36"
141.101.86.194 - - [10/Jan/2026:10:07:41 +0300] "GET /autoload_classmap.php HTTP/1.0" 404 450 "https://www.bing.com/" "Mozilla/5.0 (Linux; Android 12; 2201116SG) AppleWebKit/537.36 (KHTML, like Gecko) Chrome/116.0.0.0 Mobile Safari/537.36"
141.101.86.194 - - [10/Jan/2026:10:07:41 +0300] "GET /.well-known/acme-challenge/about.php HTTP/1.1" 404 194 "https://duckduckgo.com/" "Mozilla/5.0 (Linux; Android 12; 2201116SG) AppleWebKit/537.36 (KHTML, like Gecko) Chrome/116.0.0.0 Mobile Safari/537.36"
141.101.86.194 - - [10/Jan/2026:10:07:41 +0300] "GET /NewFile.php HTTP/1.0" 404 450 "https://www.google.com/" "Mozilla/5.0 (iPad; CPU OS 17_0_3 like Mac OS X) AppleWebKit/605.1.15 (KHTML, like Gecko) Version/17.0.1 Mobile/15E148 Safari/604.1"
141.101.86.194 - - [10/Jan/2026:10:07:42 +0300] "GET /adminfuns.php HTTP/1.0" 404 450 "https://www.bing.com/" "Mozilla/5.0 (Linux; Android 13; M2101K6G) AppleWebKit/537.36 (KHTML, like Gecko) Chrome/116.0.0.0 Mobile Safari/537.36"
141.101.86.194 - - [10/Jan/2026:10:07:42 +0300] "GET /inputs.php HTTP/1.0" 404 450 "https://www.yahoo.com/" "Mozilla/5.0 (iPhone; CPU iPhone OS 17_1 like Mac OS X) AppleWebKit/605.1.15 (KHTML, like Gecko) CriOS/119.0.6045.109 Mobile/15E148 Safari/604.1"
141.101.86.194 - - [10/Jan/2026:10:07:42 +0300] "GET /upload.php HTTP/1.0" 404 450 "https://www.yahoo.com/" "Mozilla/5.0 (iPhone; CPU iPhone OS 17_1 like Mac OS X) AppleWebKit/605.1.15 (KHTML, like Gecko) CriOS/119.0.6045.109 Mobile/15E148 Safari/604.1"
141.101.86.194 - - [10/Jan/2026:10:07:43 +0300] "GET /simple.php HTTP/1.0" 404 450 "https://www.bing.com/" "Mozilla/5.0 (iPhone; CPU iPhone OS 16_0 like Mac OS X) AppleWebKit/605.1.15 (KHTML, like Gecko) FxiOS/118.0 Mobile/15E148 Safari/605.1.15"
141.101.86.194 - - [10/Jan/2026:10:07:43 +0300] "GET /alfa-rex.php7 HTTP/1.0" 404 450 "https://www.yahoo.com/" "Mozilla/5.0 (Linux; Android 10; K) AppleWebKit/537.36 (KHTML, like Gecko) Chrome/117.0.0.0 Mobile Safari/537.36"
141.101.86.194 - - [10/Jan/2026:10:07:43 +0300] "GET /tinyy.php HTTP/1.0" 404 450 "https://www.google.de/" "Mozilla/5.0 (Linux; Android 11; 21081111RG) AppleWebKit/537.36 (KHTML, like Gecko) Chrome/116.0.0.0 Mobile Safari/537.36"
141.101.86.194 - - [10/Jan/2026:10:07:43 +0300] "GET /makeasmtp.php HTTP/1.0" 404 450 "https://www.google.com/" "Mozilla/5.0 (Linux; Android 14; Pixel 8 Pro) AppleWebKit/537.36 (KHTML, like Gecko) Chrome/119.0.0.0 Mobile Safari/537.36"
141.101.86.194 - - [10/Jan/2026:10:07:44 +0300] "GET /elp.php HTTP/1.0" 404 450 "https://www.google.fr/" "Mozilla/5.0 (Linux; Android 12; 2201116SG) AppleWebKit/537.36 (KHTML, like Gecko) Chrome/116.0.0.0 Mobile Safari/537.36"
141.101.86.194 - - [10/Jan/2026:10:07:44 +0300] "GET /flower.php HTTP/1.0" 404 450 "https://www.google.de/" "Mozilla/5.0 (Linux; Android 12; 2201116SG) AppleWebKit/537.36 (KHTML, like Gecko) Chrome/116.0.0.0 Mobile Safari/537.36"
141.101.86.194 - - [10/Jan/2026:10:07:44 +0300] "GET /bala.php HTTP/1.0" 404 450 "https://www.google.co.uk/" "Mozilla/5.0 (Linux; Android 11; 21081111RG) AppleWebKit/537.36 (KHTML, like Gecko) Chrome/116.0.0.0 Mobile Safari/537.36"
141.101.86.194 - - [10/Jan/2026:10:07:45 +0300] "GET /goods.php HTTP/1.0" 404 450 "https://www.google.fr/" "Mozilla/5.0 (Linux; Android 13; SM-G991U) AppleWebKit/537.36 (KHTML, like Gecko) Chrome/117.0.0.0 Mobile Safari/537.36"
141.101.86.194 - - [10/Jan/2026:10:07:45 +0300] "GET /bolt.php HTTP/1.0" 404 450 "https://www.google.fr/" "Mozilla/5.0 (iPhone; CPU iPhone OS 16_0 like Mac OS X) AppleWebKit/605.1.15 (KHTML, like Gecko) FxiOS/118.0 Mobile/15E148 Safari/605.1.15"
141.101.86.194 - - [10/Jan/2026:10:07:45 +0300] "GET /man.php HTTP/1.0" 404 450 "https://www.google.fr/" "Mozilla/5.0 (Linux; Android 12; SM-A525F) AppleWebKit/537.36 (KHTML, like Gecko) Chrome/117.0.0.0 Mobile Safari/537.36"
141.101.86.194 - - [10/Jan/2026:10:07:45 +0300] "GET /bless.php HTTP/1.0" 404 450 "https://www.google.co.uk/" "Mozilla/5.0 (iPhone; CPU iPhone OS 16_0 like Mac OS X) AppleWebKit/605.1.15 (KHTML, like Gecko) FxiOS/118.0 Mobile/15E148 Safari/605.1.15"
141.101.86.194 - - [10/Jan/2026:10:07:46 +0300] "GET /system.php HTTP/1.0" 404 450 "https://www.yahoo.com/" "Mozilla/5.0 (Linux; Android 10; LM-Q720) AppleWebKit/537.36 (KHTML, like Gecko) Chrome/116.0.0.0 Mobile Safari/537.36"
141.101.86.194 - - [10/Jan/2026:10:07:46 +0300] "GET /about.php HTTP/1.0" 404 450 "https://www.google.co.uk/" "Mozilla/5.0 (Linux; Android 13; SM-G991U) AppleWebKit/537.36 (KHTML, like Gecko) Chrome/117.0.0.0 Mobile Safari/537.36"
141.101.86.194 - - [10/Jan/2026:10:07:46 +0300] "GET /text.php HTTP/1.0" 404 450 "https://www.bing.com/" "Mozilla/5.0 (Linux; Android 10; K) AppleWebKit/537.36 (KHTML, like Gecko) Chrome/117.0.0.0 Mobile Safari/537.36"
141.101.86.194 - - [10/Jan/2026:10:07:47 +0300] "GET /abcd.php HTTP/1.0" 404 450 "https://www.yahoo.com/" "Mozilla/5.0 (Linux; Android 12; SM-A525F) AppleWebKit/537.36 (KHTML, like Gecko) Chrome/117.0.0.0 Mobile Safari/537.36"
141.101.86.194 - - [10/Jan/2026:10:07:47 +0300] "GET /admin.php HTTP/1.0" 404 450 "https://duckduckgo.com/" "Mozilla/5.g (Linux; Android 13; Pixel 7) AppleWebKit/537.36 (KHTML, like Gecko) Chrome/116.0.0.0 Mobile Safari/537.36"
141.101.86.194 - - [10/Jan/2026:10:07:47 +0300] "GET /files.php HTTP/1.0" 404 450 "https://www.google.com/" "Mozilla/5.0 (iPad; CPU OS 16_7_2 like Mac OS X) AppleWebKit/605.1.15 (KHTML, like Gecko) Version/16.6 Mobile/15E148 Safari/604.1"
141.101.86.194 - - [10/Jan/2026:10:07:47 +0300] "GET /file.php HTTP/1.0" 404 450 "https://www.google.com/" "Mozilla/5.0 (iPhone; CPU iPhone OS 17_1_1 like Mac OS X) AppleWebKit/605.1.15 (KHTML, like Gecko) Version/17.1 Mobile/15E148 Safari/604.1"
141.101.86.194 - - [10/Jan/2026:10:07:48 +0300] "GET /moon.php HTTP/1.0" 404 450 "https://www.yahoo.com/" "Mozilla/5.0 (Linux; Android 12; 2201116SG) AppleWebKit/537.36 (KHTML, like Gecko) Chrome/116.0.0.0 Mobile Safari/537.36"
141.101.86.194 - - [10/Jan/2026:10:07:48 +0300] "GET /akcc.php HTTP/1.0" 404 450 "https://www.google.com/" "Mozilla/5.0 (iPhone; CPU iPhone OS 17_1_1 like Mac OS X) AppleWebKit/605.1.15 (KHTML, like Gecko) Version/17.1 Mobile/15E148 Safari/604.1"
141.101.86.194 - - [10/Jan/2026:10:07:48 +0300] "GET /gecko-new.php HTTP/1.0" 404 450 "https://www.google.co.uk/" "Mozilla/5.0 (Linux; Android 13; SM-S908E) AppleWebKit/537.36 (KHTML, like Gecko) Chrome/116.0.0.0 Mobile Safari/537.36"
141.101.86.194 - - [10/Jan/2026:10:07:49 +0300] "GET /admin-header.php HTTP/1.0" 404 450 "https://www.bing.com/" "Mozilla/5.0 (Linux; Android 10; LM-Q720) AppleWebKit/537.36 (KHTML, like Gecko) Chrome/116.0.0.0 Mobile Safari/537.36"
141.101.86.194 - - [10/Jan/2026:10:07:49 +0300] "GET /edit.php HTTP/1.0" 404 450 "https://www.google.co.uk/" "Mozilla/5.0 (Linux; Android 13; M2101K6G) AppleWebKit/537.36 (KHTML, like Gecko) Chrome/116.0.0.0 Mobile Safari/537.36"
141.101.86.194 - - [10/Jan/2026:10:07:49 +0300] "GET /ioxi-o.php HTTP/1.0" 404 450 "https://www.bing.com/" "Mozilla/5.0 (Linux; Android 12; V2134) AppleWebKit/537.36 (KHTML, like Gecko) Chrome/116.0.0.0 Mobile Safari/537.36"
141.101.86.194 - - [10/Jan/2026:10:07:49 +0300] "GET /info.php HTTP/1.0" 404 450 "https://www.bing.com/" "Mozilla/5.0 (Linux; Android 12; 2201116SG) AppleWebKit/537.36 (KHTML, like Gecko) Chrome/116.0.0.0 Mobile Safari/537.36"
141.101.86.194 - - [10/Jan/2026:10:07:50 +0300] "GET /lock360.php HTTP/1.0" 404 450 "https://www.google.fr/" "Mozilla/5.0 (iPad; CPU OS 16_7_2 like Mac OS X) AppleWebKit/605.1.15 (KHTML, like Gecko) Version/16.6 Mobile/15E148 Safari/604.1"
141.101.86.194 - - [10/Jan/2026:10:07:50 +0300] "GET /ws.php HTTP/1.0" 404 450 "https://www.google.de/" "Mozilla/5.0 (Linux; Android 11; CPH2251) AppleWebKit/537.36 (KHTML, like Gecko) Chrome/116.0.0.0 Mobile Safari/537.36"
141.101.86.194 - - [10/Jan/2026:10:07:50 +0300] "GET /file4.php HTTP/1.0" 404 450 "https://www.google.co.uk/" "Mozilla/5.0 (iPhone; CPU iPhone OS 17_1_1 like Mac OS X) AppleWebKit/605.1.15 (KHTML, like Gecko) Version/17.1 Mobile/15E148 Safari/604.1"
141.101.86.194 - - [10/Jan/2026:10:07:51 +0300] "GET /wp-good.php HTTP/1.0" 404 450 "https://www.bing.com/" "Mozilla/5.0 (Linux; Android 12; V2134) AppleWebKit/537.36 (KHTML, like Gecko) Chrome/116.0.0.0 Mobile Safari/537.36"
141.101.86.194 - - [10/Jan/2026:10:07:51 +0300] "GET /content.php HTTP/1.0" 404 450 "https://www.google.com/" "Mozilla/5.0 (iPhone; CPU iPhone OS 16_6_1 like Mac OS X) AppleWebKit/605.1.15 (KHTML, like Gecko) Version/16.6 Mobile/15E148 Safari/604.1"
141.101.86.194 - - [10/Jan/2026:10:07:51 +0300] "GET /wp-signup.php HTTP/1.0" 404 450 "https://www.google.com/" "Mozilla/5.0 (iPhone; CPU iPhone OS 17_1_1 like Mac OS X) AppleWebKit/605.1.15 (KHTML, like Gecko) Version/17.1 Mobile/15E148 Safari/604.1"
141.101.86.194 - - [10/Jan/2026:10:07:51 +0300] "GET /log.php HTTP/1.0" 404 450 "https://www.bing.com/" "Mozilla/5.0 (Linux; Android 10; LM-Q720) AppleWebKit/537.36 (KHTML, like Gecko) Chrome/116.0.0.0 Mobile Safari/537.36"
141.101.86.194 - - [10/Jan/2026:10:07:52 +0300] "GET /hplfuns.php HTTP/1.0" 404 450 "https://www.bing.com/" "Mozilla/5.0 (Linux; Android 12; SM-A525F) AppleWebKit/537.36 (KHTML, like Gecko) Chrome/117.0.0.0 Mobile Safari/537.36"
141.101.86.194 - - [10/Jan/2026:10:07:52 +0300] "GET /ahax.php HTTP/1.0" 404 450 "https://www.bing.com/" "Mozilla/5.0 (iPhone; CPU iPhone OS 15_7_9 like Mac OS X) AppleWebKit/605.1.15 (KHTML, like Gecko) Version/15.6.5 Mobile/15E148 Safari/604.1"
141.101.86.194 - - [10/Jan/2026:10:07:52 +0300] "GET /atomlib.php HTTP/1.0" 404 450 "https://www.google.fr/" "Mozilla/5.0 (Linux; Android 11; 21081111RG) AppleWebKit/537.36 (KHTML, like Gecko) Chrome/116.0.0.0 Mobile Safari/537.36"
141.101.86.194 - - [10/Jan/2026:10:07:53 +0300] "GET /server.php HTTP/1.0" 404 450 "https://www.google.co.uk/" "Mozilla/5.0 (Linux; Android 10; LM-Q720) AppleWebKit/537.36 (KHTML, like Gecko) Chrome/116.0.0.0 Mobile Safari/537.36"
141.101.86.194 - - [10/Jan/2026:10:07:53 +0300] "GET /wp-trackback.php HTTP/1.0" 404 450 "https://www.google.fr/" "Mozilla/5.0 (iPad; CPU OS 16_7_2 like Mac OS X) AppleWebKit/605.1.15 (KHTML, like Gecko) Version/16.6 Mobile/15E148 Safari/604.1"
141.101.86.194 - - [10/Jan/2026:10:07:53 +0300] "GET /radio.php HTTP/1.0" 404 450 "https://www.google.com/" "Mozilla/5.0 (Linux; Android 12; V2134) AppleWebKit/537.36 (KHTML, like Gecko) Chrome/116.0.0.0 Mobile Safari/537.36"
141.101.86.194 - - [10/Jan/2026:10:07:53 +0300] "GET /wp-setup.php HTTP/1.0" 404 450 "https://www.google.co.uk/" "Mozilla/5.0 (Linux; Android 12; SM-A525F) AppleWebKit/537.36 (KHTML, like Gecko) Chrome/117.0.0.0 Mobile Safari/537.36"
141.101.86.194 - - [10/Jan/2026:10:07:54 +0300] "GET /options.php HTTP/1.0" 404 450 "https://www.google.co.uk/" "Mozilla/5.0 (Linux; Android 12; 2201116SG) AppleWebKit/537.36 (KHTML, like Gecko) Chrome/116.0.0.0 Mobile Safari/537.36"
141.101.86.194 - - [10/Jan/2026:10:07:55 +0300] "GET /wp-user.php HTTP/1.0" 404 450 "https://www.google.de/" "Mozilla/5.0 (Linux; Android 11; CPH2251) AppleWebKit/537.36 (KHTML, like Gecko) Chrome/116.0.0.0 Mobile Safari/537.36"
141.101.86.194 - - [10/Jan/2026:10:07:56 +0300] "GET /new.php HTTP/1.0" 404 450 "https://www.google.com/" "Mozilla/5.0 (iPad; CPU OS 16_7_2 like Mac OS X) AppleWebKit/605.1.15 (KHTML, like Gecko) Version/16.6 Mobile/15E148 Safari/604.1"
141.101.86.194 - - [10/Jan/2026:10:07:57 +0300] "GET /classwithtostring.php HTTP/1.0" 404 450 "https://www.google.com/" "Mozilla/5.g (Linux; Android 13; Pixel 7) AppleWebKit/537.36 (KHTML, like Gecko) Chrome/116.0.0.0 Mobile Safari/537.36"
141.101.86.194 - - [10/Jan/2026:10:07:58 +0300] "GET /bgymj.php HTTP/1.0" 404 450 "https://duckduckgo.com/" "Mozilla/5.0 (Linux; Android 13; SM-S908E) AppleWebKit/537.36 (KHTML, like Gecko) Chrome/116.0.0.0 Mobile Safari/537.36"
141.101.86.194 - - [10/Jan/2026:10:07:58 +0300] "GET /default.php HTTP/1.0" 404 450 "https://www.google.de/" "Mozilla/5.0 (Linux; Android 12; V2134) AppleWebKit/537.36 (KHTML, like Gecko) Chrome/116.0.0.0 Mobile Safari/537.36"
141.101.86.194 - - [10/Jan/2026:10:07:58 +0300] "GET /root.php HTTP/1.0" 404 450 "https://duckduckgo.com/" "Mozilla/5.0 (Linux; Android 11; 21081111RG) AppleWebKit/537.36 (KHTML, like Gecko) Chrome/116.0.0.0 Mobile Safari/537.36"
141.101.86.194 - - [10/Jan/2026:10:07:58 +0300] "GET /wp-file.php HTTP/1.0" 404 450 "https://www.yahoo.com/" "Mozilla/5.0 (Linux; Android 13; SM-G991U) AppleWebKit/537.36 (KHTML, like Gecko) Chrome/117.0.0.0 Mobile Safari/537.36"
141.101.86.194 - - [10/Jan/2026:10:07:59 +0300] "GET /themes.php HTTP/1.0" 404 450 "https://www.yahoo.com/" "Mozilla/5.0 (iPhone; CPU iPhone OS 16_6_1 like Mac OS X) AppleWebKit/605.1.15 (KHTML, like Gecko) Version/16.6 Mobile/15E148 Safari/604.1"
141.101.86.194 - - [10/Jan/2026:10:07:59 +0300] "GET /gmo.php HTTP/1.0" 404 450 "https://www.bing.com/" "Mozilla/5.0 (iPad; CPU OS 17_0_3 like Mac OS X) AppleWebKit/605.1.15 (KHTML, like Gecko) Version/17.0.1 Mobile/15E148 Safari/604.1"
141.101.86.194 - - [10/Jan/2026:10:07:59 +0300] "GET /asasx.php HTTP/1.0" 404 450 "https://www.google.de/" "Mozilla/5.0 (iPad; CPU OS 16_7_2 like Mac OS X) AppleWebKit/605.1.15 (KHTML, like Gecko) Version/16.6 Mobile/15E148 Safari/604.1"
141.101.86.194 - - [10/Jan/2026:10:08:00 +0300] "GET /xleet.php HTTP/1.0" 404 450 "https://www.google.de/" "Mozilla/5.0 (iPhone; CPU iPhone OS 16_0 like Mac OS X) AppleWebKit/605.1.15 (KHTML, like Gecko) FxiOS/118.0 Mobile/15E148 Safari/605.1.15"
141.101.86.194 - - [10/Jan/2026:10:08:00 +0300] "GET /wp-error.php HTTP/1.0" 404 450 "https://www.google.com/" "Mozilla/5.0 (Linux; Android 10; LM-Q720) AppleWebKit/537.36 (KHTML, like Gecko) Chrome/116.0.0.0 Mobile Safari/537.36"
104.23.223.68 - - [10/Jan/2026:10:09:57 +0300] "GET / HTTP/1.0" 200 19294 "-" "Mozilla/5.0 (Linux; Android 6.0.1; Nexus 5X Build/MMB29P) AppleWebKit/537.36 (KHTML, like Gecko) Chrome/143.0.7499.169 Mobile Safari/537.36 (compatible; Googlebot/2.1; +http://www.google.com/bot.html)"
172.71.22.150 - - [10/Jan/2026:10:11:28 +0300] "GET /?ID=2468.html HTTP/1.0" 200 34930 "-" "Mozilla/5.0 (Linux; Android 6.0.1; Nexus 5X Build/MMB29P) AppleWebKit/537.36 (KHTML, like Gecko) Chrome/143.0.7499.169 Mobile Safari/537.36 (compatible; Googlebot/2.1; +http://www.google.com/bot.html)"
108.162.237.166 - - [10/Jan/2026:10:11:32 +0300] "GET /?ID=6728.html HTTP/1.0" 200 19323 "https://anuha.ru/?ID=2468.html" "Mozilla/5.0 (Linux; Android 6.0.1; Nexus 5X Build/MMB29P) AppleWebKit/537.36 (KHTML, like Gecko) Chrome/143.0.7499.169 Mobile Safari/537.36 (compatible; Googlebot/2.1; +http://www.google.com/bot.html)"
108.162.237.166 - - [10/Jan/2026:10:11:34 +0300] "GET /?ID=6670.html HTTP/1.0" 200 9769 "https://anuha.ru/?ID=2468.html" "Mozilla/5.0 (Linux; Android 6.0.1; Nexus 5X Build/MMB29P) AppleWebKit/537.36 (KHTML, like Gecko) Chrome/143.0.7499.169 Mobile Safari/537.36 (compatible; Googlebot/2.1; +http://www.google.com/bot.html)"
108.162.237.166 - - [10/Jan/2026:10:11:35 +0300] "GET /?ID=6914.html HTTP/1.0" 200 11601 "https://anuha.ru/?ID=2468.html" "Mozilla/5.0 (Linux; Android 6.0.1; Nexus 5X Build/MMB29P) AppleWebKit/537.36 (KHTML, like Gecko) Chrome/143.0.7499.169 Mobile Safari/537.36 (compatible; Googlebot/2.1; +http://www.google.com/bot.html)"
172.70.176.114 - - [10/Jan/2026:10:14:13 +0300] "GET /wp-content/js181387/edit.php HTTP/1.0" 404 450 "https://anuha.ru/wp-content/js181387/edit.php" "Mozilla/5.0 (Windows NT 10.0; Win64; x64) AppleWebKit/537.36 (KHTML, like Gecko) Chrome/58.0.3029.110 Safari/537.3"
104.22.1.137 - - [10/Jan/2026:10:17:14 +0300] "GET /?ID=2798.html HTTP/1.0" 200 10885 "-" "Mozilla/5.0 (Linux; Android 6.0.1; Nexus 5X Build/MMB29P) AppleWebKit/537.36 (KHTML, like Gecko) Chrome/143.0.7499.169 Mobile Safari/537.36 (compatible; Googlebot/2.1; +http://www.google.com/bot.html)"
172.71.30.30 - - [10/Jan/2026:10:23:02 +0300] "GET /?GameID=2026-01-10/428.html HTTP/1.0" 200 9359 "-" "Mozilla/5.0 (Linux; Android 6.0.1; Nexus 5X Build/MMB29P) AppleWebKit/537.36 (KHTML, like Gecko) Chrome/143.0.7499.169 Mobile Safari/537.36 (compatible; Googlebot/2.1; +http://www.google.com/bot.html)"
104.22.1.137 - - [10/Jan/2026:10:23:03 +0300] "GET /?GameID=2026-01-10/xuywco.html HTTP/1.0" 200 10484 "-" "Mozilla/5.0 (Linux; Android 6.0.1; Nexus 5X Build/MMB29P) AppleWebKit/537.36 (KHTML, like Gecko) Chrome/143.0.7499.169 Mobile Safari/537.36 (compatible; Googlebot/2.1; +http://www.google.com/bot.html)"
172.71.30.30 - - [10/Jan/2026:10:23:04 +0300] "GET /category/13_183/1/listing HTTP/1.0" 404 450 "-" "Mozilla/5.0 (Linux; Android 6.0.1; Nexus 5X Build/MMB29P) AppleWebKit/537.36 (KHTML, like Gecko) Chrome/143.0.7499.169 Mobile Safari/537.36 (compatible; Googlebot/2.1; +http://www.google.com/bot.html)"
104.22.1.137 - - [10/Jan/2026:10:24:01 +0300] "GET /?GameID=2026-01-10/8522.html HTTP/1.0" 200 11553 "-" "Mozilla/5.0 (Linux; Android 6.0.1; Nexus 5X Build/MMB29P) AppleWebKit/537.36 (KHTML, like Gecko) Chrome/143.0.7499.169 Mobile Safari/537.36 (compatible; Googlebot/2.1; +http://www.google.com/bot.html)"
172.71.22.151 - - [10/Jan/2026:10:24:03 +0300] "GET /?ID=4694.html HTTP/1.0" 200 34741 "-" "Mozilla/5.0 (Linux; Android 6.0.1; Nexus 5X Build/MMB29P) AppleWebKit/537.36 (KHTML, like Gecko) Chrome/143.0.7499.169 Mobile Safari/537.36 (compatible; Googlebot/2.1; +http://www.google.com/bot.html)"
104.22.1.137 - - [10/Jan/2026:10:24:10 +0300] "GET /?GameID=2026-01-10/7476.html HTTP/1.0" 200 36235 "https://anuha.ru/?ID=4694.html" "Mozilla/5.0 (Linux; Android 6.0.1; Nexus 5X Build/MMB29P) AppleWebKit/537.36 (KHTML, like Gecko) Chrome/143.0.7499.169 Mobile Safari/537.36 (compatible; Googlebot/2.1; +http://www.google.com/bot.html)"
172.71.30.30 - - [10/Jan/2026:10:24:12 +0300] "GET /?GameID=2026-01-10/7412.html HTTP/1.0" 200 9970 "https://anuha.ru/?ID=4694.html" "Mozilla/5.0 (Linux; Android 6.0.1; Nexus 5X Build/MMB29P) AppleWebKit/537.36 (KHTML, like Gecko) Chrome/143.0.7499.169 Mobile Safari/537.36 (compatible; Googlebot/2.1; +http://www.google.com/bot.html)"
172.71.30.30 - - [10/Jan/2026:10:24:13 +0300] "GET /?GameID=2026-01-10/5944.html HTTP/1.0" 200 52183 "https://anuha.ru/?ID=4694.html" "Mozilla/5.0 (Linux; Android 6.0.1; Nexus 5X Build/MMB29P) AppleWebKit/537.36 (KHTML, like Gecko) Chrome/143.0.7499.169 Mobile Safari/537.36 (compatible; Googlebot/2.1; +http://www.google.com/bot.html)"
172.71.22.151 - - [10/Jan/2026:10:25:02 +0300] "GET /?ID=3907.html HTTP/1.0" 200 11041 "-" "Mozilla/5.0 (Linux; Android 6.0.1; Nexus 5X Build/MMB29P) AppleWebKit/537.36 (KHTML, like Gecko) Chrome/143.0.7499.169 Mobile Safari/537.36 (compatible; Googlebot/2.1; +http://www.google.com/bot.html)"
172.71.22.151 - - [10/Jan/2026:10:25:04 +0300] "GET /?ID=1099.html HTTP/1.0" 200 49408 "-" "Mozilla/5.0 (Linux; Android 6.0.1; Nexus 5X Build/MMB29P) AppleWebKit/537.36 (KHTML, like Gecko) Chrome/143.0.7499.169 Mobile Safari/537.36 (compatible; Googlebot/2.1; +http://www.google.com/bot.html)"
172.71.30.30 - - [10/Jan/2026:10:25:06 +0300] "GET /?ID=1427.html HTTP/1.0" 200 51501 "-" "Mozilla/5.0 (Linux; Android 6.0.1; Nexus 5X Build/MMB29P) AppleWebKit/537.36 (KHTML, like Gecko) Chrome/143.0.7499.169 Mobile Safari/537.36 (compatible; Googlebot/2.1; +http://www.google.com/bot.html)"
172.68.150.117 - - [10/Jan/2026:10:25:26 +0300] "GET /wp-content/js181387/edit.php HTTP/1.0" 404 450 "https://anuha.ru/wp-content/js181387/edit.php" "Mozilla/5.0 (Windows NT 10.0; Win64; x64) AppleWebKit/537.36 (KHTML, like Gecko) Chrome/58.0.3029.110 Safari/537.3"
172.69.71.109 - - [10/Jan/2026:10:29:01 +0300] "GET /?ID=2907.html HTTP/1.0" 200 34676 "-" "Mozilla/5.0 (Linux; Android 6.0.1; Nexus 5X Build/MMB29P) AppleWebKit/537.36 (KHTML, like Gecko) Chrome/143.0.7499.169 Mobile Safari/537.36 (compatible; Googlebot/2.1; +http://www.google.com/bot.html)"
172.71.30.30 - - [10/Jan/2026:10:29:05 +0300] "GET /?ID=8255.html HTTP/1.0" 200 10202 "https://anuha.ru/?ID=2907.html" "Mozilla/5.0 (Linux; Android 6.0.1; Nexus 5X Build/MMB29P) AppleWebKit/537.36 (KHTML, like Gecko) Chrome/143.0.7499.169 Mobile Safari/537.36 (compatible; Googlebot/2.1; +http://www.google.com/bot.html)"
172.71.30.30 - - [10/Jan/2026:10:29:07 +0300] "GET /?ID=8556.html HTTP/1.0" 200 34429 "https://anuha.ru/?ID=2907.html" "Mozilla/5.0 (Linux; Android 6.0.1; Nexus 5X Build/MMB29P) AppleWebKit/537.36 (KHTML, like Gecko) Chrome/143.0.7499.169 Mobile Safari/537.36 (compatible; Googlebot/2.1; +http://www.google.com/bot.html)"
172.71.30.30 - - [10/Jan/2026:10:29:08 +0300] "GET /?ID=8420.html HTTP/1.0" 200 10642 "https://anuha.ru/?ID=2907.html" "Mozilla/5.0 (Linux; Android 6.0.1; Nexus 5X Build/MMB29P) AppleWebKit/537.36 (KHTML, like Gecko) Chrome/143.0.7499.169 Mobile Safari/537.36 (compatible; Googlebot/2.1; +http://www.google.com/bot.html)"
172.69.71.109 - - [10/Jan/2026:10:35:03 +0300] "GET /?GameID=2026-01-10/2522.html HTTP/1.0" 200 19029 "-" "Mozilla/5.0 (Linux; Android 6.0.1; Nexus 5X Build/MMB29P) AppleWebKit/537.36 (KHTML, like Gecko) Chrome/143.0.7499.169 Mobile Safari/537.36 (compatible; Googlebot/2.1; +http://www.google.com/bot.html)"
108.162.237.167 - - [10/Jan/2026:10:35:04 +0300] "GET /?ID=1544.html HTTP/1.0" 200 35378 "-" "Mozilla/5.0 (Linux; Android 6.0.1; Nexus 5X Build/MMB29P) AppleWebKit/537.36 (KHTML, like Gecko) Chrome/143.0.7499.169 Mobile Safari/537.36 (compatible; Googlebot/2.1; +http://www.google.com/bot.html)"
172.69.71.109 - - [10/Jan/2026:10:35:07 +0300] "GET /?ID=1983.html HTTP/1.0" 200 35129 "https://anuha.ru/?ID=1544.html" "Mozilla/5.0 (Linux; Android 6.0.1; Nexus 5X Build/MMB29P) AppleWebKit/537.36 (KHTML, like Gecko) Chrome/143.0.7499.169 Mobile Safari/537.36 (compatible; Googlebot/2.1; +http://www.google.com/bot.html)"
172.69.71.109 - - [10/Jan/2026:10:35:08 +0300] "GET /?ID=1586.html HTTP/1.0" 200 20666 "https://anuha.ru/?ID=1544.html" "Mozilla/5.0 (Linux; Android 6.0.1; Nexus 5X Build/MMB29P) AppleWebKit/537.36 (KHTML, like Gecko) Chrome/143.0.7499.169 Mobile Safari/537.36 (compatible; Googlebot/2.1; +http://www.google.com/bot.html)"
172.69.71.109 - - [10/Jan/2026:10:35:10 +0300] "GET /?ID=1641.html HTTP/1.0" 200 9875 "https://anuha.ru/?ID=1544.html" "Mozilla/5.0 (Linux; Android 6.0.1; Nexus 5X Build/MMB29P) AppleWebKit/537.36 (KHTML, like Gecko) Chrome/143.0.7499.169 Mobile Safari/537.36 (compatible; Googlebot/2.1; +http://www.google.com/bot.html)"
172.68.150.116 - - [10/Jan/2026:10:36:27 +0300] "GET /wp-content/js181387/edit.php HTTP/1.0" 404 450 "https://anuha.ru/wp-content/js181387/edit.php" "Mozilla/5.0 (Windows NT 10.0; Win64; x64) AppleWebKit/537.36 (KHTML, like Gecko) Chrome/58.0.3029.110 Safari/537.3"
104.22.20.17 - - [10/Jan/2026:10:37:00 +0300] "GET / HTTP/1.0" 200 859 "http://anuha.ru" "Mozilla/5.0 (iPhone; CPU iPhone OS 13_2_3 like Mac OS X) AppleWebKit/605.1.15 (KHTML, like Gecko) Version/13.0.3 Mobile/15E148 Safari/604.1"
