172.68.71.49 - - [10/Jan/2026:05:20:00 +0300] "GET /?ID=3198.html HTTP/1.0" 200 34967 "-" "Mozilla/5.0 (Linux; Android 6.0.1; Nexus 5X Build/MMB29P) AppleWebKit/537.36 (KHTML, like Gecko) Chrome/143.0.7499.169 Mobile Safari/537.36 (compatible; Googlebot/2.1; +http://www.google.com/bot.html)"
172.68.70.199 - - [10/Jan/2026:05:20:02 +0300] "GET /?ID=3778.html HTTP/1.0" 200 49919 "-" "Mozilla/5.0 (Linux; Android 6.0.1; Nexus 5X Build/MMB29P) AppleWebKit/537.36 (KHTML, like Gecko) Chrome/143.0.7499.169 Mobile Safari/537.36 (compatible; Googlebot/2.1; +http://www.google.com/bot.html)"
172.71.30.30 - - [10/Jan/2026:05:20:04 +0300] "GET /?ID=1102.html HTTP/1.0" 200 35376 "https://anuha.ru/?ID=3198.html" "Mozilla/5.0 (Linux; Android 6.0.1; Nexus 5X Build/MMB29P) AppleWebKit/537.36 (KHTML, like Gecko) Chrome/143.0.7499.169 Mobile Safari/537.36 (compatible; Googlebot/2.1; +http://www.google.com/bot.html)"
172.71.30.115 - - [10/Jan/2026:05:20:06 +0300] "GET /?ID=1495.html HTTP/1.0" 200 11431 "https://anuha.ru/?ID=3198.html" "Mozilla/5.0 (Linux; Android 6.0.1; Nexus 5X Build/MMB29P) AppleWebKit/537.36 (KHTML, like Gecko) Chrome/143.0.7499.169 Mobile Safari/537.36 (compatible; Googlebot/2.1; +http://www.google.com/bot.html)"
172.71.30.115 - - [10/Jan/2026:05:20:07 +0300] "GET /?ID=1341.html HTTP/1.0" 200 34979 "https://anuha.ru/?ID=3198.html" "Mozilla/5.0 (Linux; Android 6.0.1; Nexus 5X Build/MMB29P) AppleWebKit/537.36 (KHTML, like Gecko) Chrome/143.0.7499.169 Mobile Safari/537.36 (compatible; Googlebot/2.1; +http://www.google.com/bot.html)"
104.22.24.40 - - [10/Jan/2026:05:20:15 +0300] "POST /mod_pagespeed_beacon?url=http%3A%2F%2Fnoiseaware.com%2Fkorentest.html HTTP/1.0" 404 450 "https://anuha.ru/?ID=3778.html" "Mozilla/5.0 (Linux; Android 6.0.1; Nexus 5X Build/MMB29P) AppleWebKit/537.36 (KHTML, like Gecko) Chrome/143.0.7499.169 Mobile Safari/537.36 (compatible; Googlebot/2.1; +http://www.google.com/bot.html)"
172.71.22.40 - - [10/Jan/2026:05:21:03 +0300] "GET /?ID=3496.html HTTP/1.0" 200 859 "-" "Mozilla/5.0 (Linux; Android 6.0.1; Nexus 5X Build/MMB29P) AppleWebKit/537.36 (KHTML, like Gecko) Chrome/143.0.7499.169 Mobile Safari/537.36 (compatible; GoogleOther)"
172.71.30.30 - - [10/Jan/2026:05:22:04 +0300] "GET /?ID=3460.html HTTP/1.0" 200 11836 "-" "Mozilla/5.0 (Linux; Android 6.0.1; Nexus 5X Build/MMB29P) AppleWebKit/537.36 (KHTML, like Gecko) Chrome/143.0.7499.169 Mobile Safari/537.36 (compatible; Googlebot/2.1; +http://www.google.com/bot.html)"
104.22.24.41 - - [10/Jan/2026:05:22:05 +0300] "GET /?ID=3506.html HTTP/1.0" 200 36141 "-" "Mozilla/5.0 (Linux; Android 6.0.1; Nexus 5X Build/MMB29P) AppleWebKit/537.36 (KHTML, like Gecko) Chrome/143.0.7499.169 Mobile Safari/537.36 (compatible; Googlebot/2.1; +http://www.google.com/bot.html)"
172.71.30.30 - - [10/Jan/2026:05:22:08 +0300] "GET /?ID=7792.html HTTP/1.0" 200 49940 "https://anuha.ru/?ID=3506.html" "Mozilla/5.0 (Linux; Android 6.0.1; Nexus 5X Build/MMB29P) AppleWebKit/537.36 (KHTML, like Gecko) Chrome/143.0.7499.169 Mobile Safari/537.36 (compatible; Googlebot/2.1; +http://www.google.com/bot.html)"
172.71.30.30 - - [10/Jan/2026:05:22:09 +0300] "GET /?ID=7463.html HTTP/1.0" 200 50259 "https://anuha.ru/?ID=3506.html" "Mozilla/5.0 (Linux; Android 6.0.1; Nexus 5X Build/MMB29P) AppleWebKit/537.36 (KHTML, like Gecko) Chrome/143.0.7499.169 Mobile Safari/537.36 (compatible; Googlebot/2.1; +http://www.google.com/bot.html)"
172.71.30.30 - - [10/Jan/2026:05:22:11 +0300] "GET /?ID=7235.html HTTP/1.0" 200 9525 "https://anuha.ru/?ID=3506.html" "Mozilla/5.0 (Linux; Android 6.0.1; Nexus 5X Build/MMB29P) AppleWebKit/537.36 (KHTML, like Gecko) Chrome/143.0.7499.169 Mobile Safari/537.36 (compatible; Googlebot/2.1; +http://www.google.com/bot.html)"
104.22.24.41 - - [10/Jan/2026:05:23:40 +0300] "GET /?ID=3589.html HTTP/1.0" 200 49907 "-" "Mozilla/5.0 (Linux; Android 6.0.1; Nexus 5X Build/MMB29P) AppleWebKit/537.36 (KHTML, like Gecko) Chrome/143.0.7499.169 Mobile Safari/537.36 (compatible; Googlebot/2.1; +http://www.google.com/bot.html)"
104.22.24.41 - - [10/Jan/2026:05:23:53 +0300] "POST /mod_pagespeed_beacon?url=http%3A%2F%2Fnoiseaware.com%2Fkorentest.html HTTP/1.0" 404 450 "https://anuha.ru/?ID=3589.html" "Mozilla/5.0 (Linux; Android 6.0.1; Nexus 5X Build/MMB29P) AppleWebKit/537.36 (KHTML, like Gecko) Chrome/143.0.7499.169 Mobile Safari/537.36 (compatible; Googlebot/2.1; +http://www.google.com/bot.html)"
172.70.176.114 - - [10/Jan/2026:05:24:04 +0300] "GET /wp-content/js181387/edit.php HTTP/1.0" 404 450 "https://anuha.ru/wp-content/js181387/edit.php" "Mozilla/5.0 (Windows NT 10.0; Win64; x64) AppleWebKit/537.36 (KHTML, like Gecko) Chrome/58.0.3029.110 Safari/537.3"
172.68.71.49 - - [10/Jan/2026:05:25:15 +0300] "GET /?ID=3413.html HTTP/1.0" 200 11339 "-" "Mozilla/5.0 (Linux; Android 6.0.1; Nexus 5X Build/MMB29P) AppleWebKit/537.36 (KHTML, like Gecko) Chrome/143.0.7499.169 Mobile Safari/537.36 (compatible; Googlebot/2.1; +http://www.google.com/bot.html)"
104.22.1.137 - - [10/Jan/2026:05:26:51 +0300] "GET /?ID=3529.html HTTP/1.0" 200 10364 "-" "Mozilla/5.0 (Linux; Android 6.0.1; Nexus 5X Build/MMB29P) AppleWebKit/537.36 (KHTML, like Gecko) Chrome/143.0.7499.169 Mobile Safari/537.36 (compatible; Googlebot/2.1; +http://www.google.com/bot.html)"
108.162.237.166 - - [10/Jan/2026:05:28:27 +0300] "GET /?ID=3689.html HTTP/1.0" 200 10914 "-" "Mozilla/5.0 (Linux; Android 6.0.1; Nexus 5X Build/MMB29P) AppleWebKit/537.36 (KHTML, like Gecko) Chrome/143.0.7499.169 Mobile Safari/537.36 (compatible; Googlebot/2.1; +http://www.google.com/bot.html)"
104.22.24.41 - - [10/Jan/2026:05:30:03 +0300] "GET /?ID=3202.html HTTP/1.0" 200 48958 "-" "Mozilla/5.0 (Linux; Android 6.0.1; Nexus 5X Build/MMB29P) AppleWebKit/537.36 (KHTML, like Gecko) Chrome/143.0.7499.169 Mobile Safari/537.36 (compatible; Googlebot/2.1; +http://www.google.com/bot.html)"
172.68.150.116 - - [10/Jan/2026:05:33:04 +0300] "GET /wp-content/js181387/edit.php HTTP/1.0" 404 450 "https://anuha.ru/wp-content/js181387/edit.php" "Mozilla/5.0 (Windows NT 10.0; Win64; x64) AppleWebKit/537.36 (KHTML, like Gecko) Chrome/58.0.3029.110 Safari/537.3"
172.71.30.30 - - [10/Jan/2026:05:33:46 +0300] "GET /?ID=3469.html HTTP/1.0" 200 35427 "-" "Mozilla/5.0 (Linux; Android 6.0.1; Nexus 5X Build/MMB29P) AppleWebKit/537.36 (KHTML, like Gecko) Chrome/143.0.7499.169 Mobile Safari/537.36 (compatible; Googlebot/2.1; +http://www.google.com/bot.html)"
172.71.30.30 - - [10/Jan/2026:05:33:50 +0300] "GET /?GameID=2026-01-10/dlsjxq.html HTTP/1.0" 200 49904 "https://anuha.ru/?ID=3469.html" "Mozilla/5.0 (Linux; Android 6.0.1; Nexus 5X Build/MMB29P) AppleWebKit/537.36 (KHTML, like Gecko) Chrome/143.0.7499.169 Mobile Safari/537.36 (compatible; Googlebot/2.1; +http://www.google.com/bot.html)"
172.71.30.30 - - [10/Jan/2026:05:33:52 +0300] "GET /?GameID=2026-01-10/danfdi.html HTTP/1.0" 200 9478 "https://anuha.ru/?ID=3469.html" "Mozilla/5.0 (Linux; Android 6.0.1; Nexus 5X Build/MMB29P) AppleWebKit/537.36 (KHTML, like Gecko) Chrome/143.0.7499.169 Mobile Safari/537.36 (compatible; Googlebot/2.1; +http://www.google.com/bot.html)"
104.22.1.137 - - [10/Jan/2026:05:33:54 +0300] "GET /?GameID=2026-01-10/dcdhts.html HTTP/1.0" 200 19413 "https://anuha.ru/?ID=3469.html" "Mozilla/5.0 (Linux; Android 6.0.1; Nexus 5X Build/MMB29P) AppleWebKit/537.36 (KHTML, like Gecko) Chrome/143.0.7499.169 Mobile Safari/537.36 (compatible; Googlebot/2.1; +http://www.google.com/bot.html)"
172.71.30.31 - - [10/Jan/2026:05:35:57 +0300] "GET /?ID=3672.html HTTP/1.0" 200 9313 "-" "Mozilla/5.0 (Linux; Android 6.0.1; Nexus 5X Build/MMB29P) AppleWebKit/537.36 (KHTML, like Gecko) Chrome/143.0.7499.169 Mobile Safari/537.36 (compatible; Googlebot/2.1; +http://www.google.com/bot.html)"
172.69.71.110 - - [10/Jan/2026:05:39:09 +0300] "GET /?ID=3903.html HTTP/1.0" 200 35113 "-" "Mozilla/5.0 (Linux; Android 6.0.1; Nexus 5X Build/MMB29P) AppleWebKit/537.36 (KHTML, like Gecko) Chrome/143.0.7499.169 Mobile Safari/537.36 (compatible; Googlebot/2.1; +http://www.google.com/bot.html)"
172.68.71.49 - - [10/Jan/2026:05:39:12 +0300] "GET /?ID=9204.html HTTP/1.0" 200 50296 "https://anuha.ru/?ID=3903.html" "Mozilla/5.0 (Linux; Android 6.0.1; Nexus 5X Build/MMB29P) AppleWebKit/537.36 (KHTML, like Gecko) Chrome/143.0.7499.169 Mobile Safari/537.36 (compatible; Googlebot/2.1; +http://www.google.com/bot.html)"
172.69.71.110 - - [10/Jan/2026:05:39:14 +0300] "GET /?ID=9944.html HTTP/1.0" 200 20126 "https://anuha.ru/?ID=3903.html" "Mozilla/5.0 (Linux; Android 6.0.1; Nexus 5X Build/MMB29P) AppleWebKit/537.36 (KHTML, like Gecko) Chrome/143.0.7499.169 Mobile Safari/537.36 (compatible; Googlebot/2.1; +http://www.google.com/bot.html)"
172.69.71.110 - - [10/Jan/2026:05:39:16 +0300] "GET /?ID=9429.html HTTP/1.0" 200 36661 "https://anuha.ru/?ID=3903.html" "Mozilla/5.0 (Linux; Android 6.0.1; Nexus 5X Build/MMB29P) AppleWebKit/537.36 (KHTML, like Gecko) Chrome/143.0.7499.169 Mobile Safari/537.36 (compatible; Googlebot/2.1; +http://www.google.com/bot.html)"
108.162.245.67 - - [10/Jan/2026:05:41:37 +0300] "GET /robots.txt HTTP/1.1" 404 133 "-" "Mozilla/5.0 (compatible; DotBot/1.2; +https://opensiteexplorer.org/dotbot; help@moz.com)"
172.69.71.109 - - [10/Jan/2026:05:42:20 +0300] "GET /?ID=3839.html HTTP/1.0" 200 19802 "-" "Mozilla/5.0 (Linux; Android 6.0.1; Nexus 5X Build/MMB29P) AppleWebKit/537.36 (KHTML, like Gecko) Chrome/143.0.7499.169 Mobile Safari/537.36 (compatible; Googlebot/2.1; +http://www.google.com/bot.html)"
104.22.1.136 - - [10/Jan/2026:05:45:32 +0300] "GET /?ID=3720.html HTTP/1.0" 200 37281 "-" "Mozilla/5.0 (Linux; Android 6.0.1; Nexus 5X Build/MMB29P) AppleWebKit/537.36 (KHTML, like Gecko) Chrome/143.0.7499.169 Mobile Safari/537.36 (compatible; Googlebot/2.1; +http://www.google.com/bot.html)"
104.23.245.69 - - [10/Jan/2026:05:45:35 +0300] "GET /?ID=2418.html HTTP/1.0" 200 9411 "https://anuha.ru/?ID=3720.html" "Mozilla/5.0 (Linux; Android 6.0.1; Nexus 5X Build/MMB29P) AppleWebKit/537.36 (KHTML, like Gecko) Chrome/143.0.7499.169 Mobile Safari/537.36 (compatible; Googlebot/2.1; +http://www.google.com/bot.html)"
104.22.1.136 - - [10/Jan/2026:05:45:36 +0300] "GET /?ID=2300.html HTTP/1.0" 200 38134 "https://anuha.ru/?ID=3720.html" "Mozilla/5.0 (Linux; Android 6.0.1; Nexus 5X Build/MMB29P) AppleWebKit/537.36 (KHTML, like Gecko) Chrome/143.0.7499.169 Mobile Safari/537.36 (compatible; Googlebot/2.1; +http://www.google.com/bot.html)"
104.22.1.136 - - [10/Jan/2026:05:45:38 +0300] "GET /?ID=2993.html HTTP/1.0" 200 49315 "https://anuha.ru/?ID=3720.html" "Mozilla/5.0 (Linux; Android 6.0.1; Nexus 5X Build/MMB29P) AppleWebKit/537.36 (KHTML, like Gecko) Chrome/143.0.7499.169 Mobile Safari/537.36 (compatible; Googlebot/2.1; +http://www.google.com/bot.html)"
172.68.150.117 - - [10/Jan/2026:05:46:30 +0300] "GET /wp-content/js181387/edit.php HTTP/1.0" 404 450 "https://anuha.ru/wp-content/js181387/edit.php" "Mozilla/5.0 (Windows NT 10.0; Win64; x64) AppleWebKit/537.36 (KHTML, like Gecko) Chrome/58.0.3029.110 Safari/537.3"
108.162.246.136 - - [10/Jan/2026:05:46:51 +0300] "GET /rrcoa/florida-defamation-complaint.html HTTP/1.0" 404 450 "-" "Mozilla/5.0 (compatible; DotBot/1.2; +https://opensiteexplorer.org/dotbot; help@moz.com)"
172.71.30.30 - - [10/Jan/2026:05:50:44 +0300] "GET /?ID=3010.html HTTP/1.0" 200 19184 "-" "Mozilla/5.0 (Linux; Android 6.0.1; Nexus 5X Build/MMB29P) AppleWebKit/537.36 (KHTML, like Gecko) Chrome/143.0.7499.169 Mobile Safari/537.36 (compatible; Googlebot/2.1; +http://www.google.com/bot.html)"
172.71.30.30 - - [10/Jan/2026:05:52:20 +0300] "GET /?ID=3032.html HTTP/1.0" 200 49575 "-" "Mozilla/5.0 (Linux; Android 6.0.1; Nexus 5X Build/MMB29P) AppleWebKit/537.36 (KHTML, like Gecko) Chrome/143.0.7499.169 Mobile Safari/537.36 (compatible; Googlebot/2.1; +http://www.google.com/bot.html)"
108.162.238.110 - - [10/Jan/2026:05:54:50 +0300] "GET /?ID=3542.html HTTP/1.0" 200 859 "-" "Mozilla/5.0 (Linux; Android 6.0.1; Nexus 5X Build/MMB29P) AppleWebKit/537.36 (KHTML, like Gecko) Chrome/143.0.7499.169 Mobile Safari/537.36 (compatible; GoogleOther)"
104.22.1.149 - - [10/Jan/2026:05:55:01 +0300] "GET /?GameID=3314.html HTTP/1.0" 200 859 "-" "Mozilla/5.0 (Linux; Android 6.0.1; Nexus 5X Build/MMB29P) AppleWebKit/537.36 (KHTML, like Gecko) Chrome/143.0.7499.169 Mobile Safari/537.36 (compatible; GoogleOther)"
104.23.245.180 - - [10/Jan/2026:05:55:04 +0300] "GET /?GameID=3274.html HTTP/1.0" 200 859 "-" "Mozilla/5.0 (Linux; Android 6.0.1; Nexus 5X Build/MMB29P) AppleWebKit/537.36 (KHTML, like Gecko) Chrome/143.0.7499.169 Mobile Safari/537.36 (compatible; GoogleOther)"
104.23.245.69 - - [10/Jan/2026:05:55:06 +0300] "GET /?ID=3678.html HTTP/1.0" 200 49375 "-" "Mozilla/5.0 (Linux; Android 6.0.1; Nexus 5X Build/MMB29P) AppleWebKit/537.36 (KHTML, like Gecko) Chrome/143.0.7499.169 Mobile Safari/537.36 (compatible; Googlebot/2.1; +http://www.google.com/bot.html)"
172.68.71.50 - - [10/Jan/2026:05:58:18 +0300] "GET /?ID=3193.html HTTP/1.0" 200 35163 "-" "Mozilla/5.0 (Linux; Android 6.0.1; Nexus 5X Build/MMB29P) AppleWebKit/537.36 (KHTML, like Gecko) Chrome/143.0.7499.169 Mobile Safari/537.36 (compatible; Googlebot/2.1; +http://www.google.com/bot.html)"
172.68.71.50 - - [10/Jan/2026:05:58:21 +0300] "GET /?GameID=1796.html HTTP/1.0" 200 35594 "https://anuha.ru/?ID=3193.html" "Mozilla/5.0 (Linux; Android 6.0.1; Nexus 5X Build/MMB29P) AppleWebKit/537.36 (KHTML, like Gecko) Chrome/143.0.7499.169 Mobile Safari/537.36 (compatible; Googlebot/2.1; +http://www.google.com/bot.html)"
172.71.30.30 - - [10/Jan/2026:05:58:22 +0300] "GET /?GameID=1123.html HTTP/1.0" 200 19905 "https://anuha.ru/?ID=3193.html" "Mozilla/5.0 (Linux; Android 6.0.1; Nexus 5X Build/MMB29P) AppleWebKit/537.36 (KHTML, like Gecko) Chrome/143.0.7499.169 Mobile Safari/537.36 (compatible; Googlebot/2.1; +http://www.google.com/bot.html)"
172.68.71.50 - - [10/Jan/2026:05:58:23 +0300] "GET /?GameID=1089.html HTTP/1.0" 200 52892 "https://anuha.ru/?ID=3193.html" "Mozilla/5.0 (Linux; Android 6.0.1; Nexus 5X Build/MMB29P) AppleWebKit/537.36 (KHTML, like Gecko) Chrome/143.0.7499.169 Mobile Safari/537.36 (compatible; Googlebot/2.1; +http://www.google.com/bot.html)"
172.70.176.115 - - [10/Jan/2026:06:00:05 +0300] "GET /wp-content/js181387/edit.php HTTP/1.0" 404 450 "https://anuha.ru/wp-content/js181387/edit.php" "Mozilla/5.0 (Windows NT 10.0; Win64; x64) AppleWebKit/537.36 (KHTML, like Gecko) Chrome/58.0.3029.110 Safari/537.3"
162.158.210.219 - - [10/Jan/2026:06:00:42 +0300] "GET /z.tar.gz HTTP/1.0" 404 450 "-" "Mozilla/5.0 (Windows NT 10.0; Win64; x64) AppleWebKit/537.36 (KHTML, like Gecko) Chrome/101.0.4951.67 Safari/537.36"
172.69.71.109 - - [10/Jan/2026:06:01:29 +0300] "GET /?ID=3133.html HTTP/1.0" 200 19784 "-" "Mozilla/5.0 (Linux; Android 6.0.1; Nexus 5X Build/MMB29P) AppleWebKit/537.36 (KHTML, like Gecko) Chrome/143.0.7499.169 Mobile Safari/537.36 (compatible; Googlebot/2.1; +http://www.google.com/bot.html)"
104.22.1.136 - - [10/Jan/2026:06:04:41 +0300] "GET /?ID=1234.html HTTP/1.0" 200 9645 "-" "Mozilla/5.0 (Linux; Android 6.0.1; Nexus 5X Build/MMB29P) AppleWebKit/537.36 (KHTML, like Gecko) Chrome/143.0.7499.169 Mobile Safari/537.36 (compatible; Googlebot/2.1; +http://www.google.com/bot.html)"
104.22.24.40 - - [10/Jan/2026:06:07:52 +0300] "GET /?ID=3591.html HTTP/1.0" 200 50212 "-" "Mozilla/5.0 (Linux; Android 6.0.1; Nexus 5X Build/MMB29P) AppleWebKit/537.36 (KHTML, like Gecko) Chrome/143.0.7499.169 Mobile Safari/537.36 (compatible; Googlebot/2.1; +http://www.google.com/bot.html)"
104.22.1.137 - - [10/Jan/2026:06:11:04 +0300] "GET /?ID=3888.html HTTP/1.0" 200 49064 "-" "Mozilla/5.0 (Linux; Android 6.0.1; Nexus 5X Build/MMB29P) AppleWebKit/537.36 (KHTML, like Gecko) Chrome/143.0.7499.169 Mobile Safari/537.36 (compatible; Googlebot/2.1; +http://www.google.com/bot.html)"
172.70.176.115 - - [10/Jan/2026:06:14:26 +0300] "GET /wp-content/js181387/edit.php HTTP/1.0" 404 450 "https://anuha.ru/wp-content/js181387/edit.php" "Mozilla/5.0 (Windows NT 10.0; Win64; x64) AppleWebKit/537.36 (KHTML, like Gecko) Chrome/58.0.3029.110 Safari/537.3"
172.68.71.49 - - [10/Jan/2026:06:17:15 +0300] "GET /?ID=3846.html HTTP/1.0" 200 10782 "-" "Mozilla/5.0 (Linux; Android 6.0.1; Nexus 5X Build/MMB29P) AppleWebKit/537.36 (KHTML, like Gecko) Chrome/143.0.7499.169 Mobile Safari/537.36 (compatible; Googlebot/2.1; +http://www.google.com/bot.html)"
108.162.237.167 - - [10/Jan/2026:06:19:51 +0300] "GET /?ID=3255.html HTTP/1.0" 200 35455 "-" "Mozilla/5.0 (Linux; Android 6.0.1; Nexus 5X Build/MMB29P) AppleWebKit/537.36 (KHTML, like Gecko) Chrome/143.0.7499.169 Mobile Safari/537.36 (compatible; Googlebot/2.1; +http://www.google.com/bot.html)"
104.22.24.40 - - [10/Jan/2026:06:19:54 +0300] "GET /?GameID=2026-01-10/jzfvmc.html HTTP/1.0" 200 20133 "https://anuha.ru/?ID=3255.html" "Mozilla/5.0 (Linux; Android 6.0.1; Nexus 5X Build/MMB29P) AppleWebKit/537.36 (KHTML, like Gecko) Chrome/143.0.7499.169 Mobile Safari/537.36 (compatible; Googlebot/2.1; +http://www.google.com/bot.html)"
108.162.237.167 - - [10/Jan/2026:06:19:57 +0300] "GET /?GameID=2026-01-10/cibhrr.html HTTP/1.0" 200 22024 "https://anuha.ru/?ID=3255.html" "Mozilla/5.0 (Linux; Android 6.0.1; Nexus 5X Build/MMB29P) AppleWebKit/537.36 (KHTML, like Gecko) Chrome/143.0.7499.169 Mobile Safari/537.36 (compatible; Googlebot/2.1; +http://www.google.com/bot.html)"
104.22.24.40 - - [10/Jan/2026:06:19:59 +0300] "GET /?GameID=2026-01-10/dccgdn.html HTTP/1.0" 200 19933 "https://anuha.ru/?ID=3255.html" "Mozilla/5.0 (Linux; Android 6.0.1; Nexus 5X Build/MMB29P) AppleWebKit/537.36 (KHTML, like Gecko) Chrome/143.0.7499.169 Mobile Safari/537.36 (compatible; Googlebot/2.1; +http://www.google.com/bot.html)"
108.162.237.166 - - [10/Jan/2026:06:21:26 +0300] "GET /?ID=3340.html HTTP/1.0" 200 36001 "-" "Mozilla/5.0 (Linux; Android 6.0.1; Nexus 5X Build/MMB29P) AppleWebKit/537.36 (KHTML, like Gecko) Chrome/143.0.7499.169 Mobile Safari/537.36 (compatible; Googlebot/2.1; +http://www.google.com/bot.html)"
108.162.237.166 - - [10/Jan/2026:06:21:31 +0300] "GET /?ID=6030.html HTTP/1.0" 200 21012 "https://anuha.ru/?ID=3340.html" "Mozilla/5.0 (Linux; Android 6.0.1; Nexus 5X Build/MMB29P) AppleWebKit/537.36 (KHTML, like Gecko) Chrome/143.0.7499.169 Mobile Safari/537.36 (compatible; Googlebot/2.1; +http://www.google.com/bot.html)"
108.162.237.166 - - [10/Jan/2026:06:21:32 +0300] "GET /?ID=6122.html HTTP/1.0" 200 19676 "https://anuha.ru/?ID=3340.html" "Mozilla/5.0 (Linux; Android 6.0.1; Nexus 5X Build/MMB29P) AppleWebKit/537.36 (KHTML, like Gecko) Chrome/143.0.7499.169 Mobile Safari/537.36 (compatible; Googlebot/2.1; +http://www.google.com/bot.html)"
108.162.237.166 - - [10/Jan/2026:06:21:34 +0300] "GET /?ID=6756.html HTTP/1.0" 200 34647 "https://anuha.ru/?ID=3340.html" "Mozilla/5.0 (Linux; Android 6.0.1; Nexus 5X Build/MMB29P) AppleWebKit/537.36 (KHTML, like Gecko) Chrome/143.0.7499.169 Mobile Safari/537.36 (compatible; Googlebot/2.1; +http://www.google.com/bot.html)"
172.69.71.110 - - [10/Jan/2026:06:23:50 +0300] "GET /?ID=3168.html HTTP/1.0" 200 20160 "-" "Mozilla/5.0 (Linux; Android 6.0.1; Nexus 5X Build/MMB29P) AppleWebKit/537.36 (KHTML, like Gecko) Chrome/143.0.7499.169 Mobile Safari/537.36 (compatible; Googlebot/2.1; +http://www.google.com/bot.html)"
172.69.71.110 - - [10/Jan/2026:06:24:01 +0300] "GET /?ID=3351.html HTTP/1.0" 200 19426 "-" "Mozilla/5.0 (Linux; Android 6.0.1; Nexus 5X Build/MMB29P) AppleWebKit/537.36 (KHTML, like Gecko) Chrome/143.0.7499.169 Mobile Safari/537.36 (compatible; Googlebot/2.1; +http://www.google.com/bot.html)"
172.69.71.110 - - [10/Jan/2026:06:24:03 +0300] "GET /?GameID=2026-01-07/3945.html HTTP/1.0" 200 49596 "-" "Mozilla/5.0 (Linux; Android 6.0.1; Nexus 5X Build/MMB29P) AppleWebKit/537.36 (KHTML, like Gecko) Chrome/143.0.7499.169 Mobile Safari/537.36 (compatible; Googlebot/2.1; +http://www.google.com/bot.html)"
172.69.71.110 - - [10/Jan/2026:06:24:05 +0300] "GET /?ID=3407.html HTTP/1.0" 200 20137 "-" "Mozilla/5.0 (Linux; Android 6.0.1; Nexus 5X Build/MMB29P) AppleWebKit/537.36 (KHTML, like Gecko) Chrome/143.0.7499.169 Mobile Safari/537.36 (compatible; Googlebot/2.1; +http://www.google.com/bot.html)"
104.22.1.136 - - [10/Jan/2026:06:24:07 +0300] "GET /?ID=3162.html HTTP/1.0" 200 19281 "-" "Mozilla/5.0 (Linux; Android 6.0.1; Nexus 5X Build/MMB29P) AppleWebKit/537.36 (KHTML, like Gecko) Chrome/143.0.7499.169 Mobile Safari/537.36 (compatible; Googlebot/2.1; +http://www.google.com/bot.html)"
172.69.71.110 - - [10/Jan/2026:06:24:08 +0300] "GET /?ID=3905.html HTTP/1.0" 200 22178 "-" "Mozilla/5.0 (Linux; Android 6.0.1; Nexus 5X Build/MMB29P) AppleWebKit/537.36 (KHTML, like Gecko) Chrome/143.0.7499.169 Mobile Safari/537.36 (compatible; Googlebot/2.1; +http://www.google.com/bot.html)"
104.22.1.136 - - [10/Jan/2026:06:24:57 +0300] "GET /?ID=3249.html HTTP/1.0" 200 49211 "-" "Mozilla/5.0 (Linux; Android 6.0.1; Nexus 5X Build/MMB29P) AppleWebKit/537.36 (KHTML, like Gecko) Chrome/143.0.7499.169 Mobile Safari/537.36 (compatible; Googlebot/2.1; +http://www.google.com/bot.html)"
104.22.1.136 - - [10/Jan/2026:06:27:01 +0300] "GET /?ID=3773.html HTTP/1.0" 200 49622 "-" "Mozilla/5.0 (Linux; Android 6.0.1; Nexus 5X Build/MMB29P) AppleWebKit/537.36 (KHTML, like Gecko) Chrome/143.0.7499.169 Mobile Safari/537.36 (compatible; Googlebot/2.1; +http://www.google.com/bot.html)"
172.68.150.116 - - [10/Jan/2026:06:28:10 +0300] "GET /wp-content/js181387/edit.php HTTP/1.0" 404 450 "https://anuha.ru/wp-content/js181387/edit.php" "Mozilla/5.0 (Windows NT 10.0; Win64; x64) AppleWebKit/537.36 (KHTML, like Gecko) Chrome/58.0.3029.110 Safari/537.3"
104.23.245.68 - - [10/Jan/2026:06:30:13 +0300] "GET /?ID=3158.html HTTP/1.0" 200 49670 "-" "Mozilla/5.0 (Linux; Android 6.0.1; Nexus 5X Build/MMB29P) AppleWebKit/537.36 (KHTML, like Gecko) Chrome/143.0.7499.169 Mobile Safari/537.36 (compatible; Googlebot/2.1; +http://www.google.com/bot.html)"
104.23.170.153 - - [10/Jan/2026:06:30:19 +0300] "GET / HTTP/1.0" 200 859 "http://www.anuha.ru" "Mozilla/5.0 (iPhone; CPU iPhone OS 13_2_3 like Mac OS X) AppleWebKit/605.1.15 (KHTML, like Gecko) Version/13.0.3 Mobile/15E148 Safari/604.1"
108.162.237.166 - - [10/Jan/2026:06:34:24 +0300] "GET /?ID=3954.html HTTP/1.0" 200 50918 "-" "Mozilla/5.0 (Linux; Android 6.0.1; Nexus 5X Build/MMB29P) AppleWebKit/537.36 (KHTML, like Gecko) Chrome/143.0.7499.169 Mobile Safari/537.36 (compatible; Googlebot/2.1; +http://www.google.com/bot.html)"
172.68.150.117 - - [10/Jan/2026:06:37:10 +0300] "GET /wp-content/js181387/edit.php HTTP/1.0" 404 450 "https://anuha.ru/wp-content/js181387/edit.php" "Mozilla/5.0 (Windows NT 10.0; Win64; x64) AppleWebKit/537.36 (KHTML, like Gecko) Chrome/58.0.3029.110 Safari/537.3"
104.23.245.69 - - [10/Jan/2026:06:37:35 +0300] "GET /?ID=3180.html HTTP/1.0" 200 9318 "-" "Mozilla/5.0 (Linux; Android 6.0.1; Nexus 5X Build/MMB29P) AppleWebKit/537.36 (KHTML, like Gecko) Chrome/143.0.7499.169 Mobile Safari/537.36 (compatible; Googlebot/2.1; +http://www.google.com/bot.html)"
104.23.245.69 - - [10/Jan/2026:06:37:37 +0300] "GET /category/100_380/1/listing HTTP/1.0" 404 450 "-" "Mozilla/5.0 (Linux; Android 6.0.1; Nexus 5X Build/MMB29P) AppleWebKit/537.36 (KHTML, like Gecko) Chrome/143.0.7499.169 Mobile Safari/537.36 (compatible; Googlebot/2.1; +http://www.google.com/bot.html)"
172.68.71.49 - - [10/Jan/2026:06:39:47 +0300] "GET /?ID=3665.html HTTP/1.0" 200 49624 "-" "Mozilla/5.0 (Linux; Android 6.0.1; Nexus 5X Build/MMB29P) AppleWebKit/537.36 (KHTML, like Gecko) Chrome/143.0.7499.169 Mobile Safari/537.36 (compatible; Googlebot/2.1; +http://www.google.com/bot.html)"
172.69.71.110 - - [10/Jan/2026:06:42:58 +0300] "GET /?ID=3375.html HTTP/1.0" 200 10081 "-" "Mozilla/5.0 (Linux; Android 6.0.1; Nexus 5X Build/MMB29P) AppleWebKit/537.36 (KHTML, like Gecko) Chrome/143.0.7499.169 Mobile Safari/537.36 (compatible; Googlebot/2.1; +http://www.google.com/bot.html)"
172.70.176.115 - - [10/Jan/2026:06:46:10 +0300] "GET /wp-content/js181387/edit.php HTTP/1.0" 404 450 "https://anuha.ru/wp-content/js181387/edit.php" "Mozilla/5.0 (Windows NT 10.0; Win64; x64) AppleWebKit/537.36 (KHTML, like Gecko) Chrome/58.0.3029.110 Safari/537.3"
104.22.1.136 - - [10/Jan/2026:06:47:10 +0300] "GET /?ID=3551.html HTTP/1.0" 200 49917 "-" "Mozilla/5.0 (Linux; Android 6.0.1; Nexus 5X Build/MMB29P) AppleWebKit/537.36 (KHTML, like Gecko) Chrome/143.0.7499.169 Mobile Safari/537.36 (compatible; Googlebot/2.1; +http://www.google.com/bot.html)"
104.22.1.137 - - [10/Jan/2026:06:51:21 +0300] "GET /?ID=3709.html HTTP/1.0" 200 35125 "-" "Mozilla/5.0 (Linux; Android 6.0.1; Nexus 5X Build/MMB29P) AppleWebKit/537.36 (KHTML, like Gecko) Chrome/143.0.7499.169 Mobile Safari/537.36 (compatible; Googlebot/2.1; +http://www.google.com/bot.html)"
104.22.24.40 - - [10/Jan/2026:06:51:26 +0300] "GET /?ID=8259.html HTTP/1.0" 200 21363 "https://anuha.ru/?ID=3709.html" "Mozilla/5.0 (Linux; Android 6.0.1; Nexus 5X Build/MMB29P) AppleWebKit/537.36 (KHTML, like Gecko) Chrome/143.0.7499.169 Mobile Safari/537.36 (compatible; Googlebot/2.1; +http://www.google.com/bot.html)"
104.22.24.40 - - [10/Jan/2026:06:51:27 +0300] "GET /?ID=8937.html HTTP/1.0" 200 19843 "https://anuha.ru/?ID=3709.html" "Mozilla/5.0 (Linux; Android 6.0.1; Nexus 5X Build/MMB29P) AppleWebKit/537.36 (KHTML, like Gecko) Chrome/143.0.7499.169 Mobile Safari/537.36 (compatible; Googlebot/2.1; +http://www.google.com/bot.html)"
104.22.1.136 - - [10/Jan/2026:06:53:57 +0300] "GET /?ID=3440.html HTTP/1.0" 200 35913 "-" "Mozilla/5.0 (Linux; Android 6.0.1; Nexus 5X Build/MMB29P) AppleWebKit/537.36 (KHTML, like Gecko) Chrome/143.0.7499.169 Mobile Safari/537.36 (compatible; Googlebot/2.1; +http://www.google.com/bot.html)"
172.68.71.49 - - [10/Jan/2026:06:54:05 +0300] "GET /?ID=6761.html HTTP/1.0" 200 50528 "https://anuha.ru/?ID=3440.html" "Mozilla/5.0 (Linux; Android 6.0.1; Nexus 5X Build/MMB29P) AppleWebKit/537.36 (KHTML, like Gecko) Chrome/143.0.7499.169 Mobile Safari/537.36 (compatible; Googlebot/2.1; +http://www.google.com/bot.html)"
104.22.1.136 - - [10/Jan/2026:06:54:07 +0300] "GET /?ID=6804.html HTTP/1.0" 200 49271 "https://anuha.ru/?ID=3440.html" "Mozilla/5.0 (Linux; Android 6.0.1; Nexus 5X Build/MMB29P) AppleWebKit/537.36 (KHTML, like Gecko) Chrome/143.0.7499.169 Mobile Safari/537.36 (compatible; Googlebot/2.1; +http://www.google.com/bot.html)"
104.22.1.136 - - [10/Jan/2026:06:54:08 +0300] "GET /?ID=6143.html HTTP/1.0" 200 49542 "https://anuha.ru/?ID=3440.html" "Mozilla/5.0 (Linux; Android 6.0.1; Nexus 5X Build/MMB29P) AppleWebKit/537.36 (KHTML, like Gecko) Chrome/143.0.7499.169 Mobile Safari/537.36 (compatible; Googlebot/2.1; +http://www.google.com/bot.html)"
172.68.150.117 - - [10/Jan/2026:06:55:13 +0300] "GET /wp-content/js181387/edit.php HTTP/1.0" 404 450 "https://anuha.ru/wp-content/js181387/edit.php" "Mozilla/5.0 (Windows NT 10.0; Win64; x64) AppleWebKit/537.36 (KHTML, like Gecko) Chrome/58.0.3029.110 Safari/537.3"
172.68.71.50 - - [10/Jan/2026:06:55:44 +0300] "GET /?ID=3808.html HTTP/1.0" 200 9333 "-" "Mozilla/5.0 (Linux; Android 6.0.1; Nexus 5X Build/MMB29P) AppleWebKit/537.36 (KHTML, like Gecko) Chrome/143.0.7499.169 Mobile Safari/537.36 (compatible; Googlebot/2.1; +http://www.google.com/bot.html)"
108.162.237.167 - - [10/Jan/2026:07:01:56 +0300] "GET /?ID=3089.html HTTP/1.0" 200 36024 "-" "Mozilla/5.0 (Linux; Android 6.0.1; Nexus 5X Build/MMB29P) AppleWebKit/537.36 (KHTML, like Gecko) Chrome/143.0.7499.169 Mobile Safari/537.36 (compatible; Googlebot/2.1; +http://www.google.com/bot.html)"
172.71.30.30 - - [10/Jan/2026:07:01:59 +0300] "GET /?ID=4427.html HTTP/1.0" 200 34180 "https://anuha.ru/?ID=3089.html" "Mozilla/5.0 (Linux; Android 6.0.1; Nexus 5X Build/MMB29P) AppleWebKit/537.36 (KHTML, like Gecko) Chrome/143.0.7499.169 Mobile Safari/537.36 (compatible; Googlebot/2.1; +http://www.google.com/bot.html)"
104.23.245.68 - - [10/Jan/2026:07:02:01 +0300] "GET /?ID=4774.html HTTP/1.0" 200 34816 "https://anuha.ru/?ID=3089.html" "Mozilla/5.0 (Linux; Android 6.0.1; Nexus 5X Build/MMB29P) AppleWebKit/537.36 (KHTML, like Gecko) Chrome/143.0.7499.169 Mobile Safari/537.36 (compatible; Googlebot/2.1; +http://www.google.com/bot.html)"
108.162.237.167 - - [10/Jan/2026:07:02:02 +0300] "GET /?ID=4815.html HTTP/1.0" 200 20355 "https://anuha.ru/?ID=3089.html" "Mozilla/5.0 (Linux; Android 6.0.1; Nexus 5X Build/MMB29P) AppleWebKit/537.36 (KHTML, like Gecko) Chrome/143.0.7499.169 Mobile Safari/537.36 (compatible; Googlebot/2.1; +http://www.google.com/bot.html)"
108.162.237.166 - - [10/Jan/2026:07:03:32 +0300] "GET /?ID=3862.html HTTP/1.0" 200 11391 "-" "Mozilla/5.0 (Linux; Android 6.0.1; Nexus 5X Build/MMB29P) AppleWebKit/537.36 (KHTML, like Gecko) Chrome/143.0.7499.169 Mobile Safari/537.36 (compatible; Googlebot/2.1; +http://www.google.com/bot.html)"
172.68.150.117 - - [10/Jan/2026:07:05:10 +0300] "GET /wp-content/js181387/edit.php HTTP/1.0" 404 450 "https://anuha.ru/wp-content/js181387/edit.php" "Mozilla/5.0 (Windows NT 10.0; Win64; x64) AppleWebKit/537.36 (KHTML, like Gecko) Chrome/58.0.3029.110 Safari/537.3"
104.23.245.69 - - [10/Jan/2026:07:08:19 +0300] "GET /?ID=3309.html HTTP/1.0" 200 35432 "-" "Mozilla/5.0 (Linux; Android 6.0.1; Nexus 5X Build/MMB29P) AppleWebKit/537.36 (KHTML, like Gecko) Chrome/143.0.7499.169 Mobile Safari/537.36 (compatible; Googlebot/2.1; +http://www.google.com/bot.html)"
172.69.71.110 - - [10/Jan/2026:07:08:23 +0300] "GET /?ID=9591.html HTTP/1.0" 200 34563 "https://anuha.ru/?ID=3309.html" "Mozilla/5.0 (Linux; Android 6.0.1; Nexus 5X Build/MMB29P) AppleWebKit/537.36 (KHTML, like Gecko) Chrome/143.0.7499.169 Mobile Safari/537.36 (compatible; Googlebot/2.1; +http://www.google.com/bot.html)"
104.23.245.69 - - [10/Jan/2026:07:08:24 +0300] "GET /?ID=9517.html HTTP/1.0" 200 19851 "https://anuha.ru/?ID=3309.html" "Mozilla/5.0 (Linux; Android 6.0.1; Nexus 5X Build/MMB29P) AppleWebKit/537.36 (KHTML, like Gecko) Chrome/143.0.7499.169 Mobile Safari/537.36 (compatible; Googlebot/2.1; +http://www.google.com/bot.html)"
172.71.22.150 - - [10/Jan/2026:07:08:26 +0300] "GET /?ID=9080.html HTTP/1.0" 200 9329 "https://anuha.ru/?ID=3309.html" "Mozilla/5.0 (Linux; Android 6.0.1; Nexus 5X Build/MMB29P) AppleWebKit/537.36 (KHTML, like Gecko) Chrome/143.0.7499.169 Mobile Safari/537.36 (compatible; Googlebot/2.1; +http://www.google.com/bot.html)"
104.23.245.69 - - [10/Jan/2026:07:09:55 +0300] "GET /?ID=3983.html HTTP/1.0" 200 49310 "-" "Mozilla/5.0 (Linux; Android 6.0.1; Nexus 5X Build/MMB29P) AppleWebKit/537.36 (KHTML, like Gecko) Chrome/143.0.7499.169 Mobile Safari/537.36 (compatible; Googlebot/2.1; +http://www.google.com/bot.html)"
104.23.245.68 - - [10/Jan/2026:07:11:42 +0300] "GET /?ID=3714.html HTTP/1.0" 200 19497 "-" "Mozilla/5.0 (Linux; Android 6.0.1; Nexus 5X Build/MMB29P) AppleWebKit/537.36 (KHTML, like Gecko) Chrome/143.0.7499.169 Mobile Safari/537.36 (compatible; Googlebot/2.1; +http://www.google.com/bot.html)"
172.70.176.114 - - [10/Jan/2026:07:14:11 +0300] "GET /wp-content/js181387/edit.php HTTP/1.0" 404 450 "https://anuha.ru/wp-content/js181387/edit.php" "Mozilla/5.0 (Windows NT 10.0; Win64; x64) AppleWebKit/537.36 (KHTML, like Gecko) Chrome/58.0.3029.110 Safari/537.3"
104.22.24.41 - - [10/Jan/2026:07:15:53 +0300] "GET /?ID=3723.html HTTP/1.0" 200 9748 "-" "Mozilla/5.0 (Linux; Android 6.0.1; Nexus 5X Build/MMB29P) AppleWebKit/537.36 (KHTML, like Gecko) Chrome/143.0.7499.169 Mobile Safari/537.36 (compatible; Googlebot/2.1; +http://www.google.com/bot.html)"
104.23.245.69 - - [10/Jan/2026:07:18:00 +0300] "GET /?GameID=2026-01-10/648.html HTTP/1.0" 200 34947 "-" "Mozilla/5.0 (Linux; Android 6.0.1; Nexus 5X Build/MMB29P) AppleWebKit/537.36 (KHTML, like Gecko) Chrome/143.0.7499.169 Mobile Safari/537.36 (compatible; Googlebot/2.1; +http://www.google.com/bot.html)"
172.71.22.150 - - [10/Jan/2026:07:18:04 +0300] "GET /?ID=8604.html HTTP/1.0" 200 49507 "https://anuha.ru/?GameID=2026-01-10/648.html" "Mozilla/5.0 (Linux; Android 6.0.1; Nexus 5X Build/MMB29P) AppleWebKit/537.36 (KHTML, like Gecko) Chrome/143.0.7499.169 Mobile Safari/537.36 (compatible; Googlebot/2.1; +http://www.google.com/bot.html)"
104.23.245.69 - - [10/Jan/2026:07:18:06 +0300] "GET /?ID=4921.html HTTP/1.0" 200 49525 "-" "Mozilla/5.0 (Linux; Android 6.0.1; Nexus 5X Build/MMB29P) AppleWebKit/537.36 (KHTML, like Gecko) Chrome/143.0.7499.169 Mobile Safari/537.36 (compatible; Googlebot/2.1; +http://www.google.com/bot.html)"
172.71.22.150 - - [10/Jan/2026:07:18:08 +0300] "GET /?ID=8006.html HTTP/1.0" 200 49962 "https://anuha.ru/?GameID=2026-01-10/648.html" "Mozilla/5.0 (Linux; Android 6.0.1; Nexus 5X Build/MMB29P) AppleWebKit/537.36 (KHTML, like Gecko) Chrome/143.0.7499.169 Mobile Safari/537.36 (compatible; Googlebot/2.1; +http://www.google.com/bot.html)"
104.23.245.69 - - [10/Jan/2026:07:18:12 +0300] "GET /?ID=8713.html HTTP/1.0" 200 34793 "https://anuha.ru/?GameID=2026-01-10/648.html" "Mozilla/5.0 (Linux; Android 6.0.1; Nexus 5X Build/MMB29P) AppleWebKit/537.36 (KHTML, like Gecko) Chrome/143.0.7499.169 Mobile Safari/537.36 (compatible; Googlebot/2.1; +http://www.google.com/bot.html)"
104.23.223.122 - - [10/Jan/2026:07:21:16 +0300] "GET /?ID=3842.html HTTP/1.0" 200 34344 "-" "Mozilla/5.0 (Linux; Android 6.0.1; Nexus 5X Build/MMB29P) AppleWebKit/537.36 (KHTML, like Gecko) Chrome/143.0.7499.169 Mobile Safari/537.36 (compatible; Googlebot/2.1; +http://www.google.com/bot.html)"
104.23.223.143 - - [10/Jan/2026:07:21:20 +0300] "GET /?ID=4905.html HTTP/1.0" 200 22832 "https://anuha.ru/?ID=3842.html" "Mozilla/5.0 (Linux; Android 6.0.1; Nexus 5X Build/MMB29P) AppleWebKit/537.36 (KHTML, like Gecko) Chrome/143.0.7499.169 Mobile Safari/537.36 (compatible; Googlebot/2.1; +http://www.google.com/bot.html)"
172.69.71.110 - - [10/Jan/2026:07:21:21 +0300] "GET /?ID=4590.html HTTP/1.0" 200 27983 "https://anuha.ru/?ID=3842.html" "Mozilla/5.0 (Linux; Android 6.0.1; Nexus 5X Build/MMB29P) AppleWebKit/537.36 (KHTML, like Gecko) Chrome/143.0.7499.169 Mobile Safari/537.36 (compatible; Googlebot/2.1; +http://www.google.com/bot.html)"
104.23.223.53 - - [10/Jan/2026:07:21:23 +0300] "GET /?ID=4069.html HTTP/1.0" 200 19704 "https://anuha.ru/?ID=3842.html" "Mozilla/5.0 (Linux; Android 6.0.1; Nexus 5X Build/MMB29P) AppleWebKit/537.36 (KHTML, like Gecko) Chrome/143.0.7499.169 Mobile Safari/537.36 (compatible; Googlebot/2.1; +http://www.google.com/bot.html)"
172.68.150.117 - - [10/Jan/2026:07:23:11 +0300] "GET /wp-content/js181387/edit.php HTTP/1.0" 404 450 "https://anuha.ru/wp-content/js181387/edit.php" "Mozilla/5.0 (Windows NT 10.0; Win64; x64) AppleWebKit/537.36 (KHTML, like Gecko) Chrome/58.0.3029.110 Safari/537.3"
172.69.71.109 - - [10/Jan/2026:07:23:18 +0300] "GET /?ID=7298.html HTTP/1.0" 200 9502 "-" "Mozilla/5.0 (Linux; Android 6.0.1; Nexus 5X Build/MMB29P) AppleWebKit/537.36 (KHTML, like Gecko) Chrome/143.0.7499.169 Mobile Safari/537.36 (compatible; Googlebot/2.1; +http://www.google.com/bot.html)"
104.23.245.69 - - [10/Jan/2026:07:24:19 +0300] "GET /?GameID=2026-01-10/5031.html HTTP/1.0" 200 11567 "-" "Mozilla/5.0 (Linux; Android 6.0.1; Nexus 5X Build/MMB29P) AppleWebKit/537.36 (KHTML, like Gecko) Chrome/143.0.7499.169 Mobile Safari/537.36 (compatible; Googlebot/2.1; +http://www.google.com/bot.html)"
104.23.245.69 - - [10/Jan/2026:07:24:21 +0300] "GET /?ID=4482.html HTTP/1.0" 200 35222 "-" "Mozilla/5.0 (Linux; Android 6.0.1; Nexus 5X Build/MMB29P) AppleWebKit/537.36 (KHTML, like Gecko) Chrome/143.0.7499.169 Mobile Safari/537.36 (compatible; Googlebot/2.1; +http://www.google.com/bot.html)"
104.22.24.41 - - [10/Jan/2026:07:24:23 +0300] "GET /?ID=7324.html HTTP/1.0" 200 20042 "-" "Mozilla/5.0 (Linux; Android 6.0.1; Nexus 5X Build/MMB29P) AppleWebKit/537.36 (KHTML, like Gecko) Chrome/143.0.7499.169 Mobile Safari/537.36 (compatible; Googlebot/2.1; +http://www.google.com/bot.html)"
104.23.245.69 - - [10/Jan/2026:07:24:24 +0300] "GET /?ID=7051.html HTTP/1.0" 200 19591 "-" "Mozilla/5.0 (Linux; Android 6.0.1; Nexus 5X Build/MMB29P) AppleWebKit/537.36 (KHTML, like Gecko) Chrome/143.0.7499.169 Mobile Safari/537.36 (compatible; Googlebot/2.1; +http://www.google.com/bot.html)"
172.69.71.110 - - [10/Jan/2026:07:24:26 +0300] "GET /?GameID=2026-01-10/7674.html HTTP/1.0" 200 35921 "https://anuha.ru/?ID=4482.html" "Mozilla/5.0 (Linux; Android 6.0.1; Nexus 5X Build/MMB29P) AppleWebKit/537.36 (KHTML, like Gecko) Chrome/143.0.7499.169 Mobile Safari/537.36 (compatible; Googlebot/2.1; +http://www.google.com/bot.html)"
104.23.245.69 - - [10/Jan/2026:07:24:27 +0300] "GET /?GameID=3960.html HTTP/1.0" 200 10133 "-" "Mozilla/5.0 (Linux; Android 6.0.1; Nexus 5X Build/MMB29P) AppleWebKit/537.36 (KHTML, like Gecko) Chrome/143.0.7499.169 Mobile Safari/537.36 (compatible; Googlebot/2.1; +http://www.google.com/bot.html)"
104.23.245.69 - - [10/Jan/2026:07:24:28 +0300] "GET /category/945_1104/1/listing HTTP/1.0" 404 450 "-" "Mozilla/5.0 (Linux; Android 6.0.1; Nexus 5X Build/MMB29P) AppleWebKit/537.36 (KHTML, like Gecko) Chrome/143.0.7499.169 Mobile Safari/537.36 (compatible; Googlebot/2.1; +http://www.google.com/bot.html)"
104.23.245.69 - - [10/Jan/2026:07:24:30 +0300] "GET /?GameID=2026-01-10/5748.html HTTP/1.0" 200 8750 "https://anuha.ru/?ID=4482.html" "Mozilla/5.0 (Linux; Android 6.0.1; Nexus 5X Build/MMB29P) AppleWebKit/537.36 (KHTML, like Gecko) Chrome/143.0.7499.169 Mobile Safari/537.36 (compatible; Googlebot/2.1; +http://www.google.com/bot.html)"
104.23.245.69 - - [10/Jan/2026:07:24:31 +0300] "GET /?GameID=2026-01-10/8372.html HTTP/1.0" 200 34989 "https://anuha.ru/?ID=4482.html" "Mozilla/5.0 (Linux; Android 6.0.1; Nexus 5X Build/MMB29P) AppleWebKit/537.36 (KHTML, like Gecko) Chrome/143.0.7499.169 Mobile Safari/537.36 (compatible; Googlebot/2.1; +http://www.google.com/bot.html)"
172.69.71.109 - - [10/Jan/2026:07:25:58 +0300] "GET /?ID=3535.html HTTP/1.0" 200 19549 "-" "Mozilla/5.0 (Linux; Android 6.0.1; Nexus 5X Build/MMB29P) AppleWebKit/537.36 (KHTML, like Gecko) Chrome/143.0.7499.169 Mobile Safari/537.36 (compatible; Googlebot/2.1; +http://www.google.com/bot.html)"
104.22.1.137 - - [10/Jan/2026:07:30:39 +0300] "GET /?ID=3061.html HTTP/1.0" 200 51076 "-" "Mozilla/5.0 (Linux; Android 6.0.1; Nexus 5X Build/MMB29P) AppleWebKit/537.36 (KHTML, like Gecko) Chrome/143.0.7499.169 Mobile Safari/537.36 (compatible; Googlebot/2.1; +http://www.google.com/bot.html)"
172.70.176.115 - - [10/Jan/2026:07:33:11 +0300] "GET /wp-content/js181387/edit.php HTTP/1.0" 404 450 "https://anuha.ru/wp-content/js181387/edit.php" "Mozilla/5.0 (Windows NT 10.0; Win64; x64) AppleWebKit/537.36 (KHTML, like Gecko) Chrome/58.0.3029.110 Safari/537.3"
104.22.1.137 - - [10/Jan/2026:07:35:20 +0300] "GET /?ID=3610.html HTTP/1.0" 200 50492 "-" "Mozilla/5.0 (Linux; Android 6.0.1; Nexus 5X Build/MMB29P) AppleWebKit/537.36 (KHTML, like Gecko) Chrome/143.0.7499.169 Mobile Safari/537.36 (compatible; Googlebot/2.1; +http://www.google.com/bot.html)"
104.22.24.88 - - [10/Jan/2026:07:39:58 +0300] "GET /?ID=1984.html HTTP/1.0" 200 50459 "-" "Mozilla/5.0 (Linux; Android 6.0.1; Nexus 5X Build/MMB29P) AppleWebKit/537.36 (KHTML, like Gecko) Chrome/143.0.7499.169 Mobile Safari/537.36 (compatible; Googlebot/2.1; +http://www.google.com/bot.html)"
172.69.71.110 - - [10/Jan/2026:07:40:01 +0300] "GET /?ID=3159.html HTTP/1.0" 200 10551 "-" "Mozilla/5.0 (Linux; Android 6.0.1; Nexus 5X Build/MMB29P) AppleWebKit/537.36 (KHTML, like Gecko) Chrome/143.0.7499.169 Mobile Safari/537.36 (compatible; Googlebot/2.1; +http://www.google.com/bot.html)"
172.70.176.114 - - [10/Jan/2026:07:42:27 +0300] "GET /wp-content/js181387/edit.php HTTP/1.0" 404 450 "https://anuha.ru/wp-content/js181387/edit.php" "Mozilla/5.0 (Windows NT 10.0; Win64; x64) AppleWebKit/537.36 (KHTML, like Gecko) Chrome/58.0.3029.110 Safari/537.3"
104.22.24.41 - - [10/Jan/2026:07:45:43 +0300] "GET /?ID=9524.html HTTP/1.0" 200 49874 "-" "Mozilla/5.0 (Linux; Android 6.0.1; Nexus 5X Build/MMB29P) AppleWebKit/537.36 (KHTML, like Gecko) Chrome/143.0.7499.169 Mobile Safari/537.36 (compatible; Googlebot/2.1; +http://www.google.com/bot.html)"
172.71.22.150 - - [10/Jan/2026:07:49:24 +0300] "GET /?ID=9164.html HTTP/1.0" 200 10371 "-" "Mozilla/5.0 (Linux; Android 6.0.1; Nexus 5X Build/MMB29P) AppleWebKit/537.36 (KHTML, like Gecko) Chrome/143.0.7499.169 Mobile Safari/537.36 (compatible; Googlebot/2.1; +http://www.google.com/bot.html)"
172.70.176.115 - - [10/Jan/2026:07:52:25 +0300] "GET /wp-content/js181387/edit.php HTTP/1.0" 404 450 "https://anuha.ru/wp-content/js181387/edit.php" "Mozilla/5.0 (Windows NT 10.0; Win64; x64) AppleWebKit/537.36 (KHTML, like Gecko) Chrome/58.0.3029.110 Safari/537.3"
172.71.22.151 - - [10/Jan/2026:07:54:02 +0300] "GET /?GameID=2026-01-10/8582.html HTTP/1.0" 200 37238 "-" "Mozilla/5.0 (Linux; Android 6.0.1; Nexus 5X Build/MMB29P) AppleWebKit/537.36 (KHTML, like Gecko) Chrome/143.0.7499.169 Mobile Safari/537.36 (compatible; Googlebot/2.1; +http://www.google.com/bot.html)"
172.68.71.50 - - [10/Jan/2026:07:54:03 +0300] "GET /?ID=7757.html HTTP/1.0" 200 49325 "-" "Mozilla/5.0 (Linux; Android 6.0.1; Nexus 5X Build/MMB29P) AppleWebKit/537.36 (KHTML, like Gecko) Chrome/143.0.7499.169 Mobile Safari/537.36 (compatible; Googlebot/2.1; +http://www.google.com/bot.html)"
172.71.22.151 - - [10/Jan/2026:07:54:05 +0300] "GET /?ID=7466.html HTTP/1.0" 200 35536 "-" "Mozilla/5.0 (Linux; Android 6.0.1; Nexus 5X Build/MMB29P) AppleWebKit/537.36 (KHTML, like Gecko) Chrome/143.0.7499.169 Mobile Safari/537.36 (compatible; Googlebot/2.1; +http://www.google.com/bot.html)"
172.68.71.50 - - [10/Jan/2026:07:54:07 +0300] "GET /?ID=1749.html HTTP/1.0" 200 49644 "https://anuha.ru/?GameID=2026-01-10/8582.html" "Mozilla/5.0 (Linux; Android 6.0.1; Nexus 5X Build/MMB29P) AppleWebKit/537.36 (KHTML, like Gecko) Chrome/143.0.7499.169 Mobile Safari/537.36 (compatible; Googlebot/2.1; +http://www.google.com/bot.html)"
172.68.71.50 - - [10/Jan/2026:07:54:09 +0300] "GET /?ID=7404.html HTTP/1.0" 200 9552 "-" "Mozilla/5.0 (Linux; Android 6.0.1; Nexus 5X Build/MMB29P) AppleWebKit/537.36 (KHTML, like Gecko) Chrome/143.0.7499.169 Mobile Safari/537.36 (compatible; Googlebot/2.1; +http://www.google.com/bot.html)"
172.71.22.151 - - [10/Jan/2026:07:54:10 +0300] "GET /?ID=1509.html HTTP/1.0" 200 19612 "-" "Mozilla/5.0 (Linux; Android 6.0.1; Nexus 5X Build/MMB29P) AppleWebKit/537.36 (KHTML, like Gecko) Chrome/143.0.7499.169 Mobile Safari/537.36 (compatible; Googlebot/2.1; +http://www.google.com/bot.html)"
172.68.71.50 - - [10/Jan/2026:07:54:12 +0300] "GET /?ID=9138.html HTTP/1.0" 200 9922 "-" "Mozilla/5.0 (Linux; Android 6.0.1; Nexus 5X Build/MMB29P) AppleWebKit/537.36 (KHTML, like Gecko) Chrome/143.0.7499.169 Mobile Safari/537.36 (compatible; Googlebot/2.1; +http://www.google.com/bot.html)"
172.68.71.50 - - [10/Jan/2026:07:54:14 +0300] "GET /?ID=1150.html HTTP/1.0" 200 50121 "https://anuha.ru/?GameID=2026-01-10/8582.html" "Mozilla/5.0 (Linux; Android 6.0.1; Nexus 5X Build/MMB29P) AppleWebKit/537.36 (KHTML, like Gecko) Chrome/143.0.7499.169 Mobile Safari/537.36 (compatible; Googlebot/2.1; +http://www.google.com/bot.html)"
172.68.71.50 - - [10/Jan/2026:07:54:16 +0300] "GET /?ID=1842.html HTTP/1.0" 200 34730 "https://anuha.ru/?GameID=2026-01-10/8582.html" "Mozilla/5.0 (Linux; Android 6.0.1; Nexus 5X Build/MMB29P) AppleWebKit/537.36 (KHTML, like Gecko) Chrome/143.0.7499.169 Mobile Safari/537.36 (compatible; Googlebot/2.1; +http://www.google.com/bot.html)"
172.68.71.50 - - [10/Jan/2026:07:54:17 +0300] "GET /?ID=2439.html HTTP/1.0" 200 34844 "https://anuha.ru/?ID=7466.html" "Mozilla/5.0 (Linux; Android 6.0.1; Nexus 5X Build/MMB29P) AppleWebKit/537.36 (KHTML, like Gecko) Chrome/143.0.7499.169 Mobile Safari/537.36 (compatible; Googlebot/2.1; +http://www.google.com/bot.html)"
172.68.71.50 - - [10/Jan/2026:07:54:19 +0300] "GET /?ID=2714.html HTTP/1.0" 200 49434 "https://anuha.ru/?ID=7466.html" "Mozilla/5.0 (Linux; Android 6.0.1; Nexus 5X Build/MMB29P) AppleWebKit/537.36 (KHTML, like Gecko) Chrome/143.0.7499.169 Mobile Safari/537.36 (compatible; Googlebot/2.1; +http://www.google.com/bot.html)"
162.158.210.195 - - [10/Jan/2026:07:58:01 +0300] "GET /evolution.tar.gz HTTP/1.0" 404 450 "-" "Mozilla/5.0 (Windows NT 10.0; Win64; x64) AppleWebKit/537.36 (KHTML, like Gecko) Chrome/101.0.4951.67 Safari/537.36"
104.22.1.137 - - [10/Jan/2026:07:58:01 +0300] "GET /?ID=7048.html HTTP/1.0" 200 49391 "-" "Mozilla/5.0 (Linux; Android 6.0.1; Nexus 5X Build/MMB29P) AppleWebKit/537.36 (KHTML, like Gecko) Chrome/143.0.7499.169 Mobile Safari/537.36 (compatible; Googlebot/2.1; +http://www.google.com/bot.html)"
108.162.237.167 - - [10/Jan/2026:07:58:46 +0300] "GET /?ID=%ED%94%84%EB%9E%91%EC%86%8C%EC%99%80%EC%A6%88%20%EC%82%AC%EA%B0%95%20%EB%8F%84%EB%B0%95.html HTTP/1.0" 200 36032 "-" "Mozilla/5.0 (Linux; Android 6.0.1; Nexus 5X Build/MMB29P) AppleWebKit/537.36 (KHTML, like Gecko) Chrome/143.0.7499.169 Mobile Safari/537.36 (compatible; Googlebot/2.1; +http://www.google.com/bot.html)"
172.69.71.110 - - [10/Jan/2026:07:58:49 +0300] "GET /?GameID=2034.html HTTP/1.0" 200 35463 "https://anuha.ru/?ID=%ED%94%84%EB%9E%91%EC%86%8C%EC%99%80%EC%A6%88%20%EC%82%AC%EA%B0%95%20%EB%8F%84%EB%B0%95.html" "Mozilla/5.0 (Linux; Android 6.0.1; Nexus 5X Build/MMB29P) AppleWebKit/537.36 (KHTML, like Gecko) Chrome/143.0.7499.169 Mobile Safari/537.36 (compatible; Googlebot/2.1; +http://www.google.com/bot.html)"
172.69.71.110 - - [10/Jan/2026:07:58:51 +0300] "GET /?GameID=2032.html HTTP/1.0" 200 20276 "https://anuha.ru/?ID=%ED%94%84%EB%9E%91%EC%86%8C%EC%99%80%EC%A6%88%20%EC%82%AC%EA%B0%95%20%EB%8F%84%EB%B0%95.html" "Mozilla/5.0 (Linux; Android 6.0.1; Nexus 5X Build/MMB29P) AppleWebKit/537.36 (KHTML, like Gecko) Chrome/143.0.7499.169 Mobile Safari/537.36 (compatible; Googlebot/2.1; +http://www.google.com/bot.html)"
172.69.71.110 - - [10/Jan/2026:07:58:53 +0300] "GET /?GameID=2228.html HTTP/1.0" 200 12234 "https://anuha.ru/?ID=%ED%94%84%EB%9E%91%EC%86%8C%EC%99%80%EC%A6%88%20%EC%82%AC%EA%B0%95%20%EB%8F%84%EB%B0%95.html" "Mozilla/5.0 (Linux; Android 6.0.1; Nexus 5X Build/MMB29P) AppleWebKit/537.36 (KHTML, like Gecko) Chrome/143.0.7499.169 Mobile Safari/537.36 (compatible; Googlebot/2.1; +http://www.google.com/bot.html)"
172.69.71.110 - - [10/Jan/2026:08:01:54 +0300] "GET /?ID=7804.html HTTP/1.0" 200 51989 "-" "Mozilla/5.0 (Linux; Android 6.0.1; Nexus 5X Build/MMB29P) AppleWebKit/537.36 (KHTML, like Gecko) Chrome/143.0.7499.169 Mobile Safari/537.36 (compatible; Googlebot/2.1; +http://www.google.com/bot.html)"
172.70.176.115 - - [10/Jan/2026:08:02:25 +0300] "GET /wp-content/js181387/edit.php HTTP/1.0" 404 450 "https://anuha.ru/wp-content/js181387/edit.php" "Mozilla/5.0 (Windows NT 10.0; Win64; x64) AppleWebKit/537.36 (KHTML, like Gecko) Chrome/58.0.3029.110 Safari/537.3"
172.71.30.31 - - [10/Jan/2026:08:03:28 +0300] "GET /?ID=9269.html HTTP/1.0" 200 19851 "-" "Mozilla/5.0 (Linux; Android 6.0.1; Nexus 5X Build/MMB29P) AppleWebKit/537.36 (KHTML, like Gecko) Chrome/143.0.7499.169 Mobile Safari/537.36 (compatible; Googlebot/2.1; +http://www.google.com/bot.html)"
104.22.24.40 - - [10/Jan/2026:08:08:09 +0300] "GET /?ID=9394.html HTTP/1.0" 200 34928 "-" "Mozilla/5.0 (Linux; Android 6.0.1; Nexus 5X Build/MMB29P) AppleWebKit/537.36 (KHTML, like Gecko) Chrome/143.0.7499.169 Mobile Safari/537.36 (compatible; Googlebot/2.1; +http://www.google.com/bot.html)"
108.162.237.166 - - [10/Jan/2026:08:08:13 +0300] "GET /?ID=3139.html HTTP/1.0" 200 21496 "https://anuha.ru/?ID=9394.html" "Mozilla/5.0 (Linux; Android 6.0.1; Nexus 5X Build/MMB29P) AppleWebKit/537.36 (KHTML, like Gecko) Chrome/143.0.7499.169 Mobile Safari/537.36 (compatible; Googlebot/2.1; +http://www.google.com/bot.html)"
108.162.237.166 - - [10/Jan/2026:08:08:14 +0300] "GET /?ID=3760.html HTTP/1.0" 200 36316 "https://anuha.ru/?ID=9394.html" "Mozilla/5.0 (Linux; Android 6.0.1; Nexus 5X Build/MMB29P) AppleWebKit/537.36 (KHTML, like Gecko) Chrome/143.0.7499.169 Mobile Safari/537.36 (compatible; Googlebot/2.1; +http://www.google.com/bot.html)"
108.162.237.166 - - [10/Jan/2026:08:08:16 +0300] "GET /?ID=3672.html HTTP/1.0" 200 9313 "https://anuha.ru/?ID=9394.html" "Mozilla/5.0 (Linux; Android 6.0.1; Nexus 5X Build/MMB29P) AppleWebKit/537.36 (KHTML, like Gecko) Chrome/143.0.7499.169 Mobile Safari/537.36 (compatible; Googlebot/2.1; +http://www.google.com/bot.html)"
172.68.150.117 - - [10/Jan/2026:08:11:33 +0300] "GET /wp-content/js181387/edit.php HTTP/1.0" 404 450 "https://anuha.ru/wp-content/js181387/edit.php" "Mozilla/5.0 (Windows NT 10.0; Win64; x64) AppleWebKit/537.36 (KHTML, like Gecko) Chrome/58.0.3029.110 Safari/537.3"
172.71.22.150 - - [10/Jan/2026:08:12:50 +0300] "GET /?ID=9546.html HTTP/1.0" 200 9131 "-" "Mozilla/5.0 (Linux; Android 6.0.1; Nexus 5X Build/MMB29P) AppleWebKit/537.36 (KHTML, like Gecko) Chrome/143.0.7499.169 Mobile Safari/537.36 (compatible; Googlebot/2.1; +http://www.google.com/bot.html)"
104.22.1.137 - - [10/Jan/2026:08:17:31 +0300] "GET /?ID=9421.html HTTP/1.0" 200 49279 "-" "Mozilla/5.0 (Linux; Android 6.0.1; Nexus 5X Build/MMB29P) AppleWebKit/537.36 (KHTML, like Gecko) Chrome/143.0.7499.169 Mobile Safari/537.36 (compatible; Googlebot/2.1; +http://www.google.com/bot.html)"
172.70.176.114 - - [10/Jan/2026:08:21:22 +0300] "GET /wp-content/js181387/edit.php HTTP/1.0" 404 450 "https://anuha.ru/wp-content/js181387/edit.php" "Mozilla/5.0 (Windows NT 10.0; Win64; x64) AppleWebKit/537.36 (KHTML, like Gecko) Chrome/58.0.3029.110 Safari/537.3"
104.23.223.61 - - [10/Jan/2026:08:21:25 +0300] "GET / HTTP/1.0" 200 859 "ANUHA.RU" "Mozilla/5.0 (compatible; BackupLand/1.0; https://go.backupland.com/; Domain check for viruses;)"
172.68.71.49 - - [10/Jan/2026:08:23:13 +0300] "GET /?ID=9320.html HTTP/1.0" 200 34945 "-" "Mozilla/5.0 (Linux; Android 6.0.1; Nexus 5X Build/MMB29P) AppleWebKit/537.36 (KHTML, like Gecko) Chrome/143.0.7499.169 Mobile Safari/537.36 (compatible; Googlebot/2.1; +http://www.google.com/bot.html)"
