172.71.81.146 - - [10/Jan/2026:10:35:34 +0300] "GET /?k=279003662 HTTP/1.0" 200 2964 "https://dom-rus.ru/sitemap460.xml" "Mozilla/5.0 (Linux; Android 7.0;) AppleWebKit/537.36 (KHTML, like Gecko) Mobile Safari/537.36 (compatible; PetalBot;+https://webmaster.petalsearch.com/site/petalbot)"
172.69.176.4 - - [10/Jan/2026:10:36:20 +0300] "GET /?k=249032012 HTTP/1.0" 200 2964 "https://dom-rus.ru/sitemap556.xml" "Mozilla/5.0 (Linux; Android 7.0;) AppleWebKit/537.36 (KHTML, like Gecko) Mobile Safari/537.36 (compatible; PetalBot;+https://webmaster.petalsearch.com/site/petalbot)"
162.158.175.218 - - [10/Jan/2026:10:37:00 +0300] "GET /?GameID=2026-01-10/jojkxd.html HTTP/1.0" 200 10154 "-" "Mozilla/5.0 (Linux; Android 6.0.1; Nexus 5X Build/MMB29P) AppleWebKit/537.36 (KHTML, like Gecko) Chrome/143.0.7499.169 Mobile Safari/537.36 (compatible; Googlebot/2.1; +http://www.google.com/bot.html)"
162.159.106.134 - - [10/Jan/2026:10:37:01 +0300] "GET /?GameID=2026-01-10/tirtyc.html HTTP/1.0" 200 49615 "-" "Mozilla/5.0 (Linux; Android 6.0.1; Nexus 5X Build/MMB29P) AppleWebKit/537.36 (KHTML, like Gecko) Chrome/143.0.7499.169 Mobile Safari/537.36 (compatible; Googlebot/2.1; +http://www.google.com/bot.html)"
162.158.175.218 - - [10/Jan/2026:10:37:21 +0300] "GET /?GameID=2026-01-10/vofsdh.html HTTP/1.0" 200 19368 "-" "Mozilla/5.0 (Linux; Android 6.0.1; Nexus 5X Build/MMB29P) AppleWebKit/537.36 (KHTML, like Gecko) Chrome/143.0.7499.169 Mobile Safari/537.36 (compatible; Googlebot/2.1; +http://www.google.com/bot.html)"
172.69.176.5 - - [10/Jan/2026:10:37:42 +0300] "GET /?o=070013977 HTTP/1.0" 200 2964 "https://dom-rus.ru/sitemap525.xml" "Mozilla/5.0 (Linux; Android 7.0;) AppleWebKit/537.36 (KHTML, like Gecko) Mobile Safari/537.36 (compatible; PetalBot;+https://webmaster.petalsearch.com/site/petalbot)"
162.158.175.218 - - [10/Jan/2026:10:38:19 +0300] "GET /?GameID=2026-01-10/ibskxz.html HTTP/1.0" 200 20773 "-" "Mozilla/5.0 (Linux; Android 6.0.1; Nexus 5X Build/MMB29P) AppleWebKit/537.36 (KHTML, like Gecko) Chrome/143.0.7499.169 Mobile Safari/537.36 (compatible; Googlebot/2.1; +http://www.google.com/bot.html)"
162.159.106.135 - - [10/Jan/2026:10:39:01 +0300] "GET /?GameID=2026-01-10/tqkiwu.html HTTP/1.0" 200 9696 "-" "Mozilla/5.0 (Linux; Android 6.0.1; Nexus 5X Build/MMB29P) AppleWebKit/537.36 (KHTML, like Gecko) Chrome/143.0.7499.169 Mobile Safari/537.36 (compatible; Googlebot/2.1; +http://www.google.com/bot.html)"
162.159.106.135 - - [10/Jan/2026:10:39:03 +0300] "GET /?GameID=2026-01-10/rvffjm.html HTTP/1.0" 200 36131 "-" "Mozilla/5.0 (Linux; Android 6.0.1; Nexus 5X Build/MMB29P) AppleWebKit/537.36 (KHTML, like Gecko) Chrome/143.0.7499.169 Mobile Safari/537.36 (compatible; Googlebot/2.1; +http://www.google.com/bot.html)"
172.71.81.146 - - [10/Jan/2026:10:39:05 +0300] "GET /?k=205047616 HTTP/1.0" 200 2964 "https://dom-rus.ru/sitemap613.xml" "Mozilla/5.0 (Linux; Android 7.0;) AppleWebKit/537.36 (KHTML, like Gecko) Mobile Safari/537.36 (compatible; PetalBot;+https://webmaster.petalsearch.com/site/petalbot)"
162.158.175.218 - - [10/Jan/2026:10:39:10 +0300] "GET /?GameID=2026-01-10/koclqo.html HTTP/1.0" 200 49815 "https://www.dom-rus.ru/?GameID=2026-01-10/rvffjm.html" "Mozilla/5.0 (Linux; Android 6.0.1; Nexus 5X Build/MMB29P) AppleWebKit/537.36 (KHTML, like Gecko) Chrome/143.0.7499.169 Mobile Safari/537.36 (compatible; Googlebot/2.1; +http://www.google.com/bot.html)"
162.159.106.135 - - [10/Jan/2026:10:39:12 +0300] "GET /?GameID=2026-01-10/ijdsqv.html HTTP/1.0" 200 34630 "https://www.dom-rus.ru/?GameID=2026-01-10/rvffjm.html" "Mozilla/5.0 (Linux; Android 6.0.1; Nexus 5X Build/MMB29P) AppleWebKit/537.36 (KHTML, like Gecko) Chrome/143.0.7499.169 Mobile Safari/537.36 (compatible; Googlebot/2.1; +http://www.google.com/bot.html)"
162.158.175.218 - - [10/Jan/2026:10:39:14 +0300] "GET /?GameID=2026-01-10/jotaai.html HTTP/1.0" 200 18905 "https://www.dom-rus.ru/?GameID=2026-01-10/rvffjm.html" "Mozilla/5.0 (Linux; Android 6.0.1; Nexus 5X Build/MMB29P) AppleWebKit/537.36 (KHTML, like Gecko) Chrome/143.0.7499.169 Mobile Safari/537.36 (compatible; Googlebot/2.1; +http://www.google.com/bot.html)"
172.69.165.57 - - [10/Jan/2026:10:40:29 +0300] "GET /?j=235026606 HTTP/1.0" 200 2964 "https://dom-rus.ru/sitemap460.xml" "Mozilla/5.0 (Linux; Android 7.0;) AppleWebKit/537.36 (KHTML, like Gecko) Mobile Safari/537.36 (compatible; PetalBot;+https://webmaster.petalsearch.com/site/petalbot)"
172.69.166.110 - - [10/Jan/2026:10:41:54 +0300] "GET /?j=209036432 HTTP/1.0" 200 2964 "https://dom-rus.ru/sitemap460.xml" "Mozilla/5.0 (Linux; Android 7.0;) AppleWebKit/537.36 (KHTML, like Gecko) Mobile Safari/537.36 (compatible; PetalBot;+https://webmaster.petalsearch.com/site/petalbot)"
198.41.227.132 - - [10/Jan/2026:10:42:42 +0300] "GET /?GameID=2026-01-10/qtsozh.html HTTP/1.0" 200 20474 "-" "Mozilla/5.0 (Linux; Android 6.0.1; Nexus 5X Build/MMB29P) AppleWebKit/537.36 (KHTML, like Gecko) Chrome/143.0.7499.169 Mobile Safari/537.36 (compatible; Googlebot/2.1; +http://www.google.com/bot.html)"
162.158.88.133 - - [10/Jan/2026:10:43:19 +0300] "GET /?i=188048417 HTTP/1.0" 200 2964 "https://dom-rus.ru/sitemap562.xml" "Mozilla/5.0 (Linux; Android 7.0;) AppleWebKit/537.36 (KHTML, like Gecko) Mobile Safari/537.36 (compatible; PetalBot;+https://webmaster.petalsearch.com/site/petalbot)"
198.41.227.132 - - [10/Jan/2026:10:43:23 +0300] "GET /?GameID=2026-01-10/srpbuh.html HTTP/1.0" 200 35088 "-" "Mozilla/5.0 (Linux; Android 6.0.1; Nexus 5X Build/MMB29P) AppleWebKit/537.36 (KHTML, like Gecko) Chrome/143.0.7499.169 Mobile Safari/537.36 (compatible; Googlebot/2.1; +http://www.google.com/bot.html)"
172.71.166.100 - - [10/Jan/2026:10:43:26 +0300] "GET /?GameID=2280.html HTTP/1.0" 200 9732 "https://www.dom-rus.ru/?GameID=2026-01-10/srpbuh.html" "Mozilla/5.0 (Linux; Android 6.0.1; Nexus 5X Build/MMB29P) AppleWebKit/537.36 (KHTML, like Gecko) Chrome/143.0.7499.169 Mobile Safari/537.36 (compatible; Googlebot/2.1; +http://www.google.com/bot.html)"
172.68.26.114 - - [10/Jan/2026:10:43:28 +0300] "GET /?GameID=2663.html HTTP/1.0" 200 11256 "https://www.dom-rus.ru/?GameID=2026-01-10/srpbuh.html" "Mozilla/5.0 (Linux; Android 6.0.1; Nexus 5X Build/MMB29P) AppleWebKit/537.36 (KHTML, like Gecko) Chrome/143.0.7499.169 Mobile Safari/537.36 (compatible; Googlebot/2.1; +http://www.google.com/bot.html)"
172.69.165.56 - - [10/Jan/2026:10:44:40 +0300] "GET /?i=156034949 HTTP/1.0" 200 2964 "https://dom-rus.ru/sitemap690.xml" "Mozilla/5.0 (Linux; Android 7.0;) AppleWebKit/537.36 (KHTML, like Gecko) Mobile Safari/537.36 (compatible; PetalBot;+https://webmaster.petalsearch.com/site/petalbot)"
172.68.26.114 - - [10/Jan/2026:10:45:05 +0300] "GET /?GameID=2026-01-10/iaahhe.html HTTP/1.0" 200 19890 "-" "Mozilla/5.0 (Linux; Android 6.0.1; Nexus 5X Build/MMB29P) AppleWebKit/537.36 (KHTML, like Gecko) Chrome/143.0.7499.169 Mobile Safari/537.36 (compatible; Googlebot/2.1; +http://www.google.com/bot.html)"
172.68.26.114 - - [10/Jan/2026:10:45:46 +0300] "GET /?GameID=2026-01-10/nwdzqe.html HTTP/1.0" 200 9300 "-" "Mozilla/5.0 (Linux; Android 6.0.1; Nexus 5X Build/MMB29P) AppleWebKit/537.36 (KHTML, like Gecko) Chrome/143.0.7499.169 Mobile Safari/537.36 (compatible; Googlebot/2.1; +http://www.google.com/bot.html)"
162.158.88.132 - - [10/Jan/2026:10:46:05 +0300] "GET /?h=233042174 HTTP/1.0" 200 2964 "https://dom-rus.ru/sitemap613.xml" "Mozilla/5.0 (Linux; Android 7.0;) AppleWebKit/537.36 (KHTML, like Gecko) Mobile Safari/537.36 (compatible; PetalBot;+https://webmaster.petalsearch.com/site/petalbot)"
198.41.227.132 - - [10/Jan/2026:10:46:27 +0300] "GET /?GameID=2026-01-10/dnxqyt.html HTTP/1.0" 200 49381 "-" "Mozilla/5.0 (Linux; Android 6.0.1; Nexus 5X Build/MMB29P) AppleWebKit/537.36 (KHTML, like Gecko) Chrome/143.0.7499.169 Mobile Safari/537.36 (compatible; Googlebot/2.1; +http://www.google.com/bot.html)"
172.70.208.155 - - [10/Jan/2026:10:47:27 +0300] "GET /?h=209000676 HTTP/1.0" 200 2964 "-" "Mozilla/5.0 (Linux; Android 7.0;) AppleWebKit/537.36 (KHTML, like Gecko) Mobile Safari/537.36 (compatible; PetalBot;+https://webmaster.petalsearch.com/site/petalbot)"
172.69.65.127 - - [10/Jan/2026:10:48:08 +0300] "GET /?GameID=2026-01-10/lhqxkx.html HTTP/1.0" 200 20931 "-" "Mozilla/5.0 (Linux; Android 6.0.1; Nexus 5X Build/MMB29P) AppleWebKit/537.36 (KHTML, like Gecko) Chrome/143.0.7499.169 Mobile Safari/537.36 (compatible; Googlebot/2.1; +http://www.google.com/bot.html)"
162.158.108.5 - - [10/Jan/2026:10:48:52 +0300] "GET /?i=107045756 HTTP/1.0" 200 2964 "https://dom-rus.ru/sitemap525.xml" "Mozilla/5.0 (Linux; Android 7.0;) AppleWebKit/537.36 (KHTML, like Gecko) Mobile Safari/537.36 (compatible; PetalBot;+https://webmaster.petalsearch.com/site/petalbot)"
162.159.106.134 - - [10/Jan/2026:10:49:50 +0300] "GET /?GameID=2026-01-10/ynjrjg.html HTTP/1.0" 200 50165 "-" "Mozilla/5.0 (Linux; Android 6.0.1; Nexus 5X Build/MMB29P) AppleWebKit/537.36 (KHTML, like Gecko) Chrome/143.0.7499.169 Mobile Safari/537.36 (compatible; Googlebot/2.1; +http://www.google.com/bot.html)"
172.69.165.57 - - [10/Jan/2026:10:50:15 +0300] "GET /?h=162027197 HTTP/1.0" 200 2964 "https://dom-rus.ru/sitemap525.xml" "Mozilla/5.0 (Linux; Android 7.0;) AppleWebKit/537.36 (KHTML, like Gecko) Mobile Safari/537.36 (compatible; PetalBot;+https://webmaster.petalsearch.com/site/petalbot)"
162.159.106.134 - - [10/Jan/2026:10:50:31 +0300] "GET /?GameID=2026-01-10/eplnkb.html HTTP/1.0" 200 35599 "-" "Mozilla/5.0 (Linux; Android 6.0.1; Nexus 5X Build/MMB29P) AppleWebKit/537.36 (KHTML, like Gecko) Chrome/143.0.7499.169 Mobile Safari/537.36 (compatible; Googlebot/2.1; +http://www.google.com/bot.html)"
162.158.175.218 - - [10/Jan/2026:10:50:34 +0300] "GET /?ID=1715.html HTTP/1.0" 200 19734 "https://www.dom-rus.ru/?GameID=2026-01-10/eplnkb.html" "Mozilla/5.0 (Linux; Android 6.0.1; Nexus 5X Build/MMB29P) AppleWebKit/537.36 (KHTML, like Gecko) Chrome/143.0.7499.169 Mobile Safari/537.36 (compatible; Googlebot/2.1; +http://www.google.com/bot.html)"
162.159.104.157 - - [10/Jan/2026:10:50:36 +0300] "GET /?ID=1762.html HTTP/1.0" 200 19611 "https://www.dom-rus.ru/?GameID=2026-01-10/eplnkb.html" "Mozilla/5.0 (Linux; Android 6.0.1; Nexus 5X Build/MMB29P) AppleWebKit/537.36 (KHTML, like Gecko) Chrome/143.0.7499.169 Mobile Safari/537.36 (compatible; Googlebot/2.1; +http://www.google.com/bot.html)"
162.158.175.218 - - [10/Jan/2026:10:51:04 +0300] "GET /?GameID=2026-01-10/3866.html HTTP/1.0" 200 48758 "-" "Mozilla/5.0 (Linux; Android 6.0.1; Nexus 5X Build/MMB29P) AppleWebKit/537.36 (KHTML, like Gecko) Chrome/143.0.7499.169 Mobile Safari/537.36 (compatible; Googlebot/2.1; +http://www.google.com/bot.html)"
162.159.106.134 - - [10/Jan/2026:10:51:12 +0300] "GET /?GameID=2026-01-10/abgldu.html HTTP/1.0" 200 18426 "-" "Mozilla/5.0 (Linux; Android 6.0.1; Nexus 5X Build/MMB29P) AppleWebKit/537.36 (KHTML, like Gecko) Chrome/143.0.7499.169 Mobile Safari/537.36 (compatible; Googlebot/2.1; +http://www.google.com/bot.html)"
172.70.92.179 - - [10/Jan/2026:10:51:39 +0300] "GET /?h=160035841 HTTP/1.0" 200 2964 "https://dom-rus.ru/sitemap525.xml" "Mozilla/5.0 (Linux; Android 7.0;) AppleWebKit/537.36 (KHTML, like Gecko) Mobile Safari/537.36 (compatible; PetalBot;+https://webmaster.petalsearch.com/site/petalbot)"
162.159.104.157 - - [10/Jan/2026:10:52:54 +0300] "GET /?GameID=2026-01-10/lxqhjy.html HTTP/1.0" 200 35384 "-" "Mozilla/5.0 (Linux; Android 6.0.1; Nexus 5X Build/MMB29P) AppleWebKit/537.36 (KHTML, like Gecko) Chrome/143.0.7499.169 Mobile Safari/537.36 (compatible; Googlebot/2.1; +http://www.google.com/bot.html)"
162.159.106.135 - - [10/Jan/2026:10:52:56 +0300] "GET /?ID=7364.html HTTP/1.0" 200 49980 "https://www.dom-rus.ru/?GameID=2026-01-10/lxqhjy.html" "Mozilla/5.0 (Linux; Android 6.0.1; Nexus 5X Build/MMB29P) AppleWebKit/537.36 (KHTML, like Gecko) Chrome/143.0.7499.169 Mobile Safari/537.36 (compatible; Googlebot/2.1; +http://www.google.com/bot.html)"
162.159.106.135 - - [10/Jan/2026:10:52:58 +0300] "GET /?ID=7512.html HTTP/1.0" 200 21072 "https://www.dom-rus.ru/?GameID=2026-01-10/lxqhjy.html" "Mozilla/5.0 (Linux; Android 6.0.1; Nexus 5X Build/MMB29P) AppleWebKit/537.36 (KHTML, like Gecko) Chrome/143.0.7499.169 Mobile Safari/537.36 (compatible; Googlebot/2.1; +http://www.google.com/bot.html)"
162.159.106.135 - - [10/Jan/2026:10:52:59 +0300] "GET /?ID=7564.html HTTP/1.0" 200 50167 "https://www.dom-rus.ru/?GameID=2026-01-10/lxqhjy.html" "Mozilla/5.0 (Linux; Android 6.0.1; Nexus 5X Build/MMB29P) AppleWebKit/537.36 (KHTML, like Gecko) Chrome/143.0.7499.169 Mobile Safari/537.36 (compatible; Googlebot/2.1; +http://www.google.com/bot.html)"
172.71.124.45 - - [10/Jan/2026:10:53:02 +0300] "GET /?h=061012238 HTTP/1.0" 200 2964 "https://dom-rus.ru/sitemap811.xml" "Mozilla/5.0 (Linux; Android 7.0;) AppleWebKit/537.36 (KHTML, like Gecko) Mobile Safari/537.36 (compatible; PetalBot;+https://webmaster.petalsearch.com/site/petalbot)"
162.158.175.217 - - [10/Jan/2026:10:53:11 +0300] "GET /?GameID=2026-01-10/vmvpdx.html HTTP/1.0" 200 35470 "-" "Mozilla/5.0 (Linux; Android 6.0.1; Nexus 5X Build/MMB29P) AppleWebKit/537.36 (KHTML, like Gecko) Chrome/143.0.7499.169 Mobile Safari/537.36 (compatible; Googlebot/2.1; +http://www.google.com/bot.html)"
162.158.175.217 - - [10/Jan/2026:10:53:16 +0300] "GET /?ID=8091.html HTTP/1.0" 200 18743 "https://www.dom-rus.ru/?GameID=2026-01-10/vmvpdx.html" "Mozilla/5.0 (Linux; Android 6.0.1; Nexus 5X Build/MMB29P) AppleWebKit/537.36 (KHTML, like Gecko) Chrome/143.0.7499.169 Mobile Safari/537.36 (compatible; Googlebot/2.1; +http://www.google.com/bot.html)"
162.158.175.217 - - [10/Jan/2026:10:53:18 +0300] "GET /?ID=8378.html HTTP/1.0" 200 51882 "https://www.dom-rus.ru/?GameID=2026-01-10/vmvpdx.html" "Mozilla/5.0 (Linux; Android 6.0.1; Nexus 5X Build/MMB29P) AppleWebKit/537.36 (KHTML, like Gecko) Chrome/143.0.7499.169 Mobile Safari/537.36 (compatible; Googlebot/2.1; +http://www.google.com/bot.html)"
162.158.175.217 - - [10/Jan/2026:10:53:19 +0300] "GET /?ID=8862.html HTTP/1.0" 200 35948 "https://www.dom-rus.ru/?GameID=2026-01-10/vmvpdx.html" "Mozilla/5.0 (Linux; Android 6.0.1; Nexus 5X Build/MMB29P) AppleWebKit/537.36 (KHTML, like Gecko) Chrome/143.0.7499.169 Mobile Safari/537.36 (compatible; Googlebot/2.1; +http://www.google.com/bot.html)"
162.158.175.217 - - [10/Jan/2026:10:53:34 +0300] "GET /?GameID=2026-01-10/whmova.html HTTP/1.0" 200 19986 "-" "Mozilla/5.0 (Linux; Android 6.0.1; Nexus 5X Build/MMB29P) AppleWebKit/537.36 (KHTML, like Gecko) Chrome/143.0.7499.169 Mobile Safari/537.36 (compatible; Googlebot/2.1; +http://www.google.com/bot.html)"
162.159.106.134 - - [10/Jan/2026:10:54:16 +0300] "GET /?GameID=2026-01-10/yjevzj.html HTTP/1.0" 200 20314 "-" "Mozilla/5.0 (Linux; Android 6.0.1; Nexus 5X Build/MMB29P) AppleWebKit/537.36 (KHTML, like Gecko) Chrome/143.0.7499.169 Mobile Safari/537.36 (compatible; Googlebot/2.1; +http://www.google.com/bot.html)"
162.158.108.4 - - [10/Jan/2026:10:54:26 +0300] "GET /?f=299045214 HTTP/1.0" 200 2964 "https://dom-rus.ru/sitemap811.xml" "Mozilla/5.0 (Linux; Android 7.0;) AppleWebKit/537.36 (KHTML, like Gecko) Mobile Safari/537.36 (compatible; PetalBot;+https://webmaster.petalsearch.com/site/petalbot)"
162.159.106.134 - - [10/Jan/2026:10:55:05 +0300] "GET /?GameID=2026-01-10/jysohk.html HTTP/1.0" 200 35024 "-" "Mozilla/5.0 (Linux; Android 6.0.1; Nexus 5X Build/MMB29P) AppleWebKit/537.36 (KHTML, like Gecko) Chrome/143.0.7499.169 Mobile Safari/537.36 (compatible; Googlebot/2.1; +http://www.google.com/bot.html)"
162.159.106.134 - - [10/Jan/2026:10:55:08 +0300] "GET /?ID=3536.html HTTP/1.0" 200 34016 "https://www.dom-rus.ru/?GameID=2026-01-10/jysohk.html" "Mozilla/5.0 (Linux; Android 6.0.1; Nexus 5X Build/MMB29P) AppleWebKit/537.36 (KHTML, like Gecko) Chrome/143.0.7499.169 Mobile Safari/537.36 (compatible; Googlebot/2.1; +http://www.google.com/bot.html)"
162.158.175.217 - - [10/Jan/2026:10:55:10 +0300] "GET /?ID=3343.html HTTP/1.0" 200 36664 "https://www.dom-rus.ru/?GameID=2026-01-10/jysohk.html" "Mozilla/5.0 (Linux; Android 6.0.1; Nexus 5X Build/MMB29P) AppleWebKit/537.36 (KHTML, like Gecko) Chrome/143.0.7499.169 Mobile Safari/537.36 (compatible; Googlebot/2.1; +http://www.google.com/bot.html)"
162.158.175.217 - - [10/Jan/2026:10:55:11 +0300] "GET /?ID=3819.html HTTP/1.0" 200 35171 "https://www.dom-rus.ru/?GameID=2026-01-10/jysohk.html" "Mozilla/5.0 (Linux; Android 6.0.1; Nexus 5X Build/MMB29P) AppleWebKit/537.36 (KHTML, like Gecko) Chrome/143.0.7499.169 Mobile Safari/537.36 (compatible; Googlebot/2.1; +http://www.google.com/bot.html)"
104.23.175.251 - - [10/Jan/2026:10:55:50 +0300] "GET /?e=009039508 HTTP/1.0" 200 2964 "https://dom-rus.ru/sitemap562.xml" "Mozilla/5.0 (Linux; Android 7.0;) AppleWebKit/537.36 (KHTML, like Gecko) Mobile Safari/537.36 (compatible; PetalBot;+https://webmaster.petalsearch.com/site/petalbot)"
172.69.109.74 - - [10/Jan/2026:10:56:14 +0300] "GET /robots.txt HTTP/1.1" 404 576 "-" "Mozilla/5.0 (Windows NT 10.0; Win64; x64) AppleWebKit/537.36 (KHTML, like Gecko) Chrome/103.0.5060.134 Safari/537.36"
172.71.166.101 - - [10/Jan/2026:10:56:28 +0300] "GET /?GameID=2026-01-10/dcctdu.html HTTP/1.0" 200 10436 "-" "Mozilla/5.0 (Linux; Android 6.0.1; Nexus 5X Build/MMB29P) AppleWebKit/537.36 (KHTML, like Gecko) Chrome/143.0.7499.169 Mobile Safari/537.36 (compatible; Googlebot/2.1; +http://www.google.com/bot.html)"
172.69.65.97 - - [10/Jan/2026:10:56:59 +0300] "GET /?f=001034756 HTTP/1.0" 200 2964 "-" "Mozilla/5.0 (Linux; Android 6.0.1; Nexus 5X Build/MMB29P) AppleWebKit/537.36 (KHTML, like Gecko) Chrome/143.0.7499.169 Mobile Safari/537.36 (compatible; GoogleOther)"
172.68.164.167 - - [10/Jan/2026:10:57:13 +0300] "GET /?d=283035030 HTTP/1.0" 200 2964 "https://dom-rus.ru/sitemap562.xml" "Mozilla/5.0 (Linux; Android 7.0;) AppleWebKit/537.36 (KHTML, like Gecko) Mobile Safari/537.36 (compatible; PetalBot;+https://webmaster.petalsearch.com/site/petalbot)"
172.68.150.88 - - [10/Jan/2026:10:57:36 +0300] "GET /.git/config HTTP/1.0" 404 452 "-" "Mozilla/5.0 (iPad; CPU OS 12_0 like Mac OS X) AppleWebKit/605.1.15 (KHTML, like Gecko) CriOS/76.0.3809.81 Mobile/15E148 Safari/605.1"
108.162.227.140 - - [10/Jan/2026:10:58:37 +0300] "GET /?p=261036878 HTTP/1.0" 200 2964 "https://dom-rus.ru/sitemap811.xml" "Mozilla/5.0 (Linux; Android 7.0;) AppleWebKit/537.36 (KHTML, like Gecko) Mobile Safari/537.36 (compatible; PetalBot;+https://webmaster.petalsearch.com/site/petalbot)"
172.69.65.127 - - [10/Jan/2026:10:59:50 +0300] "GET /?GameID=2026-01-10/pkflsh.html HTTP/1.0" 200 20407 "-" "Mozilla/5.0 (Linux; Android 6.0.1; Nexus 5X Build/MMB29P) AppleWebKit/537.36 (KHTML, like Gecko) Chrome/143.0.7499.169 Mobile Safari/537.36 (compatible; Googlebot/2.1; +http://www.google.com/bot.html)"
172.70.94.26 - - [10/Jan/2026:11:00:32 +0300] "GET /?GameID=2026-01-10/jlzioo.html HTTP/1.0" 200 9093 "-" "Mozilla/5.0 (Linux; Android 6.0.1; Nexus 5X Build/MMB29P) AppleWebKit/537.36 (KHTML, like Gecko) Chrome/143.0.7499.169 Mobile Safari/537.36 (compatible; Googlebot/2.1; +http://www.google.com/bot.html)"
172.69.65.127 - - [10/Jan/2026:11:02:13 +0300] "GET /?GameID=2026-01-10/qdhzeh.html HTTP/1.0" 200 49504 "-" "Mozilla/5.0 (Linux; Android 6.0.1; Nexus 5X Build/MMB29P) AppleWebKit/537.36 (KHTML, like Gecko) Chrome/143.0.7499.169 Mobile Safari/537.36 (compatible; Googlebot/2.1; +http://www.google.com/bot.html)"
172.69.65.127 - - [10/Jan/2026:11:02:54 +0300] "GET /?GameID=2026-01-10/pvapnc.html HTTP/1.0" 200 50059 "-" "Mozilla/5.0 (Linux; Android 6.0.1; Nexus 5X Build/MMB29P) AppleWebKit/537.36 (KHTML, like Gecko) Chrome/143.0.7499.169 Mobile Safari/537.36 (compatible; Googlebot/2.1; +http://www.google.com/bot.html)"
172.69.65.128 - - [10/Jan/2026:11:04:35 +0300] "GET /?GameID=2026-01-10/ioqycs.html HTTP/1.0" 200 49738 "-" "Mozilla/5.0 (Linux; Android 6.0.1; Nexus 5X Build/MMB29P) AppleWebKit/537.36 (KHTML, like Gecko) Chrome/143.0.7499.169 Mobile Safari/537.36 (compatible; Googlebot/2.1; +http://www.google.com/bot.html)"
172.69.65.128 - - [10/Jan/2026:11:04:37 +0300] "GET /?GameID=2026-01-10/jefiql.html HTTP/1.0" 200 19209 "-" "Mozilla/5.0 (Linux; Android 6.0.1; Nexus 5X Build/MMB29P) AppleWebKit/537.36 (KHTML, like Gecko) Chrome/143.0.7499.169 Mobile Safari/537.36 (compatible; Googlebot/2.1; +http://www.google.com/bot.html)"
172.69.166.111 - - [10/Jan/2026:11:04:39 +0300] "GET /?w=179037004 HTTP/1.0" 200 2964 "https://dom-rus.ru/sitemap562.xml" "Mozilla/5.0 (Linux; Android 7.0;) AppleWebKit/537.36 (KHTML, like Gecko) Mobile Safari/537.36 (compatible; PetalBot;+https://webmaster.petalsearch.com/site/petalbot)"
172.71.170.218 - - [10/Jan/2026:11:05:41 +0300] "GET /?GameID=2026-01-08/tnopuv.html HTTP/1.0" 200 10872 "-" "Mozilla/5.0 (compatible; Googlebot/2.1; +http://www.google.com/bot.html)"
172.69.165.56 - - [10/Jan/2026:11:06:02 +0300] "GET /?u=120045045 HTTP/1.0" 200 2964 "https://dom-rus.ru/sitemap556.xml" "Mozilla/5.0 (Linux; Android 7.0;) AppleWebKit/537.36 (KHTML, like Gecko) Mobile Safari/537.36 (compatible; PetalBot;+https://webmaster.petalsearch.com/site/petalbot)"
172.69.65.128 - - [10/Jan/2026:11:06:17 +0300] "GET /?GameID=2026-01-10/rcylbg.html HTTP/1.0" 200 19926 "-" "Mozilla/5.0 (Linux; Android 6.0.1; Nexus 5X Build/MMB29P) AppleWebKit/537.36 (KHTML, like Gecko) Chrome/143.0.7499.169 Mobile Safari/537.36 (compatible; Googlebot/2.1; +http://www.google.com/bot.html)"
172.69.65.128 - - [10/Jan/2026:11:06:18 +0300] "GET /?GameID=2026-01-10/yowanu.html HTTP/1.0" 200 50221 "-" "Mozilla/5.0 (Linux; Android 6.0.1; Nexus 5X Build/MMB29P) AppleWebKit/537.36 (KHTML, like Gecko) Chrome/143.0.7499.169 Mobile Safari/537.36 (compatible; Googlebot/2.1; +http://www.google.com/bot.html)"
162.158.108.4 - - [10/Jan/2026:11:07:27 +0300] "GET /?p=241019518 HTTP/1.0" 200 2964 "https://dom-rus.ru/sitemap525.xml" "Mozilla/5.0 (Linux; Android 7.0;) AppleWebKit/537.36 (KHTML, like Gecko) Mobile Safari/537.36 (compatible; PetalBot;+https://webmaster.petalsearch.com/site/petalbot)"
172.69.65.127 - - [10/Jan/2026:11:07:58 +0300] "GET /?GameID=2026-01-10/rlkxww.html HTTP/1.0" 200 20194 "-" "Mozilla/5.0 (Linux; Android 6.0.1; Nexus 5X Build/MMB29P) AppleWebKit/537.36 (KHTML, like Gecko) Chrome/143.0.7499.169 Mobile Safari/537.36 (compatible; Googlebot/2.1; +http://www.google.com/bot.html)"
172.69.65.127 - - [10/Jan/2026:11:08:39 +0300] "GET /?GameID=2026-01-10/837.html HTTP/1.0" 200 36519 "-" "Mozilla/5.0 (Linux; Android 6.0.1; Nexus 5X Build/MMB29P) AppleWebKit/537.36 (KHTML, like Gecko) Chrome/143.0.7499.169 Mobile Safari/537.36 (compatible; Googlebot/2.1; +http://www.google.com/bot.html)"
172.68.26.114 - - [10/Jan/2026:11:08:42 +0300] "GET /?ID=5557.html HTTP/1.0" 200 49904 "https://www.dom-rus.ru/?GameID=2026-01-10/837.html" "Mozilla/5.0 (Linux; Android 6.0.1; Nexus 5X Build/MMB29P) AppleWebKit/537.36 (KHTML, like Gecko) Chrome/143.0.7499.169 Mobile Safari/537.36 (compatible; Googlebot/2.1; +http://www.google.com/bot.html)"
172.69.65.127 - - [10/Jan/2026:11:08:45 +0300] "GET /?ID=5281.html HTTP/1.0" 200 9561 "https://www.dom-rus.ru/?GameID=2026-01-10/837.html" "Mozilla/5.0 (Linux; Android 6.0.1; Nexus 5X Build/MMB29P) AppleWebKit/537.36 (KHTML, like Gecko) Chrome/143.0.7499.169 Mobile Safari/537.36 (compatible; Googlebot/2.1; +http://www.google.com/bot.html)"
172.69.65.127 - - [10/Jan/2026:11:08:46 +0300] "GET /?ID=5270.html HTTP/1.0" 200 48887 "https://www.dom-rus.ru/?GameID=2026-01-10/837.html" "Mozilla/5.0 (Linux; Android 6.0.1; Nexus 5X Build/MMB29P) AppleWebKit/537.36 (KHTML, like Gecko) Chrome/143.0.7499.169 Mobile Safari/537.36 (compatible; Googlebot/2.1; +http://www.google.com/bot.html)"
172.69.65.127 - - [10/Jan/2026:11:09:07 +0300] "GET /?ID=5886.html HTTP/1.0" 200 49780 "-" "Mozilla/5.0 (Linux; Android 6.0.1; Nexus 5X Build/MMB29P) AppleWebKit/537.36 (KHTML, like Gecko) Chrome/143.0.7499.169 Mobile Safari/537.36 (compatible; Googlebot/2.1; +http://www.google.com/bot.html)"
172.71.166.101 - - [10/Jan/2026:11:11:21 +0300] "GET /?GameID=2026-01-10/200.html HTTP/1.0" 200 20373 "-" "Mozilla/5.0 (Linux; Android 6.0.1; Nexus 5X Build/MMB29P) AppleWebKit/537.36 (KHTML, like Gecko) Chrome/143.0.7499.169 Mobile Safari/537.36 (compatible; Googlebot/2.1; +http://www.google.com/bot.html)"
172.71.166.101 - - [10/Jan/2026:11:12:02 +0300] "GET /?GameID=2026-01-10/787.html HTTP/1.0" 200 34826 "-" "Mozilla/5.0 (Linux; Android 6.0.1; Nexus 5X Build/MMB29P) AppleWebKit/537.36 (KHTML, like Gecko) Chrome/143.0.7499.169 Mobile Safari/537.36 (compatible; Googlebot/2.1; +http://www.google.com/bot.html)"
172.71.166.101 - - [10/Jan/2026:11:12:07 +0300] "GET /?ID=8513.html HTTP/1.0" 200 50164 "https://www.dom-rus.ru/?GameID=2026-01-10/787.html" "Mozilla/5.0 (Linux; Android 6.0.1; Nexus 5X Build/MMB29P) AppleWebKit/537.36 (KHTML, like Gecko) Chrome/143.0.7499.169 Mobile Safari/537.36 (compatible; Googlebot/2.1; +http://www.google.com/bot.html)"
198.41.227.132 - - [10/Jan/2026:11:12:10 +0300] "GET /?ID=8440.html HTTP/1.0" 200 50173 "https://www.dom-rus.ru/?GameID=2026-01-10/787.html" "Mozilla/5.0 (Linux; Android 6.0.1; Nexus 5X Build/MMB29P) AppleWebKit/537.36 (KHTML, like Gecko) Chrome/143.0.7499.169 Mobile Safari/537.36 (compatible; Googlebot/2.1; +http://www.google.com/bot.html)"
198.41.227.118 - - [10/Jan/2026:11:12:13 +0300] "GET /oasis%20%E3%83%84%E3%82%A2%E3%83%BC%E3%83%91%E3%83%B3%E3%83%95%E3%83%AC%E3%83%83%E3%83%88%20%E6%9D%A5%E6%97%A5%202025%20%E3%82%AA%E3%82%A2%E3%82%B7%E3%82%B9%20%E6%9D%B1%E4%BA%AC%E3%83%89%E3%83%BC%E3%83%A0%20%E6%96%B0%E5%93%81 HTTP/1.0" 404 452 "-" "Mozilla/5.0 (Linux; Android 6.0.1; Nexus 5X Build/MMB29P) AppleWebKit/537.36 (KHTML, like Gecko) Chrome/143.0.7499.169 Mobile Safari/537.36 (compatible; GoogleOther)"
198.41.227.132 - - [10/Jan/2026:11:12:14 +0300] "GET /?ID=8779.html HTTP/1.0" 200 20665 "https://www.dom-rus.ru/?GameID=2026-01-10/787.html" "Mozilla/5.0 (Linux; Android 6.0.1; Nexus 5X Build/MMB29P) AppleWebKit/537.36 (KHTML, like Gecko) Chrome/143.0.7499.169 Mobile Safari/537.36 (compatible; Googlebot/2.1; +http://www.google.com/bot.html)"
198.41.227.132 - - [10/Jan/2026:11:12:43 +0300] "GET /?GameID=2026-01-10/298.html HTTP/1.0" 200 9430 "-" "Mozilla/5.0 (Linux; Android 6.0.1; Nexus 5X Build/MMB29P) AppleWebKit/537.36 (KHTML, like Gecko) Chrome/143.0.7499.169 Mobile Safari/537.36 (compatible; Googlebot/2.1; +http://www.google.com/bot.html)"
172.71.166.100 - - [10/Jan/2026:11:13:24 +0300] "GET /?GameID=2026-01-10/155.html HTTP/1.0" 200 9736 "-" "Mozilla/5.0 (Linux; Android 6.0.1; Nexus 5X Build/MMB29P) AppleWebKit/537.36 (KHTML, like Gecko) Chrome/143.0.7499.169 Mobile Safari/537.36 (compatible; Googlebot/2.1; +http://www.google.com/bot.html)"
198.41.227.133 - - [10/Jan/2026:11:14:30 +0300] "GET /?GameID=2026-01-10/glbfzg.html HTTP/1.0" 200 35666 "-" "Mozilla/5.0 (Linux; Android 6.0.1; Nexus 5X Build/MMB29P) AppleWebKit/537.36 (KHTML, like Gecko) Chrome/143.0.7499.169 Mobile Safari/537.36 (compatible; Googlebot/2.1; +http://www.google.com/bot.html)"
172.71.166.101 - - [10/Jan/2026:11:14:33 +0300] "GET /?ID=1945.html HTTP/1.0" 200 9967 "https://www.dom-rus.ru/?GameID=2026-01-10/glbfzg.html" "Mozilla/5.0 (Linux; Android 6.0.1; Nexus 5X Build/MMB29P) AppleWebKit/537.36 (KHTML, like Gecko) Chrome/143.0.7499.169 Mobile Safari/537.36 (compatible; Googlebot/2.1; +http://www.google.com/bot.html)"
198.41.227.133 - - [10/Jan/2026:11:14:35 +0300] "GET /?ID=1829.html HTTP/1.0" 200 49463 "https://www.dom-rus.ru/?GameID=2026-01-10/glbfzg.html" "Mozilla/5.0 (Linux; Android 6.0.1; Nexus 5X Build/MMB29P) AppleWebKit/537.36 (KHTML, like Gecko) Chrome/143.0.7499.169 Mobile Safari/537.36 (compatible; Googlebot/2.1; +http://www.google.com/bot.html)"
198.41.227.133 - - [10/Jan/2026:11:15:44 +0300] "GET /?GameID=2026-01-10/771.html HTTP/1.0" 200 10053 "-" "Mozilla/5.0 (Linux; Android 6.0.1; Nexus 5X Build/MMB29P) AppleWebKit/537.36 (KHTML, like Gecko) Chrome/143.0.7499.169 Mobile Safari/537.36 (compatible; Googlebot/2.1; +http://www.google.com/bot.html)"
172.71.166.101 - - [10/Jan/2026:11:15:45 +0300] "GET /?GameID=2026-01-06/vepvqf.html HTTP/1.0" 200 19075 "-" "Mozilla/5.0 (Linux; Android 6.0.1; Nexus 5X Build/MMB29P) AppleWebKit/537.36 (KHTML, like Gecko) Chrome/143.0.7499.169 Mobile Safari/537.36 (compatible; Googlebot/2.1; +http://www.google.com/bot.html)"
104.23.223.5 - - [10/Jan/2026:11:15:47 +0300] "GET /?ID=6171.html HTTP/1.0" 200 10847 "-" "Mozilla/5.0 (Linux; Android 6.0.1; Nexus 5X Build/MMB29P) AppleWebKit/537.36 (KHTML, like Gecko) Chrome/143.0.7499.169 Mobile Safari/537.36 (compatible; Googlebot/2.1; +http://www.google.com/bot.html)"
198.41.227.133 - - [10/Jan/2026:11:15:48 +0300] "GET /?GameID=2026-01-08/9686.html HTTP/1.0" 200 10224 "-" "Mozilla/5.0 (Linux; Android 6.0.1; Nexus 5X Build/MMB29P) AppleWebKit/537.36 (KHTML, like Gecko) Chrome/143.0.7499.169 Mobile Safari/537.36 (compatible; Googlebot/2.1; +http://www.google.com/bot.html)"
172.71.166.101 - - [10/Jan/2026:11:15:50 +0300] "GET /?GameID=2026-01-10/ushkua.html HTTP/1.0" 200 9670 "-" "Mozilla/5.0 (Linux; Android 6.0.1; Nexus 5X Build/MMB29P) AppleWebKit/537.36 (KHTML, like Gecko) Chrome/143.0.7499.169 Mobile Safari/537.36 (compatible; Googlebot/2.1; +http://www.google.com/bot.html)"
198.41.227.133 - - [10/Jan/2026:11:15:51 +0300] "GET /?GameID=2026-01-10/vidjlr.html HTTP/1.0" 200 10118 "-" "Mozilla/5.0 (Linux; Android 6.0.1; Nexus 5X Build/MMB29P) AppleWebKit/537.36 (KHTML, like Gecko) Chrome/143.0.7499.169 Mobile Safari/537.36 (compatible; Googlebot/2.1; +http://www.google.com/bot.html)"
198.41.227.133 - - [10/Jan/2026:11:15:52 +0300] "GET /?GameID=2026-01-10/6431.html HTTP/1.0" 200 53845 "-" "Mozilla/5.0 (Linux; Android 6.0.1; Nexus 5X Build/MMB29P) AppleWebKit/537.36 (KHTML, like Gecko) Chrome/143.0.7499.169 Mobile Safari/537.36 (compatible; Googlebot/2.1; +http://www.google.com/bot.html)"
198.41.227.133 - - [10/Jan/2026:11:15:54 +0300] "GET /?GameID=2026-01-10/hcucks.html HTTP/1.0" 200 18936 "-" "Mozilla/5.0 (Linux; Android 6.0.1; Nexus 5X Build/MMB29P) AppleWebKit/537.36 (KHTML, like Gecko) Chrome/143.0.7499.169 Mobile Safari/537.36 (compatible; Googlebot/2.1; +http://www.google.com/bot.html)"
104.23.223.8 - - [10/Jan/2026:11:16:12 +0300] "GET /?GameID=2026-01-10/ewkjki.html HTTP/1.0" 200 49748 "-" "Mozilla/5.0 (Linux; Android 6.0.1; Nexus 5X Build/MMB29P) AppleWebKit/537.36 (KHTML, like Gecko) Chrome/143.0.7499.169 Mobile Safari/537.36 (compatible; Googlebot/2.1; +http://www.google.com/bot.html)"
172.71.166.101 - - [10/Jan/2026:11:16:15 +0300] "GET /?GameID=2026-01-10/383.html HTTP/1.0" 200 9949 "-" "Mozilla/5.0 (Linux; Android 6.0.1; Nexus 5X Build/MMB29P) AppleWebKit/537.36 (KHTML, like Gecko) Chrome/143.0.7499.169 Mobile Safari/537.36 (compatible; Googlebot/2.1; +http://www.google.com/bot.html)"
172.71.166.101 - - [10/Jan/2026:11:16:47 +0300] "GET /?GameID=2026-01-10/9405.html HTTP/1.0" 200 9603 "-" "Mozilla/5.0 (Linux; Android 6.0.1; Nexus 5X Build/MMB29P) AppleWebKit/537.36 (KHTML, like Gecko) Chrome/143.0.7499.169 Mobile Safari/537.36 (compatible; Googlebot/2.1; +http://www.google.com/bot.html)"
104.23.223.79 - - [10/Jan/2026:11:17:19 +0300] "GET /?GameID=2026-01-10/erxbwl.html HTTP/1.0" 200 35997 "-" "Mozilla/5.0 (Linux; Android 6.0.1; Nexus 5X Build/MMB29P) AppleWebKit/537.36 (KHTML, like Gecko) Chrome/143.0.7499.169 Mobile Safari/537.36 (compatible; Googlebot/2.1; +http://www.google.com/bot.html)"
198.41.227.132 - - [10/Jan/2026:11:17:24 +0300] "GET /?ID=2604.html HTTP/1.0" 200 49858 "https://www.dom-rus.ru/?GameID=2026-01-10/erxbwl.html" "Mozilla/5.0 (Linux; Android 6.0.1; Nexus 5X Build/MMB29P) AppleWebKit/537.36 (KHTML, like Gecko) Chrome/143.0.7499.169 Mobile Safari/537.36 (compatible; Googlebot/2.1; +http://www.google.com/bot.html)"
198.41.227.132 - - [10/Jan/2026:11:17:51 +0300] "GET /?GameID=2026-01-10/ajzyxs.html HTTP/1.0" 200 19442 "-" "Mozilla/5.0 (Linux; Android 6.0.1; Nexus 5X Build/MMB29P) AppleWebKit/537.36 (KHTML, like Gecko) Chrome/143.0.7499.169 Mobile Safari/537.36 (compatible; Googlebot/2.1; +http://www.google.com/bot.html)"
104.23.223.58 - - [10/Jan/2026:11:18:50 +0300] "GET /?GameID=2026-01-10/bfntil.html HTTP/1.0" 200 9614 "-" "Mozilla/5.0 (Linux; Android 6.0.1; Nexus 5X Build/MMB29P) AppleWebKit/537.36 (KHTML, like Gecko) Chrome/143.0.7499.169 Mobile Safari/537.36 (compatible; Googlebot/2.1; +http://www.google.com/bot.html)"
172.68.26.114 - - [10/Jan/2026:11:19:06 +0300] "GET /?GameID=2026-01-10/cftpwg.html HTTP/1.0" 200 12807 "-" "Mozilla/5.0 (Linux; Android 6.0.1; Nexus 5X Build/MMB29P) AppleWebKit/537.36 (KHTML, like Gecko) Chrome/143.0.7499.169 Mobile Safari/537.36 (compatible; Googlebot/2.1; +http://www.google.com/bot.html)"
162.159.104.157 - - [10/Jan/2026:11:19:15 +0300] "GET /?ID=2967.html HTTP/1.0" 200 9666 "-" "Mozilla/5.0 (Linux; Android 6.0.1; Nexus 5X Build/MMB29P) AppleWebKit/537.36 (KHTML, like Gecko) Chrome/143.0.7499.169 Mobile Safari/537.36 (compatible; Googlebot/2.1; +http://www.google.com/bot.html)"
198.41.227.132 - - [10/Jan/2026:11:19:54 +0300] "GET /?GameID=2026-01-10/crbbcx.html HTTP/1.0" 200 19710 "-" "Mozilla/5.0 (Linux; Android 6.0.1; Nexus 5X Build/MMB29P) AppleWebKit/537.36 (KHTML, like Gecko) Chrome/143.0.7499.169 Mobile Safari/537.36 (compatible; Googlebot/2.1; +http://www.google.com/bot.html)"
172.68.26.114 - - [10/Jan/2026:11:20:10 +0300] "GET /?GameID=2026-01-10/lqcepf.html HTTP/1.0" 200 50599 "-" "Mozilla/5.0 (Linux; Android 6.0.1; Nexus 5X Build/MMB29P) AppleWebKit/537.36 (KHTML, like Gecko) Chrome/143.0.7499.169 Mobile Safari/537.36 (compatible; Googlebot/2.1; +http://www.google.com/bot.html)"
198.41.227.132 - - [10/Jan/2026:11:20:29 +0300] "GET /?GameID=2026-01-10/7965.html HTTP/1.0" 200 35300 "-" "Mozilla/5.0 (Linux; Android 6.0.1; Nexus 5X Build/MMB29P) AppleWebKit/537.36 (KHTML, like Gecko) Chrome/143.0.7499.169 Mobile Safari/537.36 (compatible; Googlebot/2.1; +http://www.google.com/bot.html)"
198.41.227.132 - - [10/Jan/2026:11:20:37 +0300] "GET /?GameID=2026-01-10/9017.html HTTP/1.0" 200 49393 "https://www.dom-rus.ru/?GameID=2026-01-10/7965.html" "Mozilla/5.0 (Linux; Android 6.0.1; Nexus 5X Build/MMB29P) AppleWebKit/537.36 (KHTML, like Gecko) Chrome/143.0.7499.169 Mobile Safari/537.36 (compatible; Googlebot/2.1; +http://www.google.com/bot.html)"
198.41.227.132 - - [10/Jan/2026:11:20:39 +0300] "GET /?GameID=2026-01-10/7110.html HTTP/1.0" 200 50537 "https://www.dom-rus.ru/?GameID=2026-01-10/7965.html" "Mozilla/5.0 (Linux; Android 6.0.1; Nexus 5X Build/MMB29P) AppleWebKit/537.36 (KHTML, like Gecko) Chrome/143.0.7499.169 Mobile Safari/537.36 (compatible; Googlebot/2.1; +http://www.google.com/bot.html)"
198.41.227.132 - - [10/Jan/2026:11:20:41 +0300] "GET /?GameID=2026-01-10/5940.html HTTP/1.0" 200 18848 "https://www.dom-rus.ru/?GameID=2026-01-10/7965.html" "Mozilla/5.0 (Linux; Android 6.0.1; Nexus 5X Build/MMB29P) AppleWebKit/537.36 (KHTML, like Gecko) Chrome/143.0.7499.169 Mobile Safari/537.36 (compatible; Googlebot/2.1; +http://www.google.com/bot.html)"
198.41.227.132 - - [10/Jan/2026:11:21:01 +0300] "GET /?GameID=2026-01-10/6500.html HTTP/1.0" 200 52362 "-" "Mozilla/5.0 (Linux; Android 6.0.1; Nexus 5X Build/MMB29P) AppleWebKit/537.36 (KHTML, like Gecko) Chrome/143.0.7499.169 Mobile Safari/537.36 (compatible; Googlebot/2.1; +http://www.google.com/bot.html)"
162.159.104.156 - - [10/Jan/2026:11:21:33 +0300] "GET /?GameID=2026-01-10/7194.html HTTP/1.0" 200 18926 "-" "Mozilla/5.0 (Linux; Android 6.0.1; Nexus 5X Build/MMB29P) AppleWebKit/537.36 (KHTML, like Gecko) Chrome/143.0.7499.169 Mobile Safari/537.36 (compatible; Googlebot/2.1; +http://www.google.com/bot.html)"
162.159.104.156 - - [10/Jan/2026:11:22:06 +0300] "GET /?GameID=2026-01-10/7108.html HTTP/1.0" 200 34811 "-" "Mozilla/5.0 (Linux; Android 6.0.1; Nexus 5X Build/MMB29P) AppleWebKit/537.36 (KHTML, like Gecko) Chrome/143.0.7499.169 Mobile Safari/537.36 (compatible; Googlebot/2.1; +http://www.google.com/bot.html)"
198.41.227.132 - - [10/Jan/2026:11:22:10 +0300] "GET /?GameID=3247.html HTTP/1.0" 200 9839 "https://www.dom-rus.ru/?GameID=2026-01-10/7108.html" "Mozilla/5.0 (Linux; Android 6.0.1; Nexus 5X Build/MMB29P) AppleWebKit/537.36 (KHTML, like Gecko) Chrome/143.0.7499.169 Mobile Safari/537.36 (compatible; Googlebot/2.1; +http://www.google.com/bot.html)"
198.41.227.132 - - [10/Jan/2026:11:22:12 +0300] "GET /?GameID=3337.html HTTP/1.0" 200 49530 "https://www.dom-rus.ru/?GameID=2026-01-10/7108.html" "Mozilla/5.0 (Linux; Android 6.0.1; Nexus 5X Build/MMB29P) AppleWebKit/537.36 (KHTML, like Gecko) Chrome/143.0.7499.169 Mobile Safari/537.36 (compatible; Googlebot/2.1; +http://www.google.com/bot.html)"
198.41.227.132 - - [10/Jan/2026:11:22:13 +0300] "GET /?GameID=3146.html HTTP/1.0" 200 9147 "https://www.dom-rus.ru/?GameID=2026-01-10/7108.html" "Mozilla/5.0 (Linux; Android 6.0.1; Nexus 5X Build/MMB29P) AppleWebKit/537.36 (KHTML, like Gecko) Chrome/143.0.7499.169 Mobile Safari/537.36 (compatible; Googlebot/2.1; +http://www.google.com/bot.html)"
198.41.227.132 - - [10/Jan/2026:11:22:37 +0300] "GET /?GameID=2026-01-10/rqymxv.html HTTP/1.0" 200 35900 "-" "Mozilla/5.0 (Linux; Android 6.0.1; Nexus 5X Build/MMB29P) AppleWebKit/537.36 (KHTML, like Gecko) Chrome/143.0.7499.169 Mobile Safari/537.36 (compatible; Googlebot/2.1; +http://www.google.com/bot.html)"
198.41.227.132 - - [10/Jan/2026:11:22:42 +0300] "GET /?ID=2263.html HTTP/1.0" 200 19682 "https://www.dom-rus.ru/?GameID=2026-01-10/rqymxv.html" "Mozilla/5.0 (Linux; Android 6.0.1; Nexus 5X Build/MMB29P) AppleWebKit/537.36 (KHTML, like Gecko) Chrome/143.0.7499.169 Mobile Safari/537.36 (compatible; Googlebot/2.1; +http://www.google.com/bot.html)"
198.41.227.132 - - [10/Jan/2026:11:22:44 +0300] "GET /?ID=2847.html HTTP/1.0" 200 34555 "https://www.dom-rus.ru/?GameID=2026-01-10/rqymxv.html" "Mozilla/5.0 (Linux; Android 6.0.1; Nexus 5X Build/MMB29P) AppleWebKit/537.36 (KHTML, like Gecko) Chrome/143.0.7499.169 Mobile Safari/537.36 (compatible; Googlebot/2.1; +http://www.google.com/bot.html)"
198.41.227.132 - - [10/Jan/2026:11:22:45 +0300] "GET /?ID=2255.html HTTP/1.0" 200 35282 "https://www.dom-rus.ru/?GameID=2026-01-10/rqymxv.html" "Mozilla/5.0 (Linux; Android 6.0.1; Nexus 5X Build/MMB29P) AppleWebKit/537.36 (KHTML, like Gecko) Chrome/143.0.7499.169 Mobile Safari/537.36 (compatible; Googlebot/2.1; +http://www.google.com/bot.html)"
162.158.175.217 - - [10/Jan/2026:11:23:09 +0300] "GET /?GameID=2026-01-10/4597.html HTTP/1.0" 200 18684 "-" "Mozilla/5.0 (Linux; Android 6.0.1; Nexus 5X Build/MMB29P) AppleWebKit/537.36 (KHTML, like Gecko) Chrome/143.0.7499.169 Mobile Safari/537.36 (compatible; Googlebot/2.1; +http://www.google.com/bot.html)"
162.159.104.157 - - [10/Jan/2026:11:23:41 +0300] "GET /?GameID=2026-01-10/6906.html HTTP/1.0" 200 9857 "-" "Mozilla/5.0 (Linux; Android 6.0.1; Nexus 5X Build/MMB29P) AppleWebKit/537.36 (KHTML, like Gecko) Chrome/143.0.7499.169 Mobile Safari/537.36 (compatible; Googlebot/2.1; +http://www.google.com/bot.html)"
198.41.227.132 - - [10/Jan/2026:11:24:08 +0300] "GET /?GameID=2026-01-07/9066.html HTTP/1.0" 200 9525 "-" "Mozilla/5.0 (compatible; Googlebot/2.1; +http://www.google.com/bot.html)"
162.159.104.157 - - [10/Jan/2026:11:24:12 +0300] "GET /?GameID=2026-01-10/1750.html HTTP/1.0" 200 19259 "-" "Mozilla/5.0 (Linux; Android 6.0.1; Nexus 5X Build/MMB29P) AppleWebKit/537.36 (KHTML, like Gecko) Chrome/143.0.7499.169 Mobile Safari/537.36 (compatible; Googlebot/2.1; +http://www.google.com/bot.html)"
198.41.227.132 - - [10/Jan/2026:11:24:44 +0300] "GET /?GameID=2026-01-10/4509.html HTTP/1.0" 200 51457 "-" "Mozilla/5.0 (Linux; Android 6.0.1; Nexus 5X Build/MMB29P) AppleWebKit/537.36 (KHTML, like Gecko) Chrome/143.0.7499.169 Mobile Safari/537.36 (compatible; Googlebot/2.1; +http://www.google.com/bot.html)"
198.41.227.132 - - [10/Jan/2026:11:25:16 +0300] "GET /?GameID=2026-01-10/npczeu.html HTTP/1.0" 200 19652 "-" "Mozilla/5.0 (Linux; Android 6.0.1; Nexus 5X Build/MMB29P) AppleWebKit/537.36 (KHTML, like Gecko) Chrome/143.0.7499.169 Mobile Safari/537.36 (compatible; Googlebot/2.1; +http://www.google.com/bot.html)"
162.159.104.157 - - [10/Jan/2026:11:25:48 +0300] "GET /?GameID=2026-01-10/uyzvfp.html HTTP/1.0" 200 21402 "-" "Mozilla/5.0 (Linux; Android 6.0.1; Nexus 5X Build/MMB29P) AppleWebKit/537.36 (KHTML, like Gecko) Chrome/143.0.7499.169 Mobile Safari/537.36 (compatible; Googlebot/2.1; +http://www.google.com/bot.html)"
162.159.104.157 - - [10/Jan/2026:11:26:19 +0300] "GET /?GameID=2026-01-10/630.html HTTP/1.0" 200 10117 "-" "Mozilla/5.0 (Linux; Android 6.0.1; Nexus 5X Build/MMB29P) AppleWebKit/537.36 (KHTML, like Gecko) Chrome/143.0.7499.169 Mobile Safari/537.36 (compatible; Googlebot/2.1; +http://www.google.com/bot.html)"
198.41.227.132 - - [10/Jan/2026:11:26:51 +0300] "GET /?GameID=2026-01-10/858.html HTTP/1.0" 200 9969 "-" "Mozilla/5.0 (Linux; Android 6.0.1; Nexus 5X Build/MMB29P) AppleWebKit/537.36 (KHTML, like Gecko) Chrome/143.0.7499.169 Mobile Safari/537.36 (compatible; Googlebot/2.1; +http://www.google.com/bot.html)"
172.71.166.100 - - [10/Jan/2026:11:27:22 +0300] "GET /?GameID=2026-01-10/detxjp.html HTTP/1.0" 200 11510 "-" "Mozilla/5.0 (Linux; Android 6.0.1; Nexus 5X Build/MMB29P) AppleWebKit/537.36 (KHTML, like Gecko) Chrome/143.0.7499.169 Mobile Safari/537.36 (compatible; Googlebot/2.1; +http://www.google.com/bot.html)"
172.69.65.128 - - [10/Jan/2026:11:27:23 +0300] "GET /?GameID=2026-01-10/946.html HTTP/1.0" 200 35278 "-" "Mozilla/5.0 (Linux; Android 6.0.1; Nexus 5X Build/MMB29P) AppleWebKit/537.36 (KHTML, like Gecko) Chrome/143.0.7499.169 Mobile Safari/537.36 (compatible; Googlebot/2.1; +http://www.google.com/bot.html)"
172.69.65.128 - - [10/Jan/2026:11:27:28 +0300] "GET /?ID=4906.html HTTP/1.0" 200 35818 "https://www.dom-rus.ru/?GameID=2026-01-10/946.html" "Mozilla/5.0 (Linux; Android 6.0.1; Nexus 5X Build/MMB29P) AppleWebKit/537.36 (KHTML, like Gecko) Chrome/143.0.7499.169 Mobile Safari/537.36 (compatible; Googlebot/2.1; +http://www.google.com/bot.html)"
172.69.65.128 - - [10/Jan/2026:11:27:30 +0300] "GET /?ID=4073.html HTTP/1.0" 200 35912 "https://www.dom-rus.ru/?GameID=2026-01-10/946.html" "Mozilla/5.0 (Linux; Android 6.0.1; Nexus 5X Build/MMB29P) AppleWebKit/537.36 (KHTML, like Gecko) Chrome/143.0.7499.169 Mobile Safari/537.36 (compatible; Googlebot/2.1; +http://www.google.com/bot.html)"
172.69.65.128 - - [10/Jan/2026:11:27:55 +0300] "GET /?GameID=2026-01-10/198.html HTTP/1.0" 200 50082 "-" "Mozilla/5.0 (Linux; Android 6.0.1; Nexus 5X Build/MMB29P) AppleWebKit/537.36 (KHTML, like Gecko) Chrome/143.0.7499.169 Mobile Safari/537.36 (compatible; Googlebot/2.1; +http://www.google.com/bot.html)"
172.71.166.100 - - [10/Jan/2026:11:28:55 +0300] "GET /?GameID=2026-01-10/520.html HTTP/1.0" 200 49776 "-" "Mozilla/5.0 (Linux; Android 6.0.1; Nexus 5X Build/MMB29P) AppleWebKit/537.36 (KHTML, like Gecko) Chrome/143.0.7499.169 Mobile Safari/537.36 (compatible; Googlebot/2.1; +http://www.google.com/bot.html)"
172.71.166.100 - - [10/Jan/2026:11:29:10 +0300] "GET /?GameID=2026-01-10/yjuzeh.html HTTP/1.0" 200 11342 "-" "Mozilla/5.0 (Linux; Android 6.0.1; Nexus 5X Build/MMB29P) AppleWebKit/537.36 (KHTML, like Gecko) Chrome/143.0.7499.169 Mobile Safari/537.36 (compatible; Googlebot/2.1; +http://www.google.com/bot.html)"
172.70.189.135 - - [10/Jan/2026:11:29:22 +0300] "GET /?x=282009255 HTTP/1.0" 200 2964 "https://dom-rus.ru/sitemap460.xml" "Mozilla/5.0 (Linux; Android 7.0;) AppleWebKit/537.36 (KHTML, like Gecko) Mobile Safari/537.36 (compatible; PetalBot;+https://webmaster.petalsearch.com/site/petalbot)"
162.159.104.157 - - [10/Jan/2026:11:29:30 +0300] "GET /?GameID=2026-01-10/nprntb.html HTTP/1.0" 200 50301 "-" "Mozilla/5.0 (Linux; Android 6.0.1; Nexus 5X Build/MMB29P) AppleWebKit/537.36 (KHTML, like Gecko) Chrome/143.0.7499.169 Mobile Safari/537.36 (compatible; Googlebot/2.1; +http://www.google.com/bot.html)"
162.159.104.157 - - [10/Jan/2026:11:30:02 +0300] "GET /?GameID=2026-01-10/pkjoen.html HTTP/1.0" 200 49812 "-" "Mozilla/5.0 (Linux; Android 6.0.1; Nexus 5X Build/MMB29P) AppleWebKit/537.36 (KHTML, like Gecko) Chrome/143.0.7499.169 Mobile Safari/537.36 (compatible; Googlebot/2.1; +http://www.google.com/bot.html)"
162.158.41.127 - - [10/Jan/2026:11:30:27 +0300] "GET /robots.txt HTTP/1.1" 404 173 "-" "Mozilla/5.0 (compatible; DotBot/1.2; +https://opensiteexplorer.org/dotbot; help@moz.com)"
172.70.94.27 - - [10/Jan/2026:11:30:34 +0300] "GET /?GameID=2026-01-10/jywbzb.html HTTP/1.0" 200 34857 "-" "Mozilla/5.0 (Linux; Android 6.0.1; Nexus 5X Build/MMB29P) AppleWebKit/537.36 (KHTML, like Gecko) Chrome/143.0.7499.169 Mobile Safari/537.36 (compatible; Googlebot/2.1; +http://www.google.com/bot.html)"
172.70.94.27 - - [10/Jan/2026:11:30:39 +0300] "GET /?ID=9134.html HTTP/1.0" 200 49641 "https://www.dom-rus.ru/?GameID=2026-01-10/jywbzb.html" "Mozilla/5.0 (Linux; Android 6.0.1; Nexus 5X Build/MMB29P) AppleWebKit/537.36 (KHTML, like Gecko) Chrome/143.0.7499.169 Mobile Safari/537.36 (compatible; Googlebot/2.1; +http://www.google.com/bot.html)"
172.70.94.27 - - [10/Jan/2026:11:30:41 +0300] "GET /?ID=9968.html HTTP/1.0" 200 49891 "https://www.dom-rus.ru/?GameID=2026-01-10/jywbzb.html" "Mozilla/5.0 (Linux; Android 6.0.1; Nexus 5X Build/MMB29P) AppleWebKit/537.36 (KHTML, like Gecko) Chrome/143.0.7499.169 Mobile Safari/537.36 (compatible; Googlebot/2.1; +http://www.google.com/bot.html)"
172.70.94.27 - - [10/Jan/2026:11:30:43 +0300] "GET /?ID=9105.html HTTP/1.0" 200 19492 "https://www.dom-rus.ru/?GameID=2026-01-10/jywbzb.html" "Mozilla/5.0 (Linux; Android 6.0.1; Nexus 5X Build/MMB29P) AppleWebKit/537.36 (KHTML, like Gecko) Chrome/143.0.7499.169 Mobile Safari/537.36 (compatible; Googlebot/2.1; +http://www.google.com/bot.html)"
172.71.124.44 - - [10/Jan/2026:11:30:45 +0300] "GET /?w=270045887 HTTP/1.0" 200 2964 "https://dom-rus.ru/sitemap811.xml" "Mozilla/5.0 (Linux; Android 7.0;) AppleWebKit/537.36 (KHTML, like Gecko) Mobile Safari/537.36 (compatible; PetalBot;+https://webmaster.petalsearch.com/site/petalbot)"
172.71.166.101 - - [10/Jan/2026:11:31:06 +0300] "GET /?GameID=2026-01-10/mmtqcv.html HTTP/1.0" 200 10175 "-" "Mozilla/5.0 (Linux; Android 6.0.1; Nexus 5X Build/MMB29P) AppleWebKit/537.36 (KHTML, like Gecko) Chrome/143.0.7499.169 Mobile Safari/537.36 (compatible; Googlebot/2.1; +http://www.google.com/bot.html)"
162.159.104.157 - - [10/Jan/2026:11:31:38 +0300] "GET /?GameID=2026-01-10/slfgnc.html HTTP/1.0" 200 19911 "-" "Mozilla/5.0 (Linux; Android 6.0.1; Nexus 5X Build/MMB29P) AppleWebKit/537.36 (KHTML, like Gecko) Chrome/143.0.7499.169 Mobile Safari/537.36 (compatible; Googlebot/2.1; +http://www.google.com/bot.html)"
162.159.104.157 - - [10/Jan/2026:11:32:10 +0300] "GET /?GameID=2026-01-10/puzvxw.html HTTP/1.0" 200 19724 "-" "Mozilla/5.0 (Linux; Android 6.0.1; Nexus 5X Build/MMB29P) AppleWebKit/537.36 (KHTML, like Gecko) Chrome/143.0.7499.169 Mobile Safari/537.36 (compatible; Googlebot/2.1; +http://www.google.com/bot.html)"
172.68.150.88 - - [10/Jan/2026:11:32:40 +0300] "GET /wp-content/im8cebff/index.php HTTP/1.0" 404 452 "https://dom-rus.ru/wp-content/im8cebff/index.php" "Mozilla/4.0 (compatible; MSIE 7.0; Windows NT 5.1; SV1)"
162.159.104.157 - - [10/Jan/2026:11:32:41 +0300] "GET /?GameID=2026-01-10/puhxcp.html HTTP/1.0" 200 9661 "-" "Mozilla/5.0 (Linux; Android 6.0.1; Nexus 5X Build/MMB29P) AppleWebKit/537.36 (KHTML, like Gecko) Chrome/143.0.7499.169 Mobile Safari/537.36 (compatible; Googlebot/2.1; +http://www.google.com/bot.html)"
172.69.65.128 - - [10/Jan/2026:11:33:13 +0300] "GET /?GameID=2026-01-10/dyyvag.html HTTP/1.0" 200 19942 "-" "Mozilla/5.0 (Linux; Android 6.0.1; Nexus 5X Build/MMB29P) AppleWebKit/537.36 (KHTML, like Gecko) Chrome/143.0.7499.169 Mobile Safari/537.36 (compatible; Googlebot/2.1; +http://www.google.com/bot.html)"
172.69.65.128 - - [10/Jan/2026:11:33:45 +0300] "GET /?GameID=2026-01-10/cbnbkr.html HTTP/1.0" 200 35600 "-" "Mozilla/5.0 (Linux; Android 6.0.1; Nexus 5X Build/MMB29P) AppleWebKit/537.36 (KHTML, like Gecko) Chrome/143.0.7499.169 Mobile Safari/537.36 (compatible; Googlebot/2.1; +http://www.google.com/bot.html)"
172.69.65.128 - - [10/Jan/2026:11:33:51 +0300] "GET /?GameID=2026-01-10/256.html HTTP/1.0" 200 9797 "https://www.dom-rus.ru/?GameID=2026-01-10/cbnbkr.html" "Mozilla/5.0 (Linux; Android 6.0.1; Nexus 5X Build/MMB29P) AppleWebKit/537.36 (KHTML, like Gecko) Chrome/143.0.7499.169 Mobile Safari/537.36 (compatible; Googlebot/2.1; +http://www.google.com/bot.html)"
172.69.65.128 - - [10/Jan/2026:11:33:52 +0300] "GET /?GameID=2026-01-10/769.html HTTP/1.0" 200 35216 "https://www.dom-rus.ru/?GameID=2026-01-10/cbnbkr.html" "Mozilla/5.0 (Linux; Android 6.0.1; Nexus 5X Build/MMB29P) AppleWebKit/537.36 (KHTML, like Gecko) Chrome/143.0.7499.169 Mobile Safari/537.36 (compatible; Googlebot/2.1; +http://www.google.com/bot.html)"
172.69.65.128 - - [10/Jan/2026:11:33:54 +0300] "GET /?GameID=2026-01-10/273.html HTTP/1.0" 200 49995 "https://www.dom-rus.ru/?GameID=2026-01-10/cbnbkr.html" "Mozilla/5.0 (Linux; Android 6.0.1; Nexus 5X Build/MMB29P) AppleWebKit/537.36 (KHTML, like Gecko) Chrome/143.0.7499.169 Mobile Safari/537.36 (compatible; Googlebot/2.1; +http://www.google.com/bot.html)"
172.69.65.128 - - [10/Jan/2026:11:34:16 +0300] "GET /?GameID=2026-01-10/iixsft.html HTTP/1.0" 200 10339 "-" "Mozilla/5.0 (Linux; Android 6.0.1; Nexus 5X Build/MMB29P) AppleWebKit/537.36 (KHTML, like Gecko) Chrome/143.0.7499.169 Mobile Safari/537.36 (compatible; Googlebot/2.1; +http://www.google.com/bot.html)"
172.69.65.128 - - [10/Jan/2026:11:34:48 +0300] "GET /?GameID=2026-01-10/fnifeo.html HTTP/1.0" 200 40657 "-" "Mozilla/5.0 (Linux; Android 6.0.1; Nexus 5X Build/MMB29P) AppleWebKit/537.36 (KHTML, like Gecko) Chrome/143.0.7499.169 Mobile Safari/537.36 (compatible; Googlebot/2.1; +http://www.google.com/bot.html)"
172.69.65.128 - - [10/Jan/2026:11:34:55 +0300] "GET /?GameID=2026-01-10/8330.html HTTP/1.0" 200 49558 "https://www.dom-rus.ru/?GameID=2026-01-10/fnifeo.html" "Mozilla/5.0 (Linux; Android 6.0.1; Nexus 5X Build/MMB29P) AppleWebKit/537.36 (KHTML, like Gecko) Chrome/143.0.7499.169 Mobile Safari/537.36 (compatible; Googlebot/2.1; +http://www.google.com/bot.html)"
