172.68.164.166 - - [10/Jan/2026:07:57:37 +0300] "GET /?m=004022627 HTTP/1.0" 200 2964 "https://dom-rus.ru/sitemap460.xml" "Mozilla/5.0 (Linux; Android 7.0;) AppleWebKit/537.36 (KHTML, like Gecko) Mobile Safari/537.36 (compatible; PetalBot;+https://webmaster.petalsearch.com/site/petalbot)"
172.71.81.146 - - [10/Jan/2026:07:59:01 +0300] "GET /?u=216003757 HTTP/1.0" 200 2964 "https://dom-rus.ru/sitemap833.xml" "Mozilla/5.0 (Linux; Android 7.0;) AppleWebKit/537.36 (KHTML, like Gecko) Mobile Safari/537.36 (compatible; PetalBot;+https://webmaster.petalsearch.com/site/petalbot)"
104.23.225.31 - - [10/Jan/2026:07:59:24 +0300] "GET /robots.txt HTTP/1.1" 404 173 "-" "Mozilla/5.0 (compatible; MJ12bot/v2.0.4; http://mj12bot.com/)"
162.158.88.133 - - [10/Jan/2026:08:00:24 +0300] "GET /?l=259034750 HTTP/1.0" 200 2964 "https://dom-rus.ru/sitemap460.xml" "Mozilla/5.0 (Linux; Android 7.0;) AppleWebKit/537.36 (KHTML, like Gecko) Mobile Safari/537.36 (compatible; PetalBot;+https://webmaster.petalsearch.com/site/petalbot)"
162.159.104.156 - - [10/Jan/2026:08:01:46 +0300] "GET /?GameID=2026-01-10/hpfnmu.html HTTP/1.0" 200 34192 "-" "Mozilla/5.0 (Linux; Android 6.0.1; Nexus 5X Build/MMB29P) AppleWebKit/537.36 (KHTML, like Gecko) Chrome/143.0.7499.169 Mobile Safari/537.36 (compatible; Googlebot/2.1; +http://www.google.com/bot.html)"
104.23.175.251 - - [10/Jan/2026:08:01:48 +0300] "GET /?i=130027503 HTTP/1.0" 200 2964 "https://dom-rus.ru/sitemap690.xml" "Mozilla/5.0 (Linux; Android 7.0;) AppleWebKit/537.36 (KHTML, like Gecko) Mobile Safari/537.36 (compatible; PetalBot;+https://webmaster.petalsearch.com/site/petalbot)"
162.159.104.156 - - [10/Jan/2026:08:01:52 +0300] "GET /?GameID=2351.html HTTP/1.0" 200 50217 "https://www.dom-rus.ru/?GameID=2026-01-10/hpfnmu.html" "Mozilla/5.0 (Linux; Android 6.0.1; Nexus 5X Build/MMB29P) AppleWebKit/537.36 (KHTML, like Gecko) Chrome/143.0.7499.169 Mobile Safari/537.36 (compatible; Googlebot/2.1; +http://www.google.com/bot.html)"
162.159.104.156 - - [10/Jan/2026:08:01:54 +0300] "GET /?GameID=2900.html HTTP/1.0" 200 49305 "https://www.dom-rus.ru/?GameID=2026-01-10/hpfnmu.html" "Mozilla/5.0 (Linux; Android 6.0.1; Nexus 5X Build/MMB29P) AppleWebKit/537.36 (KHTML, like Gecko) Chrome/143.0.7499.169 Mobile Safari/537.36 (compatible; Googlebot/2.1; +http://www.google.com/bot.html)"
172.71.166.14 - - [10/Jan/2026:08:03:41 +0300] "GET /?Game=7096.html HTTP/1.0" 200 51044 "-" "Mozilla/5.0 (Linux; Android 6.0.1; Nexus 5X Build/MMB29P) AppleWebKit/537.36 (KHTML, like Gecko) Chrome/143.0.7499.169 Mobile Safari/537.36 (compatible; Googlebot/2.1; +http://www.google.com/bot.html)"
172.70.94.186 - - [10/Jan/2026:08:03:47 +0300] "POST /mod_pagespeed_beacon?url=http%3A%2F%2Fnoiseaware.com%2Fkorentest.html HTTP/1.0" 404 452 "https://dom-rus.ru/?Game=7096.html" "Mozilla/5.0 (Linux; Android 6.0.1; Nexus 5X Build/MMB29P) AppleWebKit/537.36 (KHTML, like Gecko) Chrome/143.0.7499.169 Mobile Safari/537.36 (compatible; Googlebot/2.1; +http://www.google.com/bot.html)"
162.158.41.126 - - [10/Jan/2026:08:03:48 +0300] "GET /robots.txt HTTP/1.1" 404 173 "-" "Mozilla/5.0 (compatible; DotBot/1.2; +https://opensiteexplorer.org/dotbot; help@moz.com)"
172.68.26.114 - - [10/Jan/2026:08:04:21 +0300] "GET /?GameID=2026-01-09/okayol.html HTTP/1.0" 200 9473 "-" "Mozilla/5.0 (Linux; Android 6.0.1; Nexus 5X Build/MMB29P) AppleWebKit/537.36 (KHTML, like Gecko) Chrome/143.0.7499.169 Mobile Safari/537.36 (compatible; Googlebot/2.1; +http://www.google.com/bot.html)"
162.158.88.133 - - [10/Jan/2026:08:04:36 +0300] "GET /?z=146029791 HTTP/1.0" 200 2964 "https://dom-rus.ru/sitemap562.xml" "Mozilla/5.0 (Linux; Android 7.0;) AppleWebKit/537.36 (KHTML, like Gecko) Mobile Safari/537.36 (compatible; PetalBot;+https://webmaster.petalsearch.com/site/petalbot)"
172.71.124.44 - - [10/Jan/2026:08:05:57 +0300] "GET /?z=200012509 HTTP/1.0" 200 2964 "https://dom-rus.ru/sitemap613.xml" "Mozilla/5.0 (Linux; Android 7.0;) AppleWebKit/537.36 (KHTML, like Gecko) Mobile Safari/537.36 (compatible; PetalBot;+https://webmaster.petalsearch.com/site/petalbot)"
162.158.210.100 - - [10/Jan/2026:08:07:01 +0300] "GET /evolution.tar.gz HTTP/1.0" 404 452 "-" "Mozilla/5.0 (Windows NT 10.0; Win64; x64) AppleWebKit/537.36 (KHTML, like Gecko) Chrome/101.0.4951.67 Safari/537.36"
172.69.165.57 - - [10/Jan/2026:08:07:22 +0300] "GET /?y=283045988 HTTP/1.0" 200 2964 "https://dom-rus.ru/sitemap65.xml" "Mozilla/5.0 (Linux; Android 7.0;) AppleWebKit/537.36 (KHTML, like Gecko) Mobile Safari/537.36 (compatible; PetalBot;+https://webmaster.petalsearch.com/site/petalbot)"
172.71.81.145 - - [10/Jan/2026:08:08:45 +0300] "GET /?u=007037842 HTTP/1.0" 200 2964 "https://dom-rus.ru/sitemap460.xml" "Mozilla/5.0 (Linux; Android 7.0;) AppleWebKit/537.36 (KHTML, like Gecko) Mobile Safari/537.36 (compatible; PetalBot;+https://webmaster.petalsearch.com/site/petalbot)"
172.70.93.23 - - [10/Jan/2026:08:10:09 +0300] "GET /?t=160020837 HTTP/1.0" 200 2964 "https://dom-rus.ru/sitemap525.xml" "Mozilla/5.0 (Linux; Android 7.0;) AppleWebKit/537.36 (KHTML, like Gecko) Mobile Safari/537.36 (compatible; PetalBot;+https://webmaster.petalsearch.com/site/petalbot)"
162.158.42.133 - - [10/Jan/2026:08:11:28 +0300] "GET /xj3znq/taylorsville-homes-for-rent.html HTTP/1.0" 404 452 "-" "Mozilla/5.0 (compatible; DotBot/1.2; +https://opensiteexplorer.org/dotbot; help@moz.com)"
172.71.131.38 - - [10/Jan/2026:08:11:32 +0300] "GET / HTTP/1.0" 200 2964 "-" "Mozilla/5.0 (compatible; MJ12bot/v2.0.4; http://mj12bot.com/)"
172.70.189.136 - - [10/Jan/2026:08:11:32 +0300] "GET /?m=205027504 HTTP/1.0" 200 2964 "https://dom-rus.ru/sitemap833.xml" "Mozilla/5.0 (Linux; Android 7.0;) AppleWebKit/537.36 (KHTML, like Gecko) Mobile Safari/537.36 (compatible; PetalBot;+https://webmaster.petalsearch.com/site/petalbot)"
162.159.104.156 - - [10/Jan/2026:08:12:42 +0300] "GET /?GameID=2026-01-09/opobol.html HTTP/1.0" 200 10125 "-" "Mozilla/5.0 (Linux; Android 6.0.1; Nexus 5X Build/MMB29P) AppleWebKit/537.36 (KHTML, like Gecko) Chrome/143.0.7499.169 Mobile Safari/537.36 (compatible; Googlebot/2.1; +http://www.google.com/bot.html)"
172.69.166.111 - - [10/Jan/2026:08:12:57 +0300] "GET /?y=261046934 HTTP/1.0" 200 2964 "https://dom-rus.ru/sitemap833.xml" "Mozilla/5.0 (Linux; Android 7.0;) AppleWebKit/537.36 (KHTML, like Gecko) Mobile Safari/537.36 (compatible; PetalBot;+https://webmaster.petalsearch.com/site/petalbot)"
162.158.170.19 - - [10/Jan/2026:08:14:20 +0300] "GET /?r=193020702 HTTP/1.0" 200 2964 "https://dom-rus.ru/sitemap556.xml" "Mozilla/5.0 (Linux; Android 7.0;) AppleWebKit/537.36 (KHTML, like Gecko) Mobile Safari/537.36 (compatible; PetalBot;+https://webmaster.petalsearch.com/site/petalbot)"
172.69.165.57 - - [10/Jan/2026:08:15:43 +0300] "GET /?k=272032175 HTTP/1.0" 200 2964 "https://dom-rus.ru/sitemap525.xml" "Mozilla/5.0 (Linux; Android 7.0;) AppleWebKit/537.36 (KHTML, like Gecko) Mobile Safari/537.36 (compatible; PetalBot;+https://webmaster.petalsearch.com/site/petalbot)"
104.23.175.250 - - [10/Jan/2026:08:17:06 +0300] "GET /?k=166047481 HTTP/1.0" 200 2964 "https://dom-rus.ru/sitemap525.xml" "Mozilla/5.0 (Linux; Android 7.0;) AppleWebKit/537.36 (KHTML, like Gecko) Mobile Safari/537.36 (compatible; PetalBot;+https://webmaster.petalsearch.com/site/petalbot)"
162.158.189.36 - - [10/Jan/2026:08:18:31 +0300] "GET /?o=182034255 HTTP/1.0" 200 2964 "https://dom-rus.ru/sitemap525.xml" "Mozilla/5.0 (Linux; Android 7.0;) AppleWebKit/537.36 (KHTML, like Gecko) Mobile Safari/537.36 (compatible; PetalBot;+https://webmaster.petalsearch.com/site/petalbot)"
162.159.104.156 - - [10/Jan/2026:08:20:01 +0300] "GET /?GameID=2026-01-09/876.html HTTP/1.0" 200 57506 "-" "Mozilla/5.0 (Linux; Android 6.0.1; Nexus 5X Build/MMB29P) AppleWebKit/537.36 (KHTML, like Gecko) Chrome/143.0.7499.169 Mobile Safari/537.36 (compatible; Googlebot/2.1; +http://www.google.com/bot.html)"
172.71.81.145 - - [10/Jan/2026:08:21:17 +0300] "GET /?z=290042675 HTTP/1.0" 200 2964 "https://dom-rus.ru/sitemap562.xml" "Mozilla/5.0 (Linux; Android 7.0;) AppleWebKit/537.36 (KHTML, like Gecko) Mobile Safari/537.36 (compatible; PetalBot;+https://webmaster.petalsearch.com/site/petalbot)"
172.69.65.128 - - [10/Jan/2026:08:22:01 +0300] "GET /?GameID=2026-01-09/yqruyc.html HTTP/1.0" 200 20265 "-" "Mozilla/5.0 (Linux; Android 6.0.1; Nexus 5X Build/MMB29P) AppleWebKit/537.36 (KHTML, like Gecko) Chrome/143.0.7499.169 Mobile Safari/537.36 (compatible; Googlebot/2.1; +http://www.google.com/bot.html)"
162.158.108.4 - - [10/Jan/2026:08:22:42 +0300] "GET /?h=084018083 HTTP/1.0" 200 2964 "https://dom-rus.ru/sitemap690.xml" "Mozilla/5.0 (Linux; Android 7.0;) AppleWebKit/537.36 (KHTML, like Gecko) Mobile Safari/537.36 (compatible; PetalBot;+https://webmaster.petalsearch.com/site/petalbot)"
172.69.65.127 - - [10/Jan/2026:08:23:11 +0300] "GET /?GameID=2026-01-10/mexowa.html HTTP/1.0" 200 37133 "-" "Mozilla/5.0 (Linux; Android 6.0.1; Nexus 5X Build/MMB29P) AppleWebKit/537.36 (KHTML, like Gecko) Chrome/143.0.7499.169 Mobile Safari/537.36 (compatible; Googlebot/2.1; +http://www.google.com/bot.html)"
172.69.65.127 - - [10/Jan/2026:08:23:18 +0300] "GET /?GameID=1115.html HTTP/1.0" 200 36201 "https://www.dom-rus.ru/?GameID=2026-01-10/mexowa.html" "Mozilla/5.0 (Linux; Android 6.0.1; Nexus 5X Build/MMB29P) AppleWebKit/537.36 (KHTML, like Gecko) Chrome/143.0.7499.169 Mobile Safari/537.36 (compatible; Googlebot/2.1; +http://www.google.com/bot.html)"
172.69.65.127 - - [10/Jan/2026:08:23:19 +0300] "GET /?GameID=1232.html HTTP/1.0" 200 50884 "https://www.dom-rus.ru/?GameID=2026-01-10/mexowa.html" "Mozilla/5.0 (Linux; Android 6.0.1; Nexus 5X Build/MMB29P) AppleWebKit/537.36 (KHTML, like Gecko) Chrome/143.0.7499.169 Mobile Safari/537.36 (compatible; Googlebot/2.1; +http://www.google.com/bot.html)"
172.69.65.127 - - [10/Jan/2026:08:23:21 +0300] "GET /?GameID=1799.html HTTP/1.0" 200 50165 "https://www.dom-rus.ru/?GameID=2026-01-10/mexowa.html" "Mozilla/5.0 (Linux; Android 6.0.1; Nexus 5X Build/MMB29P) AppleWebKit/537.36 (KHTML, like Gecko) Chrome/143.0.7499.169 Mobile Safari/537.36 (compatible; Googlebot/2.1; +http://www.google.com/bot.html)"
162.158.170.18 - - [10/Jan/2026:08:24:45 +0300] "GET /wp-content/plugins/autoload_classmap.php HTTP/1.0" 404 452 "https://www.google.com/" "Mozilla/5.0 (iPhone; CPU iPhone OS 17_1_1 like Mac OS X) AppleWebKit/605.1.15 (KHTML, like Gecko) Version/17.1 Mobile/15E148 Safari/604.1"
162.158.170.18 - - [10/Jan/2026:08:24:45 +0300] "GET /wp-includes/assets/ty.php HTTP/1.0" 404 452 "https://www.google.co.uk/" "Mozilla/5.0 (Linux; Android 11; CPH2251) AppleWebKit/537.36 (KHTML, like Gecko) Chrome/116.0.0.0 Mobile Safari/537.36"
162.158.170.18 - - [10/Jan/2026:08:24:45 +0300] "GET /xmlrpc.php HTTP/1.0" 404 452 "https://www.google.fr/" "Mozilla/5.0 (iPhone; CPU iPhone OS 16_6_1 like Mac OS X) AppleWebKit/605.1.15 (KHTML, like Gecko) Version/16.6 Mobile/15E148 Safari/604.1"
162.158.170.18 - - [10/Jan/2026:08:24:46 +0300] "GET /autoload_classmap.php HTTP/1.0" 404 452 "https://duckduckgo.com/" "Mozilla/5.0 (iPhone; CPU iPhone OS 16_0 like Mac OS X) AppleWebKit/605.1.15 (KHTML, like Gecko) FxiOS/118.0 Mobile/15E148 Safari/605.1.15"
162.158.170.18 - - [10/Jan/2026:08:24:46 +0300] "GET /.well-known/acme-challenge/about.php HTTP/1.1" 404 173 "https://www.google.com/" "Mozilla/5.0 (iPhone; CPU iPhone OS 16_6_1 like Mac OS X) AppleWebKit/605.1.15 (KHTML, like Gecko) Version/16.6 Mobile/15E148 Safari/604.1"
162.158.170.18 - - [10/Jan/2026:08:24:46 +0300] "GET /NewFile.php HTTP/1.0" 404 452 "https://www.bing.com/" "Mozilla/5.0 (iPhone; CPU iPhone OS 16_6_1 like Mac OS X) AppleWebKit/605.1.15 (KHTML, like Gecko) Version/16.6 Mobile/15E148 Safari/604.1"
162.158.170.18 - - [10/Jan/2026:08:24:46 +0300] "GET /adminfuns.php HTTP/1.0" 404 452 "https://www.yahoo.com/" "Mozilla/5.0 (Linux; Android 12; V2134) AppleWebKit/537.36 (KHTML, like Gecko) Chrome/116.0.0.0 Mobile Safari/537.36"
162.158.170.18 - - [10/Jan/2026:08:24:46 +0300] "GET /inputs.php HTTP/1.0" 404 452 "https://duckduckgo.com/" "Mozilla/5.0 (Linux; Android 10; K) AppleWebKit/537.36 (KHTML, like Gecko) Chrome/117.0.0.0 Mobile Safari/537.36"
162.158.170.18 - - [10/Jan/2026:08:24:47 +0300] "GET /upload.php HTTP/1.0" 404 452 "https://www.bing.com/" "Mozilla/5.0 (iPhone; CPU iPhone OS 17_1_1 like Mac OS X) AppleWebKit/605.1.15 (KHTML, like Gecko) Version/17.1 Mobile/15E148 Safari/604.1"
162.158.170.18 - - [10/Jan/2026:08:24:47 +0300] "GET /simple.php HTTP/1.0" 404 452 "https://www.yahoo.com/" "Mozilla/5.0 (Linux; Android 11; CPH2251) AppleWebKit/537.36 (KHTML, like Gecko) Chrome/116.0.0.0 Mobile Safari/537.36"
162.158.170.18 - - [10/Jan/2026:08:24:47 +0300] "GET /alfa-rex.php7 HTTP/1.0" 404 452 "https://www.google.de/" "Mozilla/5.g (Linux; Android 13; Pixel 7) AppleWebKit/537.36 (KHTML, like Gecko) Chrome/116.0.0.0 Mobile Safari/537.36"
162.158.170.18 - - [10/Jan/2026:08:24:47 +0300] "GET /tinyy.php HTTP/1.0" 404 452 "https://www.bing.com/" "Mozilla/5.0 (iPhone; CPU iPhone OS 17_0_3 like Mac OS X) AppleWebKit/605.1.15 (KHTML, like Gecko) Version/17.0.1 Mobile/15E148 Safari/604.1"
162.158.170.18 - - [10/Jan/2026:08:24:47 +0300] "GET /makeasmtp.php HTTP/1.0" 404 452 "https://www.google.fr/" "Mozilla/5.0 (iPad; CPU OS 16_7_2 like Mac OS X) AppleWebKit/605.1.15 (KHTML, like Gecko) Version/16.6 Mobile/15E148 Safari/604.1"
162.158.170.18 - - [10/Jan/2026:08:24:48 +0300] "GET /elp.php HTTP/1.0" 404 452 "https://www.yahoo.com/" "Mozilla/5.0 (Linux; Android 13; SM-G991U) AppleWebKit/537.36 (KHTML, like Gecko) Chrome/117.0.0.0 Mobile Safari/537.36"
162.158.170.18 - - [10/Jan/2026:08:24:48 +0300] "GET /flower.php HTTP/1.0" 404 452 "https://www.google.co.uk/" "Mozilla/5.0 (Linux; Android 12; V2134) AppleWebKit/537.36 (KHTML, like Gecko) Chrome/116.0.0.0 Mobile Safari/537.36"
162.158.170.18 - - [10/Jan/2026:08:24:48 +0300] "GET /bala.php HTTP/1.0" 404 452 "https://duckduckgo.com/" "Mozilla/5.0 (iPad; CPU OS 16_7_2 like Mac OS X) AppleWebKit/605.1.15 (KHTML, like Gecko) Version/16.6 Mobile/15E148 Safari/604.1"
162.158.170.18 - - [10/Jan/2026:08:24:48 +0300] "GET /goods.php HTTP/1.0" 404 452 "https://www.google.co.uk/" "Mozilla/5.0 (iPad; CPU OS 16_7_2 like Mac OS X) AppleWebKit/605.1.15 (KHTML, like Gecko) Version/16.6 Mobile/15E148 Safari/604.1"
162.158.170.18 - - [10/Jan/2026:08:24:49 +0300] "GET /bolt.php HTTP/1.0" 404 452 "https://www.google.fr/" "Mozilla/5.0 (Linux; Android 10; LM-Q720) AppleWebKit/537.36 (KHTML, like Gecko) Chrome/116.0.0.0 Mobile Safari/537.36"
162.158.170.18 - - [10/Jan/2026:08:24:49 +0300] "GET /man.php HTTP/1.0" 404 452 "https://www.google.de/" "Mozilla/5.0 (iPhone; CPU iPhone OS 16_0 like Mac OS X) AppleWebKit/605.1.15 (KHTML, like Gecko) FxiOS/118.0 Mobile/15E148 Safari/605.1.15"
162.158.170.18 - - [10/Jan/2026:08:24:49 +0300] "GET /bless.php HTTP/1.0" 404 452 "https://duckduckgo.com/" "Mozilla/5.0 (Linux; Android 11; 21081111RG) AppleWebKit/537.36 (KHTML, like Gecko) Chrome/116.0.0.0 Mobile Safari/537.36"
162.158.170.18 - - [10/Jan/2026:08:24:49 +0300] "GET /system.php HTTP/1.0" 404 452 "https://www.google.com/" "Mozilla/5.0 (iPhone; CPU iPhone OS 15_7_9 like Mac OS X) AppleWebKit/605.1.15 (KHTML, like Gecko) Version/15.6.5 Mobile/15E148 Safari/604.1"
162.158.170.18 - - [10/Jan/2026:08:24:49 +0300] "GET /about.php HTTP/1.0" 404 452 "https://duckduckgo.com/" "Mozilla/5.0 (Linux; Android 11; 21081111RG) AppleWebKit/537.36 (KHTML, like Gecko) Chrome/116.0.0.0 Mobile Safari/537.36"
162.158.170.18 - - [10/Jan/2026:08:24:50 +0300] "GET /text.php HTTP/1.0" 404 452 "https://www.google.fr/" "Mozilla/5.0 (iPhone; CPU iPhone OS 17_0_3 like Mac OS X) AppleWebKit/605.1.15 (KHTML, like Gecko) Version/17.0.1 Mobile/15E148 Safari/604.1"
162.158.170.18 - - [10/Jan/2026:08:24:50 +0300] "GET /abcd.php HTTP/1.0" 404 452 "https://www.yahoo.com/" "Mozilla/5.0 (Linux; Android 13; M2101K6G) AppleWebKit/537.36 (KHTML, like Gecko) Chrome/116.0.0.0 Mobile Safari/537.36"
162.158.170.18 - - [10/Jan/2026:08:24:50 +0300] "GET /admin.php HTTP/1.0" 404 452 "https://www.google.fr/" "Mozilla/5.0 (iPhone; CPU iPhone OS 17_1 like Mac OS X) AppleWebKit/605.1.15 (KHTML, like Gecko) CriOS/119.0.6045.109 Mobile/15E148 Safari/604.1"
162.158.170.18 - - [10/Jan/2026:08:24:50 +0300] "GET /files.php HTTP/1.0" 404 452 "https://www.google.de/" "Mozilla/5.0 (iPhone; CPU iPhone OS 17_1 like Mac OS X) AppleWebKit/605.1.15 (KHTML, like Gecko) CriOS/119.0.6045.109 Mobile/15E148 Safari/604.1"
162.158.170.18 - - [10/Jan/2026:08:24:51 +0300] "GET /file.php HTTP/1.0" 404 452 "https://www.google.de/" "Mozilla/5.0 (iPhone; CPU iPhone OS 16_6_1 like Mac OS X) AppleWebKit/605.1.15 (KHTML, like Gecko) Version/16.6 Mobile/15E148 Safari/604.1"
162.158.170.18 - - [10/Jan/2026:08:24:51 +0300] "GET /moon.php HTTP/1.0" 404 452 "https://www.google.fr/" "Mozilla/5.0 (iPhone; CPU iPhone OS 15_7_9 like Mac OS X) AppleWebKit/605.1.15 (KHTML, like Gecko) Version/15.6.5 Mobile/15E148 Safari/604.1"
162.158.170.18 - - [10/Jan/2026:08:24:51 +0300] "GET /akcc.php HTTP/1.0" 404 452 "https://duckduckgo.com/" "Mozilla/5.0 (Linux; Android 10; K) AppleWebKit/537.36 (KHTML, like Gecko) Chrome/117.0.0.0 Mobile Safari/537.36"
162.158.170.18 - - [10/Jan/2026:08:24:51 +0300] "GET /gecko-new.php HTTP/1.0" 404 452 "https://www.google.de/" "Mozilla/5.0 (Linux; Android 10; LM-Q720) AppleWebKit/537.36 (KHTML, like Gecko) Chrome/116.0.0.0 Mobile Safari/537.36"
162.158.170.18 - - [10/Jan/2026:08:24:51 +0300] "GET /admin-header.php HTTP/1.0" 404 452 "https://www.bing.com/" "Mozilla/5.0 (Linux; Android 12; 2201116SG) AppleWebKit/537.36 (KHTML, like Gecko) Chrome/116.0.0.0 Mobile Safari/537.36"
162.158.170.18 - - [10/Jan/2026:08:24:52 +0300] "GET /edit.php HTTP/1.0" 404 452 "https://www.google.de/" "Mozilla/5.0 (iPhone; CPU iPhone OS 17_1 like Mac OS X) AppleWebKit/605.1.15 (KHTML, like Gecko) CriOS/119.0.6045.109 Mobile/15E148 Safari/604.1"
162.158.170.18 - - [10/Jan/2026:08:24:52 +0300] "GET /ioxi-o.php HTTP/1.0" 404 452 "https://www.google.co.uk/" "Mozilla/5.0 (Linux; Android 11; 21081111RG) AppleWebKit/537.36 (KHTML, like Gecko) Chrome/116.0.0.0 Mobile Safari/537.36"
162.158.170.18 - - [10/Jan/2026:08:24:52 +0300] "GET /info.php HTTP/1.0" 404 452 "https://www.google.de/" "Mozilla/5.0 (Linux; Android 10; K) AppleWebKit/537.36 (KHTML, like Gecko) Chrome/117.0.0.0 Mobile Safari/537.36"
162.158.170.18 - - [10/Jan/2026:08:24:52 +0300] "GET /lock360.php HTTP/1.0" 404 452 "https://www.google.co.uk/" "Mozilla/5.g (Linux; Android 13; Pixel 7) AppleWebKit/537.36 (KHTML, like Gecko) Chrome/116.0.0.0 Mobile Safari/537.36"
162.158.170.18 - - [10/Jan/2026:08:24:52 +0300] "GET /ws.php HTTP/1.0" 404 452 "https://www.google.fr/" "Mozilla/5.0 (Linux; Android 13; M2101K6G) AppleWebKit/537.36 (KHTML, like Gecko) Chrome/116.0.0.0 Mobile Safari/537.36"
162.158.170.18 - - [10/Jan/2026:08:24:53 +0300] "GET /file4.php HTTP/1.0" 404 452 "https://www.bing.com/" "Mozilla/5.0 (iPhone; CPU iPhone OS 15_7_9 like Mac OS X) AppleWebKit/605.1.15 (KHTML, like Gecko) Version/15.6.5 Mobile/15E148 Safari/604.1"
162.158.170.18 - - [10/Jan/2026:08:24:53 +0300] "GET /wp-good.php HTTP/1.0" 404 452 "https://duckduckgo.com/" "Mozilla/5.0 (iPhone; CPU iPhone OS 17_1 like Mac OS X) AppleWebKit/605.1.15 (KHTML, like Gecko) CriOS/119.0.6045.109 Mobile/15E148 Safari/604.1"
162.158.170.18 - - [10/Jan/2026:08:24:53 +0300] "GET /content.php HTTP/1.0" 404 452 "https://www.bing.com/" "Mozilla/5.0 (Linux; Android 13; SM-S908E) AppleWebKit/537.36 (KHTML, like Gecko) Chrome/116.0.0.0 Mobile Safari/537.36"
162.158.170.18 - - [10/Jan/2026:08:24:53 +0300] "GET /wp-signup.php HTTP/1.0" 404 452 "https://duckduckgo.com/" "Mozilla/5.0 (iPhone; CPU iPhone OS 17_0_3 like Mac OS X) AppleWebKit/605.1.15 (KHTML, like Gecko) Version/17.0.1 Mobile/15E148 Safari/604.1"
162.158.170.18 - - [10/Jan/2026:08:24:53 +0300] "GET /log.php HTTP/1.0" 404 452 "https://duckduckgo.com/" "Mozilla/5.0 (iPhone; CPU iPhone OS 17_1_1 like Mac OS X) AppleWebKit/605.1.15 (KHTML, like Gecko) Version/17.1 Mobile/15E148 Safari/604.1"
162.158.170.18 - - [10/Jan/2026:08:24:54 +0300] "GET /hplfuns.php HTTP/1.0" 404 452 "https://www.google.fr/" "Mozilla/5.0 (Linux; Android 12; V2134) AppleWebKit/537.36 (KHTML, like Gecko) Chrome/116.0.0.0 Mobile Safari/537.36"
162.158.170.18 - - [10/Jan/2026:08:24:54 +0300] "GET /ahax.php HTTP/1.0" 404 452 "https://www.bing.com/" "Mozilla/5.0 (Linux; Android 12; V2134) AppleWebKit/537.36 (KHTML, like Gecko) Chrome/116.0.0.0 Mobile Safari/537.36"
162.158.170.18 - - [10/Jan/2026:08:24:54 +0300] "GET /atomlib.php HTTP/1.0" 404 452 "https://www.google.fr/" "Mozilla/5.0 (Linux; Android 13; SM-G991U) AppleWebKit/537.36 (KHTML, like Gecko) Chrome/117.0.0.0 Mobile Safari/537.36"
162.158.170.18 - - [10/Jan/2026:08:24:55 +0300] "GET /server.php HTTP/1.0" 404 452 "https://www.google.de/" "Mozilla/5.0 (Linux; Android 10; LM-Q720) AppleWebKit/537.36 (KHTML, like Gecko) Chrome/116.0.0.0 Mobile Safari/537.36"
162.158.170.18 - - [10/Jan/2026:08:24:55 +0300] "GET /wp-trackback.php HTTP/1.0" 404 452 "https://www.google.de/" "Mozilla/5.0 (Linux; Android 12; V2134) AppleWebKit/537.36 (KHTML, like Gecko) Chrome/116.0.0.0 Mobile Safari/537.36"
162.158.170.18 - - [10/Jan/2026:08:24:55 +0300] "GET /radio.php HTTP/1.0" 404 452 "https://www.google.com/" "Mozilla/5.0 (Linux; Android 14; Pixel 8 Pro) AppleWebKit/537.36 (KHTML, like Gecko) Chrome/119.0.0.0 Mobile Safari/537.36"
162.158.170.18 - - [10/Jan/2026:08:24:55 +0300] "GET /wp-setup.php HTTP/1.0" 404 452 "https://www.google.co.uk/" "Mozilla/5.0 (Linux; Android 12; 2201116SG) AppleWebKit/537.36 (KHTML, like Gecko) Chrome/116.0.0.0 Mobile Safari/537.36"
162.158.170.18 - - [10/Jan/2026:08:24:55 +0300] "GET /options.php HTTP/1.0" 404 452 "https://www.google.com/" "Mozilla/5.0 (Linux; Android 12; SM-A525F) AppleWebKit/537.36 (KHTML, like Gecko) Chrome/117.0.0.0 Mobile Safari/537.36"
162.158.170.18 - - [10/Jan/2026:08:24:56 +0300] "GET /wp-user.php HTTP/1.0" 404 452 "https://www.google.co.uk/" "Mozilla/5.g (Linux; Android 13; Pixel 7) AppleWebKit/537.36 (KHTML, like Gecko) Chrome/116.0.0.0 Mobile Safari/537.36"
162.158.170.18 - - [10/Jan/2026:08:24:56 +0300] "GET /new.php HTTP/1.0" 404 452 "https://www.google.fr/" "Mozilla/5.0 (iPhone; CPU iPhone OS 15_7_9 like Mac OS X) AppleWebKit/605.1.15 (KHTML, like Gecko) Version/15.6.5 Mobile/15E148 Safari/604.1"
162.158.170.18 - - [10/Jan/2026:08:24:56 +0300] "GET /classwithtostring.php HTTP/1.0" 404 452 "https://www.yahoo.com/" "Mozilla/5.0 (iPhone; CPU iPhone OS 15_7_9 like Mac OS X) AppleWebKit/605.1.15 (KHTML, like Gecko) Version/15.6.5 Mobile/15E148 Safari/604.1"
162.158.170.18 - - [10/Jan/2026:08:24:56 +0300] "GET /bgymj.php HTTP/1.0" 404 452 "https://duckduckgo.com/" "Mozilla/5.0 (Linux; Android 11; CPH2251) AppleWebKit/537.36 (KHTML, like Gecko) Chrome/116.0.0.0 Mobile Safari/537.36"
162.158.170.18 - - [10/Jan/2026:08:24:56 +0300] "GET /default.php HTTP/1.0" 404 452 "https://duckduckgo.com/" "Mozilla/5.0 (Linux; Android 11; CPH2251) AppleWebKit/537.36 (KHTML, like Gecko) Chrome/116.0.0.0 Mobile Safari/537.36"
162.158.170.18 - - [10/Jan/2026:08:24:57 +0300] "GET /root.php HTTP/1.0" 404 452 "https://www.google.de/" "Mozilla/5.0 (iPhone; CPU iPhone OS 15_7_9 like Mac OS X) AppleWebKit/605.1.15 (KHTML, like Gecko) Version/15.6.5 Mobile/15E148 Safari/604.1"
162.158.170.18 - - [10/Jan/2026:08:24:57 +0300] "GET /wp-file.php HTTP/1.0" 404 452 "https://www.bing.com/" "Mozilla/5.0 (iPad; CPU OS 16_7_2 like Mac OS X) AppleWebKit/605.1.15 (KHTML, like Gecko) Version/16.6 Mobile/15E148 Safari/604.1"
162.158.170.18 - - [10/Jan/2026:08:24:57 +0300] "GET /themes.php HTTP/1.0" 404 452 "https://www.yahoo.com/" "Mozilla/5.0 (iPhone; CPU iPhone OS 17_1 like Mac OS X) AppleWebKit/605.1.15 (KHTML, like Gecko) CriOS/119.0.6045.109 Mobile/15E148 Safari/604.1"
162.158.170.18 - - [10/Jan/2026:08:24:57 +0300] "GET /gmo.php HTTP/1.0" 404 452 "https://www.bing.com/" "Mozilla/5.0 (Linux; Android 13; M2101K6G) AppleWebKit/537.36 (KHTML, like Gecko) Chrome/116.0.0.0 Mobile Safari/537.36"
162.158.170.18 - - [10/Jan/2026:08:24:58 +0300] "GET /asasx.php HTTP/1.0" 404 452 "https://www.google.co.uk/" "Mozilla/5.0 (Linux; Android 13; M2101K6G) AppleWebKit/537.36 (KHTML, like Gecko) Chrome/116.0.0.0 Mobile Safari/537.36"
162.158.170.18 - - [10/Jan/2026:08:24:58 +0300] "GET /xleet.php HTTP/1.0" 404 452 "https://www.google.de/" "Mozilla/5.0 (Linux; Android 10; LM-Q720) AppleWebKit/537.36 (KHTML, like Gecko) Chrome/116.0.0.0 Mobile Safari/537.36"
162.158.170.18 - - [10/Jan/2026:08:24:58 +0300] "GET /wp-error.php HTTP/1.0" 404 452 "https://www.google.com/" "Mozilla/5.0 (Linux; Android 12; V2134) AppleWebKit/537.36 (KHTML, like Gecko) Chrome/116.0.0.0 Mobile Safari/537.36"
172.71.166.100 - - [10/Jan/2026:08:29:21 +0300] "GET /?GameID=2026-01-09/qphvbf.html HTTP/1.0" 200 34678 "-" "Mozilla/5.0 (Linux; Android 6.0.1; Nexus 5X Build/MMB29P) AppleWebKit/537.36 (KHTML, like Gecko) Chrome/143.0.7499.169 Mobile Safari/537.36 (compatible; Googlebot/2.1; +http://www.google.com/bot.html)"
198.41.227.132 - - [10/Jan/2026:08:29:25 +0300] "GET /?ID=5865.html HTTP/1.0" 200 32855 "https://www.dom-rus.ru/?GameID=2026-01-09/qphvbf.html" "Mozilla/5.0 (Linux; Android 6.0.1; Nexus 5X Build/MMB29P) AppleWebKit/537.36 (KHTML, like Gecko) Chrome/143.0.7499.169 Mobile Safari/537.36 (compatible; Googlebot/2.1; +http://www.google.com/bot.html)"
198.41.227.132 - - [10/Jan/2026:08:29:26 +0300] "GET /?ID=5691.html HTTP/1.0" 200 20476 "https://www.dom-rus.ru/?GameID=2026-01-09/qphvbf.html" "Mozilla/5.0 (Linux; Android 6.0.1; Nexus 5X Build/MMB29P) AppleWebKit/537.36 (KHTML, like Gecko) Chrome/143.0.7499.169 Mobile Safari/537.36 (compatible; Googlebot/2.1; +http://www.google.com/bot.html)"
198.41.227.132 - - [10/Jan/2026:08:29:28 +0300] "GET /?ID=5700.html HTTP/1.0" 200 10024 "https://www.dom-rus.ru/?GameID=2026-01-09/qphvbf.html" "Mozilla/5.0 (Linux; Android 6.0.1; Nexus 5X Build/MMB29P) AppleWebKit/537.36 (KHTML, like Gecko) Chrome/143.0.7499.169 Mobile Safari/537.36 (compatible; Googlebot/2.1; +http://www.google.com/bot.html)"
104.23.175.250 - - [10/Jan/2026:08:31:23 +0300] "GET /?z=192012525 HTTP/1.0" 200 2964 "https://dom-rus.ru/sitemap613.xml" "Mozilla/5.0 (Linux; Android 7.0;) AppleWebKit/537.36 (KHTML, like Gecko) Mobile Safari/537.36 (compatible; PetalBot;+https://webmaster.petalsearch.com/site/petalbot)"
172.69.165.57 - - [10/Jan/2026:08:32:43 +0300] "GET /?x=158030387 HTTP/1.0" 200 2964 "https://dom-rus.ru/sitemap460.xml" "Mozilla/5.0 (Linux; Android 7.0;) AppleWebKit/537.36 (KHTML, like Gecko) Mobile Safari/537.36 (compatible; PetalBot;+https://webmaster.petalsearch.com/site/petalbot)"
162.158.88.133 - - [10/Jan/2026:08:34:06 +0300] "GET /?w=280014899 HTTP/1.0" 200 2964 "https://dom-rus.ru/sitemap556.xml" "Mozilla/5.0 (Linux; Android 7.0;) AppleWebKit/537.36 (KHTML, like Gecko) Mobile Safari/537.36 (compatible; PetalBot;+https://webmaster.petalsearch.com/site/petalbot)"
162.158.175.218 - - [10/Jan/2026:08:34:18 +0300] "GET /?GameID=2026-01-10/zvmiut.html HTTP/1.0" 200 36802 "-" "Mozilla/5.0 (Linux; Android 6.0.1; Nexus 5X Build/MMB29P) AppleWebKit/537.36 (KHTML, like Gecko) Chrome/143.0.7499.169 Mobile Safari/537.36 (compatible; Googlebot/2.1; +http://www.google.com/bot.html)"
162.158.175.221 - - [10/Jan/2026:08:34:25 +0300] "GET /?GameID=3421.html HTTP/1.0" 200 37797 "https://www.dom-rus.ru/?GameID=2026-01-10/zvmiut.html" "Mozilla/5.0 (Linux; Android 6.0.1; Nexus 5X Build/MMB29P) AppleWebKit/537.36 (KHTML, like Gecko) Chrome/143.0.7499.169 Mobile Safari/537.36 (compatible; Googlebot/2.1; +http://www.google.com/bot.html)"
162.158.175.218 - - [10/Jan/2026:08:34:26 +0300] "GET /?GameID=3136.html HTTP/1.0" 200 21900 "https://www.dom-rus.ru/?GameID=2026-01-10/zvmiut.html" "Mozilla/5.0 (Linux; Android 6.0.1; Nexus 5X Build/MMB29P) AppleWebKit/537.36 (KHTML, like Gecko) Chrome/143.0.7499.169 Mobile Safari/537.36 (compatible; Googlebot/2.1; +http://www.google.com/bot.html)"
172.71.166.101 - - [10/Jan/2026:08:35:19 +0300] "GET /?GameID=2026-01-06/tzdgyg.html HTTP/1.0" 200 35358 "-" "Mozilla/5.0 (Linux; Android 6.0.1; Nexus 5X Build/MMB29P) AppleWebKit/537.36 (KHTML, like Gecko) Chrome/143.0.7499.169 Mobile Safari/537.36 (compatible; Googlebot/2.1; +http://www.google.com/bot.html)"
172.71.166.101 - - [10/Jan/2026:08:35:21 +0300] "GET /?ID=4835.html HTTP/1.0" 200 9264 "https://www.dom-rus.ru/?GameID=2026-01-06/tzdgyg.html" "Mozilla/5.0 (Linux; Android 6.0.1; Nexus 5X Build/MMB29P) AppleWebKit/537.36 (KHTML, like Gecko) Chrome/143.0.7499.169 Mobile Safari/537.36 (compatible; Googlebot/2.1; +http://www.google.com/bot.html)"
172.71.166.101 - - [10/Jan/2026:08:35:23 +0300] "GET /?ID=4003.html HTTP/1.0" 200 19196 "https://www.dom-rus.ru/?GameID=2026-01-06/tzdgyg.html" "Mozilla/5.0 (Linux; Android 6.0.1; Nexus 5X Build/MMB29P) AppleWebKit/537.36 (KHTML, like Gecko) Chrome/143.0.7499.169 Mobile Safari/537.36 (compatible; Googlebot/2.1; +http://www.google.com/bot.html)"
172.69.65.127 - - [10/Jan/2026:08:35:24 +0300] "GET /?ID=4411.html HTTP/1.0" 200 19859 "https://www.dom-rus.ru/?GameID=2026-01-06/tzdgyg.html" "Mozilla/5.0 (Linux; Android 6.0.1; Nexus 5X Build/MMB29P) AppleWebKit/537.36 (KHTML, like Gecko) Chrome/143.0.7499.169 Mobile Safari/537.36 (compatible; Googlebot/2.1; +http://www.google.com/bot.html)"
172.69.166.111 - - [10/Jan/2026:08:35:29 +0300] "GET /?u=029045662 HTTP/1.0" 200 2964 "https://dom-rus.ru/sitemap811.xml" "Mozilla/5.0 (Linux; Android 7.0;) AppleWebKit/537.36 (KHTML, like Gecko) Mobile Safari/537.36 (compatible; PetalBot;+https://webmaster.petalsearch.com/site/petalbot)"
172.68.164.166 - - [10/Jan/2026:08:36:53 +0300] "GET /?t=081011158 HTTP/1.0" 200 2964 "https://dom-rus.ru/sitemap460.xml" "Mozilla/5.0 (Linux; Android 7.0;) AppleWebKit/537.36 (KHTML, like Gecko) Mobile Safari/537.36 (compatible; PetalBot;+https://webmaster.petalsearch.com/site/petalbot)"
172.71.81.145 - - [10/Jan/2026:08:38:18 +0300] "GET /?s=190045397 HTTP/1.0" 200 2964 "https://dom-rus.ru/sitemap811.xml" "Mozilla/5.0 (Linux; Android 7.0;) AppleWebKit/537.36 (KHTML, like Gecko) Mobile Safari/537.36 (compatible; PetalBot;+https://webmaster.petalsearch.com/site/petalbot)"
198.41.227.133 - - [10/Jan/2026:08:39:14 +0300] "GET /?ID=7660.html HTTP/1.0" 200 19230 "-" "Mozilla/5.0 (Linux; Android 6.0.1; Nexus 5X Build/MMB29P) AppleWebKit/537.36 (KHTML, like Gecko) Chrome/143.0.7499.169 Mobile Safari/537.36 (compatible; Googlebot/2.1; +http://www.google.com/bot.html)"
162.158.175.217 - - [10/Jan/2026:08:39:16 +0300] "GET /?GameID=2026-01-09/1041.html HTTP/1.0" 200 34959 "-" "Mozilla/5.0 (Linux; Android 6.0.1; Nexus 5X Build/MMB29P) AppleWebKit/537.36 (KHTML, like Gecko) Chrome/143.0.7499.169 Mobile Safari/537.36 (compatible; Googlebot/2.1; +http://www.google.com/bot.html)"
162.158.175.217 - - [10/Jan/2026:08:39:19 +0300] "GET /?ID=3476.html HTTP/1.0" 200 34530 "https://www.dom-rus.ru/?GameID=2026-01-09/1041.html" "Mozilla/5.0 (Linux; Android 6.0.1; Nexus 5X Build/MMB29P) AppleWebKit/537.36 (KHTML, like Gecko) Chrome/143.0.7499.169 Mobile Safari/537.36 (compatible; Googlebot/2.1; +http://www.google.com/bot.html)"
162.158.175.217 - - [10/Jan/2026:08:39:20 +0300] "GET /?ID=3063.html HTTP/1.0" 200 9411 "https://www.dom-rus.ru/?GameID=2026-01-09/1041.html" "Mozilla/5.0 (Linux; Android 6.0.1; Nexus 5X Build/MMB29P) AppleWebKit/537.36 (KHTML, like Gecko) Chrome/143.0.7499.169 Mobile Safari/537.36 (compatible; Googlebot/2.1; +http://www.google.com/bot.html)"
162.158.175.217 - - [10/Jan/2026:08:39:22 +0300] "GET /?ID=3157.html HTTP/1.0" 200 16235 "https://www.dom-rus.ru/?GameID=2026-01-09/1041.html" "Mozilla/5.0 (Linux; Android 6.0.1; Nexus 5X Build/MMB29P) AppleWebKit/537.36 (KHTML, like Gecko) Chrome/143.0.7499.169 Mobile Safari/537.36 (compatible; Googlebot/2.1; +http://www.google.com/bot.html)"
172.71.124.45 - - [10/Jan/2026:08:39:41 +0300] "GET /?r=080041439 HTTP/1.0" 200 2964 "https://dom-rus.ru/sitemap613.xml" "Mozilla/5.0 (Linux; Android 7.0;) AppleWebKit/537.36 (KHTML, like Gecko) Mobile Safari/537.36 (compatible; PetalBot;+https://webmaster.petalsearch.com/site/petalbot)"
172.70.208.155 - - [10/Jan/2026:08:41:03 +0300] "GET /?w=146021203 HTTP/1.0" 200 2964 "https://dom-rus.ru/sitemap65.xml" "Mozilla/5.0 (Linux; Android 7.0;) AppleWebKit/537.36 (KHTML, like Gecko) Mobile Safari/537.36 (compatible; PetalBot;+https://webmaster.petalsearch.com/site/petalbot)"
172.69.65.98 - - [10/Jan/2026:08:41:11 +0300] "GET /?Slot=5481.html HTTP/1.0" 200 9690 "-" "Mozilla/5.0 (Linux; Android 6.0.1; Nexus 5X Build/MMB29P) AppleWebKit/537.36 (KHTML, like Gecko) Chrome/143.0.7499.169 Mobile Safari/537.36 (compatible; Googlebot/2.1; +http://www.google.com/bot.html)"
172.71.81.146 - - [10/Jan/2026:08:42:29 +0300] "GET /?m=131024178 HTTP/1.0" 200 2964 "https://dom-rus.ru/sitemap525.xml" "Mozilla/5.0 (Linux; Android 7.0;) AppleWebKit/537.36 (KHTML, like Gecko) Mobile Safari/537.36 (compatible; PetalBot;+https://webmaster.petalsearch.com/site/petalbot)"
172.69.165.57 - - [10/Jan/2026:08:43:56 +0300] "GET /?z=253029008 HTTP/1.0" 200 2964 "https://dom-rus.ru/sitemap690.xml" "Mozilla/5.0 (Linux; Android 7.0;) AppleWebKit/537.36 (KHTML, like Gecko) Mobile Safari/537.36 (compatible; PetalBot;+https://webmaster.petalsearch.com/site/petalbot)"
172.69.65.127 - - [10/Jan/2026:08:45:12 +0300] "GET /?GameID=2026-01-03/sgicra.html HTTP/1.0" 200 19303 "-" "Mozilla/5.0 (Linux; Android 6.0.1; Nexus 5X Build/MMB29P) AppleWebKit/537.36 (KHTML, like Gecko) Chrome/143.0.7499.169 Mobile Safari/537.36 (compatible; Googlebot/2.1; +http://www.google.com/bot.html)"
162.158.88.132 - - [10/Jan/2026:08:45:16 +0300] "GET /?x=218036915 HTTP/1.0" 200 2964 "https://dom-rus.ru/sitemap556.xml" "Mozilla/5.0 (Linux; Android 7.0;) AppleWebKit/537.36 (KHTML, like Gecko) Mobile Safari/537.36 (compatible; PetalBot;+https://webmaster.petalsearch.com/site/petalbot)"
172.71.166.101 - - [10/Jan/2026:08:46:01 +0300] "GET /?GameID=2026-01-09/3151.html HTTP/1.0" 200 10930 "-" "Mozilla/5.0 (Linux; Android 6.0.1; Nexus 5X Build/MMB29P) AppleWebKit/537.36 (KHTML, like Gecko) Chrome/143.0.7499.169 Mobile Safari/537.36 (compatible; Googlebot/2.1; +http://www.google.com/bot.html)"
172.69.166.110 - - [10/Jan/2026:08:46:41 +0300] "GET /?v=134034423 HTTP/1.0" 200 2964 "https://dom-rus.ru/sitemap65.xml" "Mozilla/5.0 (Linux; Android 7.0;) AppleWebKit/537.36 (KHTML, like Gecko) Mobile Safari/537.36 (compatible; PetalBot;+https://webmaster.petalsearch.com/site/petalbot)"
172.69.176.4 - - [10/Jan/2026:08:48:02 +0300] "GET /?u=127031210 HTTP/1.0" 200 2964 "https://dom-rus.ru/sitemap690.xml" "Mozilla/5.0 (Linux; Android 7.0;) AppleWebKit/537.36 (KHTML, like Gecko) Mobile Safari/537.36 (compatible; PetalBot;+https://webmaster.petalsearch.com/site/petalbot)"
172.69.65.127 - - [10/Jan/2026:08:48:27 +0300] "GET /?GameID=2026-01-08/9686.html HTTP/1.0" 200 10224 "-" "Mozilla/5.0 (Linux; Android 6.0.1; Nexus 5X Build/MMB29P) AppleWebKit/537.36 (KHTML, like Gecko) Chrome/143.0.7499.169 Mobile Safari/537.36 (compatible; Googlebot/2.1; +http://www.google.com/bot.html)"
172.69.176.5 - - [10/Jan/2026:08:49:27 +0300] "GET /?s=086021097 HTTP/1.0" 200 2964 "https://dom-rus.ru/sitemap525.xml" "Mozilla/5.0 (Linux; Android 7.0;) AppleWebKit/537.36 (KHTML, like Gecko) Mobile Safari/537.36 (compatible; PetalBot;+https://webmaster.petalsearch.com/site/petalbot)"
162.159.104.156 - - [10/Jan/2026:08:50:15 +0300] "GET /?ID=5879.html HTTP/1.0" 200 19726 "-" "Mozilla/5.0 (Linux; Android 6.0.1; Nexus 5X Build/MMB29P) AppleWebKit/537.36 (KHTML, like Gecko) Chrome/143.0.7499.169 Mobile Safari/537.36 (compatible; Googlebot/2.1; +http://www.google.com/bot.html)"
172.71.166.101 - - [10/Jan/2026:08:50:16 +0300] "GET /?GameID=2026-01-10/tfubja.html HTTP/1.0" 200 35832 "-" "Mozilla/5.0 (Linux; Android 6.0.1; Nexus 5X Build/MMB29P) AppleWebKit/537.36 (KHTML, like Gecko) Chrome/143.0.7499.169 Mobile Safari/537.36 (compatible; Googlebot/2.1; +http://www.google.com/bot.html)"
172.70.94.26 - - [10/Jan/2026:08:50:20 +0300] "GET /?ID=7510.html HTTP/1.0" 200 49739 "https://www.dom-rus.ru/?GameID=2026-01-10/tfubja.html" "Mozilla/5.0 (Linux; Android 6.0.1; Nexus 5X Build/MMB29P) AppleWebKit/537.36 (KHTML, like Gecko) Chrome/143.0.7499.169 Mobile Safari/537.36 (compatible; Googlebot/2.1; +http://www.google.com/bot.html)"
172.69.176.5 - - [10/Jan/2026:08:50:50 +0300] "GET /?o=005029004 HTTP/1.0" 200 2964 "https://dom-rus.ru/sitemap460.xml" "Mozilla/5.0 (Linux; Android 7.0;) AppleWebKit/537.36 (KHTML, like Gecko) Mobile Safari/537.36 (compatible; PetalBot;+https://webmaster.petalsearch.com/site/petalbot)"
172.71.81.146 - - [10/Jan/2026:08:52:12 +0300] "GET /?y=042027325 HTTP/1.0" 200 2964 "https://dom-rus.ru/sitemap833.xml" "Mozilla/5.0 (Linux; Android 7.0;) AppleWebKit/537.36 (KHTML, like Gecko) Mobile Safari/537.36 (compatible; PetalBot;+https://webmaster.petalsearch.com/site/petalbot)"
172.69.165.57 - - [10/Jan/2026:08:53:38 +0300] "GET /?j=002007887 HTTP/1.0" 200 2964 "https://dom-rus.ru/sitemap833.xml" "Mozilla/5.0 (Linux; Android 7.0;) AppleWebKit/537.36 (KHTML, like Gecko) Mobile Safari/537.36 (compatible; PetalBot;+https://webmaster.petalsearch.com/site/petalbot)"
162.159.106.134 - - [10/Jan/2026:08:54:21 +0300] "GET /?GameID=2026-01-09/9689.html HTTP/1.0" 200 19190 "-" "Mozilla/5.0 (Linux; Android 6.0.1; Nexus 5X Build/MMB29P) AppleWebKit/537.36 (KHTML, like Gecko) Chrome/143.0.7499.169 Mobile Safari/537.36 (compatible; Googlebot/2.1; +http://www.google.com/bot.html)"
172.68.164.167 - - [10/Jan/2026:08:55:02 +0300] "GET /?e=136038173 HTTP/1.0" 200 2964 "https://dom-rus.ru/sitemap525.xml" "Mozilla/5.0 (Linux; Android 7.0;) AppleWebKit/537.36 (KHTML, like Gecko) Mobile Safari/537.36 (compatible; PetalBot;+https://webmaster.petalsearch.com/site/petalbot)"
172.68.245.123 - - [10/Jan/2026:08:55:54 +0300] "GET /robots.txt HTTP/1.1" 404 576 "-" "Mozilla/5.0 AppleWebKit/537.36 (KHTML, like Gecko; compatible; Amazonbot/0.1; +https://developer.amazon.com/support/amazonbot) Chrome/119.0.6045.214 Safari/537.36"
104.23.213.69 - - [10/Jan/2026:08:55:59 +0300] "GET /zimnii_sad.html HTTP/1.0" 200 4189 "-" "Mozilla/5.0 AppleWebKit/537.36 (KHTML, like Gecko; compatible; Amazonbot/0.1; +https://developer.amazon.com/support/amazonbot) Chrome/119.0.6045.214 Safari/537.36"
172.70.94.27 - - [10/Jan/2026:09:03:42 +0300] "GET /?GameID=2026-01-09/1877.html HTTP/1.0" 200 19466 "-" "Mozilla/5.0 (Linux; Android 6.0.1; Nexus 5X Build/MMB29P) AppleWebKit/537.36 (KHTML, like Gecko) Chrome/143.0.7499.169 Mobile Safari/537.36 (compatible; Googlebot/2.1; +http://www.google.com/bot.html)"
172.68.23.206 - - [10/Jan/2026:09:04:52 +0300] "GET /robots.txt HTTP/1.1" 404 173 "-" "Mozilla/5.0 (compatible; DotBot/1.2; +https://opensiteexplorer.org/dotbot; help@moz.com)"
172.71.166.101 - - [10/Jan/2026:09:08:11 +0300] "GET /?GameID=2026-01-10/pwdmuk.html HTTP/1.0" 200 50630 "-" "Mozilla/5.0 (Linux; Android 6.0.1; Nexus 5X Build/MMB29P) AppleWebKit/537.36 (KHTML, like Gecko) Chrome/143.0.7499.169 Mobile Safari/537.36 (compatible; Googlebot/2.1; +http://www.google.com/bot.html)"
162.158.42.133 - - [10/Jan/2026:09:10:14 +0300] "GET /lrymkpp/deepswap-ai-cancel-subscription.html HTTP/1.0" 404 452 "-" "Mozilla/5.0 (compatible; DotBot/1.2; +https://opensiteexplorer.org/dotbot; help@moz.com)"
162.158.175.218 - - [10/Jan/2026:09:10:56 +0300] "GET /?GameID=2026-01-09/rihslm.html HTTP/1.0" 200 9097 "-" "Mozilla/5.0 (compatible; Googlebot/2.1; +http://www.google.com/bot.html)"
172.68.26.115 - - [10/Jan/2026:09:11:01 +0300] "GET /?GameID=2026-01-09/3167.html HTTP/1.0" 200 35091 "-" "Mozilla/5.0 (Linux; Android 6.0.1; Nexus 5X Build/MMB29P) AppleWebKit/537.36 (KHTML, like Gecko) Chrome/143.0.7499.169 Mobile Safari/537.36 (compatible; Googlebot/2.1; +http://www.google.com/bot.html)"
172.68.26.115 - - [10/Jan/2026:09:11:09 +0300] "GET /?ID=2164.html HTTP/1.0" 200 10993 "https://www.dom-rus.ru/?GameID=2026-01-09/3167.html" "Mozilla/5.0 (Linux; Android 6.0.1; Nexus 5X Build/MMB29P) AppleWebKit/537.36 (KHTML, like Gecko) Chrome/143.0.7499.169 Mobile Safari/537.36 (compatible; Googlebot/2.1; +http://www.google.com/bot.html)"
172.68.26.115 - - [10/Jan/2026:09:11:09 +0300] "GET /?ID=2724.html HTTP/1.0" 200 10872 "https://www.dom-rus.ru/?GameID=2026-01-09/3167.html" "Mozilla/5.0 (Linux; Android 6.0.1; Nexus 5X Build/MMB29P) AppleWebKit/537.36 (KHTML, like Gecko) Chrome/143.0.7499.169 Mobile Safari/537.36 (compatible; Googlebot/2.1; +http://www.google.com/bot.html)"
104.22.17.98 - - [10/Jan/2026:09:12:16 +0300] "GET / HTTP/1.0" 200 2964 "http://dom-rus.ru" "Mozilla/5.0 (iPhone; CPU iPhone OS 13_2_3 like Mac OS X) AppleWebKit/605.1.15 (KHTML, like Gecko) Version/13.0.3 Mobile/15E148 Safari/604.1"
172.71.166.15 - - [10/Jan/2026:09:17:15 +0300] "GET /?d=275017794 HTTP/1.0" 200 2964 "-" "Mozilla/5.0 (Linux; Android 6.0.1; Nexus 5X Build/MMB29P) AppleWebKit/537.36 (KHTML, like Gecko) Chrome/143.0.7499.169 Mobile Safari/537.36 (compatible; GoogleOther)"
198.41.227.133 - - [10/Jan/2026:09:19:46 +0300] "GET /?GameID=2026-01-09/8633.html HTTP/1.0" 200 49558 "-" "Mozilla/5.0 (Linux; Android 6.0.1; Nexus 5X Build/MMB29P) AppleWebKit/537.36 (KHTML, like Gecko) Chrome/143.0.7499.169 Mobile Safari/537.36 (compatible; Googlebot/2.1; +http://www.google.com/bot.html)"
198.41.227.133 - - [10/Jan/2026:09:19:49 +0300] "GET /?GameID=2026-01-10/mhufyd.html HTTP/1.0" 200 10212 "-" "Mozilla/5.0 (Linux; Android 6.0.1; Nexus 5X Build/MMB29P) AppleWebKit/537.36 (KHTML, like Gecko) Chrome/143.0.7499.169 Mobile Safari/537.36 (compatible; Googlebot/2.1; +http://www.google.com/bot.html)"
198.41.227.133 - - [10/Jan/2026:09:19:51 +0300] "GET /?GameID=2026-01-05/6381.html HTTP/1.0" 200 35548 "-" "Mozilla/5.0 (Linux; Android 6.0.1; Nexus 5X Build/MMB29P) AppleWebKit/537.36 (KHTML, like Gecko) Chrome/143.0.7499.169 Mobile Safari/537.36 (compatible; Googlebot/2.1; +http://www.google.com/bot.html)"
172.68.26.158 - - [10/Jan/2026:09:19:54 +0300] "GET /category/168_351_1654/1 HTTP/1.0" 404 452 "-" "Mozilla/5.0 (Linux; Android 6.0.1; Nexus 5X Build/MMB29P) AppleWebKit/537.36 (KHTML, like Gecko) Chrome/143.0.7499.169 Mobile Safari/537.36 (compatible; Googlebot/2.1; +http://www.google.com/bot.html)"
172.69.65.127 - - [10/Jan/2026:09:19:56 +0300] "GET /?ID=3771.html HTTP/1.0" 200 50867 "https://www.dom-rus.ru/?GameID=2026-01-05/6381.html" "Mozilla/5.0 (Linux; Android 6.0.1; Nexus 5X Build/MMB29P) AppleWebKit/537.36 (KHTML, like Gecko) Chrome/143.0.7499.169 Mobile Safari/537.36 (compatible; Googlebot/2.1; +http://www.google.com/bot.html)"
172.69.65.127 - - [10/Jan/2026:09:19:57 +0300] "GET /?GameID=2026-01-10/epwskw.html HTTP/1.0" 200 20268 "-" "Mozilla/5.0 (Linux; Android 6.0.1; Nexus 5X Build/MMB29P) AppleWebKit/537.36 (KHTML, like Gecko) Chrome/143.0.7499.169 Mobile Safari/537.36 (compatible; Googlebot/2.1; +http://www.google.com/bot.html)"
172.69.65.127 - - [10/Jan/2026:09:19:59 +0300] "GET /?GameID=2026-01-10/peqrmp.html HTTP/1.0" 200 48803 "-" "Mozilla/5.0 (Linux; Android 6.0.1; Nexus 5X Build/MMB29P) AppleWebKit/537.36 (KHTML, like Gecko) Chrome/143.0.7499.169 Mobile Safari/537.36 (compatible; Googlebot/2.1; +http://www.google.com/bot.html)"
172.69.65.127 - - [10/Jan/2026:09:20:01 +0300] "GET /?GameID=2721.html HTTP/1.0" 200 50832 "-" "Mozilla/5.0 (Linux; Android 6.0.1; Nexus 5X Build/MMB29P) AppleWebKit/537.36 (KHTML, like Gecko) Chrome/143.0.7499.169 Mobile Safari/537.36 (compatible; Googlebot/2.1; +http://www.google.com/bot.html)"
172.69.65.127 - - [10/Jan/2026:09:20:04 +0300] "GET /?ID=3989.html HTTP/1.0" 200 34410 "https://www.dom-rus.ru/?GameID=2026-01-05/6381.html" "Mozilla/5.0 (Linux; Android 6.0.1; Nexus 5X Build/MMB29P) AppleWebKit/537.36 (KHTML, like Gecko) Chrome/143.0.7499.169 Mobile Safari/537.36 (compatible; Googlebot/2.1; +http://www.google.com/bot.html)"
172.69.65.127 - - [10/Jan/2026:09:20:06 +0300] "GET /?GameID=2026-01-10/gebpqb.html HTTP/1.0" 200 35383 "-" "Mozilla/5.0 (Linux; Android 6.0.1; Nexus 5X Build/MMB29P) AppleWebKit/537.36 (KHTML, like Gecko) Chrome/143.0.7499.169 Mobile Safari/537.36 (compatible; Googlebot/2.1; +http://www.google.com/bot.html)"
172.69.65.127 - - [10/Jan/2026:09:20:09 +0300] "GET /?GameID=2026-01-10/wrrljw.html HTTP/1.0" 200 21996 "-" "Mozilla/5.0 (Linux; Android 6.0.1; Nexus 5X Build/MMB29P) AppleWebKit/537.36 (KHTML, like Gecko) Chrome/143.0.7499.169 Mobile Safari/537.36 (compatible; Googlebot/2.1; +http://www.google.com/bot.html)"
172.69.65.127 - - [10/Jan/2026:09:20:17 +0300] "GET /?ID=3504.html HTTP/1.0" 200 9064 "https://www.dom-rus.ru/?GameID=2026-01-10/gebpqb.html" "Mozilla/5.0 (Linux; Android 6.0.1; Nexus 5X Build/MMB29P) AppleWebKit/537.36 (KHTML, like Gecko) Chrome/143.0.7499.169 Mobile Safari/537.36 (compatible; Googlebot/2.1; +http://www.google.com/bot.html)"
172.69.65.127 - - [10/Jan/2026:09:20:19 +0300] "GET /?ID=3553.html HTTP/1.0" 200 49274 "https://www.dom-rus.ru/?GameID=2026-01-10/gebpqb.html" "Mozilla/5.0 (Linux; Android 6.0.1; Nexus 5X Build/MMB29P) AppleWebKit/537.36 (KHTML, like Gecko) Chrome/143.0.7499.169 Mobile Safari/537.36 (compatible; Googlebot/2.1; +http://www.google.com/bot.html)"
172.69.65.127 - - [10/Jan/2026:09:20:20 +0300] "GET /?ID=3695.html HTTP/1.0" 200 11627 "https://www.dom-rus.ru/?GameID=2026-01-10/gebpqb.html" "Mozilla/5.0 (Linux; Android 6.0.1; Nexus 5X Build/MMB29P) AppleWebKit/537.36 (KHTML, like Gecko) Chrome/143.0.7499.169 Mobile Safari/537.36 (compatible; Googlebot/2.1; +http://www.google.com/bot.html)"
172.69.65.127 - - [10/Jan/2026:09:20:27 +0300] "GET /?GameID=2026-01-09/7023.html HTTP/1.0" 200 35617 "-" "Mozilla/5.0 (Linux; Android 6.0.1; Nexus 5X Build/MMB29P) AppleWebKit/537.36 (KHTML, like Gecko) Chrome/143.0.7499.169 Mobile Safari/537.36 (compatible; Googlebot/2.1; +http://www.google.com/bot.html)"
172.69.65.127 - - [10/Jan/2026:09:20:55 +0300] "GET /?ID=7111.html HTTP/1.0" 200 19015 "https://www.dom-rus.ru/?GameID=2026-01-09/7023.html" "Mozilla/5.0 (Linux; Android 6.0.1; Nexus 5X Build/MMB29P) AppleWebKit/537.36 (KHTML, like Gecko) Chrome/143.0.7499.169 Mobile Safari/537.36 (compatible; Googlebot/2.1; +http://www.google.com/bot.html)"
172.69.65.127 - - [10/Jan/2026:09:20:56 +0300] "GET /?ID=7931.html HTTP/1.0" 200 19899 "https://www.dom-rus.ru/?GameID=2026-01-09/7023.html" "Mozilla/5.0 (Linux; Android 6.0.1; Nexus 5X Build/MMB29P) AppleWebKit/537.36 (KHTML, like Gecko) Chrome/143.0.7499.169 Mobile Safari/537.36 (compatible; Googlebot/2.1; +http://www.google.com/bot.html)"
172.69.65.127 - - [10/Jan/2026:09:20:57 +0300] "GET /?ID=7700.html HTTP/1.0" 200 19399 "https://www.dom-rus.ru/?GameID=2026-01-09/7023.html" "Mozilla/5.0 (Linux; Android 6.0.1; Nexus 5X Build/MMB29P) AppleWebKit/537.36 (KHTML, like Gecko) Chrome/143.0.7499.169 Mobile Safari/537.36 (compatible; Googlebot/2.1; +http://www.google.com/bot.html)"
198.41.227.133 - - [10/Jan/2026:09:21:09 +0300] "GET /?GameID=2026-01-09/wwpiua.html HTTP/1.0" 200 34884 "-" "Mozilla/5.0 (Linux; Android 6.0.1; Nexus 5X Build/MMB29P) AppleWebKit/537.36 (KHTML, like Gecko) Chrome/143.0.7499.169 Mobile Safari/537.36 (compatible; Googlebot/2.1; +http://www.google.com/bot.html)"
172.69.65.127 - - [10/Jan/2026:09:21:12 +0300] "GET /?ID=7977.html HTTP/1.0" 200 49490 "https://www.dom-rus.ru/?GameID=2026-01-09/wwpiua.html" "Mozilla/5.0 (Linux; Android 6.0.1; Nexus 5X Build/MMB29P) AppleWebKit/537.36 (KHTML, like Gecko) Chrome/143.0.7499.169 Mobile Safari/537.36 (compatible; Googlebot/2.1; +http://www.google.com/bot.html)"
198.41.227.133 - - [10/Jan/2026:09:21:14 +0300] "GET /?ID=7581.html HTTP/1.0" 200 35846 "https://www.dom-rus.ru/?GameID=2026-01-09/wwpiua.html" "Mozilla/5.0 (Linux; Android 6.0.1; Nexus 5X Build/MMB29P) AppleWebKit/537.36 (KHTML, like Gecko) Chrome/143.0.7499.169 Mobile Safari/537.36 (compatible; Googlebot/2.1; +http://www.google.com/bot.html)"
172.69.65.127 - - [10/Jan/2026:09:21:15 +0300] "GET /?ID=7650.html HTTP/1.0" 200 20390 "https://www.dom-rus.ru/?GameID=2026-01-09/wwpiua.html" "Mozilla/5.0 (Linux; Android 6.0.1; Nexus 5X Build/MMB29P) AppleWebKit/537.36 (KHTML, like Gecko) Chrome/143.0.7499.169 Mobile Safari/537.36 (compatible; Googlebot/2.1; +http://www.google.com/bot.html)"
172.69.65.127 - - [10/Jan/2026:09:21:50 +0300] "GET /?GameID=2026-01-09/acxtpf.html HTTP/1.0" 200 9452 "-" "Mozilla/5.0 (Linux; Android 6.0.1; Nexus 5X Build/MMB29P) AppleWebKit/537.36 (KHTML, like Gecko) Chrome/143.0.7499.169 Mobile Safari/537.36 (compatible; Googlebot/2.1; +http://www.google.com/bot.html)"
162.159.106.135 - - [10/Jan/2026:09:22:32 +0300] "GET /?GameID=2026-01-09/vqbfpi.html HTTP/1.0" 200 19986 "-" "Mozilla/5.0 (Linux; Android 6.0.1; Nexus 5X Build/MMB29P) AppleWebKit/537.36 (KHTML, like Gecko) Chrome/143.0.7499.169 Mobile Safari/537.36 (compatible; Googlebot/2.1; +http://www.google.com/bot.html)"
162.159.106.135 - - [10/Jan/2026:09:23:12 +0300] "GET /?GameID=2026-01-09/kamwyn.html HTTP/1.0" 200 9439 "-" "Mozilla/5.0 (Linux; Android 6.0.1; Nexus 5X Build/MMB29P) AppleWebKit/537.36 (KHTML, like Gecko) Chrome/143.0.7499.169 Mobile Safari/537.36 (compatible; Googlebot/2.1; +http://www.google.com/bot.html)"
172.71.166.101 - - [10/Jan/2026:09:23:54 +0300] "GET /?GameID=2026-01-07/rdshdz.html HTTP/1.0" 200 50379 "-" "Mozilla/5.0 (Linux; Android 6.0.1; Nexus 5X Build/MMB29P) AppleWebKit/537.36 (KHTML, like Gecko) Chrome/143.0.7499.169 Mobile Safari/537.36 (compatible; Googlebot/2.1; +http://www.google.com/bot.html)"
162.158.106.72 - - [10/Jan/2026:09:25:12 +0300] "GET /?z=161043484 HTTP/1.0" 200 2964 "https://dom-rus.ru/sitemap460.xml" "Mozilla/5.0 (Linux; Android 7.0;) AppleWebKit/537.36 (KHTML, like Gecko) Mobile Safari/537.36 (compatible; PetalBot;+https://webmaster.petalsearch.com/site/petalbot)"
172.68.26.115 - - [10/Jan/2026:09:25:17 +0300] "GET /?GameID=2026-01-07/yuqhmb.html HTTP/1.0" 200 35816 "-" "Mozilla/5.0 (Linux; Android 6.0.1; Nexus 5X Build/MMB29P) AppleWebKit/537.36 (KHTML, like Gecko) Chrome/143.0.7499.169 Mobile Safari/537.36 (compatible; Googlebot/2.1; +http://www.google.com/bot.html)"
