172.70.175.165 - - [10/Jan/2026:04:41:44 +0300] "GET /?s=57682175712804 HTTP/1.0" 200 3704 "-" "Mozilla/5.0 (compatible; SemrushBot/7~bl; +http://www.semrush.com/bot.html)"
172.71.191.67 - - [10/Jan/2026:04:43:50 +0300] "GET /?s=3412111877401 HTTP/1.0" 200 3704 "-" "Mozilla/5.0 (compatible; SemrushBot/7~bl; +http://www.semrush.com/bot.html)"
172.68.150.67 - - [10/Jan/2026:04:44:33 +0300] "GET /wp-content/xdb4fcd/edit.php HTTP/1.0" 200 3704 "https://dom-stroyka.ru/wp-content/xdb4fcd/edit.php" "Mozilla/5.0 (Windows NT 10.0; Win64; x64) AppleWebKit/537.36 (KHTML, like Gecko) Chrome/58.0.3029.110 Safari/537.3"
172.68.245.190 - - [10/Jan/2026:04:50:45 +0300] "GET /robots.txt HTTP/1.1" 404 173 "-" "Mozilla/5.0 (compatible; SemrushBot/7~bl; +http://www.semrush.com/bot.html)"
172.71.222.48 - - [10/Jan/2026:04:50:45 +0300] "GET /?s=78029209478800 HTTP/1.0" 200 3704 "-" "Mozilla/5.0 (compatible; SemrushBot/7~bl; +http://www.semrush.com/bot.html)"
172.68.150.66 - - [10/Jan/2026:04:55:08 +0300] "GET /wp-content/xdb4fcd/edit.php HTTP/1.0" 200 3704 "https://dom-stroyka.ru/wp-content/xdb4fcd/edit.php" "Mozilla/5.0 (Windows NT 10.0; Win64; x64) AppleWebKit/537.36 (KHTML, like Gecko) Chrome/58.0.3029.110 Safari/537.3"
104.23.209.236 - - [10/Jan/2026:04:55:32 +0300] "GET /?s=00409244446002 HTTP/1.0" 200 3704 "-" "Mozilla/5.0 (compatible; SemrushBot/7~bl; +http://www.semrush.com/bot.html)"
172.70.176.36 - - [10/Jan/2026:05:06:16 +0300] "GET /wp-content/xdb4fcd/edit.php HTTP/1.0" 200 3704 "https://dom-stroyka.ru/wp-content/xdb4fcd/edit.php" "Mozilla/5.0 (Windows NT 10.0; Win64; x64) AppleWebKit/537.36 (KHTML, like Gecko) Chrome/58.0.3029.110 Safari/537.3"
172.70.176.36 - - [10/Jan/2026:05:15:02 +0300] "GET /wp-content/xdb4fcd/edit.php HTTP/1.0" 200 3704 "https://dom-stroyka.ru/wp-content/xdb4fcd/edit.php" "Mozilla/5.0 (Windows NT 10.0; Win64; x64) AppleWebKit/537.36 (KHTML, like Gecko) Chrome/58.0.3029.110 Safari/537.3"
104.23.209.236 - - [10/Jan/2026:05:20:23 +0300] "GET /?s=7390032725000 HTTP/1.0" 200 10438 "-" "Mozilla/5.0 (Linux; Android 6.0.1; Nexus 5X Build/MMB29P) AppleWebKit/537.36 (KHTML, like Gecko) Chrome/143.0.7499.169 Mobile Safari/537.36 (compatible; Googlebot/2.1; +http://www.google.com/bot.html)"
172.70.39.63 - - [10/Jan/2026:05:20:24 +0300] "GET /?GameID=2026-01-07/evpqul.html HTTP/1.0" 200 9363 "-" "Mozilla/5.0 (Linux; Android 6.0.1; Nexus 5X Build/MMB29P) AppleWebKit/537.36 (KHTML, like Gecko) Chrome/143.0.7499.169 Mobile Safari/537.36 (compatible; Googlebot/2.1; +http://www.google.com/bot.html)"
172.68.150.67 - - [10/Jan/2026:05:24:04 +0300] "GET /wp-content/xdb4fcd/edit.php HTTP/1.0" 200 3704 "https://dom-stroyka.ru/wp-content/xdb4fcd/edit.php" "Mozilla/5.0 (Windows NT 10.0; Win64; x64) AppleWebKit/537.36 (KHTML, like Gecko) Chrome/58.0.3029.110 Safari/537.3"
172.70.176.36 - - [10/Jan/2026:05:33:03 +0300] "GET /wp-content/xdb4fcd/edit.php HTTP/1.0" 200 3704 "https://dom-stroyka.ru/wp-content/xdb4fcd/edit.php" "Mozilla/5.0 (Windows NT 10.0; Win64; x64) AppleWebKit/537.36 (KHTML, like Gecko) Chrome/58.0.3029.110 Safari/537.3"
162.158.79.167 - - [10/Jan/2026:05:34:17 +0300] "GET /?s=87795202639803 HTTP/1.0" 200 3704 "-" "Mozilla/5.0 (compatible; SemrushBot/7~bl; +http://www.semrush.com/bot.html)"
104.23.211.75 - - [10/Jan/2026:05:34:59 +0300] "GET /robots.txt HTTP/1.1" 404 173 "-" "Mozilla/5.0 (compatible; SemrushBot/7~bl; +http://www.semrush.com/bot.html)"
172.70.34.12 - - [10/Jan/2026:05:35:00 +0300] "GET /?s=78049237857801 HTTP/1.0" 200 3704 "-" "Mozilla/5.0 (compatible; SemrushBot/7~bl; +http://www.semrush.com/bot.html)"
162.158.79.167 - - [10/Jan/2026:05:39:37 +0300] "GET /?s=1698942296008 HTTP/1.0" 200 3704 "-" "Mozilla/5.0 (X11; Linux x86_64) AppleWebKit/537.36 (KHTML, like Gecko) Chrome/143.0.7499.169 Safari/537.36"
104.23.213.61 - - [10/Jan/2026:05:39:40 +0300] "GET /?s=13884100354703 HTTP/1.0" 200 3704 "-" "Mozilla/5.0 (compatible; SemrushBot/7~bl; +http://www.semrush.com/bot.html)"
172.68.183.11 - - [10/Jan/2026:05:45:14 +0300] "GET /?s=87825252285902 HTTP/1.0" 200 3704 "-" "Mozilla/5.0 (compatible; SemrushBot/7~bl; +http://www.semrush.com/bot.html)"
172.71.23.142 - - [10/Jan/2026:05:45:52 +0300] "GET /robots.txt HTTP/1.1" 404 576 "-" "Mozilla/5.0 (Macintosh; Intel Mac OS X 10_15_7) AppleWebKit/537.36 (KHTML, like Gecko) Chrome/131.0.0.0 Safari/537.36; compatible; OAI-SearchBot/1.3; robots.txt; +https://openai.com/searchbot"
172.70.176.37 - - [10/Jan/2026:05:46:29 +0300] "GET /wp-content/xdb4fcd/edit.php HTTP/1.0" 200 3704 "https://dom-stroyka.ru/wp-content/xdb4fcd/edit.php" "Mozilla/5.0 (Windows NT 10.0; Win64; x64) AppleWebKit/537.36 (KHTML, like Gecko) Chrome/58.0.3029.110 Safari/537.3"
104.23.209.58 - - [10/Jan/2026:05:48:38 +0300] "GET /images/layout_05.gif HTTP/1.1" 200 5890 "-" "Mozilla/5.0 AppleWebKit/537.36 (KHTML, like Gecko; compatible; bingbot/2.0; +http://www.bing.com/bingbot.htm) Chrome/116.0.1938.76 Safari/537.36"
172.68.245.190 - - [10/Jan/2026:05:51:22 +0300] "GET /robots.txt HTTP/1.1" 404 173 "-" "Mozilla/5.0 (compatible; SemrushBot/7~bl; +http://www.semrush.com/bot.html)"
172.71.191.68 - - [10/Jan/2026:05:51:22 +0300] "GET /?s=08504148256902 HTTP/1.0" 200 3704 "-" "Mozilla/5.0 (compatible; SemrushBot/7~bl; +http://www.semrush.com/bot.html)"
172.70.39.64 - - [10/Jan/2026:05:52:39 +0300] "GET /?s=6855737907908 HTTP/1.0" 200 3704 "-" "Mozilla/5.0 (X11; Linux x86_64) AppleWebKit/537.36 (KHTML, like Gecko) Chrome/143.0.7499.169 Safari/537.36"
172.71.195.52 - - [10/Jan/2026:05:53:10 +0300] "GET /?s=0007698055001 HTTP/1.0" 200 12265 "-" "Mozilla/5.0 (Linux; Android 6.0.1; Nexus 5X Build/MMB29P) AppleWebKit/537.36 (KHTML, like Gecko) Chrome/143.0.7499.169 Mobile Safari/537.36 (compatible; Googlebot/2.1; +http://www.google.com/bot.html)"
172.68.150.66 - - [10/Jan/2026:06:00:05 +0300] "GET /wp-content/xdb4fcd/edit.php HTTP/1.0" 200 3704 "https://dom-stroyka.ru/wp-content/xdb4fcd/edit.php" "Mozilla/5.0 (Windows NT 10.0; Win64; x64) AppleWebKit/537.36 (KHTML, like Gecko) Chrome/58.0.3029.110 Safari/537.3"
172.70.38.120 - - [10/Jan/2026:06:00:11 +0300] "GET /images/maco_logo.gif HTTP/1.1" 200 2604 "-" "Mozilla/5.0 AppleWebKit/537.36 (KHTML, like Gecko; compatible; bingbot/2.0; +http://www.bing.com/bingbot.htm) Chrome/116.0.1938.76 Safari/537.36"
162.158.210.227 - - [10/Jan/2026:06:09:46 +0300] "GET /z.tar.gz HTTP/1.0" 200 3704 "-" "Mozilla/5.0 (Windows NT 10.0; Win64; x64) AppleWebKit/537.36 (KHTML, like Gecko) Chrome/101.0.4951.67 Safari/537.36"
172.68.245.210 - - [10/Jan/2026:06:13:05 +0300] "GET /?s=8789851232906 HTTP/1.0" 200 3704 "-" "Mozilla/5.0 (compatible; SemrushBot/7~bl; +http://www.semrush.com/bot.html)"
172.68.150.66 - - [10/Jan/2026:06:14:23 +0300] "GET /wp-content/xdb4fcd/edit.php HTTP/1.0" 200 3704 "https://dom-stroyka.ru/wp-content/xdb4fcd/edit.php" "Mozilla/5.0 (Windows NT 10.0; Win64; x64) AppleWebKit/537.36 (KHTML, like Gecko) Chrome/58.0.3029.110 Safari/537.3"
172.71.195.97 - - [10/Jan/2026:06:14:49 +0300] "GET /?s=19561203300000 HTTP/1.0" 200 3704 "-" "Mozilla/5.0 (compatible; SemrushBot/7~bl; +http://www.semrush.com/bot.html)"
172.71.191.68 - - [10/Jan/2026:06:18:10 +0300] "GET /?s=31548130925603 HTTP/1.0" 200 34747 "-" "Mozilla/5.0 (Linux; Android 6.0.1; Nexus 5X Build/MMB29P) AppleWebKit/537.36 (KHTML, like Gecko) Chrome/143.0.7499.169 Mobile Safari/537.36 (compatible; Googlebot/2.1; +http://www.google.com/bot.html)"
162.158.79.168 - - [10/Jan/2026:06:18:14 +0300] "GET /?ID=7419.html HTTP/1.0" 200 20164 "https://www.dom-stroyka.ru/?s=31548130925603" "Mozilla/5.0 (Linux; Android 6.0.1; Nexus 5X Build/MMB29P) AppleWebKit/537.36 (KHTML, like Gecko) Chrome/143.0.7499.169 Mobile Safari/537.36 (compatible; Googlebot/2.1; +http://www.google.com/bot.html)"
172.70.34.82 - - [10/Jan/2026:06:18:16 +0300] "GET /?ID=7401.html HTTP/1.0" 200 20540 "https://www.dom-stroyka.ru/?s=31548130925603" "Mozilla/5.0 (Linux; Android 6.0.1; Nexus 5X Build/MMB29P) AppleWebKit/537.36 (KHTML, like Gecko) Chrome/143.0.7499.169 Mobile Safari/537.36 (compatible; Googlebot/2.1; +http://www.google.com/bot.html)"
172.70.39.64 - - [10/Jan/2026:06:18:19 +0300] "GET /?ID=7839.html HTTP/1.0" 200 9224 "https://www.dom-stroyka.ru/?s=31548130925603" "Mozilla/5.0 (Linux; Android 6.0.1; Nexus 5X Build/MMB29P) AppleWebKit/537.36 (KHTML, like Gecko) Chrome/143.0.7499.169 Mobile Safari/537.36 (compatible; Googlebot/2.1; +http://www.google.com/bot.html)"
162.158.170.194 - - [10/Jan/2026:06:19:37 +0300] "GET //xmlrpc.php?rsd HTTP/1.0" 403 459 "cerisiers.info/blog//wp-login.php" "Mozilla/5.0 (Windows NT 10.0; Win64; x64) AppleWebKit/537.36 (KHTML, like Gecko) Chrome/134.0.0.0 Safari/537.36"
162.158.170.194 - - [10/Jan/2026:06:19:37 +0300] "GET //blog/robots.txt HTTP/1.0" 200 3704 "cerisiers.info/blog//wp-login.php" "Mozilla/5.0 (Windows NT 10.0; Win64; x64) AppleWebKit/537.36 (KHTML, like Gecko) Chrome/134.0.0.0 Safari/537.36"
162.158.170.194 - - [10/Jan/2026:06:19:38 +0300] "GET //blog/ HTTP/1.0" 200 3704 "cerisiers.info/blog//wp-login.php" "Mozilla/5.0 (Windows NT 10.0; Win64; x64) AppleWebKit/537.36 (KHTML, like Gecko) Chrome/134.0.0.0 Safari/537.36"
162.158.170.194 - - [10/Jan/2026:06:19:39 +0300] "GET //wordpress/ HTTP/1.0" 200 3704 "cerisiers.info/blog//wp-login.php" "Mozilla/5.0 (Windows NT 10.0; Win64; x64) AppleWebKit/537.36 (KHTML, like Gecko) Chrome/134.0.0.0 Safari/537.36"
162.158.170.194 - - [10/Jan/2026:06:19:40 +0300] "GET //wp/ HTTP/1.0" 200 3704 "cerisiers.info/blog//wp-login.php" "Mozilla/5.0 (Windows NT 10.0; Win64; x64) AppleWebKit/537.36 (KHTML, like Gecko) Chrome/134.0.0.0 Safari/537.36"
172.70.134.219 - - [10/Jan/2026:06:22:16 +0300] "GET /?s=91758115882201 HTTP/1.0" 200 3704 "-" "Mozilla/5.0 (compatible; SemrushBot/7~bl; +http://www.semrush.com/bot.html)"
172.71.144.53 - - [10/Jan/2026:06:23:55 +0300] "GET /adminer.php HTTP/1.0" 403 459 "-" "python-requests/2.32.4"
172.71.222.48 - - [10/Jan/2026:06:26:57 +0300] "GET /?GameID=2026-01-07/516.html HTTP/1.0" 200 35812 "-" "Mozilla/5.0 (Linux; Android 6.0.1; Nexus 5X Build/MMB29P) AppleWebKit/537.36 (KHTML, like Gecko) Chrome/143.0.7499.169 Mobile Safari/537.36 (compatible; Googlebot/2.1; +http://www.google.com/bot.html)"
162.158.79.168 - - [10/Jan/2026:06:27:02 +0300] "GET /?ID=8393.html HTTP/1.0" 200 9651 "https://www.dom-stroyka.ru/?GameID=2026-01-07/516.html" "Mozilla/5.0 (Linux; Android 6.0.1; Nexus 5X Build/MMB29P) AppleWebKit/537.36 (KHTML, like Gecko) Chrome/143.0.7499.169 Mobile Safari/537.36 (compatible; Googlebot/2.1; +http://www.google.com/bot.html)"
172.71.222.48 - - [10/Jan/2026:06:27:03 +0300] "GET /?ID=8744.html HTTP/1.0" 200 19238 "https://www.dom-stroyka.ru/?GameID=2026-01-07/516.html" "Mozilla/5.0 (Linux; Android 6.0.1; Nexus 5X Build/MMB29P) AppleWebKit/537.36 (KHTML, like Gecko) Chrome/143.0.7499.169 Mobile Safari/537.36 (compatible; Googlebot/2.1; +http://www.google.com/bot.html)"
172.68.150.67 - - [10/Jan/2026:06:28:06 +0300] "GET /wp-content/xdb4fcd/edit.php HTTP/1.0" 200 3704 "https://dom-stroyka.ru/wp-content/xdb4fcd/edit.php" "Mozilla/5.0 (Windows NT 10.0; Win64; x64) AppleWebKit/537.36 (KHTML, like Gecko) Chrome/58.0.3029.110 Safari/537.3"
141.101.76.38 - - [10/Jan/2026:06:34:52 +0300] "GET / HTTP/1.0" 200 3704 "http://DOM-STROYKA.RU" "Mozilla/5.0 (Windows NT 10.0; Win64; x64) AppleWebKit/537.36 (KHTML, like Gecko) Chrome/120.0.0.0 Safari/537.36"
172.70.176.37 - - [10/Jan/2026:06:37:02 +0300] "GET /wp-content/xdb4fcd/edit.php HTTP/1.0" 200 3704 "https://dom-stroyka.ru/wp-content/xdb4fcd/edit.php" "Mozilla/5.0 (Windows NT 10.0; Win64; x64) AppleWebKit/537.36 (KHTML, like Gecko) Chrome/58.0.3029.110 Safari/537.3"
172.70.176.36 - - [10/Jan/2026:06:46:03 +0300] "GET /wp-content/xdb4fcd/edit.php HTTP/1.0" 200 3704 "https://dom-stroyka.ru/wp-content/xdb4fcd/edit.php" "Mozilla/5.0 (Windows NT 10.0; Win64; x64) AppleWebKit/537.36 (KHTML, like Gecko) Chrome/58.0.3029.110 Safari/537.3"
104.23.209.236 - - [10/Jan/2026:06:49:21 +0300] "GET /?s=6855737907908 HTTP/1.0" 200 3704 "-" "Mozilla/5.0 (X11; Linux x86_64) AppleWebKit/537.36 (KHTML, like Gecko) Chrome/143.0.7499.169 Safari/537.36"
172.71.222.49 - - [10/Jan/2026:06:49:40 +0300] "GET /?s=08527140867501 HTTP/1.0" 200 3704 "-" "Mozilla/5.0 (compatible; SemrushBot/7~bl; +http://www.semrush.com/bot.html)"
172.70.176.37 - - [10/Jan/2026:06:55:06 +0300] "GET /wp-content/xdb4fcd/edit.php HTTP/1.0" 200 3704 "https://dom-stroyka.ru/wp-content/xdb4fcd/edit.php" "Mozilla/5.0 (Windows NT 10.0; Win64; x64) AppleWebKit/537.36 (KHTML, like Gecko) Chrome/58.0.3029.110 Safari/537.3"
172.68.245.191 - - [10/Jan/2026:06:57:05 +0300] "GET /robots.txt HTTP/1.1" 404 173 "-" "Mozilla/5.0 (compatible; SemrushBot/7~bl; +http://www.semrush.com/bot.html)"
104.23.211.107 - - [10/Jan/2026:06:57:06 +0300] "GET /?s=47978147327006 HTTP/1.0" 200 3704 "-" "Mozilla/5.0 (compatible; SemrushBot/7~bl; +http://www.semrush.com/bot.html)"
172.70.175.165 - - [10/Jan/2026:06:58:49 +0300] "GET /?s=02488280165400 HTTP/1.0" 200 3704 "-" "Mozilla/5.0 (compatible; SemrushBot/7~bl; +http://www.semrush.com/bot.html)"
172.68.245.210 - - [10/Jan/2026:07:00:38 +0300] "GET /?s=20177166439802 HTTP/1.0" 200 3704 "-" "Mozilla/5.0 (compatible; SemrushBot/7~bl; +http://www.semrush.com/bot.html)"
172.70.39.64 - - [10/Jan/2026:07:00:43 +0300] "GET /?s=12409257859900 HTTP/1.0" 200 50694 "-" "Mozilla/5.0 (Linux; Android 6.0.1; Nexus 5X Build/MMB29P) AppleWebKit/537.36 (KHTML, like Gecko) Chrome/143.0.7499.169 Mobile Safari/537.36 (compatible; Googlebot/2.1; +http://www.google.com/bot.html)"
172.70.39.64 - - [10/Jan/2026:07:00:58 +0300] "GET /?s=86200292447205 HTTP/1.0" 200 3704 "-" "Mozilla/5.0 (compatible; SemrushBot/7~bl; +http://www.semrush.com/bot.html)"
172.70.174.240 - - [10/Jan/2026:07:01:35 +0300] "GET /?s=53319162007208 HTTP/1.0" 200 3704 "-" "Mozilla/5.0 (compatible; SemrushBot/7~bl; +http://www.semrush.com/bot.html)"
172.71.195.97 - - [10/Jan/2026:07:04:28 +0300] "GET /?s=7840739327906 HTTP/1.0" 200 3704 "-" "Mozilla/5.0 (compatible; SemrushBot/7~bl; +http://www.semrush.com/bot.html)"
172.70.176.36 - - [10/Jan/2026:07:05:04 +0300] "GET /wp-content/xdb4fcd/edit.php HTTP/1.0" 200 3704 "https://dom-stroyka.ru/wp-content/xdb4fcd/edit.php" "Mozilla/5.0 (Windows NT 10.0; Win64; x64) AppleWebKit/537.36 (KHTML, like Gecko) Chrome/58.0.3029.110 Safari/537.3"
172.71.195.51 - - [10/Jan/2026:07:10:40 +0300] "GET /?s=83084195233400 HTTP/1.0" 200 3704 "-" "Mozilla/5.0 (compatible; SemrushBot/7~bl; +http://www.semrush.com/bot.html)"
172.70.34.82 - - [10/Jan/2026:07:13:12 +0300] "GET /?s=07980170726705 HTTP/1.0" 200 3704 "-" "Mozilla/5.0 (compatible; SemrushBot/7~bl; +http://www.semrush.com/bot.html)"
172.70.176.37 - - [10/Jan/2026:07:14:08 +0300] "GET /wp-content/xdb4fcd/edit.php HTTP/1.0" 200 3704 "https://dom-stroyka.ru/wp-content/xdb4fcd/edit.php" "Mozilla/5.0 (Windows NT 10.0; Win64; x64) AppleWebKit/537.36 (KHTML, like Gecko) Chrome/58.0.3029.110 Safari/537.3"
162.158.79.85 - - [10/Jan/2026:07:17:09 +0300] "GET /?s=22205160563600 HTTP/1.0" 200 3704 "-" "Mozilla/5.0 (compatible; SemrushBot/7~bl; +http://www.semrush.com/bot.html)"
162.158.79.85 - - [10/Jan/2026:07:21:28 +0300] "GET /?s=89000223228606 HTTP/1.0" 200 3704 "-" "Mozilla/5.0 (compatible; SemrushBot/7~bl; +http://www.semrush.com/bot.html)"
172.70.42.78 - - [10/Jan/2026:07:22:13 +0300] "GET /?s=8200543073903 HTTP/1.0" 200 3704 "-" "Mozilla/5.0 (compatible; SemrushBot/7~bl; +http://www.semrush.com/bot.html)"
172.71.222.48 - - [10/Jan/2026:07:27:30 +0300] "GET /?s=51879225843908 HTTP/1.0" 200 21461 "-" "Mozilla/5.0 (Linux; Android 6.0.1; Nexus 5X Build/MMB29P) AppleWebKit/537.36 (KHTML, like Gecko) Chrome/143.0.7499.169 Mobile Safari/537.36 (compatible; Googlebot/2.1; +http://www.google.com/bot.html)"
172.70.39.64 - - [10/Jan/2026:07:32:41 +0300] "GET /?s=20609296713400 HTTP/1.0" 200 3704 "-" "Mozilla/5.0 (compatible; SemrushBot/7~bl; +http://www.semrush.com/bot.html)"
172.70.176.36 - - [10/Jan/2026:07:34:20 +0300] "GET /wp-content/xdb4fcd/edit.php HTTP/1.0" 200 3704 "https://dom-stroyka.ru/wp-content/xdb4fcd/edit.php" "Mozilla/5.0 (Windows NT 10.0; Win64; x64) AppleWebKit/537.36 (KHTML, like Gecko) Chrome/58.0.3029.110 Safari/537.3"
104.23.213.60 - - [10/Jan/2026:07:35:22 +0300] "GET /?s=7089214695301 HTTP/1.0" 200 3704 "-" "Mozilla/5.0 (compatible; SemrushBot/7~bl; +http://www.semrush.com/bot.html)"
172.70.134.218 - - [10/Jan/2026:07:37:32 +0300] "GET /?s=73078123050302 HTTP/1.0" 200 35097 "-" "Mozilla/5.0 (Linux; Android 6.0.1; Nexus 5X Build/MMB29P) AppleWebKit/537.36 (KHTML, like Gecko) Chrome/143.0.7499.169 Mobile Safari/537.36 (compatible; Googlebot/2.1; +http://www.google.com/bot.html)"
172.71.222.48 - - [10/Jan/2026:07:37:36 +0300] "GET /?ID=9257.html HTTP/1.0" 200 22620 "https://www.dom-stroyka.ru/?s=73078123050302" "Mozilla/5.0 (Linux; Android 6.0.1; Nexus 5X Build/MMB29P) AppleWebKit/537.36 (KHTML, like Gecko) Chrome/143.0.7499.169 Mobile Safari/537.36 (compatible; Googlebot/2.1; +http://www.google.com/bot.html)"
172.70.134.218 - - [10/Jan/2026:07:37:38 +0300] "GET /?ID=9450.html HTTP/1.0" 200 48850 "https://www.dom-stroyka.ru/?s=73078123050302" "Mozilla/5.0 (Linux; Android 6.0.1; Nexus 5X Build/MMB29P) AppleWebKit/537.36 (KHTML, like Gecko) Chrome/143.0.7499.169 Mobile Safari/537.36 (compatible; Googlebot/2.1; +http://www.google.com/bot.html)"
162.158.79.168 - - [10/Jan/2026:07:37:40 +0300] "GET /?ID=9154.html HTTP/1.0" 200 34626 "https://www.dom-stroyka.ru/?s=73078123050302" "Mozilla/5.0 (Linux; Android 6.0.1; Nexus 5X Build/MMB29P) AppleWebKit/537.36 (KHTML, like Gecko) Chrome/143.0.7499.169 Mobile Safari/537.36 (compatible; Googlebot/2.1; +http://www.google.com/bot.html)"
172.68.150.67 - - [10/Jan/2026:07:42:21 +0300] "GET /wp-content/xdb4fcd/edit.php HTTP/1.0" 200 3704 "https://dom-stroyka.ru/wp-content/xdb4fcd/edit.php" "Mozilla/5.0 (Windows NT 10.0; Win64; x64) AppleWebKit/537.36 (KHTML, like Gecko) Chrome/58.0.3029.110 Safari/537.3"
172.70.134.189 - - [10/Jan/2026:07:44:05 +0300] "GET /?s=7639229018103 HTTP/1.0" 200 3704 "-" "Mozilla/5.0 (compatible; SemrushBot/7~bl; +http://www.semrush.com/bot.html)"
172.70.176.37 - - [10/Jan/2026:07:52:19 +0300] "GET /wp-content/xdb4fcd/edit.php HTTP/1.0" 200 3704 "https://dom-stroyka.ru/wp-content/xdb4fcd/edit.php" "Mozilla/5.0 (Windows NT 10.0; Win64; x64) AppleWebKit/537.36 (KHTML, like Gecko) Chrome/58.0.3029.110 Safari/537.3"
172.70.134.219 - - [10/Jan/2026:07:54:59 +0300] "GET /?GameID=2026-01-07/954.html HTTP/1.0" 200 50620 "-" "Mozilla/5.0 (Linux; Android 6.0.1; Nexus 5X Build/MMB29P) AppleWebKit/537.36 (KHTML, like Gecko) Chrome/143.0.7499.169 Mobile Safari/537.36 (compatible; Googlebot/2.1; +http://www.google.com/bot.html)"
172.68.245.191 - - [10/Jan/2026:07:57:32 +0300] "GET /robots.txt HTTP/1.1" 404 173 "-" "Mozilla/5.0 (compatible; SemrushBot/7~bl; +http://www.semrush.com/bot.html)"
172.70.34.82 - - [10/Jan/2026:07:57:33 +0300] "GET /?s=07076193636703 HTTP/1.0" 200 3704 "-" "Mozilla/5.0 (compatible; SemrushBot/7~bl; +http://www.semrush.com/bot.html)"
104.23.211.75 - - [10/Jan/2026:08:01:26 +0300] "GET /robots.txt HTTP/1.1" 404 173 "-" "Mozilla/5.0 (compatible; SemrushBot/7~bl; +http://www.semrush.com/bot.html)"
172.70.174.241 - - [10/Jan/2026:08:01:27 +0300] "GET /?s=18072250603 HTTP/1.0" 200 3704 "-" "Mozilla/5.0 (compatible; SemrushBot/7~bl; +http://www.semrush.com/bot.html)"
172.70.176.37 - - [10/Jan/2026:08:02:19 +0300] "GET /wp-content/xdb4fcd/edit.php HTTP/1.0" 200 3704 "https://dom-stroyka.ru/wp-content/xdb4fcd/edit.php" "Mozilla/5.0 (Windows NT 10.0; Win64; x64) AppleWebKit/537.36 (KHTML, like Gecko) Chrome/58.0.3029.110 Safari/537.3"
172.71.222.49 - - [10/Jan/2026:08:05:37 +0300] "GET /?s=76020159831500 HTTP/1.0" 200 3704 "-" "Mozilla/5.0 (compatible; SemrushBot/7~bl; +http://www.semrush.com/bot.html)"
162.158.211.8 - - [10/Jan/2026:08:07:04 +0300] "GET /evolution.tar.gz HTTP/1.0" 200 3704 "-" "Mozilla/5.0 (Windows NT 10.0; Win64; x64) AppleWebKit/537.36 (KHTML, like Gecko) Chrome/101.0.4951.67 Safari/537.36"
172.71.195.98 - - [10/Jan/2026:08:09:52 +0300] "GET /?s=4206778508300 HTTP/1.0" 200 3704 "-" "Mozilla/5.0 (compatible; SemrushBot/7~bl; +http://www.semrush.com/bot.html)"
172.70.134.188 - - [10/Jan/2026:08:11:32 +0300] "GET /?s=98717244009503 HTTP/1.0" 200 3704 "-" "Mozilla/5.0 (compatible; SemrushBot/7~bl; +http://www.semrush.com/bot.html)"
172.70.176.37 - - [10/Jan/2026:08:11:36 +0300] "GET /wp-content/xdb4fcd/edit.php HTTP/1.0" 200 3704 "https://dom-stroyka.ru/wp-content/xdb4fcd/edit.php" "Mozilla/5.0 (Windows NT 10.0; Win64; x64) AppleWebKit/537.36 (KHTML, like Gecko) Chrome/58.0.3029.110 Safari/537.3"
172.70.39.63 - - [10/Jan/2026:08:14:31 +0300] "GET /?s=7201131265900 HTTP/1.0" 200 3704 "-" "Mozilla/5.0 (compatible; SemrushBot/7~bl; +http://www.semrush.com/bot.html)"
104.23.213.187 - - [10/Jan/2026:08:16:01 +0300] "GET /?s=00811268740300 HTTP/1.0" 200 35616 "-" "Mozilla/5.0 (Linux; Android 6.0.1; Nexus 5X Build/MMB29P) AppleWebKit/537.36 (KHTML, like Gecko) Chrome/143.0.7499.169 Mobile Safari/537.36 (compatible; Googlebot/2.1; +http://www.google.com/bot.html)"
104.23.213.187 - - [10/Jan/2026:08:16:08 +0300] "GET /?ID=3188.html HTTP/1.0" 200 34717 "https://www.dom-stroyka.ru/?s=00811268740300" "Mozilla/5.0 (Linux; Android 6.0.1; Nexus 5X Build/MMB29P) AppleWebKit/537.36 (KHTML, like Gecko) Chrome/143.0.7499.169 Mobile Safari/537.36 (compatible; Googlebot/2.1; +http://www.google.com/bot.html)"
172.68.245.80 - - [10/Jan/2026:08:16:10 +0300] "GET /?ID=3657.html HTTP/1.0" 200 10164 "https://www.dom-stroyka.ru/?s=00811268740300" "Mozilla/5.0 (Linux; Android 6.0.1; Nexus 5X Build/MMB29P) AppleWebKit/537.36 (KHTML, like Gecko) Chrome/143.0.7499.169 Mobile Safari/537.36 (compatible; Googlebot/2.1; +http://www.google.com/bot.html)"
172.68.150.67 - - [10/Jan/2026:08:21:21 +0300] "GET /wp-content/xdb4fcd/edit.php HTTP/1.0" 200 3704 "https://dom-stroyka.ru/wp-content/xdb4fcd/edit.php" "Mozilla/5.0 (Windows NT 10.0; Win64; x64) AppleWebKit/537.36 (KHTML, like Gecko) Chrome/58.0.3029.110 Safari/537.3"
172.71.191.67 - - [10/Jan/2026:08:22:01 +0300] "GET /?s=84248111571100 HTTP/1.0" 200 3704 "-" "Mozilla/5.0 (compatible; SemrushBot/7~bl; +http://www.semrush.com/bot.html)"
172.68.245.81 - - [10/Jan/2026:08:24:10 +0300] "GET /?s=22375140738600 HTTP/1.0" 200 35294 "-" "Mozilla/5.0 (Linux; Android 6.0.1; Nexus 5X Build/MMB29P) AppleWebKit/537.36 (KHTML, like Gecko) Chrome/143.0.7499.169 Mobile Safari/537.36 (compatible; Googlebot/2.1; +http://www.google.com/bot.html)"
172.71.222.49 - - [10/Jan/2026:08:24:22 +0300] "GET /?GameID=2026-01-10/972.html HTTP/1.0" 200 49365 "https://www.dom-stroyka.ru/?s=22375140738600" "Mozilla/5.0 (Linux; Android 6.0.1; Nexus 5X Build/MMB29P) AppleWebKit/537.36 (KHTML, like Gecko) Chrome/143.0.7499.169 Mobile Safari/537.36 (compatible; Googlebot/2.1; +http://www.google.com/bot.html)"
172.68.245.81 - - [10/Jan/2026:08:24:25 +0300] "GET /?GameID=2026-01-10/330.html HTTP/1.0" 200 36029 "https://www.dom-stroyka.ru/?s=22375140738600" "Mozilla/5.0 (Linux; Android 6.0.1; Nexus 5X Build/MMB29P) AppleWebKit/537.36 (KHTML, like Gecko) Chrome/143.0.7499.169 Mobile Safari/537.36 (compatible; Googlebot/2.1; +http://www.google.com/bot.html)"
172.68.138.170 - - [10/Jan/2026:08:24:27 +0300] "GET /?GameID=2026-01-10/340.html HTTP/1.0" 200 49967 "https://www.dom-stroyka.ru/?s=22375140738600" "Mozilla/5.0 (Linux; Android 6.0.1; Nexus 5X Build/MMB29P) AppleWebKit/537.36 (KHTML, like Gecko) Chrome/143.0.7499.169 Mobile Safari/537.36 (compatible; Googlebot/2.1; +http://www.google.com/bot.html)"
172.64.200.182 - - [10/Jan/2026:08:25:07 +0300] "GET /index.php/jk HTTP/1.0" 200 3704 "-" "Mozilla/5.0 (iPad; U; CPU OS 4_2_3 like Mac OS X; ja) AppleWebKit/533.17.9 (KHTML, like Gecko) Version/5.0.2 Mobile/8J2 Safari/6533.18.5"
172.71.190.32 - - [10/Jan/2026:08:30:58 +0300] "GET /?s=129893253800 HTTP/1.0" 200 3704 "-" "Mozilla/5.0 (compatible; SemrushBot/7~bl; +http://www.semrush.com/bot.html)"
172.70.176.36 - - [10/Jan/2026:08:31:02 +0300] "GET /wp-content/xdb4fcd/edit.php HTTP/1.0" 200 3704 "https://dom-stroyka.ru/wp-content/xdb4fcd/edit.php" "Mozilla/5.0 (Windows NT 10.0; Win64; x64) AppleWebKit/537.36 (KHTML, like Gecko) Chrome/58.0.3029.110 Safari/537.3"
172.71.195.52 - - [10/Jan/2026:08:33:35 +0300] "GET /?s=4502512738803 HTTP/1.0" 200 3704 "-" "Mozilla/5.0 (compatible; SemrushBot/7~bl; +http://www.semrush.com/bot.html)"
172.68.150.66 - - [10/Jan/2026:08:40:06 +0300] "GET /wp-content/xdb4fcd/edit.php HTTP/1.0" 200 3704 "https://dom-stroyka.ru/wp-content/xdb4fcd/edit.php" "Mozilla/5.0 (Windows NT 10.0; Win64; x64) AppleWebKit/537.36 (KHTML, like Gecko) Chrome/58.0.3029.110 Safari/537.3"
104.23.209.237 - - [10/Jan/2026:08:40:45 +0300] "GET /?s=20930182843702 HTTP/1.0" 200 3704 "-" "Mozilla/5.0 (compatible; SemrushBot/7~bl; +http://www.semrush.com/bot.html)"
172.71.222.48 - - [10/Jan/2026:08:45:34 +0300] "GET /?s=00038255272405 HTTP/1.0" 200 3704 "-" "Mozilla/5.0 (compatible; SemrushBot/7~bl; +http://www.semrush.com/bot.html)"
172.71.195.51 - - [10/Jan/2026:08:47:59 +0300] "GET /?s=7011227689500 HTTP/1.0" 200 3704 "-" "Mozilla/5.0 (compatible; SemrushBot/7~bl; +http://www.semrush.com/bot.html)"
172.70.34.82 - - [10/Jan/2026:08:48:08 +0300] "GET /?s=8589056764401 HTTP/1.0" 200 49729 "-" "Mozilla/5.0 (Linux; Android 6.0.1; Nexus 5X Build/MMB29P) AppleWebKit/537.36 (KHTML, like Gecko) Chrome/143.0.7499.169 Mobile Safari/537.36 (compatible; Googlebot/2.1; +http://www.google.com/bot.html)"
172.68.150.67 - - [10/Jan/2026:08:50:07 +0300] "GET /wp-content/xdb4fcd/edit.php HTTP/1.0" 200 3704 "https://dom-stroyka.ru/wp-content/xdb4fcd/edit.php" "Mozilla/5.0 (Windows NT 10.0; Win64; x64) AppleWebKit/537.36 (KHTML, like Gecko) Chrome/58.0.3029.110 Safari/537.3"
104.23.209.237 - - [10/Jan/2026:08:52:03 +0300] "GET /?s=39705170436300 HTTP/1.0" 200 3704 "-" "Mozilla/5.0 (compatible; SemrushBot/7~bl; +http://www.semrush.com/bot.html)"
104.23.211.106 - - [10/Jan/2026:08:53:21 +0300] "GET /?s=13491155891600 HTTP/1.0" 200 35051 "-" "Mozilla/5.0 (Linux; Android 6.0.1; Nexus 5X Build/MMB29P) AppleWebKit/537.36 (KHTML, like Gecko) Chrome/143.0.7499.169 Mobile Safari/537.36 (compatible; Googlebot/2.1; +http://www.google.com/bot.html)"
172.70.42.183 - - [10/Jan/2026:08:53:26 +0300] "GET /?ID=9886.html HTTP/1.0" 200 34748 "https://www.dom-stroyka.ru/?s=13491155891600" "Mozilla/5.0 (Linux; Android 6.0.1; Nexus 5X Build/MMB29P) AppleWebKit/537.36 (KHTML, like Gecko) Chrome/143.0.7499.169 Mobile Safari/537.36 (compatible; Googlebot/2.1; +http://www.google.com/bot.html)"
104.23.213.187 - - [10/Jan/2026:08:53:28 +0300] "GET /?ID=9496.html HTTP/1.0" 200 50357 "https://www.dom-stroyka.ru/?s=13491155891600" "Mozilla/5.0 (Linux; Android 6.0.1; Nexus 5X Build/MMB29P) AppleWebKit/537.36 (KHTML, like Gecko) Chrome/143.0.7499.169 Mobile Safari/537.36 (compatible; Googlebot/2.1; +http://www.google.com/bot.html)"
104.23.213.187 - - [10/Jan/2026:08:53:32 +0300] "GET /?GameID=2026-01-08/idkwok.html HTTP/1.0" 200 37141 "-" "Mozilla/5.0 (Linux; Android 6.0.1; Nexus 5X Build/MMB29P) AppleWebKit/537.36 (KHTML, like Gecko) Chrome/143.0.7499.169 Mobile Safari/537.36 (compatible; Googlebot/2.1; +http://www.google.com/bot.html)"
172.68.245.80 - - [10/Jan/2026:08:53:35 +0300] "GET /?ID=9647.html HTTP/1.0" 200 35323 "https://www.dom-stroyka.ru/?s=13491155891600" "Mozilla/5.0 (Linux; Android 6.0.1; Nexus 5X Build/MMB29P) AppleWebKit/537.36 (KHTML, like Gecko) Chrome/143.0.7499.169 Mobile Safari/537.36 (compatible; Googlebot/2.1; +http://www.google.com/bot.html)"
172.71.195.51 - - [10/Jan/2026:08:53:40 +0300] "GET /?ID=6489.html HTTP/1.0" 200 10154 "https://www.dom-stroyka.ru/?GameID=2026-01-08/idkwok.html" "Mozilla/5.0 (Linux; Android 6.0.1; Nexus 5X Build/MMB29P) AppleWebKit/537.36 (KHTML, like Gecko) Chrome/143.0.7499.169 Mobile Safari/537.36 (compatible; Googlebot/2.1; +http://www.google.com/bot.html)"
104.23.213.187 - - [10/Jan/2026:08:53:41 +0300] "GET /?ID=6958.html HTTP/1.0" 200 19233 "https://www.dom-stroyka.ru/?GameID=2026-01-08/idkwok.html" "Mozilla/5.0 (Linux; Android 6.0.1; Nexus 5X Build/MMB29P) AppleWebKit/537.36 (KHTML, like Gecko) Chrome/143.0.7499.169 Mobile Safari/537.36 (compatible; Googlebot/2.1; +http://www.google.com/bot.html)"
172.70.39.63 - - [10/Jan/2026:08:53:44 +0300] "GET /?ID=6662.html HTTP/1.0" 200 36077 "https://www.dom-stroyka.ru/?GameID=2026-01-08/idkwok.html" "Mozilla/5.0 (Linux; Android 6.0.1; Nexus 5X Build/MMB29P) AppleWebKit/537.36 (KHTML, like Gecko) Chrome/143.0.7499.169 Mobile Safari/537.36 (compatible; Googlebot/2.1; +http://www.google.com/bot.html)"
104.23.211.195 - - [10/Jan/2026:08:55:03 +0300] "GET /?s=94978229418803 HTTP/1.0" 200 3704 "-" "Mozilla/5.0 (compatible; SemrushBot/7~bl; +http://www.semrush.com/bot.html)"
172.70.42.79 - - [10/Jan/2026:08:58:57 +0300] "GET /?s=7619092509101 HTTP/1.0" 200 3704 "-" "Mozilla/5.0 (compatible; SemrushBot/7~bl; +http://www.semrush.com/bot.html)"
172.69.95.148 - - [10/Jan/2026:08:59:14 +0300] "GET /wp-content/plugins/autoload_classmap.php HTTP/1.0" 200 3704 "https://www.google.de/" "Mozilla/5.0 (iPhone; CPU iPhone OS 16_0 like Mac OS X) AppleWebKit/605.1.15 (KHTML, like Gecko) FxiOS/118.0 Mobile/15E148 Safari/605.1.15"
172.69.95.121 - - [10/Jan/2026:08:59:15 +0300] "GET /wp-includes/assets/ty.php HTTP/1.0" 200 3704 "https://www.google.de/" "Mozilla/5.0 (Linux; Android 14; Pixel 8 Pro) AppleWebKit/537.36 (KHTML, like Gecko) Chrome/119.0.0.0 Mobile Safari/537.36"
172.69.95.121 - - [10/Jan/2026:08:59:16 +0300] "GET /xmlrpc.php HTTP/1.0" 403 459 "https://duckduckgo.com/" "Mozilla/5.0 (Linux; Android 14; Pixel 8 Pro) AppleWebKit/537.36 (KHTML, like Gecko) Chrome/119.0.0.0 Mobile Safari/537.36"
172.69.95.121 - - [10/Jan/2026:08:59:16 +0300] "GET /autoload_classmap.php HTTP/1.0" 403 459 "https://www.yahoo.com/" "Mozilla/5.g (Linux; Android 13; Pixel 7) AppleWebKit/537.36 (KHTML, like Gecko) Chrome/116.0.0.0 Mobile Safari/537.36"
172.69.95.121 - - [10/Jan/2026:08:59:16 +0300] "GET /.well-known/acme-challenge/about.php HTTP/1.1" 404 173 "https://www.google.de/" "Mozilla/5.0 (iPad; CPU OS 17_0_3 like Mac OS X) AppleWebKit/605.1.15 (KHTML, like Gecko) Version/17.0.1 Mobile/15E148 Safari/604.1"
172.69.95.121 - - [10/Jan/2026:08:59:17 +0300] "GET /NewFile.php HTTP/1.0" 403 459 "https://www.google.co.uk/" "Mozilla/5.0 (Linux; Android 10; LM-Q720) AppleWebKit/537.36 (KHTML, like Gecko) Chrome/116.0.0.0 Mobile Safari/537.36"
172.69.95.121 - - [10/Jan/2026:08:59:17 +0300] "GET /adminfuns.php HTTP/1.0" 403 459 "https://www.bing.com/" "Mozilla/5.0 (iPhone; CPU iPhone OS 16_6_1 like Mac OS X) AppleWebKit/605.1.15 (KHTML, like Gecko) Version/16.6 Mobile/15E148 Safari/604.1"
172.69.95.121 - - [10/Jan/2026:08:59:17 +0300] "GET /inputs.php HTTP/1.0" 403 459 "https://www.google.fr/" "Mozilla/5.0 (Linux; Android 14; Pixel 8 Pro) AppleWebKit/537.36 (KHTML, like Gecko) Chrome/119.0.0.0 Mobile Safari/537.36"
172.69.95.121 - - [10/Jan/2026:08:59:18 +0300] "GET /upload.php HTTP/1.0" 403 459 "https://www.google.com/" "Mozilla/5.0 (iPhone; CPU iPhone OS 17_1 like Mac OS X) AppleWebKit/605.1.15 (KHTML, like Gecko) CriOS/119.0.6045.109 Mobile/15E148 Safari/604.1"
172.69.95.121 - - [10/Jan/2026:08:59:18 +0300] "GET /simple.php HTTP/1.0" 403 459 "https://www.google.fr/" "Mozilla/5.0 (iPhone; CPU iPhone OS 17_1 like Mac OS X) AppleWebKit/605.1.15 (KHTML, like Gecko) CriOS/119.0.6045.109 Mobile/15E148 Safari/604.1"
172.69.95.121 - - [10/Jan/2026:08:59:18 +0300] "GET /alfa-rex.php7 HTTP/1.0" 200 3704 "https://www.yahoo.com/" "Mozilla/5.0 (iPad; CPU OS 17_0_3 like Mac OS X) AppleWebKit/605.1.15 (KHTML, like Gecko) Version/17.0.1 Mobile/15E148 Safari/604.1"
172.69.95.121 - - [10/Jan/2026:08:59:19 +0300] "GET /tinyy.php HTTP/1.0" 403 459 "https://www.bing.com/" "Mozilla/5.0 (iPhone; CPU iPhone OS 16_6_1 like Mac OS X) AppleWebKit/605.1.15 (KHTML, like Gecko) Version/16.6 Mobile/15E148 Safari/604.1"
172.69.95.121 - - [10/Jan/2026:08:59:19 +0300] "GET /makeasmtp.php HTTP/1.0" 403 459 "https://duckduckgo.com/" "Mozilla/5.0 (iPhone; CPU iPhone OS 16_0 like Mac OS X) AppleWebKit/605.1.15 (KHTML, like Gecko) FxiOS/118.0 Mobile/15E148 Safari/605.1.15"
172.69.95.121 - - [10/Jan/2026:08:59:19 +0300] "GET /elp.php HTTP/1.0" 403 459 "https://www.google.co.uk/" "Mozilla/5.0 (Linux; Android 11; 21081111RG) AppleWebKit/537.36 (KHTML, like Gecko) Chrome/116.0.0.0 Mobile Safari/537.36"
172.69.95.148 - - [10/Jan/2026:08:59:20 +0300] "GET /flower.php HTTP/1.0" 403 459 "https://duckduckgo.com/" "Mozilla/5.0 (Linux; Android 13; SM-S908E) AppleWebKit/537.36 (KHTML, like Gecko) Chrome/116.0.0.0 Mobile Safari/537.36"
172.69.95.148 - - [10/Jan/2026:08:59:20 +0300] "GET /bala.php HTTP/1.0" 403 459 "https://www.yahoo.com/" "Mozilla/5.0 (Linux; Android 12; V2134) AppleWebKit/537.36 (KHTML, like Gecko) Chrome/116.0.0.0 Mobile Safari/537.36"
172.69.95.148 - - [10/Jan/2026:08:59:20 +0300] "GET /goods.php HTTP/1.0" 403 459 "https://www.google.com/" "Mozilla/5.0 (Linux; Android 12; 2201116SG) AppleWebKit/537.36 (KHTML, like Gecko) Chrome/116.0.0.0 Mobile Safari/537.36"
172.69.95.148 - - [10/Jan/2026:08:59:21 +0300] "GET /bolt.php HTTP/1.0" 403 459 "https://duckduckgo.com/" "Mozilla/5.0 (Linux; Android 13; SM-S908E) AppleWebKit/537.36 (KHTML, like Gecko) Chrome/116.0.0.0 Mobile Safari/537.36"
172.69.95.148 - - [10/Jan/2026:08:59:21 +0300] "GET /man.php HTTP/1.0" 403 459 "https://www.google.co.uk/" "Mozilla/5.0 (Linux; Android 13; M2101K6G) AppleWebKit/537.36 (KHTML, like Gecko) Chrome/116.0.0.0 Mobile Safari/537.36"
172.69.95.148 - - [10/Jan/2026:08:59:22 +0300] "GET /bless.php HTTP/1.0" 403 459 "https://duckduckgo.com/" "Mozilla/5.0 (Linux; Android 12; SM-A525F) AppleWebKit/537.36 (KHTML, like Gecko) Chrome/117.0.0.0 Mobile Safari/537.36"
172.69.95.148 - - [10/Jan/2026:08:59:22 +0300] "GET /system.php HTTP/1.0" 403 459 "https://www.google.fr/" "Mozilla/5.0 (Linux; Android 12; SM-A525F) AppleWebKit/537.36 (KHTML, like Gecko) Chrome/117.0.0.0 Mobile Safari/537.36"
172.69.95.148 - - [10/Jan/2026:08:59:22 +0300] "GET /about.php HTTP/1.0" 200 3704 "https://www.google.de/" "Mozilla/5.0 (Linux; Android 14; Pixel 8 Pro) AppleWebKit/537.36 (KHTML, like Gecko) Chrome/119.0.0.0 Mobile Safari/537.36"
172.69.95.148 - - [10/Jan/2026:08:59:23 +0300] "GET /text.php HTTP/1.0" 403 459 "https://www.google.com/" "Mozilla/5.0 (Linux; Android 12; 2201116SG) AppleWebKit/537.36 (KHTML, like Gecko) Chrome/116.0.0.0 Mobile Safari/537.36"
172.69.95.148 - - [10/Jan/2026:08:59:23 +0300] "GET /abcd.php HTTP/1.0" 403 459 "https://www.yahoo.com/" "Mozilla/5.0 (iPhone; CPU iPhone OS 17_1 like Mac OS X) AppleWebKit/605.1.15 (KHTML, like Gecko) CriOS/119.0.6045.109 Mobile/15E148 Safari/604.1"
172.69.95.148 - - [10/Jan/2026:08:59:23 +0300] "GET /admin.php HTTP/1.0" 403 459 "https://www.google.fr/" "Mozilla/5.0 (iPhone; CPU iPhone OS 15_7_9 like Mac OS X) AppleWebKit/605.1.15 (KHTML, like Gecko) Version/15.6.5 Mobile/15E148 Safari/604.1"
172.69.95.148 - - [10/Jan/2026:08:59:24 +0300] "GET /files.php HTTP/1.0" 403 459 "https://www.yahoo.com/" "Mozilla/5.0 (iPhone; CPU iPhone OS 15_7_9 like Mac OS X) AppleWebKit/605.1.15 (KHTML, like Gecko) Version/15.6.5 Mobile/15E148 Safari/604.1"
172.69.95.148 - - [10/Jan/2026:08:59:24 +0300] "GET /file.php HTTP/1.0" 403 459 "https://www.google.fr/" "Mozilla/5.0 (Linux; Android 12; 2201116SG) AppleWebKit/537.36 (KHTML, like Gecko) Chrome/116.0.0.0 Mobile Safari/537.36"
172.69.95.148 - - [10/Jan/2026:08:59:24 +0300] "GET /moon.php HTTP/1.0" 403 459 "https://www.google.de/" "Mozilla/5.0 (iPhone; CPU iPhone OS 15_7_9 like Mac OS X) AppleWebKit/605.1.15 (KHTML, like Gecko) Version/15.6.5 Mobile/15E148 Safari/604.1"
172.69.95.148 - - [10/Jan/2026:08:59:25 +0300] "GET /akcc.php HTTP/1.0" 403 459 "https://www.yahoo.com/" "Mozilla/5.0 (Linux; Android 13; SM-G991U) AppleWebKit/537.36 (KHTML, like Gecko) Chrome/117.0.0.0 Mobile Safari/537.36"
172.69.95.148 - - [10/Jan/2026:08:59:25 +0300] "GET /gecko-new.php HTTP/1.0" 403 459 "https://duckduckgo.com/" "Mozilla/5.0 (Linux; Android 11; CPH2251) AppleWebKit/537.36 (KHTML, like Gecko) Chrome/116.0.0.0 Mobile Safari/537.36"
172.69.95.148 - - [10/Jan/2026:08:59:25 +0300] "GET /admin-header.php HTTP/1.0" 403 459 "https://duckduckgo.com/" "Mozilla/5.g (Linux; Android 13; Pixel 7) AppleWebKit/537.36 (KHTML, like Gecko) Chrome/116.0.0.0 Mobile Safari/537.36"
172.69.95.148 - - [10/Jan/2026:08:59:26 +0300] "GET /edit.php HTTP/1.0" 403 459 "https://www.yahoo.com/" "Mozilla/5.0 (iPhone; CPU iPhone OS 17_1_1 like Mac OS X) AppleWebKit/605.1.15 (KHTML, like Gecko) Version/17.1 Mobile/15E148 Safari/604.1"
172.69.95.148 - - [10/Jan/2026:08:59:26 +0300] "GET /ioxi-o.php HTTP/1.0" 403 459 "https://www.google.com/" "Mozilla/5.0 (Linux; Android 12; 2201116SG) AppleWebKit/537.36 (KHTML, like Gecko) Chrome/116.0.0.0 Mobile Safari/537.36"
172.69.95.148 - - [10/Jan/2026:08:59:26 +0300] "GET /info.php HTTP/1.0" 403 459 "https://www.yahoo.com/" "Mozilla/5.0 (Linux; Android 13; SM-G991U) AppleWebKit/537.36 (KHTML, like Gecko) Chrome/117.0.0.0 Mobile Safari/537.36"
172.69.95.148 - - [10/Jan/2026:08:59:27 +0300] "GET /lock360.php HTTP/1.0" 403 459 "https://www.google.de/" "Mozilla/5.0 (Linux; Android 13; M2101K6G) AppleWebKit/537.36 (KHTML, like Gecko) Chrome/116.0.0.0 Mobile Safari/537.36"
172.69.95.148 - - [10/Jan/2026:08:59:27 +0300] "GET /ws.php HTTP/1.0" 403 459 "https://duckduckgo.com/" "Mozilla/5.0 (iPhone; CPU iPhone OS 16_6_1 like Mac OS X) AppleWebKit/605.1.15 (KHTML, like Gecko) Version/16.6 Mobile/15E148 Safari/604.1"
172.69.95.148 - - [10/Jan/2026:08:59:27 +0300] "GET /file4.php HTTP/1.0" 403 459 "https://www.google.co.uk/" "Mozilla/5.0 (iPhone; CPU iPhone OS 17_1 like Mac OS X) AppleWebKit/605.1.15 (KHTML, like Gecko) CriOS/119.0.6045.109 Mobile/15E148 Safari/604.1"
172.69.95.148 - - [10/Jan/2026:08:59:28 +0300] "GET /wp-good.php HTTP/1.0" 403 459 "https://www.google.de/" "Mozilla/5.0 (Linux; Android 13; SM-S908E) AppleWebKit/537.36 (KHTML, like Gecko) Chrome/116.0.0.0 Mobile Safari/537.36"
172.69.95.148 - - [10/Jan/2026:08:59:28 +0300] "GET /content.php HTTP/1.0" 403 459 "https://www.google.de/" "Mozilla/5.0 (iPad; CPU OS 16_7_2 like Mac OS X) AppleWebKit/605.1.15 (KHTML, like Gecko) Version/16.6 Mobile/15E148 Safari/604.1"
172.69.95.148 - - [10/Jan/2026:08:59:28 +0300] "GET /wp-signup.php HTTP/1.0" 403 459 "https://www.google.de/" "Mozilla/5.0 (Linux; Android 12; V2134) AppleWebKit/537.36 (KHTML, like Gecko) Chrome/116.0.0.0 Mobile Safari/537.36"
172.69.95.148 - - [10/Jan/2026:08:59:29 +0300] "GET /log.php HTTP/1.0" 403 459 "https://duckduckgo.com/" "Mozilla/5.0 (Linux; Android 10; LM-Q720) AppleWebKit/537.36 (KHTML, like Gecko) Chrome/116.0.0.0 Mobile Safari/537.36"
172.69.95.148 - - [10/Jan/2026:08:59:34 +0300] "GET /hplfuns.php HTTP/1.0" 403 459 "https://www.google.de/" "Mozilla/5.0 (Linux; Android 13; M2101K6G) AppleWebKit/537.36 (KHTML, like Gecko) Chrome/116.0.0.0 Mobile Safari/537.36"
172.69.95.148 - - [10/Jan/2026:08:59:34 +0300] "GET /ahax.php HTTP/1.0" 403 459 "https://www.google.de/" "Mozilla/5.0 (Linux; Android 14; Pixel 8 Pro) AppleWebKit/537.36 (KHTML, like Gecko) Chrome/119.0.0.0 Mobile Safari/537.36"
172.69.95.148 - - [10/Jan/2026:08:59:34 +0300] "GET /atomlib.php HTTP/1.0" 403 459 "https://www.google.de/" "Mozilla/5.g (Linux; Android 13; Pixel 7) AppleWebKit/537.36 (KHTML, like Gecko) Chrome/116.0.0.0 Mobile Safari/537.36"
172.69.95.148 - - [10/Jan/2026:08:59:35 +0300] "GET /server.php HTTP/1.0" 403 459 "https://duckduckgo.com/" "Mozilla/5.0 (Linux; Android 13; SM-G991U) AppleWebKit/537.36 (KHTML, like Gecko) Chrome/117.0.0.0 Mobile Safari/537.36"
172.69.95.148 - - [10/Jan/2026:08:59:35 +0300] "GET /wp-trackback.php HTTP/1.0" 403 459 "https://www.google.de/" "Mozilla/5.g (Linux; Android 13; Pixel 7) AppleWebKit/537.36 (KHTML, like Gecko) Chrome/116.0.0.0 Mobile Safari/537.36"
172.69.95.148 - - [10/Jan/2026:08:59:35 +0300] "GET /radio.php HTTP/1.0" 403 459 "https://duckduckgo.com/" "Mozilla/5.0 (iPhone; CPU iPhone OS 17_1 like Mac OS X) AppleWebKit/605.1.15 (KHTML, like Gecko) CriOS/119.0.6045.109 Mobile/15E148 Safari/604.1"
172.69.95.148 - - [10/Jan/2026:08:59:36 +0300] "GET /wp-setup.php HTTP/1.0" 403 459 "https://www.google.de/" "Mozilla/5.0 (iPhone; CPU iPhone OS 17_0_3 like Mac OS X) AppleWebKit/605.1.15 (KHTML, like Gecko) Version/17.0.1 Mobile/15E148 Safari/604.1"
172.69.95.148 - - [10/Jan/2026:08:59:36 +0300] "GET /options.php HTTP/1.0" 403 459 "https://www.google.fr/" "Mozilla/5.g (Linux; Android 13; Pixel 7) AppleWebKit/537.36 (KHTML, like Gecko) Chrome/116.0.0.0 Mobile Safari/537.36"
172.69.95.148 - - [10/Jan/2026:08:59:36 +0300] "GET /wp-user.php HTTP/1.0" 403 459 "https://www.yahoo.com/" "Mozilla/5.0 (iPhone; CPU iPhone OS 17_1_1 like Mac OS X) AppleWebKit/605.1.15 (KHTML, like Gecko) Version/17.1 Mobile/15E148 Safari/604.1"
172.69.95.148 - - [10/Jan/2026:08:59:37 +0300] "GET /new.php HTTP/1.0" 403 459 "https://duckduckgo.com/" "Mozilla/5.0 (Linux; Android 10; LM-Q720) AppleWebKit/537.36 (KHTML, like Gecko) Chrome/116.0.0.0 Mobile Safari/537.36"
172.69.95.148 - - [10/Jan/2026:08:59:37 +0300] "GET /classwithtostring.php HTTP/1.0" 403 459 "https://www.yahoo.com/" "Mozilla/5.0 (Linux; Android 11; 21081111RG) AppleWebKit/537.36 (KHTML, like Gecko) Chrome/116.0.0.0 Mobile Safari/537.36"
172.69.95.148 - - [10/Jan/2026:08:59:38 +0300] "GET /bgymj.php HTTP/1.0" 403 459 "https://www.google.fr/" "Mozilla/5.0 (Linux; Android 10; K) AppleWebKit/537.36 (KHTML, like Gecko) Chrome/117.0.0.0 Mobile Safari/537.36"
172.69.95.148 - - [10/Jan/2026:08:59:38 +0300] "GET /default.php HTTP/1.0" 403 459 "https://www.google.fr/" "Mozilla/5.0 (iPad; CPU OS 17_0_3 like Mac OS X) AppleWebKit/605.1.15 (KHTML, like Gecko) Version/17.0.1 Mobile/15E148 Safari/604.1"
172.69.95.148 - - [10/Jan/2026:08:59:38 +0300] "GET /root.php HTTP/1.0" 403 459 "https://www.google.de/" "Mozilla/5.0 (iPhone; CPU iPhone OS 17_0_3 like Mac OS X) AppleWebKit/605.1.15 (KHTML, like Gecko) Version/17.0.1 Mobile/15E148 Safari/604.1"
172.69.95.148 - - [10/Jan/2026:08:59:39 +0300] "GET /wp-file.php HTTP/1.0" 403 459 "https://www.google.com/" "Mozilla/5.0 (iPhone; CPU iPhone OS 17_1_1 like Mac OS X) AppleWebKit/605.1.15 (KHTML, like Gecko) Version/17.1 Mobile/15E148 Safari/604.1"
172.69.95.148 - - [10/Jan/2026:08:59:39 +0300] "GET /themes.php HTTP/1.0" 403 459 "https://www.google.fr/" "Mozilla/5.0 (Linux; Android 11; 21081111RG) AppleWebKit/537.36 (KHTML, like Gecko) Chrome/116.0.0.0 Mobile Safari/537.36"
172.69.95.148 - - [10/Jan/2026:08:59:39 +0300] "GET /gmo.php HTTP/1.0" 403 459 "https://www.google.com/" "Mozilla/5.0 (Linux; Android 13; SM-G991U) AppleWebKit/537.36 (KHTML, like Gecko) Chrome/117.0.0.0 Mobile Safari/537.36"
172.69.95.148 - - [10/Jan/2026:08:59:40 +0300] "GET /asasx.php HTTP/1.0" 403 459 "https://www.google.com/" "Mozilla/5.0 (iPad; CPU OS 17_0_3 like Mac OS X) AppleWebKit/605.1.15 (KHTML, like Gecko) Version/17.0.1 Mobile/15E148 Safari/604.1"
172.69.95.148 - - [10/Jan/2026:08:59:40 +0300] "GET /xleet.php HTTP/1.0" 403 459 "https://duckduckgo.com/" "Mozilla/5.0 (Linux; Android 13; SM-G991U) AppleWebKit/537.36 (KHTML, like Gecko) Chrome/117.0.0.0 Mobile Safari/537.36"
172.69.95.148 - - [10/Jan/2026:08:59:41 +0300] "GET /wp-error.php HTTP/1.0" 403 459 "https://www.google.de/" "Mozilla/5.0 (Linux; Android 13; SM-S908E) AppleWebKit/537.36 (KHTML, like Gecko) Chrome/116.0.0.0 Mobile Safari/537.36"
172.68.150.67 - - [10/Jan/2026:09:00:06 +0300] "GET /wp-content/xdb4fcd/edit.php HTTP/1.0" 200 3704 "https://dom-stroyka.ru/wp-content/xdb4fcd/edit.php" "Mozilla/5.0 (Windows NT 10.0; Win64; x64) AppleWebKit/537.36 (KHTML, like Gecko) Chrome/58.0.3029.110 Safari/537.3"
172.70.176.37 - - [10/Jan/2026:09:10:08 +0300] "GET /wp-content/xdb4fcd/edit.php HTTP/1.0" 200 3704 "https://dom-stroyka.ru/wp-content/xdb4fcd/edit.php" "Mozilla/5.0 (Windows NT 10.0; Win64; x64) AppleWebKit/537.36 (KHTML, like Gecko) Chrome/58.0.3029.110 Safari/537.3"
172.71.144.52 - - [10/Jan/2026:09:11:50 +0300] "GET /wp-login.php HTTP/1.0" 200 3704 "-" "Mozilla/5.0 (Windows NT 10.0; Win64; x64) AppleWebKit/537.36 (KHTML, like Gecko) Chrome/91.0.4472.124 Safari/537.36"
104.23.209.236 - - [10/Jan/2026:09:16:09 +0300] "GET /?s=7021186668501 HTTP/1.0" 200 19631 "-" "Mozilla/5.0 (Linux; Android 6.0.1; Nexus 5X Build/MMB29P) AppleWebKit/537.36 (KHTML, like Gecko) Chrome/143.0.7499.169 Mobile Safari/537.36 (compatible; Googlebot/2.1; +http://www.google.com/bot.html)"
172.71.151.38 - - [10/Jan/2026:09:25:42 +0300] "GET /robots.txt HTTP/1.1" 404 173 "-" "Mozilla/5.0 (compatible; DotBot/1.2; +https://opensiteexplorer.org/dotbot; help@moz.com)"
172.71.184.106 - - [10/Jan/2026:09:28:58 +0300] "GET / HTTP/1.0" 200 3704 "https://www.dom-stroyka.ru/" "Mozilla/5.0 (Windows NT 10.0; Win64; x64) AppleWebKit/537.36 (KHTML, like Gecko) Chrome/131.0.0.0 Safari/537.36 Avast/131.0.0.0"
172.68.150.67 - - [10/Jan/2026:09:30:04 +0300] "GET /wp-content/xdb4fcd/edit.php HTTP/1.0" 200 3704 "https://dom-stroyka.ru/wp-content/xdb4fcd/edit.php" "Mozilla/5.0 (Windows NT 10.0; Win64; x64) AppleWebKit/537.36 (KHTML, like Gecko) Chrome/58.0.3029.110 Safari/537.3"
108.162.246.38 - - [10/Jan/2026:09:34:31 +0300] "GET /erfp/honda-atc-250r-horsepower.html HTTP/1.0" 200 3704 "-" "Mozilla/5.0 (compatible; DotBot/1.2; +https://opensiteexplorer.org/dotbot; help@moz.com)"
172.68.150.66 - - [10/Jan/2026:09:35:42 +0300] "GET /.git/config HTTP/1.0" 200 3704 "-" "Mozilla/5.0 (Macintosh; Intel Mac OS X 10_11_6) AppleWebKit/537.36 (KHTML, like Gecko) Chrome/64.0.3282.186 Safari/537.36"
172.68.245.191 - - [10/Jan/2026:09:38:35 +0300] "GET /robots.txt HTTP/1.1" 404 173 "-" "Mozilla/5.0 (compatible; SemrushBot/7~bl; +http://www.semrush.com/bot.html)"
172.70.42.182 - - [10/Jan/2026:09:38:36 +0300] "GET /?s=27825108603303 HTTP/1.0" 200 3704 "-" "Mozilla/5.0 (compatible; SemrushBot/7~bl; +http://www.semrush.com/bot.html)"
172.71.222.49 - - [10/Jan/2026:09:39:01 +0300] "GET /?s=18078176651903 HTTP/1.0" 200 20163 "-" "Mozilla/5.0 (Linux; Android 6.0.1; Nexus 5X Build/MMB29P) AppleWebKit/537.36 (KHTML, like Gecko) Chrome/143.0.7499.169 Mobile Safari/537.36 (compatible; Googlebot/2.1; +http://www.google.com/bot.html)"
172.68.150.67 - - [10/Jan/2026:09:40:06 +0300] "GET /wp-content/xdb4fcd/edit.php HTTP/1.0" 200 3704 "https://dom-stroyka.ru/wp-content/xdb4fcd/edit.php" "Mozilla/5.0 (Windows NT 10.0; Win64; x64) AppleWebKit/537.36 (KHTML, like Gecko) Chrome/58.0.3029.110 Safari/537.3"
104.23.211.74 - - [10/Jan/2026:09:42:14 +0300] "GET /robots.txt HTTP/1.1" 404 173 "-" "Mozilla/5.0 (compatible; SemrushBot/7~bl; +http://www.semrush.com/bot.html)"
172.70.174.240 - - [10/Jan/2026:09:42:15 +0300] "GET /?s=6691094484700 HTTP/1.0" 200 3704 "-" "Mozilla/5.0 (compatible; SemrushBot/7~bl; +http://www.semrush.com/bot.html)"
172.68.150.67 - - [10/Jan/2026:09:51:22 +0300] "GET /wp-content/xdb4fcd/edit.php HTTP/1.0" 200 3704 "https://dom-stroyka.ru/wp-content/xdb4fcd/edit.php" "Mozilla/5.0 (Windows NT 10.0; Win64; x64) AppleWebKit/537.36 (KHTML, like Gecko) Chrome/58.0.3029.110 Safari/537.3"
172.70.134.188 - - [10/Jan/2026:09:57:38 +0300] "GET /?s=27203285681500 HTTP/1.0" 200 3704 "-" "Mozilla/5.0 (compatible; SemrushBot/7~bl; +http://www.semrush.com/bot.html)"
172.68.245.80 - - [10/Jan/2026:09:58:46 +0300] "GET /?s=88928226923900 HTTP/1.0" 200 19341 "-" "Mozilla/5.0 (Linux; Android 6.0.1; Nexus 5X Build/MMB29P) AppleWebKit/537.36 (KHTML, like Gecko) Chrome/143.0.7499.169 Mobile Safari/537.36 (compatible; Googlebot/2.1; +http://www.google.com/bot.html)"
172.71.222.107 - - [10/Jan/2026:10:00:18 +0300] "GET /?s=7988835426702 HTTP/1.0" 200 3704 "-" "Mozilla/5.0 (compatible; SemrushBot/7~bl; +http://www.semrush.com/bot.html)"
172.71.222.48 - - [10/Jan/2026:10:02:44 +0300] "GET /?s=54873239615902 HTTP/1.0" 200 35331 "-" "Mozilla/5.0 (Linux; Android 6.0.1; Nexus 5X Build/MMB29P) AppleWebKit/537.36 (KHTML, like Gecko) Chrome/143.0.7499.169 Mobile Safari/537.36 (compatible; Googlebot/2.1; +http://www.google.com/bot.html)"
172.70.175.166 - - [10/Jan/2026:10:02:57 +0300] "GET /?GameID=2026-01-10/692.html HTTP/1.0" 200 49816 "https://www.dom-stroyka.ru/?s=54873239615902" "Mozilla/5.0 (Linux; Android 6.0.1; Nexus 5X Build/MMB29P) AppleWebKit/537.36 (KHTML, like Gecko) Chrome/143.0.7499.169 Mobile Safari/537.36 (compatible; Googlebot/2.1; +http://www.google.com/bot.html)"
172.70.34.82 - - [10/Jan/2026:10:03:01 +0300] "GET /?GameID=2026-01-10/752.html HTTP/1.0" 200 9500 "https://www.dom-stroyka.ru/?s=54873239615902" "Mozilla/5.0 (Linux; Android 6.0.1; Nexus 5X Build/MMB29P) AppleWebKit/537.36 (KHTML, like Gecko) Chrome/143.0.7499.169 Mobile Safari/537.36 (compatible; Googlebot/2.1; +http://www.google.com/bot.html)"
172.70.175.166 - - [10/Jan/2026:10:03:03 +0300] "GET /?GameID=2026-01-10/593.html HTTP/1.0" 200 35339 "https://www.dom-stroyka.ru/?s=54873239615902" "Mozilla/5.0 (Linux; Android 6.0.1; Nexus 5X Build/MMB29P) AppleWebKit/537.36 (KHTML, like Gecko) Chrome/143.0.7499.169 Mobile Safari/537.36 (compatible; Googlebot/2.1; +http://www.google.com/bot.html)"
172.68.150.67 - - [10/Jan/2026:10:03:39 +0300] "GET /wp-content/xdb4fcd/edit.php HTTP/1.0" 200 3704 "https://dom-stroyka.ru/wp-content/xdb4fcd/edit.php" "Mozilla/5.0 (Windows NT 10.0; Win64; x64) AppleWebKit/537.36 (KHTML, like Gecko) Chrome/58.0.3029.110 Safari/537.3"
162.158.210.95 - - [10/Jan/2026:10:04:24 +0300] "GET /1.tar.gz HTTP/1.0" 200 3704 "-" "Mozilla/5.0 (Windows NT 10.0; Win64; x64) AppleWebKit/537.36 (KHTML, like Gecko) Chrome/101.0.4951.67 Safari/537.36"
104.23.211.194 - - [10/Jan/2026:10:15:13 +0300] "GET /?s=92113195492600 HTTP/1.0" 200 3704 "-" "Mozilla/5.0 (compatible; SemrushBot/7~bl; +http://www.semrush.com/bot.html)"
172.68.150.66 - - [10/Jan/2026:10:18:21 +0300] "GET /wp-content/xdb4fcd/edit.php HTTP/1.0" 200 3704 "https://dom-stroyka.ru/wp-content/xdb4fcd/edit.php" "Mozilla/5.0 (Windows NT 10.0; Win64; x64) AppleWebKit/537.36 (KHTML, like Gecko) Chrome/58.0.3029.110 Safari/537.3"
