172.68.244.162 - - [10/Jan/2026:05:03:58 +0300] "GET /?r=20181121366000 HTTP/1.0" 200 9640 "-" "Mozilla/5.0 (Linux; Android 6.0.1; Nexus 5X Build/MMB29P) AppleWebKit/537.36 (KHTML, like Gecko) Chrome/143.0.7499.169 Mobile Safari/537.36 (compatible; Googlebot/2.1; +http://www.google.com/bot.html)"
172.70.108.218 - - [10/Jan/2026:05:03:59 +0300] "GET /?r=05103211409004 HTTP/1.0" 200 9635 "-" "Mozilla/5.0 (Macintosh; Intel Mac OS X 10_9_5) AppleWebKit/537.36 (KHTML, like Gecko) Chrome/66.0.3359.181 Safari/537.36"
172.70.211.204 - - [10/Jan/2026:05:04:04 +0300] "POST /admin HTTP/1.0" 301 544 "https://www.greenpr.ru/wp-admin/" "Mozilla/5.0 (Windows NT 10.0; Win64; x64) AppleWebKit/537.36 (KHTML, like Gecko) Chrome/90.0.4430.85 Safari/537.36"
172.70.211.204 - - [10/Jan/2026:05:04:05 +0300] "GET /admin/ HTTP/1.0" 404 2241 "https://www.greenpr.ru/wp-admin/" "Mozilla/5.0 (Windows NT 10.0; Win64; x64) AppleWebKit/537.36 (KHTML, like Gecko) Chrome/90.0.4430.85 Safari/537.36"
162.158.90.249 - - [10/Jan/2026:05:04:15 +0300] "POST /admin HTTP/1.0" 301 544 "https://www.greenpr.ru/wp-admin/" "Mozilla/5.0 (Windows NT 10.0; Win64; x64) AppleWebKit/537.36 (KHTML, like Gecko) Chrome/90.0.4430.85 Safari/537.36"
162.158.90.249 - - [10/Jan/2026:05:04:15 +0300] "GET /admin/ HTTP/1.0" 404 2241 "https://www.greenpr.ru/wp-admin/" "Mozilla/5.0 (Windows NT 10.0; Win64; x64) AppleWebKit/537.36 (KHTML, like Gecko) Chrome/90.0.4430.85 Safari/537.36"
104.23.223.102 - - [10/Jan/2026:05:04:21 +0300] "POST /wp-login.php HTTP/1.0" 301 558 "https://www.greenpr.ru/wp-admin/" "Mozilla/5.0 (Windows NT 10.0; Win64; x64) AppleWebKit/537.36 (KHTML, like Gecko) Chrome/90.0.4430.85 Safari/537.36"
104.23.223.33 - - [10/Jan/2026:05:04:21 +0300] "POST /admin HTTP/1.0" 301 544 "https://www.greenpr.ru/wp-admin/" "Mozilla/5.0 (Windows NT 10.0; Win64; x64) AppleWebKit/537.36 (KHTML, like Gecko) Chrome/90.0.4430.85 Safari/537.36"
104.23.223.98 - - [10/Jan/2026:05:04:21 +0300] "GET /admin/ HTTP/1.0" 404 2241 "https://www.greenpr.ru/wp-admin/" "Mozilla/5.0 (Windows NT 10.0; Win64; x64) AppleWebKit/537.36 (KHTML, like Gecko) Chrome/90.0.4430.85 Safari/537.36"
104.23.211.29 - - [10/Jan/2026:05:04:23 +0300] "GET /?r=98834117864002 HTTP/1.0" 200 9636 "-" "Mozilla/5.0 (Linux; Android 6.0.1; Nexus 5X Build/MMB29P) AppleWebKit/537.36 (KHTML, like Gecko) Chrome/143.0.7499.169 Mobile Safari/537.36 (compatible; Googlebot/2.1; +http://www.google.com/bot.html)"
162.158.90.249 - - [10/Jan/2026:05:04:28 +0300] "POST /wp-login.php HTTP/1.0" 301 558 "https://www.greenpr.ru/wp-admin/" "Mozilla/5.0 (Windows NT 10.0; Win64; x64) AppleWebKit/537.36 (KHTML, like Gecko) Chrome/90.0.4430.85 Safari/537.36"
162.158.90.249 - - [10/Jan/2026:05:04:29 +0300] "GET /wp-login.php/ HTTP/1.0" 404 2241 "https://www.greenpr.ru/wp-admin/" "Mozilla/5.0 (Windows NT 10.0; Win64; x64) AppleWebKit/537.36 (KHTML, like Gecko) Chrome/90.0.4430.85 Safari/537.36"
162.158.90.249 - - [10/Jan/2026:05:04:29 +0300] "POST /admin HTTP/1.0" 301 544 "https://www.greenpr.ru/wp-admin/" "Mozilla/5.0 (Windows NT 10.0; Win64; x64) AppleWebKit/537.36 (KHTML, like Gecko) Chrome/90.0.4430.85 Safari/537.36"
162.158.90.249 - - [10/Jan/2026:05:04:29 +0300] "GET /admin/ HTTP/1.0" 404 2183 "https://www.greenpr.ru/wp-admin/" "Mozilla/5.0 (Windows NT 10.0; Win64; x64) AppleWebKit/537.36 (KHTML, like Gecko) Chrome/90.0.4430.85 Safari/537.36"
162.158.90.249 - - [10/Jan/2026:05:04:39 +0300] "POST /wp-login.php HTTP/1.0" 301 558 "https://www.greenpr.ru/wp-admin/" "Mozilla/5.0 (Windows NT 10.0; Win64; x64) AppleWebKit/537.36 (KHTML, like Gecko) Chrome/90.0.4430.85 Safari/537.36"
162.158.90.249 - - [10/Jan/2026:05:04:39 +0300] "GET /wp-login.php/ HTTP/1.0" 404 2241 "https://www.greenpr.ru/wp-admin/" "Mozilla/5.0 (Windows NT 10.0; Win64; x64) AppleWebKit/537.36 (KHTML, like Gecko) Chrome/90.0.4430.85 Safari/537.36"
162.158.90.249 - - [10/Jan/2026:05:04:39 +0300] "POST /admin HTTP/1.0" 301 544 "https://www.greenpr.ru/wp-admin/" "Mozilla/5.0 (Windows NT 10.0; Win64; x64) AppleWebKit/537.36 (KHTML, like Gecko) Chrome/90.0.4430.85 Safari/537.36"
162.158.90.249 - - [10/Jan/2026:05:04:40 +0300] "GET /admin/ HTTP/1.0" 404 2183 "https://www.greenpr.ru/wp-admin/" "Mozilla/5.0 (Windows NT 10.0; Win64; x64) AppleWebKit/537.36 (KHTML, like Gecko) Chrome/90.0.4430.85 Safari/537.36"
172.70.214.90 - - [10/Jan/2026:05:04:44 +0300] "POST /wp-login.php HTTP/1.0" 301 558 "https://www.greenpr.ru/wp-admin/" "Mozilla/5.0 (Windows NT 10.0; Win64; x64) AppleWebKit/537.36 (KHTML, like Gecko) Chrome/90.0.4430.85 Safari/537.36"
172.70.214.90 - - [10/Jan/2026:05:04:45 +0300] "POST /admin HTTP/1.0" 301 544 "https://www.greenpr.ru/wp-admin/" "Mozilla/5.0 (Windows NT 10.0; Win64; x64) AppleWebKit/537.36 (KHTML, like Gecko) Chrome/90.0.4430.85 Safari/537.36"
172.70.214.90 - - [10/Jan/2026:05:04:45 +0300] "GET /admin/ HTTP/1.0" 404 2241 "https://www.greenpr.ru/wp-admin/" "Mozilla/5.0 (Windows NT 10.0; Win64; x64) AppleWebKit/537.36 (KHTML, like Gecko) Chrome/90.0.4430.85 Safari/537.36"
172.70.211.204 - - [10/Jan/2026:05:04:53 +0300] "POST /wp-login.php HTTP/1.0" 301 558 "https://www.greenpr.ru/wp-admin/" "Mozilla/5.0 (Windows NT 10.0; Win64; x64) AppleWebKit/537.36 (KHTML, like Gecko) Chrome/90.0.4430.85 Safari/537.36"
172.70.211.204 - - [10/Jan/2026:05:04:55 +0300] "GET /wp-login.php/ HTTP/1.0" 404 2241 "https://www.greenpr.ru/wp-admin/" "Mozilla/5.0 (Windows NT 10.0; Win64; x64) AppleWebKit/537.36 (KHTML, like Gecko) Chrome/90.0.4430.85 Safari/537.36"
172.70.211.204 - - [10/Jan/2026:05:04:56 +0300] "POST /admin HTTP/1.0" 301 544 "https://www.greenpr.ru/wp-admin/" "Mozilla/5.0 (Windows NT 10.0; Win64; x64) AppleWebKit/537.36 (KHTML, like Gecko) Chrome/90.0.4430.85 Safari/537.36"
172.70.211.204 - - [10/Jan/2026:05:04:56 +0300] "GET /admin/ HTTP/1.0" 404 2183 "https://www.greenpr.ru/wp-admin/" "Mozilla/5.0 (Windows NT 10.0; Win64; x64) AppleWebKit/537.36 (KHTML, like Gecko) Chrome/90.0.4430.85 Safari/537.36"
162.158.90.249 - - [10/Jan/2026:05:05:08 +0300] "POST /wp-login.php HTTP/1.0" 301 558 "https://www.greenpr.ru/wp-admin/" "Mozilla/5.0 (Windows NT 10.0; Win64; x64) AppleWebKit/537.36 (KHTML, like Gecko) Chrome/90.0.4430.85 Safari/537.36"
162.158.90.249 - - [10/Jan/2026:05:05:09 +0300] "GET /wp-login.php/ HTTP/1.0" 404 2241 "https://www.greenpr.ru/wp-admin/" "Mozilla/5.0 (Windows NT 10.0; Win64; x64) AppleWebKit/537.36 (KHTML, like Gecko) Chrome/90.0.4430.85 Safari/537.36"
162.158.90.249 - - [10/Jan/2026:05:05:10 +0300] "POST /admin HTTP/1.0" 301 544 "https://www.greenpr.ru/wp-admin/" "Mozilla/5.0 (Windows NT 10.0; Win64; x64) AppleWebKit/537.36 (KHTML, like Gecko) Chrome/90.0.4430.85 Safari/537.36"
162.158.90.249 - - [10/Jan/2026:05:05:10 +0300] "GET /admin/ HTTP/1.0" 404 2183 "https://www.greenpr.ru/wp-admin/" "Mozilla/5.0 (Windows NT 10.0; Win64; x64) AppleWebKit/537.36 (KHTML, like Gecko) Chrome/90.0.4430.85 Safari/537.36"
104.23.223.33 - - [10/Jan/2026:05:05:14 +0300] "POST /wp-login.php HTTP/1.0" 301 558 "https://www.greenpr.ru/wp-admin/" "Mozilla/5.0 (Windows NT 10.0; Win64; x64) AppleWebKit/537.36 (KHTML, like Gecko) Chrome/90.0.4430.85 Safari/537.36"
172.69.33.237 - - [10/Jan/2026:05:05:15 +0300] "GET /wp-login.php/ HTTP/1.0" 404 2241 "https://www.greenpr.ru/wp-admin/" "Mozilla/5.0 (Windows NT 10.0; Win64; x64) AppleWebKit/537.36 (KHTML, like Gecko) Chrome/90.0.4430.85 Safari/537.36"
172.69.33.237 - - [10/Jan/2026:05:05:15 +0300] "POST /admin HTTP/1.0" 301 544 "https://www.greenpr.ru/wp-admin/" "Mozilla/5.0 (Windows NT 10.0; Win64; x64) AppleWebKit/537.36 (KHTML, like Gecko) Chrome/90.0.4430.85 Safari/537.36"
172.69.33.237 - - [10/Jan/2026:05:05:16 +0300] "GET /admin/ HTTP/1.0" 404 2183 "https://www.greenpr.ru/wp-admin/" "Mozilla/5.0 (Windows NT 10.0; Win64; x64) AppleWebKit/537.36 (KHTML, like Gecko) Chrome/90.0.4430.85 Safari/537.36"
104.23.251.28 - - [10/Jan/2026:05:05:21 +0300] "POST /wp-login.php HTTP/1.0" 301 558 "https://www.greenpr.ru/wp-admin/" "Mozilla/5.0 (Windows NT 10.0; Win64; x64) AppleWebKit/537.36 (KHTML, like Gecko) Chrome/90.0.4430.85 Safari/537.36"
104.23.251.28 - - [10/Jan/2026:05:05:22 +0300] "POST /admin HTTP/1.0" 301 544 "https://www.greenpr.ru/wp-admin/" "Mozilla/5.0 (Windows NT 10.0; Win64; x64) AppleWebKit/537.36 (KHTML, like Gecko) Chrome/90.0.4430.85 Safari/537.36"
104.23.251.28 - - [10/Jan/2026:05:05:22 +0300] "GET /admin/ HTTP/1.0" 404 2241 "https://www.greenpr.ru/wp-admin/" "Mozilla/5.0 (Windows NT 10.0; Win64; x64) AppleWebKit/537.36 (KHTML, like Gecko) Chrome/90.0.4430.85 Safari/537.36"
162.158.90.249 - - [10/Jan/2026:05:05:30 +0300] "POST /wp-login.php HTTP/1.0" 301 558 "https://www.greenpr.ru/wp-admin/" "Mozilla/5.0 (Windows NT 10.0; Win64; x64) AppleWebKit/537.36 (KHTML, like Gecko) Chrome/90.0.4430.85 Safari/537.36"
162.158.90.249 - - [10/Jan/2026:05:05:31 +0300] "GET /wp-login.php/ HTTP/1.0" 404 2241 "https://www.greenpr.ru/wp-admin/" "Mozilla/5.0 (Windows NT 10.0; Win64; x64) AppleWebKit/537.36 (KHTML, like Gecko) Chrome/90.0.4430.85 Safari/537.36"
162.158.90.249 - - [10/Jan/2026:05:05:31 +0300] "POST /admin HTTP/1.0" 301 544 "https://www.greenpr.ru/wp-admin/" "Mozilla/5.0 (Windows NT 10.0; Win64; x64) AppleWebKit/537.36 (KHTML, like Gecko) Chrome/90.0.4430.85 Safari/537.36"
162.158.90.249 - - [10/Jan/2026:05:05:31 +0300] "GET /admin/ HTTP/1.0" 404 2183 "https://www.greenpr.ru/wp-admin/" "Mozilla/5.0 (Windows NT 10.0; Win64; x64) AppleWebKit/537.36 (KHTML, like Gecko) Chrome/90.0.4430.85 Safari/537.36"
172.70.211.204 - - [10/Jan/2026:05:05:35 +0300] "POST /wp-login.php HTTP/1.0" 301 558 "https://www.greenpr.ru/wp-admin/" "Mozilla/5.0 (Windows NT 10.0; Win64; x64) AppleWebKit/537.36 (KHTML, like Gecko) Chrome/90.0.4430.85 Safari/537.36"
104.22.24.109 - - [10/Jan/2026:05:05:36 +0300] "GET / HTTP/1.0" 301 528 "https://social-media-marketing.ru/robots.txt" "Mozilla/5.0 (Macintosh; Intel Mac OS X 10_15_7) AppleWebKit/537.36 (KHTML, like Gecko) Chrome/131.0.0.0 Safari/537.36; compatible; OAI-SearchBot/1.3; robots.txt; +https://openai.com/searchbot"
172.70.211.204 - - [10/Jan/2026:05:05:36 +0300] "GET /wp-login.php/ HTTP/1.0" 404 2241 "https://www.greenpr.ru/wp-admin/" "Mozilla/5.0 (Windows NT 10.0; Win64; x64) AppleWebKit/537.36 (KHTML, like Gecko) Chrome/90.0.4430.85 Safari/537.36"
172.70.211.204 - - [10/Jan/2026:05:05:37 +0300] "POST /admin HTTP/1.0" 301 544 "https://www.greenpr.ru/wp-admin/" "Mozilla/5.0 (Windows NT 10.0; Win64; x64) AppleWebKit/537.36 (KHTML, like Gecko) Chrome/90.0.4430.85 Safari/537.36"
172.71.31.47 - - [10/Jan/2026:05:05:37 +0300] "GET / HTTP/1.0" 200 9618 "http://www.greenpr.ru/" "Mozilla/5.0 (Macintosh; Intel Mac OS X 10_15_7) AppleWebKit/537.36 (KHTML, like Gecko) Chrome/131.0.0.0 Safari/537.36; compatible; OAI-SearchBot/1.3; robots.txt; +https://openai.com/searchbot"
172.70.211.204 - - [10/Jan/2026:05:05:37 +0300] "GET /admin/ HTTP/1.0" 404 2183 "https://www.greenpr.ru/wp-admin/" "Mozilla/5.0 (Windows NT 10.0; Win64; x64) AppleWebKit/537.36 (KHTML, like Gecko) Chrome/90.0.4430.85 Safari/537.36"
104.23.251.28 - - [10/Jan/2026:05:05:43 +0300] "POST /wp-login.php HTTP/1.0" 301 558 "https://www.greenpr.ru/wp-admin/" "Mozilla/5.0 (Windows NT 10.0; Win64; x64) AppleWebKit/537.36 (KHTML, like Gecko) Chrome/90.0.4430.85 Safari/537.36"
104.23.251.28 - - [10/Jan/2026:05:05:46 +0300] "GET /wp-login.php/ HTTP/1.0" 404 2241 "https://www.greenpr.ru/wp-admin/" "Mozilla/5.0 (Windows NT 10.0; Win64; x64) AppleWebKit/537.36 (KHTML, like Gecko) Chrome/90.0.4430.85 Safari/537.36"
104.23.251.28 - - [10/Jan/2026:05:05:47 +0300] "POST /admin HTTP/1.0" 301 544 "https://www.greenpr.ru/wp-admin/" "Mozilla/5.0 (Windows NT 10.0; Win64; x64) AppleWebKit/537.36 (KHTML, like Gecko) Chrome/90.0.4430.85 Safari/537.36"
104.23.251.28 - - [10/Jan/2026:05:05:48 +0300] "GET /admin/ HTTP/1.0" 404 2183 "https://www.greenpr.ru/wp-admin/" "Mozilla/5.0 (Windows NT 10.0; Win64; x64) AppleWebKit/537.36 (KHTML, like Gecko) Chrome/90.0.4430.85 Safari/537.36"
162.158.48.212 - - [10/Jan/2026:05:05:53 +0300] "GET /?ysclid=mapfpuwrnu241047744&utm_referrer=https://ya.ru/ HTTP/1.0" 200 9668 "-" "Mozilla/5.0 (Linux; arm_64; Android 10; TECNO CJ6) AppleWebKit/537.36 (KHTML, like Gecko) Chrome/143.0.7499.53.0.0.0 YaBrowser/24.2.0.35 SA/3 Mobile Safari/537.36"
162.158.48.219 - - [10/Jan/2026:05:05:54 +0300] "GET /addons/kcaptcha/index.php?PHPSESSID=f0fcc22f30ffac8d3bbdc21159d51173&rnd=0.824687 HTTP/1.0" 301 680 "https://www.greenpr.ru/?ysclid=mapfpuwrnu241047744&utm_referrer=https://ya.ru/" "Mozilla/5.0 (Linux; arm_64; Android 10; TECNO CJ6) AppleWebKit/537.36 (KHTML, like Gecko) Chrome/143.0.7499.53.0.0.0 YaBrowser/24.2.0.35 SA/3 Mobile Safari/537.36"
104.23.251.28 - - [10/Jan/2026:05:05:54 +0300] "POST /wp-login.php HTTP/1.0" 301 558 "https://www.greenpr.ru/wp-admin/" "Mozilla/5.0 (Windows NT 10.0; Win64; x64) AppleWebKit/537.36 (KHTML, like Gecko) Chrome/90.0.4430.85 Safari/537.36"
162.158.48.219 - - [10/Jan/2026:05:05:54 +0300] "GET /addons/kcaptcha/?PHPSESSID=f0fcc22f30ffac8d3bbdc21159d51173&rnd=0.824687 HTTP/1.0" 200 3277 "https://www.greenpr.ru/?ysclid=mapfpuwrnu241047744&utm_referrer=https://ya.ru/" "Mozilla/5.0 (Linux; arm_64; Android 10; TECNO CJ6) AppleWebKit/537.36 (KHTML, like Gecko) Chrome/143.0.7499.53.0.0.0 YaBrowser/24.2.0.35 SA/3 Mobile Safari/537.36"
104.23.251.28 - - [10/Jan/2026:05:06:11 +0300] "GET /wp-login.php/ HTTP/1.0" 404 2241 "https://www.greenpr.ru/wp-admin/" "Mozilla/5.0 (Windows NT 10.0; Win64; x64) AppleWebKit/537.36 (KHTML, like Gecko) Chrome/90.0.4430.85 Safari/537.36"
104.23.251.28 - - [10/Jan/2026:05:06:11 +0300] "POST /admin HTTP/1.0" 301 544 "https://www.greenpr.ru/wp-admin/" "Mozilla/5.0 (Windows NT 10.0; Win64; x64) AppleWebKit/537.36 (KHTML, like Gecko) Chrome/90.0.4430.85 Safari/537.36"
104.23.251.28 - - [10/Jan/2026:05:06:13 +0300] "GET /admin/ HTTP/1.0" 404 2183 "https://www.greenpr.ru/wp-admin/" "Mozilla/5.0 (Windows NT 10.0; Win64; x64) AppleWebKit/537.36 (KHTML, like Gecko) Chrome/90.0.4430.85 Safari/537.36"
104.23.251.28 - - [10/Jan/2026:05:06:16 +0300] "POST /wp-login.php HTTP/1.0" 301 558 "https://www.greenpr.ru/wp-admin/" "Mozilla/5.0 (Windows NT 10.0; Win64; x64) AppleWebKit/537.36 (KHTML, like Gecko) Chrome/90.0.4430.85 Safari/537.36"
104.23.251.28 - - [10/Jan/2026:05:06:16 +0300] "POST /admin HTTP/1.0" 301 544 "https://www.greenpr.ru/wp-admin/" "Mozilla/5.0 (Windows NT 10.0; Win64; x64) AppleWebKit/537.36 (KHTML, like Gecko) Chrome/90.0.4430.85 Safari/537.36"
162.158.90.249 - - [10/Jan/2026:05:06:19 +0300] "POST /wp-login.php HTTP/1.0" 301 558 "https://www.greenpr.ru/wp-admin/" "Mozilla/5.0 (Windows NT 10.0; Win64; x64) AppleWebKit/537.36 (KHTML, like Gecko) Chrome/90.0.4430.85 Safari/537.36"
162.158.90.249 - - [10/Jan/2026:05:06:19 +0300] "POST /admin HTTP/1.0" 301 544 "https://www.greenpr.ru/wp-admin/" "Mozilla/5.0 (Windows NT 10.0; Win64; x64) AppleWebKit/537.36 (KHTML, like Gecko) Chrome/90.0.4430.85 Safari/537.36"
162.158.90.249 - - [10/Jan/2026:05:06:20 +0300] "GET /admin/ HTTP/1.0" 404 2241 "https://www.greenpr.ru/wp-admin/" "Mozilla/5.0 (Windows NT 10.0; Win64; x64) AppleWebKit/537.36 (KHTML, like Gecko) Chrome/90.0.4430.85 Safari/537.36"
162.158.90.249 - - [10/Jan/2026:05:06:26 +0300] "POST /wp-login.php HTTP/1.0" 301 558 "https://www.greenpr.ru/wp-admin/" "Mozilla/5.0 (Windows NT 10.0; Win64; x64) AppleWebKit/537.36 (KHTML, like Gecko) Chrome/90.0.4430.85 Safari/537.36"
162.158.90.249 - - [10/Jan/2026:05:06:26 +0300] "GET /wp-login.php/ HTTP/1.0" 404 2241 "https://www.greenpr.ru/wp-admin/" "Mozilla/5.0 (Windows NT 10.0; Win64; x64) AppleWebKit/537.36 (KHTML, like Gecko) Chrome/90.0.4430.85 Safari/537.36"
162.158.90.249 - - [10/Jan/2026:05:06:27 +0300] "POST /admin HTTP/1.0" 301 544 "https://www.greenpr.ru/wp-admin/" "Mozilla/5.0 (Windows NT 10.0; Win64; x64) AppleWebKit/537.36 (KHTML, like Gecko) Chrome/90.0.4430.85 Safari/537.36"
162.158.90.249 - - [10/Jan/2026:05:06:27 +0300] "GET /admin/ HTTP/1.0" 404 2183 "https://www.greenpr.ru/wp-admin/" "Mozilla/5.0 (Windows NT 10.0; Win64; x64) AppleWebKit/537.36 (KHTML, like Gecko) Chrome/90.0.4430.85 Safari/537.36"
104.23.213.186 - - [10/Jan/2026:05:06:35 +0300] "GET /?r=12010242619201 HTTP/1.0" 200 9642 "-" "Mozilla/5.0 (Linux; Android 6.0.1; Nexus 5X Build/MMB29P) AppleWebKit/537.36 (KHTML, like Gecko) Chrome/143.0.7499.169 Mobile Safari/537.36 (compatible; Googlebot/2.1; +http://www.google.com/bot.html)"
172.69.33.236 - - [10/Jan/2026:05:06:44 +0300] "POST /admin HTTP/1.0" 301 544 "https://www.greenpr.ru/wp-admin/" "Mozilla/5.0 (Windows NT 10.0; Win64; x64) AppleWebKit/537.36 (KHTML, like Gecko) Chrome/90.0.4430.85 Safari/537.36"
172.69.33.236 - - [10/Jan/2026:05:06:44 +0300] "GET /admin/ HTTP/1.0" 404 2241 "https://www.greenpr.ru/wp-admin/" "Mozilla/5.0 (Windows NT 10.0; Win64; x64) AppleWebKit/537.36 (KHTML, like Gecko) Chrome/90.0.4430.85 Safari/537.36"
162.158.187.128 - - [10/Jan/2026:05:06:59 +0300] "POST /wp-login.php HTTP/1.0" 301 558 "https://www.greenpr.ru/wp-admin/" "Mozilla/5.0 (Windows NT 10.0; Win64; x64) AppleWebKit/537.36 (KHTML, like Gecko) Chrome/90.0.4430.85 Safari/537.36"
162.158.187.128 - - [10/Jan/2026:05:06:59 +0300] "GET /wp-login.php/ HTTP/1.0" 404 2241 "https://www.greenpr.ru/wp-admin/" "Mozilla/5.0 (Windows NT 10.0; Win64; x64) AppleWebKit/537.36 (KHTML, like Gecko) Chrome/90.0.4430.85 Safari/537.36"
162.158.187.128 - - [10/Jan/2026:05:06:59 +0300] "POST /admin HTTP/1.0" 301 544 "https://www.greenpr.ru/wp-admin/" "Mozilla/5.0 (Windows NT 10.0; Win64; x64) AppleWebKit/537.36 (KHTML, like Gecko) Chrome/90.0.4430.85 Safari/537.36"
162.158.187.128 - - [10/Jan/2026:05:07:00 +0300] "GET /admin/ HTTP/1.0" 404 2183 "https://www.greenpr.ru/wp-admin/" "Mozilla/5.0 (Windows NT 10.0; Win64; x64) AppleWebKit/537.36 (KHTML, like Gecko) Chrome/90.0.4430.85 Safari/537.36"
172.70.34.82 - - [10/Jan/2026:05:07:03 +0300] "GET /?r=08174245856805 HTTP/1.0" 200 9635 "-" "Mozilla/5.0 (Linux; Android 6.0.1; Nexus 5X Build/MMB29P) AppleWebKit/537.36 (KHTML, like Gecko) Chrome/143.0.7499.169 Mobile Safari/537.36 (compatible; Googlebot/2.1; +http://www.google.com/bot.html)"
172.64.217.5 - - [10/Jan/2026:05:07:09 +0300] "POST /wp-login.php HTTP/1.0" 301 558 "https://www.greenpr.ru/wp-admin/" "Mozilla/5.0 (Windows NT 10.0; Win64; x64) AppleWebKit/537.36 (KHTML, like Gecko) Chrome/90.0.4430.85 Safari/537.36"
172.64.217.5 - - [10/Jan/2026:05:07:10 +0300] "POST /admin HTTP/1.0" 301 544 "https://www.greenpr.ru/wp-admin/" "Mozilla/5.0 (Windows NT 10.0; Win64; x64) AppleWebKit/537.36 (KHTML, like Gecko) Chrome/90.0.4430.85 Safari/537.36"
172.70.38.182 - - [10/Jan/2026:05:07:30 +0300] "GET /?r=2570997994400 HTTP/1.0" 200 9642 "-" "Mozilla/5.0 (Linux; Android 6.0.1; Nexus 5X Build/MMB29P) AppleWebKit/537.36 (KHTML, like Gecko) Chrome/143.0.7499.169 Mobile Safari/537.36 (compatible; Googlebot/2.1; +http://www.google.com/bot.html)"
104.23.251.28 - - [10/Jan/2026:05:07:46 +0300] "POST /wp-login.php HTTP/1.0" 301 558 "https://www.greenpr.ru/wp-admin/" "Mozilla/5.0 (Windows NT 10.0; Win64; x64) AppleWebKit/537.36 (KHTML, like Gecko) Chrome/90.0.4430.85 Safari/537.36"
104.23.251.28 - - [10/Jan/2026:05:07:46 +0300] "GET /wp-login.php/ HTTP/1.0" 404 2241 "https://www.greenpr.ru/wp-admin/" "Mozilla/5.0 (Windows NT 10.0; Win64; x64) AppleWebKit/537.36 (KHTML, like Gecko) Chrome/90.0.4430.85 Safari/537.36"
104.23.251.28 - - [10/Jan/2026:05:07:47 +0300] "POST /admin HTTP/1.0" 301 544 "https://www.greenpr.ru/wp-admin/" "Mozilla/5.0 (Windows NT 10.0; Win64; x64) AppleWebKit/537.36 (KHTML, like Gecko) Chrome/90.0.4430.85 Safari/537.36"
104.23.251.28 - - [10/Jan/2026:05:07:47 +0300] "GET /admin/ HTTP/1.0" 404 2183 "https://www.greenpr.ru/wp-admin/" "Mozilla/5.0 (Windows NT 10.0; Win64; x64) AppleWebKit/537.36 (KHTML, like Gecko) Chrome/90.0.4430.85 Safari/537.36"
172.70.206.2 - - [10/Jan/2026:05:07:54 +0300] "POST /wp-login.php HTTP/1.0" 301 558 "https://www.greenpr.ru/wp-admin/" "Mozilla/5.0 (Windows NT 10.0; Win64; x64) AppleWebKit/537.36 (KHTML, like Gecko) Chrome/90.0.4430.85 Safari/537.36"
172.70.206.2 - - [10/Jan/2026:05:07:54 +0300] "GET /wp-login.php/ HTTP/1.0" 404 2241 "https://www.greenpr.ru/wp-admin/" "Mozilla/5.0 (Windows NT 10.0; Win64; x64) AppleWebKit/537.36 (KHTML, like Gecko) Chrome/90.0.4430.85 Safari/537.36"
172.70.206.2 - - [10/Jan/2026:05:07:54 +0300] "POST /admin HTTP/1.0" 301 544 "https://www.greenpr.ru/wp-admin/" "Mozilla/5.0 (Windows NT 10.0; Win64; x64) AppleWebKit/537.36 (KHTML, like Gecko) Chrome/90.0.4430.85 Safari/537.36"
172.70.206.2 - - [10/Jan/2026:05:07:55 +0300] "GET /admin/ HTTP/1.0" 404 2183 "https://www.greenpr.ru/wp-admin/" "Mozilla/5.0 (Windows NT 10.0; Win64; x64) AppleWebKit/537.36 (KHTML, like Gecko) Chrome/90.0.4430.85 Safari/537.36"
104.23.213.186 - - [10/Jan/2026:05:07:57 +0300] "GET /?r=87972792601 HTTP/1.0" 200 9633 "-" "Mozilla/5.0 (Linux; Android 6.0.1; Nexus 5X Build/MMB29P) AppleWebKit/537.36 (KHTML, like Gecko) Chrome/143.0.7499.169 Mobile Safari/537.36 (compatible; Googlebot/2.1; +http://www.google.com/bot.html)"
104.23.251.28 - - [10/Jan/2026:05:08:07 +0300] "POST /wp-login.php HTTP/1.0" 301 558 "https://www.greenpr.ru/wp-admin/" "Mozilla/5.0 (Windows NT 10.0; Win64; x64) AppleWebKit/537.36 (KHTML, like Gecko) Chrome/90.0.4430.85 Safari/537.36"
104.23.251.28 - - [10/Jan/2026:05:08:09 +0300] "GET /wp-login.php/ HTTP/1.0" 404 2241 "https://www.greenpr.ru/wp-admin/" "Mozilla/5.0 (Windows NT 10.0; Win64; x64) AppleWebKit/537.36 (KHTML, like Gecko) Chrome/90.0.4430.85 Safari/537.36"
104.23.251.28 - - [10/Jan/2026:05:08:09 +0300] "POST /admin HTTP/1.0" 301 544 "https://www.greenpr.ru/wp-admin/" "Mozilla/5.0 (Windows NT 10.0; Win64; x64) AppleWebKit/537.36 (KHTML, like Gecko) Chrome/90.0.4430.85 Safari/537.36"
104.23.251.28 - - [10/Jan/2026:05:08:09 +0300] "GET /admin/ HTTP/1.0" 404 2183 "https://www.greenpr.ru/wp-admin/" "Mozilla/5.0 (Windows NT 10.0; Win64; x64) AppleWebKit/537.36 (KHTML, like Gecko) Chrome/90.0.4430.85 Safari/537.36"
172.69.33.237 - - [10/Jan/2026:05:08:28 +0300] "POST /wp-login.php HTTP/1.0" 301 558 "https://www.greenpr.ru/wp-admin/" "Mozilla/5.0 (Windows NT 10.0; Win64; x64) AppleWebKit/537.36 (KHTML, like Gecko) Chrome/90.0.4430.85 Safari/537.36"
172.69.33.237 - - [10/Jan/2026:05:08:28 +0300] "POST /admin HTTP/1.0" 301 544 "https://www.greenpr.ru/wp-admin/" "Mozilla/5.0 (Windows NT 10.0; Win64; x64) AppleWebKit/537.36 (KHTML, like Gecko) Chrome/90.0.4430.85 Safari/537.36"
172.71.184.99 - - [10/Jan/2026:05:08:29 +0300] "GET / HTTP/1.0" 301 528 "-" "Mozilla/5.0 (Windows NT 10.0; Win64; x64) AppleWebKit/537.36 (KHTML, like Gecko) Chrome/120.0.0.0 Safari/537.36"
172.68.10.13 - - [10/Jan/2026:05:08:29 +0300] "GET / HTTP/1.0" 200 9618 "-" "Mozilla/5.0 (Windows NT 10.0; Win64; x64) AppleWebKit/537.36 (KHTML, like Gecko) Chrome/120.0.0.0 Safari/537.36"
172.71.194.87 - - [10/Jan/2026:05:09:17 +0300] "GET /?r=23223203957600 HTTP/1.0" 200 9643 "-" "Mozilla/5.0 (Linux; Android 6.0.1; Nexus 5X Build/MMB29P) AppleWebKit/537.36 (KHTML, like Gecko) Chrome/143.0.7499.169 Mobile Safari/537.36 (compatible; Googlebot/2.1; +http://www.google.com/bot.html)"
172.71.184.98 - - [10/Jan/2026:05:10:32 +0300] "POST / HTTP/1.0" 301 528 "-" "Mozilla/5.0 (Windows NT 5.1; rv:5.0.3) Gecko/20100401 Firefox/5.0.3"
172.71.184.29 - - [10/Jan/2026:05:10:35 +0300] "POST / HTTP/1.0" 200 9618 "-" "Mozilla/5.0 (Windows NT 5.1; rv:5.0.3) Gecko/20100401 Firefox/5.0.3"
162.158.78.94 - - [10/Jan/2026:05:10:37 +0300] "GET /?r=77715246338401 HTTP/1.0" 200 9665 "-" "Mozilla/5.0 (Linux; Android 6.0.1; Nexus 5X Build/MMB29P) AppleWebKit/537.36 (KHTML, like Gecko) Chrome/143.0.7499.169 Mobile Safari/537.36 (compatible; Googlebot/2.1; +http://www.google.com/bot.html)"
172.70.174.52 - - [10/Jan/2026:05:10:38 +0300] "GET /?r=34106103738601 HTTP/1.0" 301 562 "-" "Mozilla/5.0 (Linux; Android 6.0.1; Nexus 5X Build/MMB29P) AppleWebKit/537.36 (KHTML, like Gecko) Chrome/143.0.7499.169 Mobile Safari/537.36 (compatible; Googlebot/2.1; +http://www.google.com/bot.html)"
162.158.78.94 - - [10/Jan/2026:05:10:40 +0300] "GET /?r=34106103738601 HTTP/1.0" 200 9640 "-" "Mozilla/5.0 (Linux; Android 6.0.1; Nexus 5X Build/MMB29P) AppleWebKit/537.36 (KHTML, like Gecko) Chrome/143.0.7499.169 Mobile Safari/537.36 (compatible; Googlebot/2.1; +http://www.google.com/bot.html)"
172.68.10.12 - - [10/Jan/2026:05:10:50 +0300] "GET / HTTP/1.0" 200 9618 "-" "Mozilla/5.0 (compatible; YandexMetrika/2.0; +http://yandex.com/bots yabs01)"
104.23.211.99 - - [10/Jan/2026:05:11:04 +0300] "GET /?r=1911397133600 HTTP/1.0" 301 560 "-" "Mozilla/5.0 (Linux; Android 6.0.1; Nexus 5X Build/MMB29P) AppleWebKit/537.36 (KHTML, like Gecko) Chrome/143.0.7499.169 Mobile Safari/537.36 (compatible; Googlebot/2.1; +http://www.google.com/bot.html)"
162.158.78.94 - - [10/Jan/2026:05:11:06 +0300] "GET /?r=1911397133600 HTTP/1.0" 200 9663 "-" "Mozilla/5.0 (Linux; Android 6.0.1; Nexus 5X Build/MMB29P) AppleWebKit/537.36 (KHTML, like Gecko) Chrome/143.0.7499.169 Mobile Safari/537.36 (compatible; Googlebot/2.1; +http://www.google.com/bot.html)"
104.23.209.38 - - [10/Jan/2026:05:11:31 +0300] "GET /?r=18037146335203 HTTP/1.0" 200 9641 "-" "Mozilla/5.0 (Linux; Android 6.0.1; Nexus 5X Build/MMB29P) AppleWebKit/537.36 (KHTML, like Gecko) Chrome/143.0.7499.169 Mobile Safari/537.36 (compatible; Googlebot/2.1; +http://www.google.com/bot.html)"
172.70.214.91 - - [10/Jan/2026:05:11:47 +0300] "POST /wp-login.php HTTP/1.0" 301 558 "https://www.greenpr.ru/wp-admin/" "Mozilla/5.0 (Windows NT 10.0; Win64; x64) AppleWebKit/537.36 (KHTML, like Gecko) Chrome/90.0.4430.85 Safari/537.36"
172.70.214.91 - - [10/Jan/2026:05:11:47 +0300] "POST /admin HTTP/1.0" 301 544 "https://www.greenpr.ru/wp-admin/" "Mozilla/5.0 (Windows NT 10.0; Win64; x64) AppleWebKit/537.36 (KHTML, like Gecko) Chrome/90.0.4430.85 Safari/537.36"
104.23.209.38 - - [10/Jan/2026:05:11:58 +0300] "GET /?r=82514298760000 HTTP/1.0" 200 9631 "-" "Mozilla/5.0 (Linux; Android 6.0.1; Nexus 5X Build/MMB29P) AppleWebKit/537.36 (KHTML, like Gecko) Chrome/143.0.7499.169 Mobile Safari/537.36 (compatible; Googlebot/2.1; +http://www.google.com/bot.html)"
172.70.206.2 - - [10/Jan/2026:05:12:04 +0300] "POST /wp-login.php HTTP/1.0" 301 558 "https://www.greenpr.ru/wp-admin/" "Mozilla/5.0 (Windows NT 10.0; Win64; x64) AppleWebKit/537.36 (KHTML, like Gecko) Chrome/90.0.4430.85 Safari/537.36"
172.70.206.2 - - [10/Jan/2026:05:12:05 +0300] "POST /admin HTTP/1.0" 301 544 "https://www.greenpr.ru/wp-admin/" "Mozilla/5.0 (Windows NT 10.0; Win64; x64) AppleWebKit/537.36 (KHTML, like Gecko) Chrome/90.0.4430.85 Safari/537.36"
104.23.251.28 - - [10/Jan/2026:05:12:15 +0300] "POST /wp-login.php HTTP/1.0" 301 558 "https://www.greenpr.ru/wp-admin/" "Mozilla/5.0 (Windows NT 10.0; Win64; x64) AppleWebKit/537.36 (KHTML, like Gecko) Chrome/90.0.4430.85 Safari/537.36"
104.23.251.28 - - [10/Jan/2026:05:12:15 +0300] "POST /admin HTTP/1.0" 301 544 "https://www.greenpr.ru/wp-admin/" "Mozilla/5.0 (Windows NT 10.0; Win64; x64) AppleWebKit/537.36 (KHTML, like Gecko) Chrome/90.0.4430.85 Safari/537.36"
162.158.187.127 - - [10/Jan/2026:05:12:24 +0300] "POST /wp-login.php HTTP/1.0" 301 558 "https://www.greenpr.ru/wp-admin/" "Mozilla/5.0 (Windows NT 10.0; Win64; x64) AppleWebKit/537.36 (KHTML, like Gecko) Chrome/90.0.4430.85 Safari/537.36"
162.158.187.127 - - [10/Jan/2026:05:12:24 +0300] "GET /wp-login.php/ HTTP/1.0" 404 2241 "https://www.greenpr.ru/wp-admin/" "Mozilla/5.0 (Windows NT 10.0; Win64; x64) AppleWebKit/537.36 (KHTML, like Gecko) Chrome/90.0.4430.85 Safari/537.36"
162.158.187.127 - - [10/Jan/2026:05:12:25 +0300] "POST /admin HTTP/1.0" 301 544 "https://www.greenpr.ru/wp-admin/" "Mozilla/5.0 (Windows NT 10.0; Win64; x64) AppleWebKit/537.36 (KHTML, like Gecko) Chrome/90.0.4430.85 Safari/537.36"
162.158.187.127 - - [10/Jan/2026:05:12:25 +0300] "GET /admin/ HTTP/1.0" 404 2183 "https://www.greenpr.ru/wp-admin/" "Mozilla/5.0 (Windows NT 10.0; Win64; x64) AppleWebKit/537.36 (KHTML, like Gecko) Chrome/90.0.4430.85 Safari/537.36"
172.71.194.86 - - [10/Jan/2026:05:12:26 +0300] "GET /?r=93082130557200 HTTP/1.0" 200 9637 "-" "Mozilla/5.0 (Linux; Android 6.0.1; Nexus 5X Build/MMB29P) AppleWebKit/537.36 (KHTML, like Gecko) Chrome/143.0.7499.169 Mobile Safari/537.36 (compatible; Googlebot/2.1; +http://www.google.com/bot.html)"
172.70.206.2 - - [10/Jan/2026:05:12:29 +0300] "POST /wp-login.php HTTP/1.0" 301 558 "https://www.greenpr.ru/wp-admin/" "Mozilla/5.0 (Windows NT 10.0; Win64; x64) AppleWebKit/537.36 (KHTML, like Gecko) Chrome/90.0.4430.85 Safari/537.36"
172.70.206.2 - - [10/Jan/2026:05:12:29 +0300] "POST /admin HTTP/1.0" 301 544 "https://www.greenpr.ru/wp-admin/" "Mozilla/5.0 (Windows NT 10.0; Win64; x64) AppleWebKit/537.36 (KHTML, like Gecko) Chrome/90.0.4430.85 Safari/537.36"
172.70.214.91 - - [10/Jan/2026:05:12:31 +0300] "POST /wp-login.php HTTP/1.0" 301 558 "https://www.greenpr.ru/wp-admin/" "Mozilla/5.0 (Windows NT 10.0; Win64; x64) AppleWebKit/537.36 (KHTML, like Gecko) Chrome/90.0.4430.85 Safari/537.36"
172.70.214.91 - - [10/Jan/2026:05:12:31 +0300] "POST /admin HTTP/1.0" 301 544 "https://www.greenpr.ru/wp-admin/" "Mozilla/5.0 (Windows NT 10.0; Win64; x64) AppleWebKit/537.36 (KHTML, like Gecko) Chrome/90.0.4430.85 Safari/537.36"
162.158.187.127 - - [10/Jan/2026:05:12:58 +0300] "POST /wp-login.php HTTP/1.0" 301 558 "https://www.greenpr.ru/wp-admin/" "Mozilla/5.0 (Windows NT 10.0; Win64; x64) AppleWebKit/537.36 (KHTML, like Gecko) Chrome/90.0.4430.85 Safari/537.36"
162.158.187.127 - - [10/Jan/2026:05:12:58 +0300] "POST /admin HTTP/1.0" 301 544 "https://www.greenpr.ru/wp-admin/" "Mozilla/5.0 (Windows NT 10.0; Win64; x64) AppleWebKit/537.36 (KHTML, like Gecko) Chrome/90.0.4430.85 Safari/537.36"
162.158.187.127 - - [10/Jan/2026:05:12:58 +0300] "GET /admin/ HTTP/1.0" 404 2241 "https://www.greenpr.ru/wp-admin/" "Mozilla/5.0 (Windows NT 10.0; Win64; x64) AppleWebKit/537.36 (KHTML, like Gecko) Chrome/90.0.4430.85 Safari/537.36"
172.70.206.2 - - [10/Jan/2026:05:13:23 +0300] "POST /admin HTTP/1.0" 301 544 "https://www.greenpr.ru/wp-admin/" "Mozilla/5.0 (Windows NT 10.0; Win64; x64) AppleWebKit/537.36 (KHTML, like Gecko) Chrome/90.0.4430.85 Safari/537.36"
162.158.90.249 - - [10/Jan/2026:05:13:31 +0300] "POST /admin HTTP/1.0" 301 544 "https://www.greenpr.ru/wp-admin/" "Mozilla/5.0 (Windows NT 10.0; Win64; x64) AppleWebKit/537.36 (KHTML, like Gecko) Chrome/90.0.4430.85 Safari/537.36"
172.71.191.68 - - [10/Jan/2026:05:13:50 +0300] "GET /?r=2976069286805 HTTP/1.0" 200 9639 "-" "Mozilla/5.0 (Linux; Android 6.0.1; Nexus 5X Build/MMB29P) AppleWebKit/537.36 (KHTML, like Gecko) Chrome/143.0.7499.169 Mobile Safari/537.36 (compatible; Googlebot/2.1; +http://www.google.com/bot.html)"
162.158.90.249 - - [10/Jan/2026:05:13:57 +0300] "POST /admin HTTP/1.0" 301 544 "https://www.greenpr.ru/wp-admin/" "Mozilla/5.0 (Windows NT 10.0; Win64; x64) AppleWebKit/537.36 (KHTML, like Gecko) Chrome/90.0.4430.85 Safari/537.36"
162.158.90.249 - - [10/Jan/2026:05:13:57 +0300] "GET /admin/ HTTP/1.0" 404 2241 "https://www.greenpr.ru/wp-admin/" "Mozilla/5.0 (Windows NT 10.0; Win64; x64) AppleWebKit/537.36 (KHTML, like Gecko) Chrome/90.0.4430.85 Safari/537.36"
172.71.148.82 - - [10/Jan/2026:05:14:18 +0300] "GET /sitemap.xml HTTP/1.0" 301 550 "-" "Mozilla/5.0 (compatible; SERankingBacklinksBot/1.0; +https://seranking.com/backlinks-crawler)"
172.70.250.196 - - [10/Jan/2026:05:14:19 +0300] "GET /sitemap.xml HTTP/1.0" 200 1414 "-" "Mozilla/5.0 (compatible; SERankingBacklinksBot/1.0; +https://seranking.com/backlinks-crawler)"
172.70.251.168 - - [10/Jan/2026:05:14:22 +0300] "GET /sitemap.xml HTTP/1.0" 200 1414 "-" "Mozilla/5.0 (compatible; SERankingBacklinksBot/1.0; +https://seranking.com/backlinks-crawler)"
162.158.111.151 - - [10/Jan/2026:05:14:25 +0300] "GET /sitemap.xml HTTP/1.0" 301 550 "-" "Mozilla/5.0 (compatible; SERankingBacklinksBot/1.0; +https://seranking.com/backlinks-crawler)"
172.70.214.91 - - [10/Jan/2026:05:14:26 +0300] "POST /admin HTTP/1.0" 301 544 "https://www.greenpr.ru/wp-admin/" "Mozilla/5.0 (Windows NT 10.0; Win64; x64) AppleWebKit/537.36 (KHTML, like Gecko) Chrome/90.0.4430.85 Safari/537.36"
172.70.250.196 - - [10/Jan/2026:05:14:26 +0300] "GET /sitemap.xml HTTP/1.0" 200 1414 "-" "Mozilla/5.0 (compatible; SERankingBacklinksBot/1.0; +https://seranking.com/backlinks-crawler)"
104.23.251.29 - - [10/Jan/2026:05:14:28 +0300] "POST /wp-login.php HTTP/1.0" 301 558 "https://www.greenpr.ru/wp-admin/" "Mozilla/5.0 (Windows NT 10.0; Win64; x64) AppleWebKit/537.36 (KHTML, like Gecko) Chrome/90.0.4430.85 Safari/537.36"
104.23.251.29 - - [10/Jan/2026:05:14:29 +0300] "GET /wp-login.php/ HTTP/1.0" 404 2241 "https://www.greenpr.ru/wp-admin/" "Mozilla/5.0 (Windows NT 10.0; Win64; x64) AppleWebKit/537.36 (KHTML, like Gecko) Chrome/90.0.4430.85 Safari/537.36"
172.71.172.5 - - [10/Jan/2026:05:14:29 +0300] "GET /sitemap.xml HTTP/1.0" 200 1414 "-" "Mozilla/5.0 (compatible; SERankingBacklinksBot/1.0; +https://seranking.com/backlinks-crawler)"
104.23.251.29 - - [10/Jan/2026:05:14:29 +0300] "POST /admin HTTP/1.0" 301 544 "https://www.greenpr.ru/wp-admin/" "Mozilla/5.0 (Windows NT 10.0; Win64; x64) AppleWebKit/537.36 (KHTML, like Gecko) Chrome/90.0.4430.85 Safari/537.36"
104.23.251.29 - - [10/Jan/2026:05:14:29 +0300] "GET /admin/ HTTP/1.0" 404 2183 "https://www.greenpr.ru/wp-admin/" "Mozilla/5.0 (Windows NT 10.0; Win64; x64) AppleWebKit/537.36 (KHTML, like Gecko) Chrome/90.0.4430.85 Safari/537.36"
172.71.172.5 - - [10/Jan/2026:05:14:32 +0300] "GET /smi/ HTTP/1.0" 200 14539 "-" "Mozilla/5.0 (compatible; SERankingBacklinksBot/1.0; +https://seranking.com/backlinks-crawler)"
162.158.187.127 - - [10/Jan/2026:05:14:34 +0300] "POST /admin HTTP/1.0" 301 544 "https://www.greenpr.ru/wp-admin/" "Mozilla/5.0 (Windows NT 10.0; Win64; x64) AppleWebKit/537.36 (KHTML, like Gecko) Chrome/90.0.4430.85 Safari/537.36"
172.71.172.5 - - [10/Jan/2026:05:14:35 +0300] "GET /info/ HTTP/1.0" 200 7944 "-" "Mozilla/5.0 (compatible; SERankingBacklinksBot/1.0; +https://seranking.com/backlinks-crawler)"
172.70.214.91 - - [10/Jan/2026:05:14:38 +0300] "POST /wp-login.php HTTP/1.0" 301 558 "https://www.greenpr.ru/wp-admin/" "Mozilla/5.0 (Windows NT 10.0; Win64; x64) AppleWebKit/537.36 (KHTML, like Gecko) Chrome/90.0.4430.85 Safari/537.36"
172.70.214.91 - - [10/Jan/2026:05:14:39 +0300] "POST /admin HTTP/1.0" 301 544 "https://www.greenpr.ru/wp-admin/" "Mozilla/5.0 (Windows NT 10.0; Win64; x64) AppleWebKit/537.36 (KHTML, like Gecko) Chrome/90.0.4430.85 Safari/537.36"
172.71.172.5 - - [10/Jan/2026:05:14:39 +0300] "GET /about/ HTTP/1.0" 200 10206 "-" "Mozilla/5.0 (compatible; SERankingBacklinksBot/1.0; +https://seranking.com/backlinks-crawler)"
162.158.90.249 - - [10/Jan/2026:05:14:40 +0300] "POST /admin HTTP/1.0" 301 544 "https://www.greenpr.ru/wp-admin/" "Mozilla/5.0 (Windows NT 10.0; Win64; x64) AppleWebKit/537.36 (KHTML, like Gecko) Chrome/90.0.4430.85 Safari/537.36"
172.71.172.5 - - [10/Jan/2026:05:14:42 +0300] "GET /sitemap/ HTTP/1.0" 200 8557 "-" "Mozilla/5.0 (compatible; SERankingBacklinksBot/1.0; +https://seranking.com/backlinks-crawler)"
172.71.172.5 - - [10/Jan/2026:05:14:46 +0300] "GET /contacts/ HTTP/1.0" 200 8571 "-" "Mozilla/5.0 (compatible; SERankingBacklinksBot/1.0; +https://seranking.com/backlinks-crawler)"
172.71.172.5 - - [10/Jan/2026:05:14:49 +0300] "GET /about/facts/ HTTP/1.0" 200 8825 "-" "Mozilla/5.0 (compatible; SERankingBacklinksBot/1.0; +https://seranking.com/backlinks-crawler)"
172.71.172.5 - - [10/Jan/2026:05:14:52 +0300] "GET /services/main/ HTTP/1.0" 200 9614 "-" "Mozilla/5.0 (compatible; SERankingBacklinksBot/1.0; +https://seranking.com/backlinks-crawler)"
172.71.172.5 - - [10/Jan/2026:05:14:56 +0300] "GET /smi/video/188/ HTTP/1.0" 200 8255 "-" "Mozilla/5.0 (compatible; SERankingBacklinksBot/1.0; +https://seranking.com/backlinks-crawler)"
172.71.172.5 - - [10/Jan/2026:05:14:59 +0300] "GET /smi/video/189/ HTTP/1.0" 200 8255 "-" "Mozilla/5.0 (compatible; SERankingBacklinksBot/1.0; +https://seranking.com/backlinks-crawler)"
172.71.172.5 - - [10/Jan/2026:05:15:03 +0300] "GET /smi/video/190/ HTTP/1.0" 200 8295 "-" "Mozilla/5.0 (compatible; SERankingBacklinksBot/1.0; +https://seranking.com/backlinks-crawler)"
104.23.213.186 - - [10/Jan/2026:05:15:04 +0300] "GET /smi/publications/113/ HTTP/1.0" 200 12221 "-" "TerraCotta https://github.com/CeramicTeam/CeramicTerracotta"
172.71.172.5 - - [10/Jan/2026:05:15:06 +0300] "GET /smi/video/191/ HTTP/1.0" 200 8186 "-" "Mozilla/5.0 (compatible; SERankingBacklinksBot/1.0; +https://seranking.com/backlinks-crawler)"
162.158.90.249 - - [10/Jan/2026:05:15:08 +0300] "POST /admin HTTP/1.0" 301 544 "https://www.greenpr.ru/wp-admin/" "Mozilla/5.0 (Windows NT 10.0; Win64; x64) AppleWebKit/537.36 (KHTML, like Gecko) Chrome/90.0.4430.85 Safari/537.36"
172.71.172.5 - - [10/Jan/2026:05:15:09 +0300] "GET /services/cases/ HTTP/1.0" 200 8565 "-" "Mozilla/5.0 (compatible; SERankingBacklinksBot/1.0; +https://seranking.com/backlinks-crawler)"
104.23.209.39 - - [10/Jan/2026:05:15:09 +0300] "GET /?r=2758220350406 HTTP/1.0" 200 9632 "-" "Mozilla/5.0 (Linux; Android 6.0.1; Nexus 5X Build/MMB29P) AppleWebKit/537.36 (KHTML, like Gecko) Chrome/143.0.7499.169 Mobile Safari/537.36 (compatible; Googlebot/2.1; +http://www.google.com/bot.html)"
172.71.172.5 - - [10/Jan/2026:05:15:13 +0300] "GET /services/portfolio/ HTTP/1.0" 200 10054 "-" "Mozilla/5.0 (compatible; SERankingBacklinksBot/1.0; +https://seranking.com/backlinks-crawler)"
162.158.187.127 - - [10/Jan/2026:05:15:15 +0300] "POST /wp-login.php HTTP/1.0" 301 558 "https://www.greenpr.ru/wp-admin/" "Mozilla/5.0 (Windows NT 10.0; Win64; x64) AppleWebKit/537.36 (KHTML, like Gecko) Chrome/90.0.4430.85 Safari/537.36"
162.158.187.127 - - [10/Jan/2026:05:15:16 +0300] "GET /wp-login.php/ HTTP/1.0" 404 2241 "https://www.greenpr.ru/wp-admin/" "Mozilla/5.0 (Windows NT 10.0; Win64; x64) AppleWebKit/537.36 (KHTML, like Gecko) Chrome/90.0.4430.85 Safari/537.36"
162.158.187.127 - - [10/Jan/2026:05:15:16 +0300] "POST /admin HTTP/1.0" 301 544 "https://www.greenpr.ru/wp-admin/" "Mozilla/5.0 (Windows NT 10.0; Win64; x64) AppleWebKit/537.36 (KHTML, like Gecko) Chrome/90.0.4430.85 Safari/537.36"
162.158.187.127 - - [10/Jan/2026:05:15:16 +0300] "GET /admin/ HTTP/1.0" 404 2183 "https://www.greenpr.ru/wp-admin/" "Mozilla/5.0 (Windows NT 10.0; Win64; x64) AppleWebKit/537.36 (KHTML, like Gecko) Chrome/90.0.4430.85 Safari/537.36"
172.71.172.5 - - [10/Jan/2026:05:15:16 +0300] "GET /services/main/reklama-vkontakte/ HTTP/1.0" 200 10450 "-" "Mozilla/5.0 (compatible; SERankingBacklinksBot/1.0; +https://seranking.com/backlinks-crawler)"
172.71.172.5 - - [10/Jan/2026:05:15:20 +0300] "GET /services/main/skritiy-marketing/ HTTP/1.0" 200 9961 "-" "Mozilla/5.0 (compatible; SERankingBacklinksBot/1.0; +https://seranking.com/backlinks-crawler)"
172.71.172.5 - - [10/Jan/2026:05:15:23 +0300] "GET /services/main/reklama-v-facebook/ HTTP/1.0" 200 9441 "-" "Mozilla/5.0 (compatible; SERankingBacklinksBot/1.0; +https://seranking.com/backlinks-crawler)"
172.64.217.4 - - [10/Jan/2026:05:15:25 +0300] "POST /wp-login.php HTTP/1.0" 301 558 "https://www.greenpr.ru/wp-admin/" "Mozilla/5.0 (Windows NT 10.0; Win64; x64) AppleWebKit/537.36 (KHTML, like Gecko) Chrome/90.0.4430.85 Safari/537.36"
172.64.217.4 - - [10/Jan/2026:05:15:25 +0300] "POST /admin HTTP/1.0" 301 544 "https://www.greenpr.ru/wp-admin/" "Mozilla/5.0 (Windows NT 10.0; Win64; x64) AppleWebKit/537.36 (KHTML, like Gecko) Chrome/90.0.4430.85 Safari/537.36"
172.71.172.5 - - [10/Jan/2026:05:15:27 +0300] "GET /services/main/sozdanie-soobschestv/ HTTP/1.0" 200 10625 "-" "Mozilla/5.0 (compatible; SERankingBacklinksBot/1.0; +https://seranking.com/backlinks-crawler)"
172.71.172.5 - - [10/Jan/2026:05:15:30 +0300] "GET /services/main/nejtralizacija-negativa/ HTTP/1.0" 200 10311 "-" "Mozilla/5.0 (compatible; SERankingBacklinksBot/1.0; +https://seranking.com/backlinks-crawler)"
172.71.172.5 - - [10/Jan/2026:05:15:33 +0300] "GET /services/main/prodvizhenie-v-odnoklassnikah/ HTTP/1.0" 200 10911 "-" "Mozilla/5.0 (compatible; SERankingBacklinksBot/1.0; +https://seranking.com/backlinks-crawler)"
172.68.245.58 - - [10/Jan/2026:05:15:37 +0300] "GET /?r=80704498700 HTTP/1.0" 200 9635 "-" "Mozilla/5.0 (Linux; Android 6.0.1; Nexus 5X Build/MMB29P) AppleWebKit/537.36 (KHTML, like Gecko) Chrome/143.0.7499.169 Mobile Safari/537.36 (compatible; Googlebot/2.1; +http://www.google.com/bot.html)"
172.71.172.5 - - [10/Jan/2026:05:15:37 +0300] "GET /services/main/prodvizhenie-v-socialnih-setyah/ HTTP/1.0" 200 11339 "-" "Mozilla/5.0 (compatible; SERankingBacklinksBot/1.0; +https://seranking.com/backlinks-crawler)"
104.23.213.69 - - [10/Jan/2026:05:16:04 +0300] "GET /?r=99131116694602 HTTP/1.0" 301 562 "-" "Mozilla/5.0 (Linux; Android 6.0.1; Nexus 5X Build/MMB29P) AppleWebKit/537.36 (KHTML, like Gecko) Chrome/143.0.7499.169 Mobile Safari/537.36 (compatible; Googlebot/2.1; +http://www.google.com/bot.html)"
172.71.191.68 - - [10/Jan/2026:05:16:06 +0300] "GET /?r=99131116694602 HTTP/1.0" 200 9635 "-" "Mozilla/5.0 (Linux; Android 6.0.1; Nexus 5X Build/MMB29P) AppleWebKit/537.36 (KHTML, like Gecko) Chrome/143.0.7499.169 Mobile Safari/537.36 (compatible; Googlebot/2.1; +http://www.google.com/bot.html)"
172.64.217.4 - - [10/Jan/2026:05:16:08 +0300] "POST /wp-login.php HTTP/1.0" 301 558 "https://www.greenpr.ru/wp-admin/" "Mozilla/5.0 (Windows NT 10.0; Win64; x64) AppleWebKit/537.36 (KHTML, like Gecko) Chrome/90.0.4430.85 Safari/537.36"
172.64.217.4 - - [10/Jan/2026:05:16:08 +0300] "POST /admin HTTP/1.0" 301 544 "https://www.greenpr.ru/wp-admin/" "Mozilla/5.0 (Windows NT 10.0; Win64; x64) AppleWebKit/537.36 (KHTML, like Gecko) Chrome/90.0.4430.85 Safari/537.36"
172.70.176.21 - - [10/Jan/2026:05:16:26 +0300] "GET /wp-content/wpc7ccee/edit.php HTTP/1.0" 301 584 "https://greenpr.ru/wp-content/wpc7ccee/edit.php" "Mozilla/5.0 (Windows NT 10.0; Win64; x64) AppleWebKit/537.36 (KHTML, like Gecko) Chrome/58.0.3029.110 Safari/537.3"
172.68.150.7 - - [10/Jan/2026:05:16:27 +0300] "GET /wp-content/wpc7ccee/edit.php HTTP/1.0" 301 590 "https://greenpr.ru/wp-content/wpc7ccee/edit.php" "Mozilla/5.0 (Windows NT 10.0; Win64; x64) AppleWebKit/537.36 (KHTML, like Gecko) Chrome/58.0.3029.110 Safari/537.3"
172.68.150.7 - - [10/Jan/2026:05:16:27 +0300] "GET /wp-content/wpc7ccee/edit.php/ HTTP/1.0" 404 2241 "https://greenpr.ru/wp-content/wpc7ccee/edit.php" "Mozilla/5.0 (Windows NT 10.0; Win64; x64) AppleWebKit/537.36 (KHTML, like Gecko) Chrome/58.0.3029.110 Safari/537.3"
172.71.194.86 - - [10/Jan/2026:05:16:35 +0300] "GET /?r=03987143228801 HTTP/1.0" 200 9635 "-" "Mozilla/5.0 (Linux; Android 6.0.1; Nexus 5X Build/MMB29P) AppleWebKit/537.36 (KHTML, like Gecko) Chrome/143.0.7499.169 Mobile Safari/537.36 (compatible; Googlebot/2.1; +http://www.google.com/bot.html)"
172.71.190.45 - - [10/Jan/2026:05:17:30 +0300] "GET /?r=5228430690901 HTTP/1.0" 301 560 "-" "Mozilla/5.0 (Linux; Android 6.0.1; Nexus 5X Build/MMB29P) AppleWebKit/537.36 (KHTML, like Gecko) Chrome/143.0.7499.169 Mobile Safari/537.36 (compatible; Googlebot/2.1; +http://www.google.com/bot.html)"
172.71.191.68 - - [10/Jan/2026:05:17:31 +0300] "GET /?r=7882775140410 HTTP/1.0" 200 9642 "-" "Mozilla/5.0 (Linux; Android 6.0.1; Nexus 5X Build/MMB29P) AppleWebKit/537.36 (KHTML, like Gecko) Chrome/143.0.7499.169 Mobile Safari/537.36 (compatible; Googlebot/2.1; +http://www.google.com/bot.html)"
104.23.211.28 - - [10/Jan/2026:05:17:34 +0300] "GET /?r=5228430690901 HTTP/1.0" 200 9638 "-" "Mozilla/5.0 (Linux; Android 6.0.1; Nexus 5X Build/MMB29P) AppleWebKit/537.36 (KHTML, like Gecko) Chrome/143.0.7499.169 Mobile Safari/537.36 (compatible; Googlebot/2.1; +http://www.google.com/bot.html)"
172.71.191.68 - - [10/Jan/2026:05:17:48 +0300] "GET /?r=93149181207601 HTTP/1.0" 200 9637 "-" "Mozilla/5.0 (Linux; Android 6.0.1; Nexus 5X Build/MMB29P) AppleWebKit/537.36 (KHTML, like Gecko) Chrome/143.0.7499.169 Mobile Safari/537.36 (compatible; Googlebot/2.1; +http://www.google.com/bot.html)"
172.71.191.68 - - [10/Jan/2026:05:18:46 +0300] "GET /?r=0383197746003 HTTP/1.0" 200 9637 "-" "Mozilla/5.0 (Linux; Android 6.0.1; Nexus 5X Build/MMB29P) AppleWebKit/537.36 (KHTML, like Gecko) Chrome/143.0.7499.169 Mobile Safari/537.36 (compatible; Googlebot/2.1; +http://www.google.com/bot.html)"
162.158.79.17 - - [10/Jan/2026:05:19:51 +0300] "GET /?r=16011272400000 HTTP/1.0" 301 562 "-" "Mozilla/5.0 (Linux; Android 6.0.1; Nexus 5X Build/MMB29P) AppleWebKit/537.36 (KHTML, like Gecko) Chrome/143.0.7499.169 Mobile Safari/537.36 (compatible; Googlebot/2.1; +http://www.google.com/bot.html)"
172.71.194.86 - - [10/Jan/2026:05:19:53 +0300] "GET /?r=16011272400000 HTTP/1.0" 200 9638 "-" "Mozilla/5.0 (Linux; Android 6.0.1; Nexus 5X Build/MMB29P) AppleWebKit/537.36 (KHTML, like Gecko) Chrome/143.0.7499.169 Mobile Safari/537.36 (compatible; Googlebot/2.1; +http://www.google.com/bot.html)"
172.71.184.28 - - [10/Jan/2026:05:20:33 +0300] "GET / HTTP/1.0" 200 9618 "-" "Mozilla/5.0 (compatible; YandexBot/3.0; +http://yandex.com/bots)"
172.71.203.107 - - [10/Jan/2026:05:20:45 +0300] "GET /wp-admin/css/ HTTP/1.0" 301 554 "binance.com" "Mozilla/5.0 (Windows NT 10.0; Win64; x64) AppleWebKit/537.36 (KHTML, like Gecko) Chrome/90.0.4430.85 Safari/537.36"
172.70.230.98 - - [10/Jan/2026:05:20:53 +0300] "GET /wp-admin/css/ HTTP/1.0" 404 2241 "binance.com" "Mozilla/5.0 (Windows NT 10.0; Win64; x64) AppleWebKit/537.36 (KHTML, like Gecko) Chrome/90.0.4430.85 Safari/537.36"
104.23.190.152 - - [10/Jan/2026:05:20:59 +0300] "GET /.well-known/ HTTP/1.0" 301 552 "binance.com" "Mozilla/5.0 (Windows NT 10.0; Win64; x64) AppleWebKit/537.36 (KHTML, like Gecko) Chrome/90.0.4430.85 Safari/537.36"
172.71.203.117 - - [10/Jan/2026:05:21:05 +0300] "GET /.well-known/ HTTP/1.0" 404 2241 "binance.com" "Mozilla/5.0 (Windows NT 10.0; Win64; x64) AppleWebKit/537.36 (KHTML, like Gecko) Chrome/90.0.4430.85 Safari/537.36"
104.23.190.152 - - [10/Jan/2026:05:21:11 +0300] "GET /sites/default/files/ HTTP/1.0" 301 568 "binance.com" "Mozilla/5.0 (Windows NT 10.0; Win64; x64) AppleWebKit/537.36 (KHTML, like Gecko) Chrome/90.0.4430.85 Safari/537.36"
162.159.119.67 - - [10/Jan/2026:05:21:22 +0300] "GET /sites/default/files/ HTTP/1.0" 404 2241 "binance.com" "Mozilla/5.0 (Windows NT 10.0; Win64; x64) AppleWebKit/537.36 (KHTML, like Gecko) Chrome/90.0.4430.85 Safari/537.36"
172.70.231.102 - - [10/Jan/2026:05:21:25 +0300] "GET /admin/controller/extension/extension/ HTTP/1.0" 301 602 "binance.com" "Mozilla/5.0 (Windows NT 10.0; Win64; x64) AppleWebKit/537.36 (KHTML, like Gecko) Chrome/90.0.4430.85 Safari/537.36"
162.158.155.176 - - [10/Jan/2026:05:21:29 +0300] "GET /admin/controller/extension/extension/ HTTP/1.0" 404 2241 "binance.com" "Mozilla/5.0 (Windows NT 10.0; Win64; x64) AppleWebKit/537.36 (KHTML, like Gecko) Chrome/90.0.4430.85 Safari/537.36"
172.71.203.107 - - [10/Jan/2026:05:21:31 +0300] "GET /uploads/ HTTP/1.0" 301 544 "binance.com" "Mozilla/5.0 (Windows NT 10.0; Win64; x64) AppleWebKit/537.36 (KHTML, like Gecko) Chrome/90.0.4430.85 Safari/537.36"
172.70.114.10 - - [10/Jan/2026:05:21:35 +0300] "GET /uploads/ HTTP/1.0" 404 2241 "binance.com" "Mozilla/5.0 (Windows NT 10.0; Win64; x64) AppleWebKit/537.36 (KHTML, like Gecko) Chrome/90.0.4430.85 Safari/537.36"
172.71.203.107 - - [10/Jan/2026:05:21:40 +0300] "GET /files/ HTTP/1.0" 301 540 "binance.com" "Mozilla/5.0 (Windows NT 10.0; Win64; x64) AppleWebKit/537.36 (KHTML, like Gecko) Chrome/90.0.4430.85 Safari/537.36"
172.70.114.10 - - [10/Jan/2026:05:21:41 +0300] "GET /files/ HTTP/1.0" 404 2241 "binance.com" "Mozilla/5.0 (Windows NT 10.0; Win64; x64) AppleWebKit/537.36 (KHTML, like Gecko) Chrome/90.0.4430.85 Safari/537.36"
104.23.209.38 - - [10/Jan/2026:05:22:56 +0300] "GET /?r=20302288290001 HTTP/1.0" 200 9648 "-" "Mozilla/5.0 (Linux; Android 6.0.1; Nexus 5X Build/MMB29P) AppleWebKit/537.36 (KHTML, like Gecko) Chrome/143.0.7499.169 Mobile Safari/537.36 (compatible; Googlebot/2.1; +http://www.google.com/bot.html)"
104.23.211.29 - - [10/Jan/2026:05:23:29 +0300] "GET /?r=33601141548000 HTTP/1.0" 200 9634 "-" "Mozilla/5.0 (Linux; Android 6.0.1; Nexus 5X Build/MMB29P) AppleWebKit/537.36 (KHTML, like Gecko) Chrome/143.0.7499.169 Mobile Safari/537.36 (compatible; Googlebot/2.1; +http://www.google.com/bot.html)"
172.70.34.82 - - [10/Jan/2026:05:24:02 +0300] "GET /?r=182171976000 HTTP/1.0" 200 9641 "-" "Mozilla/5.0 (Linux; Android 6.0.1; Nexus 5X Build/MMB29P) AppleWebKit/537.36 (KHTML, like Gecko) Chrome/143.0.7499.169 Mobile Safari/537.36 (compatible; Googlebot/2.1; +http://www.google.com/bot.html)"
104.23.229.30 - - [10/Jan/2026:05:24:04 +0300] "GET /smi/video/185/ HTTP/1.0" 200 8221 "-" "LinkupBot/1.0 (LinkupBot for web indexing; https://linkup.so/bot; bot@linkup.so)"
172.71.254.228 - - [10/Jan/2026:05:24:10 +0300] "GET / HTTP/1.0" 301 528 "https://greenpr.ru/" "Mozilla/5.0 (Windows NT 10.0; Win64; x64) AppleWebKit/537.36 (KHTML, like Gecko) Chrome/130.0.0.0 Safari/537.36"
108.162.237.87 - - [10/Jan/2026:05:24:24 +0300] "GET / HTTP/1.0" 200 9618 "https://www.greenpr.ru/" "Mozilla/5.0 (Windows NT 10.0; Win64; x64) AppleWebKit/537.36 (KHTML, like Gecko) Chrome/130.0.0.0 Safari/537.36"
172.71.191.67 - - [10/Jan/2026:05:24:34 +0300] "GET /?r=18923139758806 HTTP/1.0" 200 9636 "-" "Mozilla/5.0 (Linux; Android 6.0.1; Nexus 5X Build/MMB29P) AppleWebKit/537.36 (KHTML, like Gecko) Chrome/143.0.7499.169 Mobile Safari/537.36 (compatible; Googlebot/2.1; +http://www.google.com/bot.html)"
172.68.70.5 - - [10/Jan/2026:05:24:35 +0300] "GET /addons/kcaptcha/index.php?PHPSESSID=f0fcc22f30ffac8d3bbdc21159d51173&rnd=0.824687 HTTP/1.0" 301 680 "https://www.greenpr.ru/" "Mozilla/5.0 (Windows NT 10.0; Win64; x64) AppleWebKit/537.36 (KHTML, like Gecko) Chrome/130.0.0.0 Safari/537.36"
104.23.245.72 - - [10/Jan/2026:05:24:43 +0300] "GET /addons/kcaptcha/http://www.greenpr.ru/addons/kcaptcha/?PHPSESSID=f0fcc22f30ffac8d3bbdc21159d51173&rnd=0.824687 HTTP/1.0" 404 2183 "https://www.greenpr.ru/" "Mozilla/5.0 (Windows NT 10.0; Win64; x64) AppleWebKit/537.36 (KHTML, like Gecko) Chrome/130.0.0.0 Safari/537.36"
