| Current Path : /var/www/element/data/logs/ |
| Current File : /var/www/element/data/logs/housegates.ru.access.log |
172.69.151.109 - - [10/Jan/2026:00:04:04 +0300] "GET / HTTP/1.0" 200 3601 "-" "Mozilla/5.0 (Windows NT 10.0; Win64; x64) AppleWebKit/537.36 (KHTML, like Gecko) Chrome/131.0.0.0 Safari/537.36"
172.69.151.109 - - [10/Jan/2026:00:04:04 +0300] "GET / HTTP/1.0" 200 3601 "-" "Mozilla/5.0 (Windows NT 10.0; Win64; x64) AppleWebKit/537.36 (KHTML, like Gecko) Chrome/131.0.0.0 Safari/537.36"
162.158.94.128 - - [10/Jan/2026:00:04:04 +0300] "GET /images/style.css HTTP/1.1" 200 11472 "https://housegates.ru/" "Mozilla/5.0 (Windows NT 10.0; Win64; x64) AppleWebKit/537.36 (KHTML, like Gecko) Chrome/131.0.0.0 Safari/537.36"
162.158.87.142 - - [10/Jan/2026:00:04:04 +0300] "GET /images/layout_01.gif HTTP/1.1" 200 4035 "https://housegates.ru/" "Mozilla/5.0 (Windows NT 10.0; Win64; x64) AppleWebKit/537.36 (KHTML, like Gecko) Chrome/131.0.0.0 Safari/537.36"
172.68.193.162 - - [10/Jan/2026:00:04:04 +0300] "GET /images/layout_02.gif HTTP/1.1" 200 18267 "https://housegates.ru/" "Mozilla/5.0 (Windows NT 10.0; Win64; x64) AppleWebKit/537.36 (KHTML, like Gecko) Chrome/131.0.0.0 Safari/537.36"
172.69.150.227 - - [10/Jan/2026:00:04:04 +0300] "GET /images/xoops.css HTTP/1.1" 200 1294 "https://housegates.ru/" "Mozilla/5.0 (Windows NT 10.0; Win64; x64) AppleWebKit/537.36 (KHTML, like Gecko) Chrome/131.0.0.0 Safari/537.36"
172.69.151.225 - - [10/Jan/2026:00:04:05 +0300] "GET / HTTP/1.0" 200 3601 "-" "Mozilla/5.0 (Windows NT 10.0; Win64; x64) AppleWebKit/537.36 (KHTML, like Gecko) Chrome/131.0.0.0 Safari/537.36"
162.158.94.151 - - [10/Jan/2026:00:04:05 +0300] "GET /images/style.css HTTP/1.1" 200 11472 "https://www.housegates.ru/" "Mozilla/5.0 (Windows NT 10.0; Win64; x64) AppleWebKit/537.36 (KHTML, like Gecko) Chrome/131.0.0.0 Safari/537.36"
172.71.172.200 - - [10/Jan/2026:00:04:05 +0300] "GET /images/layout_02.gif HTTP/1.1" 200 18267 "https://www.housegates.ru/" "Mozilla/5.0 (Windows NT 10.0; Win64; x64) AppleWebKit/537.36 (KHTML, like Gecko) Chrome/131.0.0.0 Safari/537.36"
162.158.94.220 - - [10/Jan/2026:00:04:05 +0300] "GET /images/xoops.css HTTP/1.1" 200 1294 "https://www.housegates.ru/" "Mozilla/5.0 (Windows NT 10.0; Win64; x64) AppleWebKit/537.36 (KHTML, like Gecko) Chrome/131.0.0.0 Safari/537.36"
172.69.151.225 - - [10/Jan/2026:00:04:05 +0300] "GET / HTTP/1.0" 200 3601 "-" "Mozilla/5.0 (Windows NT 10.0; Win64; x64) AppleWebKit/537.36 (KHTML, like Gecko) Chrome/131.0.0.0 Safari/537.36"
104.23.223.106 - - [10/Jan/2026:00:04:05 +0300] "GET /images/layout_01.gif HTTP/1.1" 200 4035 "https://www.housegates.ru/" "Mozilla/5.0 (Windows NT 10.0; Win64; x64) AppleWebKit/537.36 (KHTML, like Gecko) Chrome/131.0.0.0 Safari/537.36"
172.68.150.231 - - [10/Jan/2026:00:05:36 +0300] "GET /wp-includes/js5ba7cf/index.php HTTP/1.0" 404 455 "https://housegates.ru/wp-includes/js5ba7cf/index.php" "Mozilla/5.0 (Windows NT 10.0; Win64; x64) AppleWebKit/537.36 (KHTML, like Gecko) Chrome/58.0.3029.110 Safari/537.3"
172.71.147.4 - - [10/Jan/2026:00:08:54 +0300] "GET /?o=4298026121900 HTTP/1.0" 200 4839 "-" "Mozilla/5.0 (Linux; Android 6.0.1; Nexus 5X Build/MMB29P) AppleWebKit/537.36 (KHTML, like Gecko) Chrome/143.0.7499.169 Mobile Safari/537.36 (compatible; Googlebot/2.1; +http://www.google.com/bot.html)"
108.162.245.32 - - [10/Jan/2026:00:15:09 +0300] "GET /?o=49501263120000 HTTP/1.0" 200 4872 "-" "Mozilla/5.0 (Linux; Android 6.0.1; Nexus 5X Build/MMB29P) AppleWebKit/537.36 (KHTML, like Gecko) Chrome/143.0.7499.169 Mobile Safari/537.36 (compatible; Googlebot/2.1; +http://www.google.com/bot.html)"
172.68.150.231 - - [10/Jan/2026:00:18:17 +0300] "GET /wp-includes/js5ba7cf/index.php HTTP/1.0" 404 455 "https://housegates.ru/wp-includes/js5ba7cf/index.php" "Mozilla/5.0 (Windows NT 10.0; Win64; x64) AppleWebKit/537.36 (KHTML, like Gecko) Chrome/58.0.3029.110 Safari/537.3"
162.159.104.30 - - [10/Jan/2026:00:20:29 +0300] "GET /m-contenteditor+index+id-2.html HTTP/1.0" 200 4413 "-" "Mozilla/5.0 (X11; Linux i686) AppleWebKit/536.2 (KHTML, like Gecko) Chrome/18.0.876.0 Safari/536.2"
162.158.42.53 - - [10/Jan/2026:00:21:24 +0300] "GET /?o=8824935040013 HTTP/1.0" 200 4887 "-" "Mozilla/5.0 (Linux; Android 6.0.1; Nexus 5X Build/MMB29P) AppleWebKit/537.36 (KHTML, like Gecko) Chrome/143.0.7499.169 Mobile Safari/537.36 (compatible; Googlebot/2.1; +http://www.google.com/bot.html)"
162.158.88.117 - - [10/Jan/2026:00:22:19 +0300] "GET /m-contenteditor%2Bindex%2Bid-9.html HTTP/1.0" 200 4152 "https://housegates.ru/m-contenteditor%2Bindex%2Bid-12.html" "Mozilla/5.0 (Linux; Android 7.0;) AppleWebKit/537.36 (KHTML, like Gecko) Mobile Safari/537.36 (compatible; PetalBot;+https://webmaster.petalsearch.com/site/petalbot)"
162.158.210.102 - - [10/Jan/2026:00:23:59 +0300] "GET /public_html.tar.gz HTTP/1.0" 404 455 "-" "Mozilla/5.0 (Windows NT 10.0; Win64; x64) AppleWebKit/537.36 (KHTML, like Gecko) Chrome/101.0.4951.67 Safari/537.36"
172.68.150.231 - - [10/Jan/2026:00:27:31 +0300] "GET /wp-includes/js5ba7cf/index.php HTTP/1.0" 404 455 "https://housegates.ru/wp-includes/js5ba7cf/index.php" "Mozilla/5.0 (Windows NT 10.0; Win64; x64) AppleWebKit/537.36 (KHTML, like Gecko) Chrome/58.0.3029.110 Safari/537.3"
108.162.245.33 - - [10/Jan/2026:00:27:39 +0300] "GET /?o=29338191628000 HTTP/1.0" 200 4897 "-" "Mozilla/5.0 (Linux; Android 6.0.1; Nexus 5X Build/MMB29P) AppleWebKit/537.36 (KHTML, like Gecko) Chrome/143.0.7499.169 Mobile Safari/537.36 (compatible; Googlebot/2.1; +http://www.google.com/bot.html)"
172.71.151.42 - - [10/Jan/2026:00:32:43 +0300] "GET /?o=2877898791601 HTTP/1.0" 200 4939 "-" "Mozilla/5.0 (Linux; Android 6.0.1; Nexus 5X Build/MMB29P) AppleWebKit/537.36 (KHTML, like Gecko) Chrome/143.0.7499.192 Mobile Safari/537.36 (compatible; Googlebot/2.1; +http://www.google.com/bot.html)"
162.158.42.54 - - [10/Jan/2026:00:33:54 +0300] "GET /?o=76178299123201 HTTP/1.0" 200 4867 "-" "Mozilla/5.0 (Linux; Android 6.0.1; Nexus 5X Build/MMB29P) AppleWebKit/537.36 (KHTML, like Gecko) Chrome/143.0.7499.169 Mobile Safari/537.36 (compatible; Googlebot/2.1; +http://www.google.com/bot.html)"
172.68.150.231 - - [10/Jan/2026:00:38:01 +0300] "GET /wp-includes/js5ba7cf/index.php HTTP/1.0" 404 455 "https://housegates.ru/wp-includes/js5ba7cf/index.php" "Mozilla/5.0 (Windows NT 10.0; Win64; x64) AppleWebKit/537.36 (KHTML, like Gecko) Chrome/58.0.3029.110 Safari/537.3"
108.162.245.33 - - [10/Jan/2026:00:41:09 +0300] "GET /?o=39208272394000 HTTP/1.0" 200 4933 "-" "Mozilla/5.0 (Linux; Android 6.0.1; Nexus 5X Build/MMB29P) AppleWebKit/537.36 (KHTML, like Gecko) Chrome/143.0.7499.169 Mobile Safari/537.36 (compatible; Googlebot/2.1; +http://www.google.com/bot.html)"
162.158.42.53 - - [10/Jan/2026:00:45:42 +0300] "GET /?o=742726262215 HTTP/1.0" 200 4813 "-" "Mozilla/5.0 (Linux; Android 6.0.1; Nexus 5X Build/MMB29P) AppleWebKit/537.36 (KHTML, like Gecko) Chrome/143.0.7499.169 Mobile Safari/537.36 (compatible; Googlebot/2.1; +http://www.google.com/bot.html)"
172.70.234.30 - - [10/Jan/2026:00:46:11 +0300] "GET /wp-content/plugins/autoload_classmap.php HTTP/1.0" 404 455 "https://www.google.de/" "Mozilla/5.0 (Linux; Android 10; K) AppleWebKit/537.36 (KHTML, like Gecko) Chrome/117.0.0.0 Mobile Safari/537.36"
172.70.234.30 - - [10/Jan/2026:00:46:12 +0300] "GET /wp-includes/assets/ty.php HTTP/1.0" 404 455 "https://www.google.de/" "Mozilla/5.0 (iPhone; CPU iPhone OS 15_7_9 like Mac OS X) AppleWebKit/605.1.15 (KHTML, like Gecko) Version/15.6.5 Mobile/15E148 Safari/604.1"
172.70.234.30 - - [10/Jan/2026:00:46:12 +0300] "GET /xmlrpc.php HTTP/1.0" 404 455 "https://www.google.co.uk/" "Mozilla/5.0 (Linux; Android 12; 2201116SG) AppleWebKit/537.36 (KHTML, like Gecko) Chrome/116.0.0.0 Mobile Safari/537.36"
172.70.234.30 - - [10/Jan/2026:00:46:12 +0300] "GET /autoload_classmap.php HTTP/1.0" 404 455 "https://www.bing.com/" "Mozilla/5.0 (iPhone; CPU iPhone OS 16_6_1 like Mac OS X) AppleWebKit/605.1.15 (KHTML, like Gecko) Version/16.6 Mobile/15E148 Safari/604.1"
172.70.234.30 - - [10/Jan/2026:00:46:13 +0300] "GET /.well-known/acme-challenge/about.php HTTP/1.1" 404 576 "https://www.yahoo.com/" "Mozilla/5.0 (Linux; Android 13; M2101K6G) AppleWebKit/537.36 (KHTML, like Gecko) Chrome/116.0.0.0 Mobile Safari/537.36"
172.70.234.30 - - [10/Jan/2026:00:46:13 +0300] "GET /NewFile.php HTTP/1.0" 404 455 "https://www.bing.com/" "Mozilla/5.0 (Linux; Android 11; CPH2251) AppleWebKit/537.36 (KHTML, like Gecko) Chrome/116.0.0.0 Mobile Safari/537.36"
172.70.234.30 - - [10/Jan/2026:00:46:13 +0300] "GET /adminfuns.php HTTP/1.0" 404 455 "https://www.google.co.uk/" "Mozilla/5.0 (Linux; Android 10; LM-Q720) AppleWebKit/537.36 (KHTML, like Gecko) Chrome/116.0.0.0 Mobile Safari/537.36"
172.70.234.30 - - [10/Jan/2026:00:46:13 +0300] "GET /inputs.php HTTP/1.0" 404 455 "https://duckduckgo.com/" "Mozilla/5.0 (Linux; Android 11; CPH2251) AppleWebKit/537.36 (KHTML, like Gecko) Chrome/116.0.0.0 Mobile Safari/537.36"
172.70.234.30 - - [10/Jan/2026:00:46:14 +0300] "GET /upload.php HTTP/1.0" 404 455 "https://www.google.fr/" "Mozilla/5.0 (Linux; Android 13; SM-G991U) AppleWebKit/537.36 (KHTML, like Gecko) Chrome/117.0.0.0 Mobile Safari/537.36"
172.70.234.30 - - [10/Jan/2026:00:46:14 +0300] "GET /simple.php HTTP/1.0" 404 455 "https://www.yahoo.com/" "Mozilla/5.0 (iPhone; CPU iPhone OS 17_1 like Mac OS X) AppleWebKit/605.1.15 (KHTML, like Gecko) CriOS/119.0.6045.109 Mobile/15E148 Safari/604.1"
172.70.234.30 - - [10/Jan/2026:00:46:14 +0300] "GET /alfa-rex.php7 HTTP/1.0" 404 455 "https://www.google.de/" "Mozilla/5.0 (iPhone; CPU iPhone OS 16_0 like Mac OS X) AppleWebKit/605.1.15 (KHTML, like Gecko) FxiOS/118.0 Mobile/15E148 Safari/605.1.15"
172.70.234.30 - - [10/Jan/2026:00:46:15 +0300] "GET /tinyy.php HTTP/1.0" 404 455 "https://www.google.de/" "Mozilla/5.0 (iPhone; CPU iPhone OS 15_7_9 like Mac OS X) AppleWebKit/605.1.15 (KHTML, like Gecko) Version/15.6.5 Mobile/15E148 Safari/604.1"
172.70.234.30 - - [10/Jan/2026:00:46:15 +0300] "GET /makeasmtp.php HTTP/1.0" 404 455 "https://www.bing.com/" "Mozilla/5.0 (Linux; Android 12; SM-A525F) AppleWebKit/537.36 (KHTML, like Gecko) Chrome/117.0.0.0 Mobile Safari/537.36"
172.70.234.30 - - [10/Jan/2026:00:46:15 +0300] "GET /elp.php HTTP/1.0" 404 455 "https://www.yahoo.com/" "Mozilla/5.0 (Linux; Android 11; CPH2251) AppleWebKit/537.36 (KHTML, like Gecko) Chrome/116.0.0.0 Mobile Safari/537.36"
172.70.234.30 - - [10/Jan/2026:00:46:15 +0300] "GET /flower.php HTTP/1.0" 404 455 "https://www.google.com/" "Mozilla/5.0 (Linux; Android 12; V2134) AppleWebKit/537.36 (KHTML, like Gecko) Chrome/116.0.0.0 Mobile Safari/537.36"
172.70.234.30 - - [10/Jan/2026:00:46:16 +0300] "GET /bala.php HTTP/1.0" 404 455 "https://duckduckgo.com/" "Mozilla/5.0 (Linux; Android 12; 2201116SG) AppleWebKit/537.36 (KHTML, like Gecko) Chrome/116.0.0.0 Mobile Safari/537.36"
172.70.234.30 - - [10/Jan/2026:00:46:16 +0300] "GET /goods.php HTTP/1.0" 404 455 "https://www.bing.com/" "Mozilla/5.0 (Linux; Android 10; LM-Q720) AppleWebKit/537.36 (KHTML, like Gecko) Chrome/116.0.0.0 Mobile Safari/537.36"
172.70.234.30 - - [10/Jan/2026:00:46:16 +0300] "GET /bolt.php HTTP/1.0" 404 455 "https://www.google.co.uk/" "Mozilla/5.0 (iPad; CPU OS 16_7_2 like Mac OS X) AppleWebKit/605.1.15 (KHTML, like Gecko) Version/16.6 Mobile/15E148 Safari/604.1"
172.70.234.30 - - [10/Jan/2026:00:46:17 +0300] "GET /man.php HTTP/1.0" 404 455 "https://www.bing.com/" "Mozilla/5.0 (Linux; Android 11; CPH2251) AppleWebKit/537.36 (KHTML, like Gecko) Chrome/116.0.0.0 Mobile Safari/537.36"
172.70.234.30 - - [10/Jan/2026:00:46:17 +0300] "GET /bless.php HTTP/1.0" 404 455 "https://www.google.com/" "Mozilla/5.0 (Linux; Android 10; LM-Q720) AppleWebKit/537.36 (KHTML, like Gecko) Chrome/116.0.0.0 Mobile Safari/537.36"
172.70.234.30 - - [10/Jan/2026:00:46:17 +0300] "GET /system.php HTTP/1.0" 404 455 "https://www.google.co.uk/" "Mozilla/5.0 (iPhone; CPU iPhone OS 15_7_9 like Mac OS X) AppleWebKit/605.1.15 (KHTML, like Gecko) Version/15.6.5 Mobile/15E148 Safari/604.1"
172.70.234.30 - - [10/Jan/2026:00:46:18 +0300] "GET /about.php HTTP/1.0" 404 455 "https://www.google.co.uk/" "Mozilla/5.0 (Linux; Android 14; Pixel 8 Pro) AppleWebKit/537.36 (KHTML, like Gecko) Chrome/119.0.0.0 Mobile Safari/537.36"
172.70.234.30 - - [10/Jan/2026:00:46:18 +0300] "GET /text.php HTTP/1.0" 404 455 "https://www.google.fr/" "Mozilla/5.0 (Linux; Android 12; 2201116SG) AppleWebKit/537.36 (KHTML, like Gecko) Chrome/116.0.0.0 Mobile Safari/537.36"
172.70.234.30 - - [10/Jan/2026:00:46:18 +0300] "GET /abcd.php HTTP/1.0" 404 455 "https://www.google.fr/" "Mozilla/5.0 (Linux; Android 13; SM-G991U) AppleWebKit/537.36 (KHTML, like Gecko) Chrome/117.0.0.0 Mobile Safari/537.36"
172.70.234.30 - - [10/Jan/2026:00:46:18 +0300] "GET /admin.php HTTP/1.0" 404 455 "https://www.google.fr/" "Mozilla/5.0 (Linux; Android 12; SM-A525F) AppleWebKit/537.36 (KHTML, like Gecko) Chrome/117.0.0.0 Mobile Safari/537.36"
172.70.234.30 - - [10/Jan/2026:00:46:19 +0300] "GET /files.php HTTP/1.0" 404 455 "https://duckduckgo.com/" "Mozilla/5.0 (Linux; Android 10; K) AppleWebKit/537.36 (KHTML, like Gecko) Chrome/117.0.0.0 Mobile Safari/537.36"
172.70.234.30 - - [10/Jan/2026:00:46:19 +0300] "GET /file.php HTTP/1.0" 404 455 "https://www.google.co.uk/" "Mozilla/5.0 (iPhone; CPU iPhone OS 17_1_1 like Mac OS X) AppleWebKit/605.1.15 (KHTML, like Gecko) Version/17.1 Mobile/15E148 Safari/604.1"
172.70.234.30 - - [10/Jan/2026:00:46:19 +0300] "GET /moon.php HTTP/1.0" 404 455 "https://duckduckgo.com/" "Mozilla/5.g (Linux; Android 13; Pixel 7) AppleWebKit/537.36 (KHTML, like Gecko) Chrome/116.0.0.0 Mobile Safari/537.36"
172.70.234.30 - - [10/Jan/2026:00:46:20 +0300] "GET /akcc.php HTTP/1.0" 404 455 "https://duckduckgo.com/" "Mozilla/5.0 (iPhone; CPU iPhone OS 17_1_1 like Mac OS X) AppleWebKit/605.1.15 (KHTML, like Gecko) Version/17.1 Mobile/15E148 Safari/604.1"
172.70.234.30 - - [10/Jan/2026:00:46:20 +0300] "GET /gecko-new.php HTTP/1.0" 404 455 "https://www.yahoo.com/" "Mozilla/5.0 (Linux; Android 10; LM-Q720) AppleWebKit/537.36 (KHTML, like Gecko) Chrome/116.0.0.0 Mobile Safari/537.36"
172.70.234.30 - - [10/Jan/2026:00:46:20 +0300] "GET /admin-header.php HTTP/1.0" 404 455 "https://www.google.de/" "Mozilla/5.0 (iPhone; CPU iPhone OS 17_1 like Mac OS X) AppleWebKit/605.1.15 (KHTML, like Gecko) CriOS/119.0.6045.109 Mobile/15E148 Safari/604.1"
172.70.234.30 - - [10/Jan/2026:00:46:20 +0300] "GET /edit.php HTTP/1.0" 404 455 "https://www.google.de/" "Mozilla/5.0 (Linux; Android 12; V2134) AppleWebKit/537.36 (KHTML, like Gecko) Chrome/116.0.0.0 Mobile Safari/537.36"
172.70.234.30 - - [10/Jan/2026:00:46:21 +0300] "GET /ioxi-o.php HTTP/1.0" 404 455 "https://www.google.com/" "Mozilla/5.0 (Linux; Android 10; K) AppleWebKit/537.36 (KHTML, like Gecko) Chrome/117.0.0.0 Mobile Safari/537.36"
172.70.234.30 - - [10/Jan/2026:00:46:21 +0300] "GET /info.php HTTP/1.0" 404 455 "https://www.bing.com/" "Mozilla/5.0 (Linux; Android 12; SM-A525F) AppleWebKit/537.36 (KHTML, like Gecko) Chrome/117.0.0.0 Mobile Safari/537.36"
172.70.234.30 - - [10/Jan/2026:00:46:21 +0300] "GET /lock360.php HTTP/1.0" 404 455 "https://www.google.de/" "Mozilla/5.0 (Linux; Android 12; V2134) AppleWebKit/537.36 (KHTML, like Gecko) Chrome/116.0.0.0 Mobile Safari/537.36"
172.70.234.30 - - [10/Jan/2026:00:46:22 +0300] "GET /ws.php HTTP/1.0" 404 455 "https://www.google.fr/" "Mozilla/5.0 (Linux; Android 12; V2134) AppleWebKit/537.36 (KHTML, like Gecko) Chrome/116.0.0.0 Mobile Safari/537.36"
172.70.234.30 - - [10/Jan/2026:00:46:22 +0300] "GET /file4.php HTTP/1.0" 404 455 "https://www.google.com/" "Mozilla/5.0 (iPad; CPU OS 16_7_2 like Mac OS X) AppleWebKit/605.1.15 (KHTML, like Gecko) Version/16.6 Mobile/15E148 Safari/604.1"
172.70.234.30 - - [10/Jan/2026:00:46:22 +0300] "GET /wp-good.php HTTP/1.0" 404 455 "https://duckduckgo.com/" "Mozilla/5.0 (Linux; Android 10; LM-Q720) AppleWebKit/537.36 (KHTML, like Gecko) Chrome/116.0.0.0 Mobile Safari/537.36"
172.70.234.30 - - [10/Jan/2026:00:46:22 +0300] "GET /content.php HTTP/1.0" 404 455 "https://www.yahoo.com/" "Mozilla/5.0 (iPhone; CPU iPhone OS 15_7_9 like Mac OS X) AppleWebKit/605.1.15 (KHTML, like Gecko) Version/15.6.5 Mobile/15E148 Safari/604.1"
172.70.234.30 - - [10/Jan/2026:00:46:23 +0300] "GET /wp-signup.php HTTP/1.0" 404 455 "https://www.google.de/" "Mozilla/5.0 (Linux; Android 12; 2201116SG) AppleWebKit/537.36 (KHTML, like Gecko) Chrome/116.0.0.0 Mobile Safari/537.36"
172.70.234.30 - - [10/Jan/2026:00:46:23 +0300] "GET /log.php HTTP/1.0" 404 455 "https://www.google.co.uk/" "Mozilla/5.0 (iPhone; CPU iPhone OS 16_0 like Mac OS X) AppleWebKit/605.1.15 (KHTML, like Gecko) FxiOS/118.0 Mobile/15E148 Safari/605.1.15"
172.70.234.30 - - [10/Jan/2026:00:46:23 +0300] "GET /hplfuns.php HTTP/1.0" 404 455 "https://www.yahoo.com/" "Mozilla/5.0 (Linux; Android 13; SM-G991U) AppleWebKit/537.36 (KHTML, like Gecko) Chrome/117.0.0.0 Mobile Safari/537.36"
172.70.234.30 - - [10/Jan/2026:00:46:24 +0300] "GET /ahax.php HTTP/1.0" 404 455 "https://www.yahoo.com/" "Mozilla/5.0 (iPhone; CPU iPhone OS 17_0_3 like Mac OS X) AppleWebKit/605.1.15 (KHTML, like Gecko) Version/17.0.1 Mobile/15E148 Safari/604.1"
172.70.234.30 - - [10/Jan/2026:00:46:24 +0300] "GET /atomlib.php HTTP/1.0" 404 455 "https://www.bing.com/" "Mozilla/5.0 (Linux; Android 13; SM-S908E) AppleWebKit/537.36 (KHTML, like Gecko) Chrome/116.0.0.0 Mobile Safari/537.36"
172.70.234.30 - - [10/Jan/2026:00:46:24 +0300] "GET /server.php HTTP/1.0" 404 455 "https://www.google.co.uk/" "Mozilla/5.0 (Linux; Android 12; SM-A525F) AppleWebKit/537.36 (KHTML, like Gecko) Chrome/117.0.0.0 Mobile Safari/537.36"
162.158.42.53 - - [10/Jan/2026:00:46:24 +0300] "GET /?o=87121192329600 HTTP/1.0" 200 4900 "-" "Mozilla/5.0 (Linux; Android 6.0.1; Nexus 5X Build/MMB29P) AppleWebKit/537.36 (KHTML, like Gecko) Chrome/143.0.7499.169 Mobile Safari/537.36 (compatible; Googlebot/2.1; +http://www.google.com/bot.html)"
172.70.234.30 - - [10/Jan/2026:00:46:24 +0300] "GET /wp-trackback.php HTTP/1.0" 404 455 "https://www.google.com/" "Mozilla/5.0 (iPad; CPU OS 16_7_2 like Mac OS X) AppleWebKit/605.1.15 (KHTML, like Gecko) Version/16.6 Mobile/15E148 Safari/604.1"
172.70.234.30 - - [10/Jan/2026:00:46:25 +0300] "GET /radio.php HTTP/1.0" 404 455 "https://www.google.co.uk/" "Mozilla/5.0 (iPhone; CPU iPhone OS 17_0_3 like Mac OS X) AppleWebKit/605.1.15 (KHTML, like Gecko) Version/17.0.1 Mobile/15E148 Safari/604.1"
172.70.234.30 - - [10/Jan/2026:00:46:25 +0300] "GET /wp-setup.php HTTP/1.0" 404 455 "https://www.google.fr/" "Mozilla/5.0 (Linux; Android 13; SM-S908E) AppleWebKit/537.36 (KHTML, like Gecko) Chrome/116.0.0.0 Mobile Safari/537.36"
172.70.234.30 - - [10/Jan/2026:00:46:25 +0300] "GET /options.php HTTP/1.0" 404 455 "https://www.yahoo.com/" "Mozilla/5.0 (iPad; CPU OS 16_7_2 like Mac OS X) AppleWebKit/605.1.15 (KHTML, like Gecko) Version/16.6 Mobile/15E148 Safari/604.1"
172.70.234.30 - - [10/Jan/2026:00:46:26 +0300] "GET /wp-user.php HTTP/1.0" 404 455 "https://www.google.co.uk/" "Mozilla/5.0 (iPad; CPU OS 17_0_3 like Mac OS X) AppleWebKit/605.1.15 (KHTML, like Gecko) Version/17.0.1 Mobile/15E148 Safari/604.1"
172.70.234.30 - - [10/Jan/2026:00:46:26 +0300] "GET /new.php HTTP/1.0" 404 455 "https://www.yahoo.com/" "Mozilla/5.0 (iPhone; CPU iPhone OS 17_1 like Mac OS X) AppleWebKit/605.1.15 (KHTML, like Gecko) CriOS/119.0.6045.109 Mobile/15E148 Safari/604.1"
172.70.234.30 - - [10/Jan/2026:00:46:26 +0300] "GET /classwithtostring.php HTTP/1.0" 404 455 "https://www.google.fr/" "Mozilla/5.0 (iPhone; CPU iPhone OS 16_0 like Mac OS X) AppleWebKit/605.1.15 (KHTML, like Gecko) FxiOS/118.0 Mobile/15E148 Safari/605.1.15"
172.70.234.30 - - [10/Jan/2026:00:46:26 +0300] "GET /bgymj.php HTTP/1.0" 404 455 "https://www.bing.com/" "Mozilla/5.0 (Linux; Android 10; K) AppleWebKit/537.36 (KHTML, like Gecko) Chrome/117.0.0.0 Mobile Safari/537.36"
172.70.234.30 - - [10/Jan/2026:00:46:27 +0300] "GET /default.php HTTP/1.0" 404 455 "https://www.google.com/" "Mozilla/5.0 (Linux; Android 13; SM-S908E) AppleWebKit/537.36 (KHTML, like Gecko) Chrome/116.0.0.0 Mobile Safari/537.36"
172.70.234.30 - - [10/Jan/2026:00:46:27 +0300] "GET /root.php HTTP/1.0" 404 455 "https://www.yahoo.com/" "Mozilla/5.0 (iPhone; CPU iPhone OS 17_0_3 like Mac OS X) AppleWebKit/605.1.15 (KHTML, like Gecko) Version/17.0.1 Mobile/15E148 Safari/604.1"
172.70.234.30 - - [10/Jan/2026:00:46:27 +0300] "GET /wp-file.php HTTP/1.0" 404 455 "https://www.google.com/" "Mozilla/5.0 (iPhone; CPU iPhone OS 15_7_9 like Mac OS X) AppleWebKit/605.1.15 (KHTML, like Gecko) Version/15.6.5 Mobile/15E148 Safari/604.1"
172.70.234.30 - - [10/Jan/2026:00:46:28 +0300] "GET /themes.php HTTP/1.0" 404 455 "https://www.google.com/" "Mozilla/5.0 (iPhone; CPU iPhone OS 17_1_1 like Mac OS X) AppleWebKit/605.1.15 (KHTML, like Gecko) Version/17.1 Mobile/15E148 Safari/604.1"
172.70.234.30 - - [10/Jan/2026:00:46:28 +0300] "GET /gmo.php HTTP/1.0" 404 455 "https://www.google.de/" "Mozilla/5.0 (Linux; Android 14; Pixel 8 Pro) AppleWebKit/537.36 (KHTML, like Gecko) Chrome/119.0.0.0 Mobile Safari/537.36"
172.70.234.30 - - [10/Jan/2026:00:46:28 +0300] "GET /asasx.php HTTP/1.0" 404 455 "https://duckduckgo.com/" "Mozilla/5.0 (iPhone; CPU iPhone OS 15_7_9 like Mac OS X) AppleWebKit/605.1.15 (KHTML, like Gecko) Version/15.6.5 Mobile/15E148 Safari/604.1"
172.70.234.30 - - [10/Jan/2026:00:46:29 +0300] "GET /xleet.php HTTP/1.0" 404 455 "https://www.google.com/" "Mozilla/5.0 (Linux; Android 12; 2201116SG) AppleWebKit/537.36 (KHTML, like Gecko) Chrome/116.0.0.0 Mobile Safari/537.36"
172.70.234.30 - - [10/Jan/2026:00:46:29 +0300] "GET /wp-error.php HTTP/1.0" 404 455 "https://www.google.co.uk/" "Mozilla/5.0 (Linux; Android 10; K) AppleWebKit/537.36 (KHTML, like Gecko) Chrome/117.0.0.0 Mobile Safari/537.36"
172.68.150.230 - - [10/Jan/2026:00:48:17 +0300] "GET /wp-includes/js5ba7cf/index.php HTTP/1.0" 404 455 "https://housegates.ru/wp-includes/js5ba7cf/index.php" "Mozilla/5.0 (Windows NT 10.0; Win64; x64) AppleWebKit/537.36 (KHTML, like Gecko) Chrome/58.0.3029.110 Safari/537.3"
172.69.63.237 - - [10/Jan/2026:00:51:21 +0300] "GET /0.php HTTP/1.0" 404 455 "https://www.bing.com/" "Mozilla/5.0 (iPhone; CPU iPhone OS 16_6_1 like Mac OS X) AppleWebKit/605.1.15 (KHTML, like Gecko) Version/16.6 Mobile/15E148 Safari/604.1"
172.69.63.237 - - [10/Jan/2026:00:51:21 +0300] "GET /1.php HTTP/1.0" 404 455 "https://www.google.fr/" "Mozilla/5.g (Linux; Android 13; Pixel 7) AppleWebKit/537.36 (KHTML, like Gecko) Chrome/116.0.0.0 Mobile Safari/537.36"
172.69.63.237 - - [10/Jan/2026:00:51:21 +0300] "GET /2.php HTTP/1.0" 404 455 "https://duckduckgo.com/" "Mozilla/5.0 (Linux; Android 11; 21081111RG) AppleWebKit/537.36 (KHTML, like Gecko) Chrome/116.0.0.0 Mobile Safari/537.36"
172.69.63.237 - - [10/Jan/2026:00:51:22 +0300] "GET /12.php HTTP/1.0" 404 455 "https://www.yahoo.com/" "Mozilla/5.0 (iPhone; CPU iPhone OS 16_6_1 like Mac OS X) AppleWebKit/605.1.15 (KHTML, like Gecko) Version/16.6 Mobile/15E148 Safari/604.1"
172.69.63.237 - - [10/Jan/2026:00:51:22 +0300] "GET /13.php HTTP/1.0" 404 455 "https://www.bing.com/" "Mozilla/5.0 (iPhone; CPU iPhone OS 16_6_1 like Mac OS X) AppleWebKit/605.1.15 (KHTML, like Gecko) Version/16.6 Mobile/15E148 Safari/604.1"
172.69.63.237 - - [10/Jan/2026:00:51:22 +0300] "GET /403.php HTTP/1.0" 404 455 "https://www.bing.com/" "Mozilla/5.0 (Linux; Android 11; 21081111RG) AppleWebKit/537.36 (KHTML, like Gecko) Chrome/116.0.0.0 Mobile Safari/537.36"
172.69.63.237 - - [10/Jan/2026:00:51:23 +0300] "GET /404.php HTTP/1.0" 404 455 "https://www.google.co.uk/" "Mozilla/5.0 (Linux; Android 14; Pixel 8 Pro) AppleWebKit/537.36 (KHTML, like Gecko) Chrome/119.0.0.0 Mobile Safari/537.36"
172.69.63.237 - - [10/Jan/2026:00:51:23 +0300] "GET /a.php HTTP/1.0" 404 455 "https://www.yahoo.com/" "Mozilla/5.0 (Linux; Android 13; SM-G991U) AppleWebKit/537.36 (KHTML, like Gecko) Chrome/117.0.0.0 Mobile Safari/537.36"
172.69.63.237 - - [10/Jan/2026:00:51:23 +0300] "GET /aa.php HTTP/1.0" 404 455 "https://duckduckgo.com/" "Mozilla/5.0 (Linux; Android 12; V2134) AppleWebKit/537.36 (KHTML, like Gecko) Chrome/116.0.0.0 Mobile Safari/537.36"
172.69.63.237 - - [10/Jan/2026:00:51:23 +0300] "GET /abcd.php HTTP/1.0" 404 455 "https://www.google.fr/" "Mozilla/5.0 (iPhone; CPU iPhone OS 15_7_9 like Mac OS X) AppleWebKit/605.1.15 (KHTML, like Gecko) Version/15.6.5 Mobile/15E148 Safari/604.1"
172.69.63.237 - - [10/Jan/2026:00:51:24 +0300] "GET /about.php HTTP/1.0" 404 455 "https://www.bing.com/" "Mozilla/5.0 (Linux; Android 12; V2134) AppleWebKit/537.36 (KHTML, like Gecko) Chrome/116.0.0.0 Mobile Safari/537.36"
172.69.63.237 - - [10/Jan/2026:00:51:24 +0300] "GET /admin.php HTTP/1.0" 404 455 "https://www.google.co.uk/" "Mozilla/5.g (Linux; Android 13; Pixel 7) AppleWebKit/537.36 (KHTML, like Gecko) Chrome/116.0.0.0 Mobile Safari/537.36"
172.69.63.237 - - [10/Jan/2026:00:51:24 +0300] "GET /admin-header.php HTTP/1.0" 404 455 "https://www.bing.com/" "Mozilla/5.0 (iPhone; CPU iPhone OS 17_1_1 like Mac OS X) AppleWebKit/605.1.15 (KHTML, like Gecko) Version/17.1 Mobile/15E148 Safari/604.1"
172.69.63.237 - - [10/Jan/2026:00:51:25 +0300] "GET /adminfuns.php HTTP/1.0" 404 455 "https://www.google.de/" "Mozilla/5.0 (Linux; Android 12; 2201116SG) AppleWebKit/537.36 (KHTML, like Gecko) Chrome/116.0.0.0 Mobile Safari/537.36"
172.69.63.237 - - [10/Jan/2026:00:51:25 +0300] "GET /ahax.php HTTP/1.0" 404 455 "https://www.google.com/" "Mozilla/5.0 (Linux; Android 13; M2101K6G) AppleWebKit/537.36 (KHTML, like Gecko) Chrome/116.0.0.0 Mobile Safari/537.36"
172.69.63.237 - - [10/Jan/2026:00:51:25 +0300] "GET /akcc.php HTTP/1.0" 404 455 "https://www.google.de/" "Mozilla/5.0 (Linux; Android 11; CPH2251) AppleWebKit/537.36 (KHTML, like Gecko) Chrome/116.0.0.0 Mobile Safari/537.36"
172.69.63.237 - - [10/Jan/2026:00:51:25 +0300] "GET /alf.php HTTP/1.0" 404 455 "https://www.google.co.uk/" "Mozilla/5.0 (Linux; Android 11; CPH2251) AppleWebKit/537.36 (KHTML, like Gecko) Chrome/116.0.0.0 Mobile Safari/537.36"
172.69.63.237 - - [10/Jan/2026:00:51:26 +0300] "GET /alfa.php HTTP/1.0" 404 455 "https://duckduckgo.com/" "Mozilla/5.0 (Linux; Android 13; SM-S908E) AppleWebKit/537.36 (KHTML, like Gecko) Chrome/116.0.0.0 Mobile Safari/537.36"
172.69.63.237 - - [10/Jan/2026:00:51:26 +0300] "GET /alfashell.php HTTP/1.0" 404 455 "https://www.google.com/" "Mozilla/5.0 (Linux; Android 11; 21081111RG) AppleWebKit/537.36 (KHTML, like Gecko) Chrome/116.0.0.0 Mobile Safari/537.36"
172.69.63.237 - - [10/Jan/2026:00:51:26 +0300] "GET /api.php HTTP/1.0" 404 455 "https://www.bing.com/" "Mozilla/5.0 (Linux; Android 14; Pixel 8 Pro) AppleWebKit/537.36 (KHTML, like Gecko) Chrome/119.0.0.0 Mobile Safari/537.36"
172.69.63.237 - - [10/Jan/2026:00:51:27 +0300] "GET /app.php HTTP/1.0" 404 455 "https://www.yahoo.com/" "Mozilla/5.0 (iPhone; CPU iPhone OS 16_6_1 like Mac OS X) AppleWebKit/605.1.15 (KHTML, like Gecko) Version/16.6 Mobile/15E148 Safari/604.1"
172.69.63.237 - - [10/Jan/2026:00:51:27 +0300] "GET /as.php HTTP/1.0" 404 455 "https://www.bing.com/" "Mozilla/5.g (Linux; Android 13; Pixel 7) AppleWebKit/537.36 (KHTML, like Gecko) Chrome/116.0.0.0 Mobile Safari/537.36"
172.69.63.237 - - [10/Jan/2026:00:51:27 +0300] "GET /bolt.php HTTP/1.0" 404 455 "https://www.google.de/" "Mozilla/5.0 (Linux; Android 13; M2101K6G) AppleWebKit/537.36 (KHTML, like Gecko) Chrome/116.0.0.0 Mobile Safari/537.36"
172.69.63.237 - - [10/Jan/2026:00:51:27 +0300] "GET /buy.php HTTP/1.0" 404 455 "https://duckduckgo.com/" "Mozilla/5.0 (Linux; Android 12; V2134) AppleWebKit/537.36 (KHTML, like Gecko) Chrome/116.0.0.0 Mobile Safari/537.36"
172.69.63.237 - - [10/Jan/2026:00:51:28 +0300] "GET /c.php HTTP/1.0" 404 455 "https://www.bing.com/" "Mozilla/5.0 (Linux; Android 14; Pixel 8 Pro) AppleWebKit/537.36 (KHTML, like Gecko) Chrome/119.0.0.0 Mobile Safari/537.36"
172.69.63.237 - - [10/Jan/2026:00:51:28 +0300] "GET /cc.php HTTP/1.0" 404 455 "https://duckduckgo.com/" "Mozilla/5.0 (iPhone; CPU iPhone OS 17_0_3 like Mac OS X) AppleWebKit/605.1.15 (KHTML, like Gecko) Version/17.0.1 Mobile/15E148 Safari/604.1"
172.69.63.237 - - [10/Jan/2026:00:51:28 +0300] "GET /chosen.php HTTP/1.0" 404 455 "https://www.google.co.uk/" "Mozilla/5.0 (iPhone; CPU iPhone OS 17_1 like Mac OS X) AppleWebKit/605.1.15 (KHTML, like Gecko) CriOS/119.0.6045.109 Mobile/15E148 Safari/604.1"
172.69.63.237 - - [10/Jan/2026:00:51:29 +0300] "GET /classwithtostring.php HTTP/1.0" 404 455 "https://www.google.fr/" "Mozilla/5.0 (iPhone; CPU iPhone OS 17_1 like Mac OS X) AppleWebKit/605.1.15 (KHTML, like Gecko) CriOS/119.0.6045.109 Mobile/15E148 Safari/604.1"
172.69.63.237 - - [10/Jan/2026:00:51:29 +0300] "GET /config.php HTTP/1.0" 404 455 "https://duckduckgo.com/" "Mozilla/5.0 (iPhone; CPU iPhone OS 15_7_9 like Mac OS X) AppleWebKit/605.1.15 (KHTML, like Gecko) Version/15.6.5 Mobile/15E148 Safari/604.1"
172.69.63.237 - - [10/Jan/2026:00:51:29 +0300] "GET /content.php HTTP/1.0" 404 455 "https://www.bing.com/" "Mozilla/5.0 (iPhone; CPU iPhone OS 17_0_3 like Mac OS X) AppleWebKit/605.1.15 (KHTML, like Gecko) Version/17.0.1 Mobile/15E148 Safari/604.1"
172.69.63.237 - - [10/Jan/2026:00:51:29 +0300] "GET /dropdown.php HTTP/1.0" 404 455 "https://www.bing.com/" "Mozilla/5.0 (iPhone; CPU iPhone OS 15_7_9 like Mac OS X) AppleWebKit/605.1.15 (KHTML, like Gecko) Version/15.6.5 Mobile/15E148 Safari/604.1"
172.69.63.237 - - [10/Jan/2026:00:51:30 +0300] "GET /edit.php HTTP/1.0" 404 455 "https://www.google.fr/" "Mozilla/5.0 (Linux; Android 11; CPH2251) AppleWebKit/537.36 (KHTML, like Gecko) Chrome/116.0.0.0 Mobile Safari/537.36"
172.69.63.237 - - [10/Jan/2026:00:51:30 +0300] "GET /ee.php HTTP/1.0" 404 455 "https://www.google.com/" "Mozilla/5.0 (iPhone; CPU iPhone OS 15_7_9 like Mac OS X) AppleWebKit/605.1.15 (KHTML, like Gecko) Version/15.6.5 Mobile/15E148 Safari/604.1"
172.69.63.237 - - [10/Jan/2026:00:51:30 +0300] "GET /favicon.php HTTP/1.0" 404 455 "https://www.yahoo.com/" "Mozilla/5.0 (Linux; Android 12; V2134) AppleWebKit/537.36 (KHTML, like Gecko) Chrome/116.0.0.0 Mobile Safari/537.36"
172.69.63.237 - - [10/Jan/2026:00:51:31 +0300] "GET /file.php HTTP/1.0" 404 455 "https://www.bing.com/" "Mozilla/5.0 (Linux; Android 11; CPH2251) AppleWebKit/537.36 (KHTML, like Gecko) Chrome/116.0.0.0 Mobile Safari/537.36"
172.69.63.237 - - [10/Jan/2026:00:51:31 +0300] "GET /fm.php HTTP/1.0" 404 455 "https://www.google.de/" "Mozilla/5.0 (Linux; Android 12; SM-A525F) AppleWebKit/537.36 (KHTML, like Gecko) Chrome/117.0.0.0 Mobile Safari/537.36"
172.69.63.237 - - [10/Jan/2026:00:51:31 +0300] "GET /fx.php HTTP/1.0" 404 455 "https://www.google.co.uk/" "Mozilla/5.0 (Linux; Android 13; SM-S908E) AppleWebKit/537.36 (KHTML, like Gecko) Chrome/116.0.0.0 Mobile Safari/537.36"
172.69.63.237 - - [10/Jan/2026:00:51:31 +0300] "GET /gecko.php HTTP/1.0" 404 455 "https://www.google.de/" "Mozilla/5.0 (Linux; Android 13; SM-G991U) AppleWebKit/537.36 (KHTML, like Gecko) Chrome/117.0.0.0 Mobile Safari/537.36"
172.69.63.237 - - [10/Jan/2026:00:51:32 +0300] "GET /gecko-new.php HTTP/1.0" 404 455 "https://www.google.co.uk/" "Mozilla/5.0 (iPhone; CPU iPhone OS 16_6_1 like Mac OS X) AppleWebKit/605.1.15 (KHTML, like Gecko) Version/16.6 Mobile/15E148 Safari/604.1"
172.69.63.237 - - [10/Jan/2026:00:51:32 +0300] "GET /gel4y.php HTTP/1.0" 404 455 "https://duckduckgo.com/" "Mozilla/5.0 (Linux; Android 11; 21081111RG) AppleWebKit/537.36 (KHTML, like Gecko) Chrome/116.0.0.0 Mobile Safari/537.36"
172.69.63.237 - - [10/Jan/2026:00:51:32 +0300] "GET /gg.php HTTP/1.0" 404 455 "https://www.yahoo.com/" "Mozilla/5.0 (Linux; Android 13; SM-G991U) AppleWebKit/537.36 (KHTML, like Gecko) Chrome/117.0.0.0 Mobile Safari/537.36"
172.69.63.237 - - [10/Jan/2026:00:51:33 +0300] "GET /goods.php HTTP/1.0" 404 455 "https://www.google.de/" "Mozilla/5.0 (Linux; Android 10; K) AppleWebKit/537.36 (KHTML, like Gecko) Chrome/117.0.0.0 Mobile Safari/537.36"
172.69.63.237 - - [10/Jan/2026:00:51:33 +0300] "GET /help.php HTTP/1.0" 404 455 "https://www.bing.com/" "Mozilla/5.0 (iPhone; CPU iPhone OS 17_0_3 like Mac OS X) AppleWebKit/605.1.15 (KHTML, like Gecko) Version/17.0.1 Mobile/15E148 Safari/604.1"
172.69.63.237 - - [10/Jan/2026:00:51:33 +0300] "GET /i.php HTTP/1.0" 404 455 "https://www.yahoo.com/" "Mozilla/5.0 (iPhone; CPU iPhone OS 17_0_3 like Mac OS X) AppleWebKit/605.1.15 (KHTML, like Gecko) Version/17.0.1 Mobile/15E148 Safari/604.1"
172.69.63.237 - - [10/Jan/2026:00:51:33 +0300] "GET /index.php HTTP/1.0" 200 3601 "https://www.google.co.uk/" "Mozilla/5.0 (Linux; Android 11; 21081111RG) AppleWebKit/537.36 (KHTML, like Gecko) Chrome/116.0.0.0 Mobile Safari/537.36"
172.69.63.237 - - [10/Jan/2026:00:51:34 +0300] "GET /info.php HTTP/1.0" 404 455 "https://www.yahoo.com/" "Mozilla/5.0 (Linux; Android 10; K) AppleWebKit/537.36 (KHTML, like Gecko) Chrome/117.0.0.0 Mobile Safari/537.36"
172.69.63.237 - - [10/Jan/2026:00:51:34 +0300] "GET /ioxi-o.php HTTP/1.0" 404 455 "https://duckduckgo.com/" "Mozilla/5.0 (Linux; Android 10; K) AppleWebKit/537.36 (KHTML, like Gecko) Chrome/117.0.0.0 Mobile Safari/537.36"
172.69.63.237 - - [10/Jan/2026:00:51:34 +0300] "GET /k.php HTTP/1.0" 404 455 "https://duckduckgo.com/" "Mozilla/5.0 (iPhone; CPU iPhone OS 17_0_3 like Mac OS X) AppleWebKit/605.1.15 (KHTML, like Gecko) Version/17.0.1 Mobile/15E148 Safari/604.1"
172.69.63.237 - - [10/Jan/2026:00:51:35 +0300] "GET /link.php HTTP/1.0" 404 455 "https://www.google.co.uk/" "Mozilla/5.0 (Linux; Android 13; M2101K6G) AppleWebKit/537.36 (KHTML, like Gecko) Chrome/116.0.0.0 Mobile Safari/537.36"
172.69.63.237 - - [10/Jan/2026:00:51:35 +0300] "GET /man.php HTTP/1.0" 404 455 "https://duckduckgo.com/" "Mozilla/5.0 (Linux; Android 11; CPH2251) AppleWebKit/537.36 (KHTML, like Gecko) Chrome/116.0.0.0 Mobile Safari/537.36"
172.69.63.237 - - [10/Jan/2026:00:51:35 +0300] "GET /mini.php HTTP/1.0" 404 455 "https://www.google.com/" "Mozilla/5.0 (Linux; Android 13; M2101K6G) AppleWebKit/537.36 (KHTML, like Gecko) Chrome/116.0.0.0 Mobile Safari/537.36"
172.69.63.237 - - [10/Jan/2026:00:51:35 +0300] "GET /new.php HTTP/1.0" 404 455 "https://www.yahoo.com/" "Mozilla/5.0 (Linux; Android 13; SM-G991U) AppleWebKit/537.36 (KHTML, like Gecko) Chrome/117.0.0.0 Mobile Safari/537.36"
172.69.63.237 - - [10/Jan/2026:00:51:36 +0300] "GET /num.php HTTP/1.0" 404 455 "https://www.yahoo.com/" "Mozilla/5.0 (Linux; Android 12; 2201116SG) AppleWebKit/537.36 (KHTML, like Gecko) Chrome/116.0.0.0 Mobile Safari/537.36"
172.69.63.237 - - [10/Jan/2026:00:51:36 +0300] "GET /root.php HTTP/1.0" 404 455 "https://www.google.fr/" "Mozilla/5.0 (iPhone; CPU iPhone OS 17_1_1 like Mac OS X) AppleWebKit/605.1.15 (KHTML, like Gecko) Version/17.1 Mobile/15E148 Safari/604.1"
172.69.63.237 - - [10/Jan/2026:00:51:36 +0300] "GET /shell.php HTTP/1.0" 404 455 "https://www.google.fr/" "Mozilla/5.0 (iPad; CPU OS 16_7_2 like Mac OS X) AppleWebKit/605.1.15 (KHTML, like Gecko) Version/16.6 Mobile/15E148 Safari/604.1"
172.69.63.237 - - [10/Jan/2026:00:51:37 +0300] "GET /system.php HTTP/1.0" 404 455 "https://www.google.com/" "Mozilla/5.0 (iPad; CPU OS 16_7_2 like Mac OS X) AppleWebKit/605.1.15 (KHTML, like Gecko) Version/16.6 Mobile/15E148 Safari/604.1"
172.69.63.237 - - [10/Jan/2026:00:51:37 +0300] "GET /termps.php HTTP/1.0" 404 455 "https://www.google.co.uk/" "Mozilla/5.0 (Linux; Android 10; K) AppleWebKit/537.36 (KHTML, like Gecko) Chrome/117.0.0.0 Mobile Safari/537.36"
172.69.63.237 - - [10/Jan/2026:00:51:37 +0300] "GET /test.php HTTP/1.0" 404 455 "https://duckduckgo.com/" "Mozilla/5.0 (iPhone; CPU iPhone OS 17_1 like Mac OS X) AppleWebKit/605.1.15 (KHTML, like Gecko) CriOS/119.0.6045.109 Mobile/15E148 Safari/604.1"
172.69.63.237 - - [10/Jan/2026:00:51:37 +0300] "GET /tiny.php HTTP/1.0" 404 455 "https://www.bing.com/" "Mozilla/5.0 (Linux; Android 10; K) AppleWebKit/537.36 (KHTML, like Gecko) Chrome/117.0.0.0 Mobile Safari/537.36"
172.69.63.237 - - [10/Jan/2026:00:51:38 +0300] "GET /user.php HTTP/1.0" 404 455 "https://www.google.co.uk/" "Mozilla/5.0 (Linux; Android 10; K) AppleWebKit/537.36 (KHTML, like Gecko) Chrome/117.0.0.0 Mobile Safari/537.36"
172.69.63.237 - - [10/Jan/2026:00:51:38 +0300] "GET /vx.php HTTP/1.0" 404 455 "https://duckduckgo.com/" "Mozilla/5.0 (Linux; Android 10; K) AppleWebKit/537.36 (KHTML, like Gecko) Chrome/117.0.0.0 Mobile Safari/537.36"
172.69.63.237 - - [10/Jan/2026:00:51:38 +0300] "GET /wp-admin.php HTTP/1.0" 404 455 "https://duckduckgo.com/" "Mozilla/5.0 (Linux; Android 13; SM-G991U) AppleWebKit/537.36 (KHTML, like Gecko) Chrome/117.0.0.0 Mobile Safari/537.36"
172.69.63.237 - - [10/Jan/2026:00:51:39 +0300] "GET /wp-blog.php HTTP/1.0" 404 455 "https://duckduckgo.com/" "Mozilla/5.0 (Linux; Android 10; LM-Q720) AppleWebKit/537.36 (KHTML, like Gecko) Chrome/116.0.0.0 Mobile Safari/537.36"
172.69.63.237 - - [10/Jan/2026:00:51:39 +0300] "GET /wp-good.php HTTP/1.0" 404 455 "https://duckduckgo.com/" "Mozilla/5.0 (iPhone; CPU iPhone OS 16_6_1 like Mac OS X) AppleWebKit/605.1.15 (KHTML, like Gecko) Version/16.6 Mobile/15E148 Safari/604.1"
172.69.63.237 - - [10/Jan/2026:00:51:39 +0300] "GET /wp-include.php HTTP/1.0" 404 455 "https://duckduckgo.com/" "Mozilla/5.g (Linux; Android 13; Pixel 7) AppleWebKit/537.36 (KHTML, like Gecko) Chrome/116.0.0.0 Mobile Safari/537.36"
172.69.63.237 - - [10/Jan/2026:00:51:39 +0300] "GET /wp-links.php HTTP/1.0" 404 455 "https://www.yahoo.com/" "Mozilla/5.0 (Linux; Android 11; CPH2251) AppleWebKit/537.36 (KHTML, like Gecko) Chrome/116.0.0.0 Mobile Safari/537.36"
172.69.63.237 - - [10/Jan/2026:00:51:40 +0300] "GET /wp-signin.php HTTP/1.0" 404 455 "https://www.bing.com/" "Mozilla/5.0 (iPhone; CPU iPhone OS 17_1_1 like Mac OS X) AppleWebKit/605.1.15 (KHTML, like Gecko) Version/17.1 Mobile/15E148 Safari/604.1"
172.69.63.237 - - [10/Jan/2026:00:51:40 +0300] "GET /wp-trackback.php HTTP/1.0" 404 455 "https://duckduckgo.com/" "Mozilla/5.0 (Linux; Android 14; Pixel 8 Pro) AppleWebKit/537.36 (KHTML, like Gecko) Chrome/119.0.0.0 Mobile Safari/537.36"
172.69.63.237 - - [10/Jan/2026:00:51:40 +0300] "GET /wp.php HTTP/1.0" 404 455 "https://duckduckgo.com/" "Mozilla/5.0 (Linux; Android 12; V2134) AppleWebKit/537.36 (KHTML, like Gecko) Chrome/116.0.0.0 Mobile Safari/537.36"
172.69.63.237 - - [10/Jan/2026:00:51:40 +0300] "GET /wso.php HTTP/1.0" 404 455 "https://www.google.de/" "Mozilla/5.0 (Linux; Android 12; 2201116SG) AppleWebKit/537.36 (KHTML, like Gecko) Chrome/116.0.0.0 Mobile Safari/537.36"
172.69.63.237 - - [10/Jan/2026:00:51:41 +0300] "GET /xmlrpc.php HTTP/1.0" 404 455 "https://www.google.fr/" "Mozilla/5.0 (iPhone; CPU iPhone OS 16_6_1 like Mac OS X) AppleWebKit/605.1.15 (KHTML, like Gecko) Version/16.6 Mobile/15E148 Safari/604.1"
172.69.63.237 - - [10/Jan/2026:00:51:41 +0300] "GET /xmrlpc.php HTTP/1.0" 404 455 "https://duckduckgo.com/" "Mozilla/5.0 (Linux; Android 12; V2134) AppleWebKit/537.36 (KHTML, like Gecko) Chrome/116.0.0.0 Mobile Safari/537.36"
172.68.22.85 - - [10/Jan/2026:00:52:39 +0300] "GET /?o=96902288273501 HTTP/1.0" 200 4880 "-" "Mozilla/5.0 (Linux; Android 6.0.1; Nexus 5X Build/MMB29P) AppleWebKit/537.36 (KHTML, like Gecko) Chrome/143.0.7499.169 Mobile Safari/537.36 (compatible; Googlebot/2.1; +http://www.google.com/bot.html)"
104.23.239.25 - - [10/Jan/2026:00:55:18 +0300] "GET / HTTP/1.0" 200 3601 "-" "-"
162.159.113.119 - - [10/Jan/2026:00:56:23 +0300] "GET /robots.txt HTTP/1.1" 404 173 "-" "Mozilla/5.0 (compatible; AhrefsBot/7.0; +http://ahrefs.com/robot/)"
172.68.186.61 - - [10/Jan/2026:00:56:34 +0300] "GET / HTTP/1.0" 200 3601 "-" "Mozilla/5.0 (compatible; AhrefsBot/7.0; +http://ahrefs.com/robot/)"
172.68.150.230 - - [10/Jan/2026:00:57:33 +0300] "GET /wp-includes/js5ba7cf/index.php HTTP/1.0" 404 455 "https://housegates.ru/wp-includes/js5ba7cf/index.php" "Mozilla/5.0 (Windows NT 10.0; Win64; x64) AppleWebKit/537.36 (KHTML, like Gecko) Chrome/58.0.3029.110 Safari/537.3"
108.162.245.32 - - [10/Jan/2026:00:58:54 +0300] "GET /?o=08958166528505 HTTP/1.0" 200 4950 "-" "Mozilla/5.0 (Linux; Android 6.0.1; Nexus 5X Build/MMB29P) AppleWebKit/537.36 (KHTML, like Gecko) Chrome/143.0.7499.169 Mobile Safari/537.36 (compatible; Googlebot/2.1; +http://www.google.com/bot.html)"
172.71.151.41 - - [10/Jan/2026:01:05:09 +0300] "GET /?o=82186186680201 HTTP/1.0" 200 4878 "-" "Mozilla/5.0 (Linux; Android 6.0.1; Nexus 5X Build/MMB29P) AppleWebKit/537.36 (KHTML, like Gecko) Chrome/143.0.7499.169 Mobile Safari/537.36 (compatible; Googlebot/2.1; +http://www.google.com/bot.html)"
172.68.150.230 - - [10/Jan/2026:01:07:01 +0300] "GET /wp-includes/js5ba7cf/index.php HTTP/1.0" 404 455 "https://housegates.ru/wp-includes/js5ba7cf/index.php" "Mozilla/5.0 (Windows NT 10.0; Win64; x64) AppleWebKit/537.36 (KHTML, like Gecko) Chrome/58.0.3029.110 Safari/537.3"
104.23.211.79 - - [10/Jan/2026:01:08:03 +0300] "GET / HTTP/1.0" 200 3601 "http://housegates.ru" "Mozilla/5.0 (iPhone; CPU iPhone OS 13_2_3 like Mac OS X) AppleWebKit/605.1.15 (KHTML, like Gecko) Version/13.0.3 Mobile/15E148 Safari/604.1"
162.158.42.54 - - [10/Jan/2026:01:11:24 +0300] "GET /?o=07077222362005 HTTP/1.0" 200 4846 "-" "Mozilla/5.0 (Linux; Android 6.0.1; Nexus 5X Build/MMB29P) AppleWebKit/537.36 (KHTML, like Gecko) Chrome/143.0.7499.169 Mobile Safari/537.36 (compatible; Googlebot/2.1; +http://www.google.com/bot.html)"
172.68.150.231 - - [10/Jan/2026:01:16:04 +0300] "GET /wp-includes/js5ba7cf/index.php HTTP/1.0" 404 455 "https://housegates.ru/wp-includes/js5ba7cf/index.php" "Mozilla/5.0 (Windows NT 10.0; Win64; x64) AppleWebKit/537.36 (KHTML, like Gecko) Chrome/58.0.3029.110 Safari/537.3"
172.69.50.177 - - [10/Jan/2026:01:18:51 +0300] "GET /robots.txt HTTP/1.1" 404 173 "-" "Mozilla/5.0 (compatible; YandexBot/3.0; +http://yandex.com/bots)"
172.71.184.78 - - [10/Jan/2026:01:18:51 +0300] "GET /jqczam/pcb-oil-testing.html HTTP/1.0" 404 455 "-" "Mozilla/5.0 (compatible; YandexBot/3.0; +http://yandex.com/bots) AppleWebKit/537.36 (KHTML, like Gecko) Chrome/108.0.0.0"
162.158.102.123 - - [10/Jan/2026:01:19:24 +0300] "GET /index.php/jk HTTP/1.0" 200 3601 "-" "Mozilla/5.0 (Windows NT 6.2; WOW64) AppleWebKit/535.24 (KHTML, like Gecko) Chrome/80.0.1055.1 Safari/535.24"
172.68.22.85 - - [10/Jan/2026:01:20:15 +0300] "GET /?o=94020112651304 HTTP/1.0" 200 4872 "-" "Mozilla/5.0 (Linux; Android 6.0.1; Nexus 5X Build/MMB29P) AppleWebKit/537.36 (KHTML, like Gecko) Chrome/143.0.7499.169 Mobile Safari/537.36 (compatible; Googlebot/2.1; +http://www.google.com/bot.html)"
172.71.146.136 - - [10/Jan/2026:01:21:29 +0300] "GET /robots.txt HTTP/1.1" 404 173 "-" "Mozilla/5.0 (compatible; DotBot/1.2; +https://opensiteexplorer.org/dotbot; help@moz.com)"
172.71.146.152 - - [10/Jan/2026:01:22:10 +0300] "GET /?o=4570235906001 HTTP/1.0" 200 4873 "-" "Mozilla/5.0 (Linux; Android 6.0.1; Nexus 5X Build/MMB29P) AppleWebKit/537.36 (KHTML, like Gecko) Chrome/143.0.7499.169 Mobile Safari/537.36 (compatible; Googlebot/2.1; +http://www.google.com/bot.html)"
162.158.138.72 - - [10/Jan/2026:01:23:52 +0300] "GET /m-contenteditor+index+id-12.html HTTP/1.0" 200 4774 "-" "Mozilla/5.0 (iPhone; CPU iPhone OS 13_2_3 like Mac OS X) AppleWebKit/605.1.15 (KHTML, like Gecko) Version/13.0.3 Mobile/15E148 Safari/604.1"
108.162.245.33 - - [10/Jan/2026:01:24:06 +0300] "GET /?o=90471150556000 HTTP/1.0" 200 4863 "-" "Mozilla/5.0 (Linux; Android 6.0.1; Nexus 5X Build/MMB29P) AppleWebKit/537.36 (KHTML, like Gecko) Chrome/143.0.7499.169 Mobile Safari/537.36 (compatible; Googlebot/2.1; +http://www.google.com/bot.html)"
172.68.150.230 - - [10/Jan/2026:01:25:03 +0300] "GET /wp-includes/js5ba7cf/index.php HTTP/1.0" 404 455 "https://housegates.ru/wp-includes/js5ba7cf/index.php" "Mozilla/5.0 (Windows NT 10.0; Win64; x64) AppleWebKit/537.36 (KHTML, like Gecko) Chrome/58.0.3029.110 Safari/537.3"
172.68.22.85 - - [10/Jan/2026:01:27:47 +0300] "GET /?o=9161163846105 HTTP/1.0" 200 4800 "-" "Mozilla/5.0 (Linux; Android 6.0.1; Nexus 5X Build/MMB29P) AppleWebKit/537.36 (KHTML, like Gecko) Chrome/143.0.7499.169 Mobile Safari/537.36 (compatible; Googlebot/2.1; +http://www.google.com/bot.html)"
172.68.10.14 - - [10/Jan/2026:01:27:58 +0300] "GET /jqczam/stolen-touches-by-neva-altaj-release-date.html HTTP/1.0" 404 455 "-" "Mozilla/5.0 (compatible; YandexBot/3.0; +http://yandex.com/bots)"
108.162.245.32 - - [10/Jan/2026:01:30:38 +0300] "GET /?o=6474618750804 HTTP/1.0" 200 4847 "-" "Mozilla/5.0 (Linux; Android 6.0.1; Nexus 5X Build/MMB29P) AppleWebKit/537.36 (KHTML, like Gecko) Chrome/143.0.7499.169 Mobile Safari/537.36 (compatible; Googlebot/2.1; +http://www.google.com/bot.html)"
172.71.82.53 - - [10/Jan/2026:01:32:59 +0300] "GET /m-contenteditor+index+id-17.html HTTP/1.0" 200 4236 "-" "Mozilla/5.0 (iPhone; CPU iPhone OS 13_2_3 like Mac OS X) AppleWebKit/605.1.15 (KHTML, like Gecko) Version/13.0.3 Mobile/15E148 Safari/604.1"
172.69.50.177 - - [10/Jan/2026:01:33:18 +0300] "GET /robots.txt HTTP/1.1" 404 173 "-" "Mozilla/5.0 (compatible; YandexBot/3.0; +http://yandex.com/bots)"
172.71.184.79 - - [10/Jan/2026:01:33:19 +0300] "GET /eqo94m/where-to-sell-teddy-bears.html HTTP/1.0" 404 455 "-" "Mozilla/5.0 (compatible; YandexBot/3.0; +http://yandex.com/bots)"
108.162.245.32 - - [10/Jan/2026:01:34:29 +0300] "GET /?o=29426244084302 HTTP/1.0" 200 4845 "-" "Mozilla/5.0 (Linux; Android 6.0.1; Nexus 5X Build/MMB29P) AppleWebKit/537.36 (KHTML, like Gecko) Chrome/143.0.7499.169 Mobile Safari/537.36 (compatible; Googlebot/2.1; +http://www.google.com/bot.html)"
172.68.150.230 - - [10/Jan/2026:01:34:34 +0300] "GET /wp-includes/js5ba7cf/index.php HTTP/1.0" 404 455 "https://housegates.ru/wp-includes/js5ba7cf/index.php" "Mozilla/5.0 (Windows NT 10.0; Win64; x64) AppleWebKit/537.36 (KHTML, like Gecko) Chrome/58.0.3029.110 Safari/537.3"
172.68.23.82 - - [10/Jan/2026:01:35:08 +0300] "GET /eqo94m/free-printable-stencil-letters.html HTTP/1.0" 404 455 "-" "Mozilla/5.0 (compatible; DotBot/1.2; +https://opensiteexplorer.org/dotbot; help@moz.com)"
162.158.42.239 - - [10/Jan/2026:01:35:42 +0300] "GET /?o=75770233551901 HTTP/1.0" 200 4868 "-" "Mozilla/5.0 (Linux; Android 6.0.1; Nexus 5X Build/MMB29P) AppleWebKit/537.36 (KHTML, like Gecko) Chrome/143.0.7499.169 Mobile Safari/537.36 (compatible; Googlebot/2.1; +http://www.google.com/bot.html)"
172.71.150.210 - - [10/Jan/2026:01:36:18 +0300] "GET /eqo94m/2022-fantasy-adventure-movies.html HTTP/1.0" 404 455 "-" "Mozilla/5.0 (compatible; DotBot/1.2; +https://opensiteexplorer.org/dotbot; help@moz.com)"
108.162.245.32 - - [10/Jan/2026:01:38:20 +0300] "GET /?o=72159248038705 HTTP/1.0" 200 4892 "-" "Mozilla/5.0 (Linux; Android 6.0.1; Nexus 5X Build/MMB29P) AppleWebKit/537.36 (KHTML, like Gecko) Chrome/143.0.7499.169 Mobile Safari/537.36 (compatible; Googlebot/2.1; +http://www.google.com/bot.html)"
172.71.184.79 - - [10/Jan/2026:01:38:31 +0300] "GET /jqczam/response-file-oracle-19c.html HTTP/1.0" 404 455 "-" "Mozilla/5.0 (compatible; YandexBot/3.0; +http://yandex.com/bots) AppleWebKit/537.36 (KHTML, like Gecko) Chrome/108.0.0.0"
172.71.184.79 - - [10/Jan/2026:01:39:34 +0300] "GET /jqczam/anthropology-mcqs-pdf.html HTTP/1.0" 404 455 "-" "Mozilla/5.0 (compatible; YandexBot/3.0; +http://yandex.com/bots)"
172.68.10.15 - - [10/Jan/2026:01:39:36 +0300] "GET /jqczam/harley-davidson-engine-vin-check-free.html HTTP/1.0" 404 455 "-" "Mozilla/5.0 (compatible; YandexBot/3.0; +http://yandex.com/bots)"
172.71.184.78 - - [10/Jan/2026:01:42:11 +0300] "GET /eqo94m/the-story-of-world-war-one.html HTTP/1.0" 404 455 "-" "Mozilla/5.0 (compatible; YandexBot/3.0; +http://yandex.com/bots) AppleWebKit/537.36 (KHTML, like Gecko) Chrome/108.0.0.0"
162.158.42.54 - - [10/Jan/2026:01:42:11 +0300] "GET /?o=22551133531700 HTTP/1.0" 200 4909 "-" "Mozilla/5.0 (Linux; Android 6.0.1; Nexus 5X Build/MMB29P) AppleWebKit/537.36 (KHTML, like Gecko) Chrome/143.0.7499.169 Mobile Safari/537.36 (compatible; Googlebot/2.1; +http://www.google.com/bot.html)"
172.70.250.59 - - [10/Jan/2026:01:42:32 +0300] "GET /m-contenteditor+index+id-9.html HTTP/1.0" 200 4152 "-" "Mozilla/5.0 (iPhone; CPU iPhone OS 13_2_3 like Mac OS X) AppleWebKit/605.1.15 (KHTML, like Gecko) Version/13.0.3 Mobile/15E148 Safari/604.1"
172.71.146.153 - - [10/Jan/2026:01:43:03 +0300] "GET /shop/pg/1AvailableInfo/ HTTP/1.0" 404 455 "-" "Mozilla/5.0 AppleWebKit/537.36 (KHTML, like Gecko; compatible; bingbot/2.0; +http://www.bing.com/bingbot.htm) Chrome/116.0.1938.76 Safari/537.36"
172.68.10.14 - - [10/Jan/2026:01:44:46 +0300] "GET /eqo94m/surface-area-worksheet-pdf.html HTTP/1.0" 404 455 "-" "Mozilla/5.0 (compatible; YandexBot/3.0; +http://yandex.com/bots)"
172.68.150.231 - - [10/Jan/2026:01:45:05 +0300] "GET /wp-includes/js5ba7cf/index.php HTTP/1.0" 404 455 "https://housegates.ru/wp-includes/js5ba7cf/index.php" "Mozilla/5.0 (Windows NT 10.0; Win64; x64) AppleWebKit/537.36 (KHTML, like Gecko) Chrome/58.0.3029.110 Safari/537.3"
172.71.147.3 - - [10/Jan/2026:01:46:02 +0300] "GET /?o=39843205264507 HTTP/1.0" 200 4988 "-" "Mozilla/5.0 (Linux; Android 6.0.1; Nexus 5X Build/MMB29P) AppleWebKit/537.36 (KHTML, like Gecko) Chrome/143.0.7499.169 Mobile Safari/537.36 (compatible; Googlebot/2.1; +http://www.google.com/bot.html)"
162.158.42.53 - - [10/Jan/2026:01:49:52 +0300] "GET /?o=08862112467405 HTTP/1.0" 200 4951 "-" "Mozilla/5.0 (Linux; Android 6.0.1; Nexus 5X Build/MMB29P) AppleWebKit/537.36 (KHTML, like Gecko) Chrome/143.0.7499.169 Mobile Safari/537.36 (compatible; Googlebot/2.1; +http://www.google.com/bot.html)"
172.71.110.250 - - [10/Jan/2026:01:53:10 +0300] "GET /m24.htm HTTP/1.0" 200 2712 "-" "Mozilla/5.0 (iPhone; CPU iPhone OS 13_2_3 like Mac OS X) AppleWebKit/605.1.15 (KHTML, like Gecko) Version/13.0.3 Mobile/15E148 Safari/604.1"
162.158.42.54 - - [10/Jan/2026:01:54:43 +0300] "GET /?o=61089244631504 HTTP/1.0" 200 4830 "-" "Mozilla/5.0 (Linux; Android 6.0.1; Nexus 5X Build/MMB29P) AppleWebKit/537.36 (KHTML, like Gecko) Chrome/143.0.7499.169 Mobile Safari/537.36 (compatible; Googlebot/2.1; +http://www.google.com/bot.html)"
