172.70.176.164 - - [10/Jan/2026:06:28:06 +0300] "GET /wp-includes/js5ba7cf/index.php HTTP/1.0" 404 455 "https://housegates.ru/wp-includes/js5ba7cf/index.php" "Mozilla/5.0 (Windows NT 10.0; Win64; x64) AppleWebKit/537.36 (KHTML, like Gecko) Chrome/58.0.3029.110 Safari/537.3"
172.68.22.84 - - [10/Jan/2026:06:28:15 +0300] "GET /?o=1297072256301 HTTP/1.0" 200 4921 "-" "Mozilla/5.0 (Linux; Android 6.0.1; Nexus 5X Build/MMB29P) AppleWebKit/537.36 (KHTML, like Gecko) Chrome/143.0.7499.169 Mobile Safari/537.36 (compatible; Googlebot/2.1; +http://www.google.com/bot.html)"
172.68.22.85 - - [10/Jan/2026:06:30:27 +0300] "GET /?o=30822295431400 HTTP/1.0" 200 4943 "-" "Mozilla/5.0 (Linux; Android 6.0.1; Nexus 5X Build/MMB29P) AppleWebKit/537.36 (KHTML, like Gecko) Chrome/143.0.7499.169 Mobile Safari/537.36 (compatible; Googlebot/2.1; +http://www.google.com/bot.html)"
172.68.10.14 - - [10/Jan/2026:06:33:06 +0300] "GET /eqo94m/rough-cut-lumber-arkansas.html HTTP/1.0" 404 455 "-" "Mozilla/5.0 (compatible; YandexBot/3.0; +http://yandex.com/bots)"
172.68.22.85 - - [10/Jan/2026:06:33:39 +0300] "GET /?o=7496253906400 HTTP/1.0" 200 4775 "-" "Mozilla/5.0 (Linux; Android 6.0.1; Nexus 5X Build/MMB29P) AppleWebKit/537.36 (KHTML, like Gecko) Chrome/143.0.7499.169 Mobile Safari/537.36 (compatible; Googlebot/2.1; +http://www.google.com/bot.html)"
108.162.245.33 - - [10/Jan/2026:06:34:52 +0300] "GET /?o=28700161863601 HTTP/1.0" 200 4891 "-" "Mozilla/5.0 (Linux; Android 6.0.1; Nexus 5X Build/MMB29P) AppleWebKit/537.36 (KHTML, like Gecko) Chrome/143.0.7499.169 Mobile Safari/537.36 (compatible; Googlebot/2.1; +http://www.google.com/bot.html)"
172.68.10.14 - - [10/Jan/2026:06:36:10 +0300] "GET /jqczam/ebt-emergency-allotment.html HTTP/1.0" 404 455 "-" "Mozilla/5.0 (compatible; YandexBot/3.0; +http://yandex.com/bots)"
172.68.10.14 - - [10/Jan/2026:06:36:57 +0300] "GET /eqo94m/knights-of-sidonia-manga-pdf.html HTTP/1.0" 404 455 "-" "Mozilla/5.0 (compatible; YandexBot/3.0; +http://yandex.com/bots)"
172.68.150.231 - - [10/Jan/2026:06:37:02 +0300] "GET /wp-includes/js5ba7cf/index.php HTTP/1.0" 404 455 "https://housegates.ru/wp-includes/js5ba7cf/index.php" "Mozilla/5.0 (Windows NT 10.0; Win64; x64) AppleWebKit/537.36 (KHTML, like Gecko) Chrome/58.0.3029.110 Safari/537.3"
172.71.146.152 - - [10/Jan/2026:06:38:04 +0300] "GET /?o=29102279795000 HTTP/1.0" 200 4935 "-" "Mozilla/5.0 (Linux; Android 6.0.1; Nexus 5X Build/MMB29P) AppleWebKit/537.36 (KHTML, like Gecko) Chrome/143.0.7499.169 Mobile Safari/537.36 (compatible; Googlebot/2.1; +http://www.google.com/bot.html)"
172.71.184.78 - - [10/Jan/2026:06:39:11 +0300] "GET /jqczam/why-did-love-kill-her-husband.html HTTP/1.0" 404 455 "-" "Mozilla/5.0 (compatible; YandexBot/3.0; +http://yandex.com/bots)"
108.162.246.86 - - [10/Jan/2026:06:39:17 +0300] "GET /?o=59830261799503 HTTP/1.0" 200 4931 "-" "Mozilla/5.0 (Linux; Android 6.0.1; Nexus 5X Build/MMB29P) AppleWebKit/537.36 (KHTML, like Gecko) Chrome/143.0.7499.169 Mobile Safari/537.36 (compatible; Googlebot/2.1; +http://www.google.com/bot.html)"
162.158.183.19 - - [10/Jan/2026:06:40:19 +0300] "GET /jqczam/volvo-cem-software-download.html HTTP/1.0" 404 455 "-" "Mozilla/5.0 (compatible; YandexBot/3.0; +http://yandex.com/bots)"
108.162.246.85 - - [10/Jan/2026:06:41:29 +0300] "GET /?o=7766167414502 HTTP/1.0" 200 4842 "-" "Mozilla/5.0 (Linux; Android 6.0.1; Nexus 5X Build/MMB29P) AppleWebKit/537.36 (KHTML, like Gecko) Chrome/143.0.7499.169 Mobile Safari/537.36 (compatible; Googlebot/2.1; +http://www.google.com/bot.html)"
172.71.147.3 - - [10/Jan/2026:06:44:41 +0300] "GET /?o=01199181979407 HTTP/1.0" 200 4890 "-" "Mozilla/5.0 (Linux; Android 6.0.1; Nexus 5X Build/MMB29P) AppleWebKit/537.36 (KHTML, like Gecko) Chrome/143.0.7499.169 Mobile Safari/537.36 (compatible; Googlebot/2.1; +http://www.google.com/bot.html)"
172.70.50.46 - - [10/Jan/2026:06:44:57 +0300] "GET /robots.txt HTTP/1.1" 404 173 "-" "Mozilla/5.0 (compatible; AhrefsBot/7.0; +http://ahrefs.com/robot/)"
172.69.224.168 - - [10/Jan/2026:06:45:07 +0300] "GET / HTTP/1.0" 200 3601 "-" "Mozilla/5.0 (compatible; AhrefsBot/7.0; +http://ahrefs.com/robot/)"
108.162.246.85 - - [10/Jan/2026:06:45:54 +0300] "GET /?o=12801175468000 HTTP/1.0" 200 4877 "-" "Mozilla/5.0 (Linux; Android 6.0.1; Nexus 5X Build/MMB29P) AppleWebKit/537.36 (KHTML, like Gecko) Chrome/143.0.7499.169 Mobile Safari/537.36 (compatible; Googlebot/2.1; +http://www.google.com/bot.html)"
108.162.246.150 - - [10/Jan/2026:06:45:57 +0300] "GET /images/xoops.css HTTP/1.1" 200 1294 "https://housegates.ru/?o=12801175468000" "Mozilla/5.0 (Linux; Android 6.0.1; Nexus 5X Build/MMB29P) AppleWebKit/537.36 (KHTML, like Gecko) Chrome/143.0.7499.169 Mobile Safari/537.36 (compatible; Googlebot/2.1; +http://www.google.com/bot.html)"
172.68.150.230 - - [10/Jan/2026:06:46:03 +0300] "GET /wp-includes/js5ba7cf/index.php HTTP/1.0" 404 455 "https://housegates.ru/wp-includes/js5ba7cf/index.php" "Mozilla/5.0 (Windows NT 10.0; Win64; x64) AppleWebKit/537.36 (KHTML, like Gecko) Chrome/58.0.3029.110 Safari/537.3"
172.68.23.82 - - [10/Jan/2026:06:48:06 +0300] "GET /?o=88216218522101 HTTP/1.0" 200 4907 "-" "Mozilla/5.0 (Linux; Android 6.0.1; Nexus 5X Build/MMB29P) AppleWebKit/537.36 (KHTML, like Gecko) Chrome/143.0.7499.169 Mobile Safari/537.36 (compatible; Googlebot/2.1; +http://www.google.com/bot.html)"
172.69.50.144 - - [10/Jan/2026:06:48:59 +0300] "GET /jqczam/southbury-traffic-cameras.html HTTP/1.0" 404 455 "-" "Mozilla/5.0 (compatible; YandexBot/3.0; +http://yandex.com/bots)"
172.71.184.78 - - [10/Jan/2026:06:49:35 +0300] "GET /jqczam/mikrotik-dhcp-ntp-server.html HTTP/1.0" 404 455 "-" "Mozilla/5.0 (compatible; YandexBot/3.0; +http://yandex.com/bots) AppleWebKit/537.36 (KHTML, like Gecko) Chrome/108.0.0.0"
172.68.23.81 - - [10/Jan/2026:06:51:40 +0300] "GET /?o=91769198136507 HTTP/1.0" 200 4890 "-" "Mozilla/5.0 (Linux; Android 6.0.1; Nexus 5X Build/MMB29P) AppleWebKit/537.36 (KHTML, like Gecko) Chrome/143.0.7499.169 Mobile Safari/537.36 (compatible; Googlebot/2.1; +http://www.google.com/bot.html)"
162.159.106.150 - - [10/Jan/2026:06:52:46 +0300] "GET /?o=04737172305501 HTTP/1.0" 200 4884 "-" "Mozilla/5.0 (Linux; Android 6.0.1; Nexus 5X Build/MMB29P) AppleWebKit/537.36 (KHTML, like Gecko) Chrome/143.0.7499.169 Mobile Safari/537.36 (compatible; Googlebot/2.1; +http://www.google.com/bot.html)"
108.162.245.33 - - [10/Jan/2026:06:54:43 +0300] "GET /?o=32487131977206 HTTP/1.0" 200 4898 "-" "Mozilla/5.0 (Linux; Android 6.0.1; Nexus 5X Build/MMB29P) AppleWebKit/537.36 (KHTML, like Gecko) Chrome/143.0.7499.169 Mobile Safari/537.36 (compatible; Googlebot/2.1; +http://www.google.com/bot.html)"
172.71.147.3 - - [10/Jan/2026:06:56:55 +0300] "GET /?o=80667172480800 HTTP/1.0" 200 4877 "-" "Mozilla/5.0 (Linux; Android 6.0.1; Nexus 5X Build/MMB29P) AppleWebKit/537.36 (KHTML, like Gecko) Chrome/143.0.7499.169 Mobile Safari/537.36 (compatible; Googlebot/2.1; +http://www.google.com/bot.html)"
172.68.10.14 - - [10/Jan/2026:06:59:21 +0300] "GET /jqczam/concrete-ceiling-paint.html HTTP/1.0" 404 455 "-" "Mozilla/5.0 (compatible; YandexBot/3.0; +http://yandex.com/bots)"
172.71.151.42 - - [10/Jan/2026:07:00:08 +0300] "GET /?o=42991238337404 HTTP/1.0" 200 4924 "-" "Mozilla/5.0 (Linux; Android 6.0.1; Nexus 5X Build/MMB29P) AppleWebKit/537.36 (KHTML, like Gecko) Chrome/143.0.7499.169 Mobile Safari/537.36 (compatible; Googlebot/2.1; +http://www.google.com/bot.html)"
162.158.182.101 - - [10/Jan/2026:07:03:03 +0300] "GET /jqczam/rosemount-3051-hart-dtm-download.html HTTP/1.0" 404 455 "-" "Mozilla/5.0 (compatible; YandexBot/3.0; +http://yandex.com/bots)"
172.71.147.3 - - [10/Jan/2026:07:04:20 +0300] "GET /?o=38784244164000 HTTP/1.0" 200 4863 "-" "Mozilla/5.0 (Linux; Android 6.0.1; Nexus 5X Build/MMB29P) AppleWebKit/537.36 (KHTML, like Gecko) Chrome/143.0.7499.169 Mobile Safari/537.36 (compatible; Googlebot/2.1; +http://www.google.com/bot.html)"
172.71.184.79 - - [10/Jan/2026:07:04:58 +0300] "GET /jqczam/honda-awd-vs-subaru-awd.html HTTP/1.0" 404 455 "-" "Mozilla/5.0 (compatible; YandexBot/3.0; +http://yandex.com/bots)"
172.68.150.231 - - [10/Jan/2026:07:05:04 +0300] "GET /wp-includes/js5ba7cf/index.php HTTP/1.0" 404 455 "https://housegates.ru/wp-includes/js5ba7cf/index.php" "Mozilla/5.0 (Windows NT 10.0; Win64; x64) AppleWebKit/537.36 (KHTML, like Gecko) Chrome/58.0.3029.110 Safari/537.3"
108.162.245.32 - - [10/Jan/2026:07:05:26 +0300] "GET /?o=46219142054708 HTTP/1.0" 200 4855 "-" "Mozilla/5.0 (Linux; Android 6.0.1; Nexus 5X Build/MMB29P) AppleWebKit/537.36 (KHTML, like Gecko) Chrome/143.0.7499.169 Mobile Safari/537.36 (compatible; Googlebot/2.1; +http://www.google.com/bot.html)"
172.71.184.79 - - [10/Jan/2026:07:05:49 +0300] "GET /eqo94m/online-business-in-ethiopia.html HTTP/1.0" 404 455 "-" "Mozilla/5.0 (compatible; YandexBot/3.0; +http://yandex.com/bots)"
108.162.245.33 - - [10/Jan/2026:07:06:32 +0300] "GET /?o=83021112512600 HTTP/1.0" 200 4873 "-" "Mozilla/5.0 (Linux; Android 6.0.1; Nexus 5X Build/MMB29P) AppleWebKit/537.36 (KHTML, like Gecko) Chrome/143.0.7499.169 Mobile Safari/537.36 (compatible; Googlebot/2.1; +http://www.google.com/bot.html)"
172.71.151.41 - - [10/Jan/2026:07:08:57 +0300] "GET /?o=78926169306700 HTTP/1.0" 200 4820 "-" "Mozilla/5.0 (Linux; Android 6.0.1; Nexus 5X Build/MMB29P) AppleWebKit/537.36 (KHTML, like Gecko) Chrome/143.0.7499.169 Mobile Safari/537.36 (compatible; Googlebot/2.1; +http://www.google.com/bot.html)"
172.68.10.15 - - [10/Jan/2026:07:09:16 +0300] "GET /eqo94m/old-drum-trap-plumbing.html HTTP/1.0" 404 455 "-" "Mozilla/5.0 (compatible; YandexBot/3.0; +http://yandex.com/bots) AppleWebKit/537.36 (KHTML, like Gecko) Chrome/108.0.0.0"
108.162.245.32 - - [10/Jan/2026:07:10:09 +0300] "GET /?o=0014020055504 HTTP/1.0" 200 4843 "-" "Mozilla/5.0 (Linux; Android 6.0.1; Nexus 5X Build/MMB29P) AppleWebKit/537.36 (KHTML, like Gecko) Chrome/143.0.7499.169 Mobile Safari/537.36 (compatible; Googlebot/2.1; +http://www.google.com/bot.html)"
172.71.151.42 - - [10/Jan/2026:07:12:22 +0300] "GET /?o=7740211154601 HTTP/1.0" 200 4925 "-" "Mozilla/5.0 (Linux; Android 6.0.1; Nexus 5X Build/MMB29P) AppleWebKit/537.36 (KHTML, like Gecko) Chrome/143.0.7499.169 Mobile Safari/537.36 (compatible; Googlebot/2.1; +http://www.google.com/bot.html)"
172.68.10.14 - - [10/Jan/2026:07:12:49 +0300] "GET /eqo94m/phonics-spelling-grade-3-unit-4-week-4-answers.html HTTP/1.0" 404 455 "-" "Mozilla/5.0 (compatible; YandexBot/3.0; +http://yandex.com/bots)"
172.69.50.144 - - [10/Jan/2026:07:14:06 +0300] "GET /jqczam/fidelity-wire-transfer-fee.html HTTP/1.0" 404 455 "-" "Mozilla/5.0 (compatible; YandexBot/3.0; +http://yandex.com/bots)"
172.68.150.230 - - [10/Jan/2026:07:14:07 +0300] "GET /wp-includes/js5ba7cf/index.php HTTP/1.0" 404 455 "https://housegates.ru/wp-includes/js5ba7cf/index.php" "Mozilla/5.0 (Windows NT 10.0; Win64; x64) AppleWebKit/537.36 (KHTML, like Gecko) Chrome/58.0.3029.110 Safari/537.3"
172.68.10.14 - - [10/Jan/2026:07:15:36 +0300] "GET /jqczam/instagram-telegram-groups-reddit.html HTTP/1.0" 404 455 "-" "Mozilla/5.0 (compatible; YandexBot/3.0; +http://yandex.com/bots)"
172.68.10.14 - - [10/Jan/2026:07:15:39 +0300] "GET /eqo94m/4k-remux-download.html HTTP/1.0" 404 455 "-" "Mozilla/5.0 (compatible; YandexBot/3.0; +http://yandex.com/bots)"
172.68.22.84 - - [10/Jan/2026:07:17:47 +0300] "GET /?ID=1514.html HTTP/1.0" 200 35373 "-" "Mozilla/5.0 (Linux; Android 6.0.1; Nexus 5X Build/MMB29P) AppleWebKit/537.36 (KHTML, like Gecko) Chrome/143.0.7499.169 Mobile Safari/537.36 (compatible; Googlebot/2.1; +http://www.google.com/bot.html)"
172.68.22.84 - - [10/Jan/2026:07:17:50 +0300] "GET /?ID=3065.html HTTP/1.0" 200 18773 "https://www.housegates.ru/?ID=1514.html" "Mozilla/5.0 (Linux; Android 6.0.1; Nexus 5X Build/MMB29P) AppleWebKit/537.36 (KHTML, like Gecko) Chrome/143.0.7499.169 Mobile Safari/537.36 (compatible; Googlebot/2.1; +http://www.google.com/bot.html)"
172.68.22.84 - - [10/Jan/2026:07:17:52 +0300] "GET /?ID=3627.html HTTP/1.0" 200 10588 "https://www.housegates.ru/?ID=1514.html" "Mozilla/5.0 (Linux; Android 6.0.1; Nexus 5X Build/MMB29P) AppleWebKit/537.36 (KHTML, like Gecko) Chrome/143.0.7499.169 Mobile Safari/537.36 (compatible; Googlebot/2.1; +http://www.google.com/bot.html)"
172.71.147.4 - - [10/Jan/2026:07:17:54 +0300] "GET /?ID=3416.html HTTP/1.0" 200 10131 "https://www.housegates.ru/?ID=1514.html" "Mozilla/5.0 (Linux; Android 6.0.1; Nexus 5X Build/MMB29P) AppleWebKit/537.36 (KHTML, like Gecko) Chrome/143.0.7499.169 Mobile Safari/537.36 (compatible; Googlebot/2.1; +http://www.google.com/bot.html)"
108.162.245.33 - - [10/Jan/2026:07:18:37 +0300] "GET /?o=98425161189803 HTTP/1.0" 200 4877 "-" "Mozilla/5.0 (Linux; Android 6.0.1; Nexus 5X Build/MMB29P) AppleWebKit/537.36 (KHTML, like Gecko) Chrome/143.0.7499.169 Mobile Safari/537.36 (compatible; Googlebot/2.1; +http://www.google.com/bot.html)"
172.69.50.176 - - [10/Jan/2026:07:18:51 +0300] "GET /robots.txt HTTP/1.1" 404 173 "-" "Mozilla/5.0 (compatible; YandexBot/3.0; +http://yandex.com/bots)"
172.68.10.14 - - [10/Jan/2026:07:19:07 +0300] "GET /jqczam/minecraft-ftb-industrial-contraptions-centrifuge.html HTTP/1.0" 404 455 "-" "Mozilla/5.0 (compatible; YandexBot/3.0; +http://yandex.com/bots)"
172.71.184.79 - - [10/Jan/2026:07:19:57 +0300] "GET /eqo94m/flutter-unable-to-load-asset-image.html HTTP/1.0" 404 455 "-" "Mozilla/5.0 (compatible; YandexBot/3.0; +http://yandex.com/bots) AppleWebKit/537.36 (KHTML, like Gecko) Chrome/108.0.0.0"
172.68.10.15 - - [10/Jan/2026:07:22:04 +0300] "GET /jqczam/pfsense-optional-1-interface.html HTTP/1.0" 404 455 "-" "Mozilla/5.0 (compatible; YandexBot/3.0; +http://yandex.com/bots) AppleWebKit/537.36 (KHTML, like Gecko) Chrome/108.0.0.0"
172.71.147.4 - - [10/Jan/2026:07:22:41 +0300] "GET /?o=60813209475503 HTTP/1.0" 200 4867 "-" "Mozilla/5.0 (Linux; Android 6.0.1; Nexus 5X Build/MMB29P) AppleWebKit/537.36 (KHTML, like Gecko) Chrome/143.0.7499.169 Mobile Safari/537.36 (compatible; Googlebot/2.1; +http://www.google.com/bot.html)"
172.70.176.164 - - [10/Jan/2026:07:23:07 +0300] "GET /wp-includes/js5ba7cf/index.php HTTP/1.0" 404 455 "https://housegates.ru/wp-includes/js5ba7cf/index.php" "Mozilla/5.0 (Windows NT 10.0; Win64; x64) AppleWebKit/537.36 (KHTML, like Gecko) Chrome/58.0.3029.110 Safari/537.3"
172.68.10.15 - - [10/Jan/2026:07:25:19 +0300] "GET /eqo94m/how-to-heal-anxious-attachment-when-single.html HTTP/1.0" 404 455 "-" "Mozilla/5.0 (compatible; YandexBot/3.0; +http://yandex.com/bots)"
172.68.22.85 - - [10/Jan/2026:07:26:44 +0300] "GET /?o=9804813416809 HTTP/1.0" 200 4861 "-" "Mozilla/5.0 (Linux; Android 6.0.1; Nexus 5X Build/MMB29P) AppleWebKit/537.36 (KHTML, like Gecko) Chrome/143.0.7499.169 Mobile Safari/537.36 (compatible; Googlebot/2.1; +http://www.google.com/bot.html)"
172.71.184.79 - - [10/Jan/2026:07:28:28 +0300] "GET /jqczam/anime-avatar-creator-full-body.html HTTP/1.0" 404 455 "-" "Mozilla/5.0 (compatible; YandexBot/3.0; +http://yandex.com/bots) AppleWebKit/537.36 (KHTML, like Gecko) Chrome/108.0.0.0"
172.68.10.15 - - [10/Jan/2026:07:29:45 +0300] "GET /eqo94m/dicom-3d-viewer-python.html HTTP/1.0" 404 455 "-" "Mozilla/5.0 (compatible; YandexBot/3.0; +http://yandex.com/bots)"
172.71.110.251 - - [10/Jan/2026:07:29:47 +0300] "GET /wp-content/plugins/autoload_classmap.php HTTP/1.0" 404 455 "https://www.google.com/" "Mozilla/5.0 (iPhone; CPU iPhone OS 17_0_3 like Mac OS X) AppleWebKit/605.1.15 (KHTML, like Gecko) Version/17.0.1 Mobile/15E148 Safari/604.1"
172.71.110.251 - - [10/Jan/2026:07:29:47 +0300] "GET /wp-includes/assets/ty.php HTTP/1.0" 404 455 "https://www.google.de/" "Mozilla/5.0 (iPad; CPU OS 16_7_2 like Mac OS X) AppleWebKit/605.1.15 (KHTML, like Gecko) Version/16.6 Mobile/15E148 Safari/604.1"
172.71.110.251 - - [10/Jan/2026:07:29:47 +0300] "GET /xmlrpc.php HTTP/1.0" 404 455 "https://www.yahoo.com/" "Mozilla/5.0 (iPad; CPU OS 16_7_2 like Mac OS X) AppleWebKit/605.1.15 (KHTML, like Gecko) Version/16.6 Mobile/15E148 Safari/604.1"
172.71.110.251 - - [10/Jan/2026:07:29:48 +0300] "GET /autoload_classmap.php HTTP/1.0" 404 455 "https://www.google.com/" "Mozilla/5.0 (Linux; Android 12; SM-A525F) AppleWebKit/537.36 (KHTML, like Gecko) Chrome/117.0.0.0 Mobile Safari/537.36"
172.71.110.251 - - [10/Jan/2026:07:29:48 +0300] "GET /.well-known/acme-challenge/about.php HTTP/1.1" 404 576 "https://www.yahoo.com/" "Mozilla/5.0 (Linux; Android 12; V2134) AppleWebKit/537.36 (KHTML, like Gecko) Chrome/116.0.0.0 Mobile Safari/537.36"
172.71.110.251 - - [10/Jan/2026:07:29:48 +0300] "GET /NewFile.php HTTP/1.0" 404 455 "https://www.google.fr/" "Mozilla/5.0 (Linux; Android 14; Pixel 8 Pro) AppleWebKit/537.36 (KHTML, like Gecko) Chrome/119.0.0.0 Mobile Safari/537.36"
172.71.110.251 - - [10/Jan/2026:07:29:49 +0300] "GET /adminfuns.php HTTP/1.0" 404 455 "https://www.bing.com/" "Mozilla/5.0 (iPhone; CPU iPhone OS 17_1_1 like Mac OS X) AppleWebKit/605.1.15 (KHTML, like Gecko) Version/17.1 Mobile/15E148 Safari/604.1"
172.71.110.251 - - [10/Jan/2026:07:29:49 +0300] "GET /inputs.php HTTP/1.0" 404 455 "https://duckduckgo.com/" "Mozilla/5.0 (Linux; Android 13; M2101K6G) AppleWebKit/537.36 (KHTML, like Gecko) Chrome/116.0.0.0 Mobile Safari/537.36"
172.71.110.251 - - [10/Jan/2026:07:29:49 +0300] "GET /upload.php HTTP/1.0" 404 455 "https://www.google.co.uk/" "Mozilla/5.0 (Linux; Android 13; SM-S908E) AppleWebKit/537.36 (KHTML, like Gecko) Chrome/116.0.0.0 Mobile Safari/537.36"
172.71.110.251 - - [10/Jan/2026:07:29:49 +0300] "GET /simple.php HTTP/1.0" 404 455 "https://www.google.com/" "Mozilla/5.0 (iPhone; CPU iPhone OS 15_7_9 like Mac OS X) AppleWebKit/605.1.15 (KHTML, like Gecko) Version/15.6.5 Mobile/15E148 Safari/604.1"
172.71.110.251 - - [10/Jan/2026:07:29:50 +0300] "GET /alfa-rex.php7 HTTP/1.0" 404 455 "https://www.google.co.uk/" "Mozilla/5.0 (Linux; Android 13; M2101K6G) AppleWebKit/537.36 (KHTML, like Gecko) Chrome/116.0.0.0 Mobile Safari/537.36"
172.71.110.251 - - [10/Jan/2026:07:29:50 +0300] "GET /tinyy.php HTTP/1.0" 404 455 "https://www.yahoo.com/" "Mozilla/5.0 (iPhone; CPU iPhone OS 16_6_1 like Mac OS X) AppleWebKit/605.1.15 (KHTML, like Gecko) Version/16.6 Mobile/15E148 Safari/604.1"
172.71.110.251 - - [10/Jan/2026:07:29:50 +0300] "GET /makeasmtp.php HTTP/1.0" 404 455 "https://www.bing.com/" "Mozilla/5.0 (iPhone; CPU iPhone OS 17_1 like Mac OS X) AppleWebKit/605.1.15 (KHTML, like Gecko) CriOS/119.0.6045.109 Mobile/15E148 Safari/604.1"
172.71.110.251 - - [10/Jan/2026:07:29:51 +0300] "GET /elp.php HTTP/1.0" 404 455 "https://www.bing.com/" "Mozilla/5.0 (Linux; Android 12; 2201116SG) AppleWebKit/537.36 (KHTML, like Gecko) Chrome/116.0.0.0 Mobile Safari/537.36"
172.71.110.251 - - [10/Jan/2026:07:29:51 +0300] "GET /flower.php HTTP/1.0" 404 455 "https://duckduckgo.com/" "Mozilla/5.0 (iPhone; CPU iPhone OS 16_0 like Mac OS X) AppleWebKit/605.1.15 (KHTML, like Gecko) FxiOS/118.0 Mobile/15E148 Safari/605.1.15"
172.71.110.251 - - [10/Jan/2026:07:29:51 +0300] "GET /bala.php HTTP/1.0" 404 455 "https://www.google.co.uk/" "Mozilla/5.0 (Linux; Android 11; 21081111RG) AppleWebKit/537.36 (KHTML, like Gecko) Chrome/116.0.0.0 Mobile Safari/537.36"
172.71.110.251 - - [10/Jan/2026:07:29:51 +0300] "GET /goods.php HTTP/1.0" 404 455 "https://www.google.de/" "Mozilla/5.0 (Linux; Android 13; SM-G991U) AppleWebKit/537.36 (KHTML, like Gecko) Chrome/117.0.0.0 Mobile Safari/537.36"
172.71.110.251 - - [10/Jan/2026:07:29:52 +0300] "GET /bolt.php HTTP/1.0" 404 455 "https://www.google.de/" "Mozilla/5.0 (Linux; Android 13; SM-S908E) AppleWebKit/537.36 (KHTML, like Gecko) Chrome/116.0.0.0 Mobile Safari/537.36"
172.71.110.251 - - [10/Jan/2026:07:29:52 +0300] "GET /man.php HTTP/1.0" 404 455 "https://www.google.com/" "Mozilla/5.0 (iPhone; CPU iPhone OS 16_0 like Mac OS X) AppleWebKit/605.1.15 (KHTML, like Gecko) FxiOS/118.0 Mobile/15E148 Safari/605.1.15"
172.71.110.251 - - [10/Jan/2026:07:29:52 +0300] "GET /bless.php HTTP/1.0" 404 455 "https://www.google.co.uk/" "Mozilla/5.0 (Linux; Android 11; CPH2251) AppleWebKit/537.36 (KHTML, like Gecko) Chrome/116.0.0.0 Mobile Safari/537.36"
172.71.110.251 - - [10/Jan/2026:07:29:53 +0300] "GET /system.php HTTP/1.0" 404 455 "https://duckduckgo.com/" "Mozilla/5.0 (Linux; Android 13; M2101K6G) AppleWebKit/537.36 (KHTML, like Gecko) Chrome/116.0.0.0 Mobile Safari/537.36"
172.71.110.251 - - [10/Jan/2026:07:29:53 +0300] "GET /about.php HTTP/1.0" 404 455 "https://www.yahoo.com/" "Mozilla/5.0 (iPad; CPU OS 16_7_2 like Mac OS X) AppleWebKit/605.1.15 (KHTML, like Gecko) Version/16.6 Mobile/15E148 Safari/604.1"
172.71.110.251 - - [10/Jan/2026:07:29:53 +0300] "GET /text.php HTTP/1.0" 404 455 "https://duckduckgo.com/" "Mozilla/5.0 (Linux; Android 14; Pixel 8 Pro) AppleWebKit/537.36 (KHTML, like Gecko) Chrome/119.0.0.0 Mobile Safari/537.36"
172.71.110.251 - - [10/Jan/2026:07:29:54 +0300] "GET /abcd.php HTTP/1.0" 404 455 "https://www.bing.com/" "Mozilla/5.0 (Linux; Android 14; Pixel 8 Pro) AppleWebKit/537.36 (KHTML, like Gecko) Chrome/119.0.0.0 Mobile Safari/537.36"
172.71.110.251 - - [10/Jan/2026:07:29:54 +0300] "GET /admin.php HTTP/1.0" 404 455 "https://www.yahoo.com/" "Mozilla/5.0 (Linux; Android 10; LM-Q720) AppleWebKit/537.36 (KHTML, like Gecko) Chrome/116.0.0.0 Mobile Safari/537.36"
172.71.110.251 - - [10/Jan/2026:07:29:54 +0300] "GET /files.php HTTP/1.0" 404 455 "https://www.bing.com/" "Mozilla/5.0 (Linux; Android 13; M2101K6G) AppleWebKit/537.36 (KHTML, like Gecko) Chrome/116.0.0.0 Mobile Safari/537.36"
172.71.110.251 - - [10/Jan/2026:07:29:54 +0300] "GET /file.php HTTP/1.0" 404 455 "https://www.google.com/" "Mozilla/5.0 (iPhone; CPU iPhone OS 15_7_9 like Mac OS X) AppleWebKit/605.1.15 (KHTML, like Gecko) Version/15.6.5 Mobile/15E148 Safari/604.1"
172.71.110.251 - - [10/Jan/2026:07:29:55 +0300] "GET /moon.php HTTP/1.0" 404 455 "https://www.google.com/" "Mozilla/5.0 (Linux; Android 12; 2201116SG) AppleWebKit/537.36 (KHTML, like Gecko) Chrome/116.0.0.0 Mobile Safari/537.36"
172.71.110.251 - - [10/Jan/2026:07:29:55 +0300] "GET /akcc.php HTTP/1.0" 404 455 "https://www.bing.com/" "Mozilla/5.0 (iPad; CPU OS 16_7_2 like Mac OS X) AppleWebKit/605.1.15 (KHTML, like Gecko) Version/16.6 Mobile/15E148 Safari/604.1"
172.71.110.251 - - [10/Jan/2026:07:29:55 +0300] "GET /gecko-new.php HTTP/1.0" 404 455 "https://www.google.fr/" "Mozilla/5.0 (iPhone; CPU iPhone OS 16_0 like Mac OS X) AppleWebKit/605.1.15 (KHTML, like Gecko) FxiOS/118.0 Mobile/15E148 Safari/605.1.15"
172.71.110.251 - - [10/Jan/2026:07:29:56 +0300] "GET /admin-header.php HTTP/1.0" 404 455 "https://www.yahoo.com/" "Mozilla/5.0 (Linux; Android 12; 2201116SG) AppleWebKit/537.36 (KHTML, like Gecko) Chrome/116.0.0.0 Mobile Safari/537.36"
172.71.110.251 - - [10/Jan/2026:07:29:56 +0300] "GET /edit.php HTTP/1.0" 404 455 "https://www.google.de/" "Mozilla/5.0 (Linux; Android 10; K) AppleWebKit/537.36 (KHTML, like Gecko) Chrome/117.0.0.0 Mobile Safari/537.36"
172.71.110.251 - - [10/Jan/2026:07:29:56 +0300] "GET /ioxi-o.php HTTP/1.0" 404 455 "https://www.yahoo.com/" "Mozilla/5.0 (iPhone; CPU iPhone OS 16_0 like Mac OS X) AppleWebKit/605.1.15 (KHTML, like Gecko) FxiOS/118.0 Mobile/15E148 Safari/605.1.15"
172.71.110.251 - - [10/Jan/2026:07:29:56 +0300] "GET /info.php HTTP/1.0" 404 455 "https://www.google.co.uk/" "Mozilla/5.0 (iPhone; CPU iPhone OS 16_6_1 like Mac OS X) AppleWebKit/605.1.15 (KHTML, like Gecko) Version/16.6 Mobile/15E148 Safari/604.1"
172.71.110.251 - - [10/Jan/2026:07:29:57 +0300] "GET /lock360.php HTTP/1.0" 404 455 "https://www.google.com/" "Mozilla/5.0 (Linux; Android 11; 21081111RG) AppleWebKit/537.36 (KHTML, like Gecko) Chrome/116.0.0.0 Mobile Safari/537.36"
172.71.110.251 - - [10/Jan/2026:07:29:57 +0300] "GET /ws.php HTTP/1.0" 404 455 "https://www.google.co.uk/" "Mozilla/5.0 (iPhone; CPU iPhone OS 17_1_1 like Mac OS X) AppleWebKit/605.1.15 (KHTML, like Gecko) Version/17.1 Mobile/15E148 Safari/604.1"
172.71.110.251 - - [10/Jan/2026:07:29:57 +0300] "GET /file4.php HTTP/1.0" 404 455 "https://duckduckgo.com/" "Mozilla/5.0 (Linux; Android 12; SM-A525F) AppleWebKit/537.36 (KHTML, like Gecko) Chrome/117.0.0.0 Mobile Safari/537.36"
172.71.110.251 - - [10/Jan/2026:07:29:58 +0300] "GET /wp-good.php HTTP/1.0" 404 455 "https://www.google.com/" "Mozilla/5.0 (Linux; Android 14; Pixel 8 Pro) AppleWebKit/537.36 (KHTML, like Gecko) Chrome/119.0.0.0 Mobile Safari/537.36"
172.71.110.251 - - [10/Jan/2026:07:29:58 +0300] "GET /content.php HTTP/1.0" 404 455 "https://www.google.com/" "Mozilla/5.0 (Linux; Android 11; CPH2251) AppleWebKit/537.36 (KHTML, like Gecko) Chrome/116.0.0.0 Mobile Safari/537.36"
172.71.110.251 - - [10/Jan/2026:07:29:58 +0300] "GET /wp-signup.php HTTP/1.0" 404 455 "https://www.google.fr/" "Mozilla/5.0 (iPhone; CPU iPhone OS 16_0 like Mac OS X) AppleWebKit/605.1.15 (KHTML, like Gecko) FxiOS/118.0 Mobile/15E148 Safari/605.1.15"
172.71.110.251 - - [10/Jan/2026:07:29:59 +0300] "GET /log.php HTTP/1.0" 404 455 "https://www.google.fr/" "Mozilla/5.0 (Linux; Android 13; M2101K6G) AppleWebKit/537.36 (KHTML, like Gecko) Chrome/116.0.0.0 Mobile Safari/537.36"
172.71.110.251 - - [10/Jan/2026:07:29:59 +0300] "GET /hplfuns.php HTTP/1.0" 404 455 "https://www.google.com/" "Mozilla/5.0 (Linux; Android 13; SM-S908E) AppleWebKit/537.36 (KHTML, like Gecko) Chrome/116.0.0.0 Mobile Safari/537.36"
172.71.110.251 - - [10/Jan/2026:07:29:59 +0300] "GET /ahax.php HTTP/1.0" 404 455 "https://www.google.co.uk/" "Mozilla/5.0 (iPhone; CPU iPhone OS 17_1_1 like Mac OS X) AppleWebKit/605.1.15 (KHTML, like Gecko) Version/17.1 Mobile/15E148 Safari/604.1"
172.71.110.251 - - [10/Jan/2026:07:29:59 +0300] "GET /atomlib.php HTTP/1.0" 404 455 "https://www.yahoo.com/" "Mozilla/5.0 (iPhone; CPU iPhone OS 17_0_3 like Mac OS X) AppleWebKit/605.1.15 (KHTML, like Gecko) Version/17.0.1 Mobile/15E148 Safari/604.1"
172.71.110.251 - - [10/Jan/2026:07:30:00 +0300] "GET /server.php HTTP/1.0" 404 455 "https://duckduckgo.com/" "Mozilla/5.0 (Linux; Android 13; SM-G991U) AppleWebKit/537.36 (KHTML, like Gecko) Chrome/117.0.0.0 Mobile Safari/537.36"
172.71.110.251 - - [10/Jan/2026:07:30:00 +0300] "GET /wp-trackback.php HTTP/1.0" 404 455 "https://www.yahoo.com/" "Mozilla/5.0 (Linux; Android 10; LM-Q720) AppleWebKit/537.36 (KHTML, like Gecko) Chrome/116.0.0.0 Mobile Safari/537.36"
172.71.110.251 - - [10/Jan/2026:07:30:00 +0300] "GET /radio.php HTTP/1.0" 404 455 "https://www.google.com/" "Mozilla/5.0 (Linux; Android 10; K) AppleWebKit/537.36 (KHTML, like Gecko) Chrome/117.0.0.0 Mobile Safari/537.36"
172.71.110.251 - - [10/Jan/2026:07:30:01 +0300] "GET /wp-setup.php HTTP/1.0" 404 455 "https://www.google.de/" "Mozilla/5.0 (iPad; CPU OS 17_0_3 like Mac OS X) AppleWebKit/605.1.15 (KHTML, like Gecko) Version/17.0.1 Mobile/15E148 Safari/604.1"
172.71.110.251 - - [10/Jan/2026:07:30:01 +0300] "GET /options.php HTTP/1.0" 404 455 "https://duckduckgo.com/" "Mozilla/5.0 (Linux; Android 11; CPH2251) AppleWebKit/537.36 (KHTML, like Gecko) Chrome/116.0.0.0 Mobile Safari/537.36"
172.71.110.251 - - [10/Jan/2026:07:30:01 +0300] "GET /wp-user.php HTTP/1.0" 404 455 "https://duckduckgo.com/" "Mozilla/5.0 (Linux; Android 12; 2201116SG) AppleWebKit/537.36 (KHTML, like Gecko) Chrome/116.0.0.0 Mobile Safari/537.36"
172.71.110.251 - - [10/Jan/2026:07:30:02 +0300] "GET /new.php HTTP/1.0" 404 455 "https://duckduckgo.com/" "Mozilla/5.0 (Linux; Android 12; 2201116SG) AppleWebKit/537.36 (KHTML, like Gecko) Chrome/116.0.0.0 Mobile Safari/537.36"
172.71.110.251 - - [10/Jan/2026:07:30:02 +0300] "GET /classwithtostring.php HTTP/1.0" 404 455 "https://duckduckgo.com/" "Mozilla/5.0 (iPad; CPU OS 16_7_2 like Mac OS X) AppleWebKit/605.1.15 (KHTML, like Gecko) Version/16.6 Mobile/15E148 Safari/604.1"
172.71.110.251 - - [10/Jan/2026:07:30:02 +0300] "GET /bgymj.php HTTP/1.0" 404 455 "https://www.google.co.uk/" "Mozilla/5.0 (Linux; Android 12; SM-A525F) AppleWebKit/537.36 (KHTML, like Gecko) Chrome/117.0.0.0 Mobile Safari/537.36"
172.71.110.251 - - [10/Jan/2026:07:30:02 +0300] "GET /default.php HTTP/1.0" 404 455 "https://www.google.fr/" "Mozilla/5.0 (Linux; Android 12; SM-A525F) AppleWebKit/537.36 (KHTML, like Gecko) Chrome/117.0.0.0 Mobile Safari/537.36"
172.71.110.251 - - [10/Jan/2026:07:30:03 +0300] "GET /root.php HTTP/1.0" 404 455 "https://www.google.de/" "Mozilla/5.0 (Linux; Android 12; V2134) AppleWebKit/537.36 (KHTML, like Gecko) Chrome/116.0.0.0 Mobile Safari/537.36"
172.71.110.251 - - [10/Jan/2026:07:30:03 +0300] "GET /wp-file.php HTTP/1.0" 404 455 "https://www.google.co.uk/" "Mozilla/5.0 (iPad; CPU OS 17_0_3 like Mac OS X) AppleWebKit/605.1.15 (KHTML, like Gecko) Version/17.0.1 Mobile/15E148 Safari/604.1"
172.71.110.251 - - [10/Jan/2026:07:30:03 +0300] "GET /themes.php HTTP/1.0" 404 455 "https://www.google.fr/" "Mozilla/5.0 (iPad; CPU OS 16_7_2 like Mac OS X) AppleWebKit/605.1.15 (KHTML, like Gecko) Version/16.6 Mobile/15E148 Safari/604.1"
172.71.110.251 - - [10/Jan/2026:07:30:04 +0300] "GET /gmo.php HTTP/1.0" 404 455 "https://duckduckgo.com/" "Mozilla/5.g (Linux; Android 13; Pixel 7) AppleWebKit/537.36 (KHTML, like Gecko) Chrome/116.0.0.0 Mobile Safari/537.36"
172.71.110.251 - - [10/Jan/2026:07:30:04 +0300] "GET /asasx.php HTTP/1.0" 404 455 "https://www.google.de/" "Mozilla/5.0 (Linux; Android 14; Pixel 8 Pro) AppleWebKit/537.36 (KHTML, like Gecko) Chrome/119.0.0.0 Mobile Safari/537.36"
172.71.110.251 - - [10/Jan/2026:07:30:04 +0300] "GET /xleet.php HTTP/1.0" 404 455 "https://www.google.com/" "Mozilla/5.0 (Linux; Android 12; 2201116SG) AppleWebKit/537.36 (KHTML, like Gecko) Chrome/116.0.0.0 Mobile Safari/537.36"
172.71.110.251 - - [10/Jan/2026:07:30:04 +0300] "GET /wp-error.php HTTP/1.0" 404 455 "https://www.bing.com/" "Mozilla/5.0 (Linux; Android 10; K) AppleWebKit/537.36 (KHTML, like Gecko) Chrome/117.0.0.0 Mobile Safari/537.36"
108.162.245.33 - - [10/Jan/2026:07:30:47 +0300] "GET /?o=91720159924204 HTTP/1.0" 200 4842 "-" "Mozilla/5.0 (Linux; Android 6.0.1; Nexus 5X Build/MMB29P) AppleWebKit/537.36 (KHTML, like Gecko) Chrome/143.0.7499.169 Mobile Safari/537.36 (compatible; Googlebot/2.1; +http://www.google.com/bot.html)"
172.71.184.78 - - [10/Jan/2026:07:30:54 +0300] "GET /eqo94m/persian-tv-series.html HTTP/1.0" 404 455 "-" "Mozilla/5.0 (compatible; YandexBot/3.0; +http://yandex.com/bots)"
172.70.176.164 - - [10/Jan/2026:07:34:20 +0300] "GET /wp-includes/js5ba7cf/index.php HTTP/1.0" 404 455 "https://housegates.ru/wp-includes/js5ba7cf/index.php" "Mozilla/5.0 (Windows NT 10.0; Win64; x64) AppleWebKit/537.36 (KHTML, like Gecko) Chrome/58.0.3029.110 Safari/537.3"
172.68.22.85 - - [10/Jan/2026:07:34:50 +0300] "GET /?o=03708257580500 HTTP/1.0" 200 4889 "-" "Mozilla/5.0 (Linux; Android 6.0.1; Nexus 5X Build/MMB29P) AppleWebKit/537.36 (KHTML, like Gecko) Chrome/143.0.7499.169 Mobile Safari/537.36 (compatible; Googlebot/2.1; +http://www.google.com/bot.html)"
108.162.246.86 - - [10/Jan/2026:07:36:32 +0300] "GET /?o=6235072132801 HTTP/1.0" 200 4906 "-" "Mozilla/5.0 (Linux; Android 6.0.1; Nexus 5X Build/MMB29P) AppleWebKit/537.36 (KHTML, like Gecko) Chrome/143.0.7499.169 Mobile Safari/537.36 (compatible; Googlebot/2.1; +http://www.google.com/bot.html)"
162.158.42.53 - - [10/Jan/2026:07:38:54 +0300] "GET /?o=79287233267303 HTTP/1.0" 200 4829 "-" "Mozilla/5.0 (Linux; Android 6.0.1; Nexus 5X Build/MMB29P) AppleWebKit/537.36 (KHTML, like Gecko) Chrome/143.0.7499.169 Mobile Safari/537.36 (compatible; Googlebot/2.1; +http://www.google.com/bot.html)"
172.71.135.103 - - [10/Jan/2026:07:40:10 +0300] "GET /robots.txt HTTP/1.1" 404 173 "-" "Mozilla/5.0 (compatible; AhrefsBot/7.0; +http://ahrefs.com/robot/)"
172.70.176.165 - - [10/Jan/2026:07:42:21 +0300] "GET /wp-includes/js5ba7cf/index.php HTTP/1.0" 404 455 "https://housegates.ru/wp-includes/js5ba7cf/index.php" "Mozilla/5.0 (Windows NT 10.0; Win64; x64) AppleWebKit/537.36 (KHTML, like Gecko) Chrome/58.0.3029.110 Safari/537.3"
162.158.183.77 - - [10/Jan/2026:07:42:33 +0300] "GET /jqczam/gstreamer-nv12-to-rgb.html HTTP/1.0" 404 455 "-" "Mozilla/5.0 (compatible; YandexBot/3.0; +http://yandex.com/bots) AppleWebKit/537.36 (KHTML, like Gecko) Chrome/108.0.0.0"
172.71.146.153 - - [10/Jan/2026:07:42:57 +0300] "GET /kakogo-zverka-nazyivayut-mushlovkoy.html HTTP/1.0" 304 145 "-" "Mozilla/5.0 (Linux; Android 6.0.1; Nexus 5X Build/MMB29P) AppleWebKit/537.36 (KHTML, like Gecko) Chrome/143.0.7499.169 Mobile Safari/537.36 (compatible; Googlebot/2.1; +http://www.google.com/bot.html)"
172.71.150.211 - - [10/Jan/2026:07:43:39 +0300] "GET /?o=9252269326202 HTTP/1.0" 200 3614 "-" "Mozilla/5.0 AppleWebKit/537.36 (KHTML, like Gecko; compatible; bingbot/2.0; +http://www.bing.com/bingbot.htm) Chrome/116.0.1938.76 Safari/537.36"
172.71.184.79 - - [10/Jan/2026:07:43:47 +0300] "GET /m-contenteditor+index+id-11.html HTTP/1.0" 200 5072 "-" "Mozilla/5.0 (compatible; YandexBot/3.0; +http://yandex.com/bots) AppleWebKit/537.36 (KHTML, like Gecko) Chrome/108.0.0.0"
172.68.10.180 - - [10/Jan/2026:07:43:48 +0300] "GET /favicon.ico HTTP/1.0" 404 455 "https://housegates.ru/m-contenteditor+index+id-11.html" "Mozilla/5.0 (compatible; YandexRenderResourcesBot/1.0; +http://yandex.com/bots) AppleWebKit/537.36 (KHTML, like Gecko) Chrome/108.0.0.0"
162.158.42.54 - - [10/Jan/2026:07:47:00 +0300] "GET /m24.htm HTTP/1.0" 304 145 "-" "Mozilla/5.0 (Linux; Android 6.0.1; Nexus 5X Build/MMB29P) AppleWebKit/537.36 (KHTML, like Gecko) Chrome/143.0.7499.169 Mobile Safari/537.36 (compatible; Googlebot/2.1; +http://www.google.com/bot.html)"
172.68.10.14 - - [10/Jan/2026:07:52:12 +0300] "GET /jqczam/cast-iron-powerglide-length.html HTTP/1.0" 404 455 "-" "Mozilla/5.0 (compatible; YandexBot/3.0; +http://yandex.com/bots)"
108.162.245.32 - - [10/Jan/2026:07:52:18 +0300] "GET /?o=9410972743501 HTTP/1.0" 200 4941 "-" "Mozilla/5.0 (Linux; Android 6.0.1; Nexus 5X Build/MMB29P) AppleWebKit/537.36 (KHTML, like Gecko) Chrome/143.0.7499.169 Mobile Safari/537.36 (compatible; Googlebot/2.1; +http://www.google.com/bot.html)"
172.68.150.231 - - [10/Jan/2026:07:52:19 +0300] "GET /wp-includes/js5ba7cf/index.php HTTP/1.0" 404 455 "https://housegates.ru/wp-includes/js5ba7cf/index.php" "Mozilla/5.0 (Windows NT 10.0; Win64; x64) AppleWebKit/537.36 (KHTML, like Gecko) Chrome/58.0.3029.110 Safari/537.3"
172.70.142.150 - - [10/Jan/2026:07:52:59 +0300] "GET /wp-includes/js5ba7cf/index.php HTTP/1.0" 404 455 "-" "-"
172.71.98.206 - - [10/Jan/2026:07:54:14 +0300] "HEAD / HTTP/1.0" 200 244 "-" "Mozilla/5.0 (Windows NT 10.0; Win64; x64) AppleWebKit/537.36"
172.71.182.53 - - [10/Jan/2026:07:54:16 +0300] "GET /.env.local HTTP/1.0" 404 455 "-" "Mozilla/5.0 (Windows NT 10.0; Win64; x64) AppleWebKit/537.36"
172.71.98.206 - - [10/Jan/2026:07:54:17 +0300] "GET /.env.production HTTP/1.0" 404 455 "-" "Mozilla/5.0 (Windows NT 10.0; Win64; x64) AppleWebKit/537.36"
172.71.182.53 - - [10/Jan/2026:07:54:21 +0300] "GET /.env.old HTTP/1.0" 404 455 "-" "Mozilla/5.0 (Windows NT 10.0; Win64; x64) AppleWebKit/537.36"
141.101.76.192 - - [10/Jan/2026:07:54:25 +0300] "GET /wp-content/plugins/wp-mail-smtp/.env HTTP/1.0" 404 455 "-" "Mozilla/5.0 (Windows NT 10.0; Win64; x64) AppleWebKit/537.36"
104.23.170.110 - - [10/Jan/2026:07:54:25 +0300] "GET /.env.backup HTTP/1.0" 404 455 "-" "Mozilla/5.0 (Windows NT 10.0; Win64; x64) AppleWebKit/537.36"
104.23.168.31 - - [10/Jan/2026:07:54:29 +0300] "GET /.env.staging HTTP/1.0" 404 455 "-" "Mozilla/5.0 (Windows NT 10.0; Win64; x64) AppleWebKit/537.36"
172.71.182.53 - - [10/Jan/2026:07:54:33 +0300] "GET /phpinfo.php HTTP/1.0" 404 455 "-" "Mozilla/5.0 (Windows NT 10.0; Win64; x64) AppleWebKit/537.36"
172.70.46.111 - - [10/Jan/2026:07:54:34 +0300] "GET /info.php HTTP/1.0" 404 455 "-" "Mozilla/5.0 (Windows NT 10.0; Win64; x64) AppleWebKit/537.36"
172.70.46.111 - - [10/Jan/2026:07:54:34 +0300] "GET /test.php HTTP/1.0" 404 455 "-" "Mozilla/5.0 (Windows NT 10.0; Win64; x64) AppleWebKit/537.36"
172.71.95.153 - - [10/Jan/2026:07:54:54 +0300] "GET /credentials.json HTTP/1.0" 404 455 "-" "Mozilla/5.0 (Windows NT 10.0; Win64; x64) AppleWebKit/537.36"
104.23.166.109 - - [10/Jan/2026:07:55:04 +0300] "GET /settings.json HTTP/1.0" 404 455 "-" "Mozilla/5.0 (Windows NT 10.0; Win64; x64) AppleWebKit/537.36"
172.71.184.78 - - [10/Jan/2026:07:55:05 +0300] "GET /jqczam/where-is-the-temperature-sensor-on-a-ford-f150.html HTTP/1.0" 404 455 "-" "Mozilla/5.0 (compatible; YandexBot/3.0; +http://yandex.com/bots)"
108.162.245.32 - - [10/Jan/2026:07:55:07 +0300] "GET /?o=9297278458003 HTTP/1.0" 200 4887 "-" "Mozilla/5.0 (Linux; Android 6.0.1; Nexus 5X Build/MMB29P) AppleWebKit/537.36 (KHTML, like Gecko) Chrome/143.0.7499.169 Mobile Safari/537.36 (compatible; Googlebot/2.1; +http://www.google.com/bot.html)"
104.23.166.109 - - [10/Jan/2026:07:55:12 +0300] "GET /.gitconfig HTTP/1.0" 404 455 "-" "Mozilla/5.0 (Windows NT 10.0; Win64; x64) AppleWebKit/537.36"
162.159.113.117 - - [10/Jan/2026:07:55:14 +0300] "GET /.env.deploy HTTP/1.0" 404 455 "-" "Mozilla/5.0 (Windows NT 10.0; Win64; x64) AppleWebKit/537.36"
108.162.245.32 - - [10/Jan/2026:07:55:16 +0300] "GET /?o=18331140978011 HTTP/1.0" 200 4839 "-" "Mozilla/5.0 (Linux; Android 6.0.1; Nexus 5X Build/MMB29P) AppleWebKit/537.36 (KHTML, like Gecko) Chrome/143.0.7499.169 Mobile Safari/537.36 (compatible; Googlebot/2.1; +http://www.google.com/bot.html)"
172.71.184.79 - - [10/Jan/2026:07:57:22 +0300] "GET /eqo94m/4hf1-engine-wikipedia.html HTTP/1.0" 404 455 "-" "Mozilla/5.0 (compatible; YandexBot/3.0; +http://yandex.com/bots)"
172.68.10.15 - - [10/Jan/2026:07:57:42 +0300] "GET /eqo94m/funny-bumble-bios-female-reddit.html HTTP/1.0" 404 455 "-" "Mozilla/5.0 (compatible; YandexBot/3.0; +http://yandex.com/bots)"
172.68.10.15 - - [10/Jan/2026:07:58:23 +0300] "GET /jqczam/where-is-the-pig-island.html HTTP/1.0" 404 455 "-" "Mozilla/5.0 (compatible; YandexBot/3.0; +http://yandex.com/bots)"
172.68.22.85 - - [10/Jan/2026:08:00:10 +0300] "GET /?o=71698153526403 HTTP/1.0" 200 4886 "-" "Mozilla/5.0 (Linux; Android 6.0.1; Nexus 5X Build/MMB29P) AppleWebKit/537.36 (KHTML, like Gecko) Chrome/143.0.7499.169 Mobile Safari/537.36 (compatible; Googlebot/2.1; +http://www.google.com/bot.html)"
172.70.176.165 - - [10/Jan/2026:08:02:19 +0300] "GET /wp-includes/js5ba7cf/index.php HTTP/1.0" 404 455 "https://housegates.ru/wp-includes/js5ba7cf/index.php" "Mozilla/5.0 (Windows NT 10.0; Win64; x64) AppleWebKit/537.36 (KHTML, like Gecko) Chrome/58.0.3029.110 Safari/537.3"
172.69.50.145 - - [10/Jan/2026:08:02:32 +0300] "GET /m-contenteditor+index+id-5.html HTTP/1.0" 200 4111 "-" "Mozilla/5.0 (compatible; YaDirectFetcher/1.0; +http://yandex.com/bots)"
172.68.23.82 - - [10/Jan/2026:08:06:13 +0300] "GET /?o=99885216681900 HTTP/1.0" 200 4813 "-" "Mozilla/5.0 (Linux; Android 6.0.1; Nexus 5X Build/MMB29P) AppleWebKit/537.36 (KHTML, like Gecko) Chrome/143.0.7499.169 Mobile Safari/537.36 (compatible; Googlebot/2.1; +http://www.google.com/bot.html)"
172.71.184.79 - - [10/Jan/2026:08:09:23 +0300] "GET /jqczam/what-is-instagram-remix.html HTTP/1.0" 404 455 "-" "Mozilla/5.0 (compatible; YandexBot/3.0; +http://yandex.com/bots)"
172.71.150.210 - - [10/Jan/2026:08:10:15 +0300] "GET /?o=28281251198303 HTTP/1.0" 200 4924 "-" "Mozilla/5.0 (Linux; Android 6.0.1; Nexus 5X Build/MMB29P) AppleWebKit/537.36 (KHTML, like Gecko) Chrome/143.0.7499.169 Mobile Safari/537.36 (compatible; Googlebot/2.1; +http://www.google.com/bot.html)"
172.68.150.231 - - [10/Jan/2026:08:11:36 +0300] "GET /wp-includes/js5ba7cf/index.php HTTP/1.0" 404 455 "https://housegates.ru/wp-includes/js5ba7cf/index.php" "Mozilla/5.0 (Windows NT 10.0; Win64; x64) AppleWebKit/537.36 (KHTML, like Gecko) Chrome/58.0.3029.110 Safari/537.3"
104.23.170.4 - - [10/Jan/2026:08:14:17 +0300] "GET /?o=7958492988306 HTTP/1.0" 200 4938 "-" "Mozilla/5.0 (Linux; Android 6.0.1; Nexus 5X Build/MMB29P) AppleWebKit/537.36 (KHTML, like Gecko) Chrome/143.0.7499.169 Mobile Safari/537.36 (compatible; Googlebot/2.1; +http://www.google.com/bot.html)"
162.158.210.57 - - [10/Jan/2026:08:14:20 +0300] "GET /evolution.tar.gz HTTP/1.0" 404 455 "-" "Mozilla/5.0 (Windows NT 10.0; Win64; x64) AppleWebKit/537.36 (KHTML, like Gecko) Chrome/101.0.4951.67 Safari/537.36"
162.158.42.240 - - [10/Jan/2026:08:17:18 +0300] "GET /?o=6329887407002 HTTP/1.0" 200 4843 "-" "Mozilla/5.0 (Linux; Android 6.0.1; Nexus 5X Build/MMB29P) AppleWebKit/537.36 (KHTML, like Gecko) Chrome/143.0.7499.169 Mobile Safari/537.36 (compatible; Googlebot/2.1; +http://www.google.com/bot.html)"
172.69.50.176 - - [10/Jan/2026:08:20:49 +0300] "GET /robots.txt HTTP/1.1" 404 173 "-" "Mozilla/5.0 (compatible; YandexBot/3.0; +http://yandex.com/bots)"
172.68.150.230 - - [10/Jan/2026:08:21:21 +0300] "GET /wp-includes/js5ba7cf/index.php HTTP/1.0" 404 455 "https://housegates.ru/wp-includes/js5ba7cf/index.php" "Mozilla/5.0 (Windows NT 10.0; Win64; x64) AppleWebKit/537.36 (KHTML, like Gecko) Chrome/58.0.3029.110 Safari/537.3"
104.23.170.4 - - [10/Jan/2026:08:21:30 +0300] "GET /?o=12293164934400 HTTP/1.0" 200 4873 "-" "Mozilla/5.0 (Linux; Android 6.0.1; Nexus 5X Build/MMB29P) AppleWebKit/537.36 (KHTML, like Gecko) Chrome/143.0.7499.169 Mobile Safari/537.36 (compatible; Googlebot/2.1; +http://www.google.com/bot.html)"
172.68.23.81 - - [10/Jan/2026:08:24:32 +0300] "GET /?o=6489014218402 HTTP/1.0" 200 4933 "-" "Mozilla/5.0 (Linux; Android 6.0.1; Nexus 5X Build/MMB29P) AppleWebKit/537.36 (KHTML, like Gecko) Chrome/143.0.7499.169 Mobile Safari/537.36 (compatible; Googlebot/2.1; +http://www.google.com/bot.html)"
172.71.184.79 - - [10/Jan/2026:08:24:59 +0300] "GET /eqo94m/best-portable-dab-rig.html HTTP/1.0" 404 455 "-" "Mozilla/5.0 (compatible; YandexBot/3.0; +http://yandex.com/bots)"
172.71.184.79 - - [10/Jan/2026:08:26:03 +0300] "GET /jqczam/cirrus-sr22-range-map.html HTTP/1.0" 404 455 "-" "Mozilla/5.0 (compatible; YandexBot/3.0; +http://yandex.com/bots)"
172.71.146.153 - - [10/Jan/2026:08:27:33 +0300] "GET /?o=70003212016603 HTTP/1.0" 200 4885 "-" "Mozilla/5.0 (Linux; Android 6.0.1; Nexus 5X Build/MMB29P) AppleWebKit/537.36 (KHTML, like Gecko) Chrome/143.0.7499.169 Mobile Safari/537.36 (compatible; Googlebot/2.1; +http://www.google.com/bot.html)"
172.71.184.79 - - [10/Jan/2026:08:30:18 +0300] "GET /jqczam/how-to-open-tesla-door-model-y.html HTTP/1.0" 404 455 "-" "Mozilla/5.0 (compatible; YandexBot/3.0; +http://yandex.com/bots)"
172.68.150.231 - - [10/Jan/2026:08:31:02 +0300] "GET /wp-includes/js5ba7cf/index.php HTTP/1.0" 404 455 "https://housegates.ru/wp-includes/js5ba7cf/index.php" "Mozilla/5.0 (Windows NT 10.0; Win64; x64) AppleWebKit/537.36 (KHTML, like Gecko) Chrome/58.0.3029.110 Safari/537.3"
162.158.42.239 - - [10/Jan/2026:08:31:36 +0300] "GET /?o=3703129415600 HTTP/1.0" 200 4966 "-" "Mozilla/5.0 (Linux; Android 6.0.1; Nexus 5X Build/MMB29P) AppleWebKit/537.36 (KHTML, like Gecko) Chrome/143.0.7499.169 Mobile Safari/537.36 (compatible; Googlebot/2.1; +http://www.google.com/bot.html)"
172.70.92.200 - - [10/Jan/2026:08:32:44 +0300] "GET / HTTP/1.0" 200 3601 "http://www.housegates.ru" "Mozilla/5.0 (iPhone; CPU iPhone OS 13_2_3 like Mac OS X) AppleWebKit/605.1.15 (KHTML, like Gecko) Version/13.0.3 Mobile/15E148 Safari/604.1"
108.162.245.32 - - [10/Jan/2026:08:33:01 +0300] "GET /?o=10528284424008 HTTP/1.0" 200 4883 "-" "Mozilla/5.0 (Linux; Android 6.0.1; Nexus 5X Build/MMB29P) AppleWebKit/537.36 (KHTML, like Gecko) Chrome/143.0.7499.169 Mobile Safari/537.36 (compatible; Googlebot/2.1; +http://www.google.com/bot.html)"
172.68.10.14 - - [10/Jan/2026:08:35:05 +0300] "GET /jqczam/rolex-submariner-2023-predictions.html HTTP/1.0" 404 455 "-" "Mozilla/5.0 (compatible; YandexBot/3.0; +http://yandex.com/bots)"
172.68.10.14 - - [10/Jan/2026:08:35:06 +0300] "GET /eqo94m/war-thunder-russian-spaas.html HTTP/1.0" 404 455 "-" "Mozilla/5.0 (compatible; YandexBot/3.0; +http://yandex.com/bots)"
172.71.150.210 - - [10/Jan/2026:08:35:39 +0300] "GET /?o=9087327252301 HTTP/1.0" 200 4862 "-" "Mozilla/5.0 (Linux; Android 6.0.1; Nexus 5X Build/MMB29P) AppleWebKit/537.36 (KHTML, like Gecko) Chrome/143.0.7499.169 Mobile Safari/537.36 (compatible; Googlebot/2.1; +http://www.google.com/bot.html)"
108.162.246.85 - - [10/Jan/2026:08:39:42 +0300] "GET /?o=97765103194101 HTTP/1.0" 200 4855 "-" "Mozilla/5.0 (Linux; Android 6.0.1; Nexus 5X Build/MMB29P) AppleWebKit/537.36 (KHTML, like Gecko) Chrome/143.0.7499.169 Mobile Safari/537.36 (compatible; Googlebot/2.1; +http://www.google.com/bot.html)"
172.68.150.231 - - [10/Jan/2026:08:40:06 +0300] "GET /wp-includes/js5ba7cf/index.php HTTP/1.0" 404 455 "https://housegates.ru/wp-includes/js5ba7cf/index.php" "Mozilla/5.0 (Windows NT 10.0; Win64; x64) AppleWebKit/537.36 (KHTML, like Gecko) Chrome/58.0.3029.110 Safari/537.3"
162.158.42.239 - - [10/Jan/2026:08:43:46 +0300] "GET /?o=48910209366200 HTTP/1.0" 200 4849 "-" "Mozilla/5.0 (Linux; Android 6.0.1; Nexus 5X Build/MMB29P) AppleWebKit/537.36 (KHTML, like Gecko) Chrome/143.0.7499.169 Mobile Safari/537.36 (compatible; Googlebot/2.1; +http://www.google.com/bot.html)"
172.69.22.138 - - [10/Jan/2026:08:46:22 +0300] "GET /m24.htm HTTP/1.0" 200 2712 "-" "Mozilla/5.0 (iPhone; CPU iPhone OS 13_2_3 like Mac OS X) AppleWebKit/605.1.15 (KHTML, like Gecko) Version/13.0.3 Mobile/15E148 Safari/604.1"
108.162.246.85 - - [10/Jan/2026:08:47:49 +0300] "GET /?o=61807290470201 HTTP/1.0" 200 4936 "-" "Mozilla/5.0 (Linux; Android 6.0.1; Nexus 5X Build/MMB29P) AppleWebKit/537.36 (KHTML, like Gecko) Chrome/143.0.7499.169 Mobile Safari/537.36 (compatible; Googlebot/2.1; +http://www.google.com/bot.html)"
172.68.150.231 - - [10/Jan/2026:08:50:07 +0300] "GET /wp-includes/js5ba7cf/index.php HTTP/1.0" 404 455 "https://housegates.ru/wp-includes/js5ba7cf/index.php" "Mozilla/5.0 (Windows NT 10.0; Win64; x64) AppleWebKit/537.36 (KHTML, like Gecko) Chrome/58.0.3029.110 Safari/537.3"
108.162.246.85 - - [10/Jan/2026:08:52:52 +0300] "GET /?o=7110884926004 HTTP/1.0" 200 4834 "-" "Mozilla/5.0 (Linux; Android 6.0.1; Nexus 5X Build/MMB29P) AppleWebKit/537.36 (KHTML, like Gecko) Chrome/143.0.7499.169 Mobile Safari/537.36 (compatible; Googlebot/2.1; +http://www.google.com/bot.html)"
172.71.184.78 - - [10/Jan/2026:08:54:42 +0300] "GET /eqo94m/company-cr-number.html HTTP/1.0" 404 455 "-" "Mozilla/5.0 (compatible; YandexBot/3.0; +http://yandex.com/bots)"
104.22.18.32 - - [10/Jan/2026:08:55:12 +0300] "GET /index-2.html HTTP/1.0" 200 4554 "-" "Mozilla/5.0 (iPhone; CPU iPhone OS 13_2_3 like Mac OS X) AppleWebKit/605.1.15 (KHTML, like Gecko) Version/13.0.3 Mobile/15E148 Safari/604.1"
172.68.23.82 - - [10/Jan/2026:08:55:55 +0300] "GET /?o=9076157525600 HTTP/1.0" 200 4828 "-" "Mozilla/5.0 (Linux; Android 6.0.1; Nexus 5X Build/MMB29P) AppleWebKit/537.36 (KHTML, like Gecko) Chrome/143.0.7499.169 Mobile Safari/537.36 (compatible; Googlebot/2.1; +http://www.google.com/bot.html)"
172.71.184.78 - - [10/Jan/2026:08:56:04 +0300] "GET /eqo94m/multiselect-dropdown-with-checkbox-angular-8.html HTTP/1.0" 404 455 "-" "Mozilla/5.0 (compatible; YandexBot/3.0; +http://yandex.com/bots) AppleWebKit/537.36 (KHTML, like Gecko) Chrome/108.0.0.0"
172.68.10.15 - - [10/Jan/2026:08:56:49 +0300] "GET /eqo94m/allergan-botox-price-list.html HTTP/1.0" 404 455 "-" "Mozilla/5.0 (compatible; YandexBot/3.0; +http://yandex.com/bots) AppleWebKit/537.36 (KHTML, like Gecko) Chrome/108.0.0.0"
172.71.184.78 - - [10/Jan/2026:08:56:51 +0300] "GET /eqo94m/logs-in-python.html HTTP/1.0" 404 455 "-" "Mozilla/5.0 (compatible; YandexBot/3.0; +http://yandex.com/bots)"
108.162.246.85 - - [10/Jan/2026:08:59:59 +0300] "GET /?o=1718476695600 HTTP/1.0" 200 4924 "-" "Mozilla/5.0 (Linux; Android 6.0.1; Nexus 5X Build/MMB29P) AppleWebKit/537.36 (KHTML, like Gecko) Chrome/143.0.7499.169 Mobile Safari/537.36 (compatible; Googlebot/2.1; +http://www.google.com/bot.html)"
172.68.150.230 - - [10/Jan/2026:09:00:06 +0300] "GET /wp-includes/js5ba7cf/index.php HTTP/1.0" 404 455 "https://housegates.ru/wp-includes/js5ba7cf/index.php" "Mozilla/5.0 (Windows NT 10.0; Win64; x64) AppleWebKit/537.36 (KHTML, like Gecko) Chrome/58.0.3029.110 Safari/537.3"
172.71.184.78 - - [10/Jan/2026:09:03:48 +0300] "GET /eqo94m/university-of-arizona-finals-schedule-spring-2023.html HTTP/1.0" 404 455 "-" "Mozilla/5.0 (compatible; YandexBot/3.0; +http://yandex.com/bots) AppleWebKit/537.36 (KHTML, like Gecko) Chrome/108.0.0.0"
162.158.42.240 - - [10/Jan/2026:09:04:02 +0300] "GET /?o=96469279736400 HTTP/1.0" 200 4957 "-" "Mozilla/5.0 (Linux; Android 6.0.1; Nexus 5X Build/MMB29P) AppleWebKit/537.36 (KHTML, like Gecko) Chrome/143.0.7499.169 Mobile Safari/537.36 (compatible; Googlebot/2.1; +http://www.google.com/bot.html)"
162.158.193.160 - - [10/Jan/2026:09:05:57 +0300] "GET /m-contenteditor+index+id-3.html HTTP/1.0" 200 4105 "-" "Mozilla/5.0 (iPhone; CPU iPhone OS 13_2_3 like Mac OS X) AppleWebKit/605.1.15 (KHTML, like Gecko) Version/13.0.3 Mobile/15E148 Safari/604.1"
172.68.164.170 - - [10/Jan/2026:09:07:44 +0300] "GET /m-contenteditor%2Bindex%2Bid-4.html HTTP/1.0" 200 4390 "https://housegates.ru/m-contenteditor%2Bindex%2Bid-3.html" "Mozilla/5.0 (Linux; Android 7.0;) AppleWebKit/537.36 (KHTML, like Gecko) Mobile Safari/537.36 (compatible; PetalBot;+https://webmaster.petalsearch.com/site/petalbot)"
172.71.184.79 - - [10/Jan/2026:09:07:50 +0300] "GET /m-contenteditor+index+id-7.html HTTP/1.0" 200 3756 "-" "Mozilla/5.0 (compatible; YaDirectFetcher/1.0; +http://yandex.com/bots)"
172.71.184.79 - - [10/Jan/2026:09:07:51 +0300] "GET /jqczam/vsan-witness-medium-requirements.html HTTP/1.0" 404 455 "-" "Mozilla/5.0 (compatible; YandexBot/3.0; +http://yandex.com/bots)"
162.158.42.240 - - [10/Jan/2026:09:08:05 +0300] "GET /?o=8137116883007 HTTP/1.0" 200 4894 "-" "Mozilla/5.0 (Linux; Android 6.0.1; Nexus 5X Build/MMB29P) AppleWebKit/537.36 (KHTML, like Gecko) Chrome/143.0.7499.169 Mobile Safari/537.36 (compatible; Googlebot/2.1; +http://www.google.com/bot.html)"
162.158.42.53 - - [10/Jan/2026:09:10:00 +0300] "GET /sitemap.xml HTTP/1.0" 404 459 "-" "Mozilla/5.0 AppleWebKit/537.36 (KHTML, like Gecko; compatible; bingbot/2.0; +http://www.bing.com/bingbot.htm) Chrome/116.0.1938.76 Safari/537.36"
