172.71.30.118 - - [10/Jan/2026:12:29:07 +0300] "GET /?e=0774749171b07 HTTP/1.0" 200 10006 "-" "Mozilla/5.0 (Linux; Android 6.0.1; Nexus 5X Build/MMB29P) AppleWebKit/537.36 (KHTML, like Gecko) Chrome/143.0.7499.192 Mobile Safari/537.36 (compatible; Googlebot/2.1; +http://www.google.com/bot.html)"
104.23.221.198 - - [10/Jan/2026:12:29:13 +0300] "GET / HTTP/1.0" 200 2894 "-" "https://reg.ru monitoring abuse@reg.ru"
172.71.30.118 - - [10/Jan/2026:12:29:44 +0300] "GET /?e=03289583e4336d HTTP/1.0" 200 19080 "-" "Mozilla/5.0 (Linux; Android 6.0.1; Nexus 5X Build/MMB29P) AppleWebKit/537.36 (KHTML, like Gecko) Chrome/143.0.7499.192 Mobile Safari/537.36 (compatible; Googlebot/2.1; +http://www.google.com/bot.html)"
172.71.30.118 - - [10/Jan/2026:12:29:46 +0300] "GET /?e=037563351ffd5 HTTP/1.0" 200 20210 "-" "Mozilla/5.0 (Linux; Android 6.0.1; Nexus 5X Build/MMB29P) AppleWebKit/537.36 (KHTML, like Gecko) Chrome/143.0.7499.192 Mobile Safari/537.36 (compatible; Googlebot/2.1; +http://www.google.com/bot.html)"
172.71.30.118 - - [10/Jan/2026:12:29:47 +0300] "GET /?e=0682882799d1b HTTP/1.0" 200 51382 "-" "Mozilla/5.0 (Linux; Android 6.0.1; Nexus 5X Build/MMB29P) AppleWebKit/537.36 (KHTML, like Gecko) Chrome/143.0.7499.192 Mobile Safari/537.36 (compatible; Googlebot/2.1; +http://www.google.com/bot.html)"
172.71.30.118 - - [10/Jan/2026:12:29:49 +0300] "GET /?e=1112565980369a9 HTTP/1.0" 200 34299 "-" "Mozilla/5.0 (Linux; Android 6.0.1; Nexus 5X Build/MMB29P) AppleWebKit/537.36 (KHTML, like Gecko) Chrome/143.0.7499.192 Mobile Safari/537.36 (compatible; Googlebot/2.1; +http://www.google.com/bot.html)"
172.71.30.118 - - [10/Jan/2026:12:29:51 +0300] "GET /?GameID=2026-01-05/598.html HTTP/1.0" 200 20153 "-" "Mozilla/5.0 (Linux; Android 6.0.1; Nexus 5X Build/MMB29P) AppleWebKit/537.36 (KHTML, like Gecko) Chrome/143.0.7499.192 Mobile Safari/537.36 (compatible; Googlebot/2.1; +http://www.google.com/bot.html)"
172.71.30.118 - - [10/Jan/2026:12:29:53 +0300] "GET /?e=1624894ed769e HTTP/1.0" 200 9411 "-" "Mozilla/5.0 (Linux; Android 6.0.1; Nexus 5X Build/MMB29P) AppleWebKit/537.36 (KHTML, like Gecko) Chrome/143.0.7499.192 Mobile Safari/537.36 (compatible; Googlebot/2.1; +http://www.google.com/bot.html)"
172.71.30.118 - - [10/Jan/2026:12:29:55 +0300] "GET /?ID=5704.html HTTP/1.0" 200 18463 "https://stefanos.ru/?e=1112565980369a9" "Mozilla/5.0 (Linux; Android 6.0.1; Nexus 5X Build/MMB29P) AppleWebKit/537.36 (KHTML, like Gecko) Chrome/143.0.7499.169 Mobile Safari/537.36 (compatible; Googlebot/2.1; +http://www.google.com/bot.html)"
172.71.30.118 - - [10/Jan/2026:12:29:56 +0300] "GET /?ID=6007.html HTTP/1.0" 200 19905 "-" "Mozilla/5.0 (Linux; Android 6.0.1; Nexus 5X Build/MMB29P) AppleWebKit/537.36 (KHTML, like Gecko) Chrome/143.0.7499.192 Mobile Safari/537.36 (compatible; Googlebot/2.1; +http://www.google.com/bot.html)"
172.71.30.118 - - [10/Jan/2026:12:29:58 +0300] "GET /?e=0013608000560b6 HTTP/1.0" 200 22387 "-" "Mozilla/5.0 (Linux; Android 6.0.1; Nexus 5X Build/MMB29P) AppleWebKit/537.36 (KHTML, like Gecko) Chrome/143.0.7499.192 Mobile Safari/537.36 (compatible; Googlebot/2.1; +http://www.google.com/bot.html)"
172.71.30.118 - - [10/Jan/2026:12:30:00 +0300] "GET /?ID=5448.html HTTP/1.0" 200 35837 "https://stefanos.ru/?e=1112565980369a9" "Mozilla/5.0 (Linux; Android 6.0.1; Nexus 5X Build/MMB29P) AppleWebKit/537.36 (KHTML, like Gecko) Chrome/143.0.7499.169 Mobile Safari/537.36 (compatible; Googlebot/2.1; +http://www.google.com/bot.html)"
172.71.30.118 - - [10/Jan/2026:12:30:01 +0300] "GET /?ID=5475.html HTTP/1.0" 200 14786 "https://stefanos.ru/?e=1112565980369a9" "Mozilla/5.0 (Linux; Android 6.0.1; Nexus 5X Build/MMB29P) AppleWebKit/537.36 (KHTML, like Gecko) Chrome/143.0.7499.169 Mobile Safari/537.36 (compatible; Googlebot/2.1; +http://www.google.com/bot.html)"
104.23.221.198 - - [10/Jan/2026:12:30:04 +0300] "GET / HTTP/1.0" 200 2894 "-" "https://reg.ru monitoring abuse@reg.ru"
172.68.22.220 - - [10/Jan/2026:12:30:13 +0300] "GET /iwkbxh/ammonium-nitrate-cold-pack-australia.html HTTP/1.0" 404 453 "-" "Mozilla/5.0 (compatible; DotBot/1.2; +https://opensiteexplorer.org/dotbot; help@moz.com)"
172.71.30.118 - - [10/Jan/2026:12:30:18 +0300] "GET /?e=14774407c9535 HTTP/1.0" 200 9054 "-" "Mozilla/5.0 (Linux; Android 6.0.1; Nexus 5X Build/MMB29P) AppleWebKit/537.36 (KHTML, like Gecko) Chrome/143.0.7499.192 Mobile Safari/537.36 (compatible; Googlebot/2.1; +http://www.google.com/bot.html)"
104.23.166.75 - - [10/Jan/2026:12:30:36 +0300] "GET / HTTP/1.0" 200 2894 "-" "Mozilla/5.0 (Linux; Android 10; K) AppleWebKit/537.36 (KHTML, like Gecko) Chrome/140.0.0.0 Mobile Safari/537.36"
162.159.113.136 - - [10/Jan/2026:12:30:37 +0300] "GET /favicon.ico HTTP/1.0" 404 453 "https://stefanos.ru/" "Mozilla/5.0 (Linux; Android 10; K) AppleWebKit/537.36 (KHTML, like Gecko) Chrome/140.0.0.0 Mobile Safari/537.36"
172.71.30.118 - - [10/Jan/2026:12:30:48 +0300] "GET /?e=0387680c0a9e2 HTTP/1.0" 200 10616 "-" "Mozilla/5.0 (Linux; Android 6.0.1; Nexus 5X Build/MMB29P) AppleWebKit/537.36 (KHTML, like Gecko) Chrome/143.0.7499.192 Mobile Safari/537.36 (compatible; Googlebot/2.1; +http://www.google.com/bot.html)"
172.71.30.118 - - [10/Jan/2026:12:30:55 +0300] "GET /?e=0918463282f2427 HTTP/1.0" 200 19750 "-" "Mozilla/5.0 (Linux; Android 6.0.1; Nexus 5X Build/MMB29P) AppleWebKit/537.36 (KHTML, like Gecko) Chrome/143.0.7499.192 Mobile Safari/537.36 (compatible; Googlebot/2.1; +http://www.google.com/bot.html)"
172.68.164.142 - - [10/Jan/2026:12:31:16 +0300] "GET /thebest.html HTTP/1.0" 200 3054 "https://stefanos.ru/wow.html" "Mozilla/5.0 (Linux; Android 7.0;) AppleWebKit/537.36 (KHTML, like Gecko) Mobile Safari/537.36 (compatible; PetalBot;+https://webmaster.petalsearch.com/site/petalbot)"
104.23.223.114 - - [10/Jan/2026:12:31:19 +0300] "GET / HTTP/1.0" 200 2894 "-" "Mozilla/5.0 (Linux; Android 10; K) AppleWebKit/537.36 (KHTML, like Gecko) Chrome/136.0.0.0 Mobile Safari/537.36"
162.158.183.59 - - [10/Jan/2026:12:31:20 +0300] "GET /favicon.ico HTTP/1.0" 404 453 "https://stefanos.ru/" "Mozilla/5.0 (Linux; Android 10; K) AppleWebKit/537.36 (KHTML, like Gecko) Chrome/136.0.0.0 Mobile Safari/537.36"
172.70.243.104 - - [10/Jan/2026:12:31:21 +0300] "GET / HTTP/1.0" 200 2894 "-" "Mozilla/5.0 (Linux; Android 10; K) AppleWebKit/537.36 (KHTML, like Gecko) Chrome/143.0.0.0 Mobile Safari/537.36"
172.71.164.232 - - [10/Jan/2026:12:31:23 +0300] "GET /favicon.ico HTTP/1.0" 404 453 "https://stefanos.ru/" "Mozilla/5.0 (Linux; Android 10; K) AppleWebKit/537.36 (KHTML, like Gecko) Chrome/143.0.0.0 Mobile Safari/537.36"
108.162.241.46 - - [10/Jan/2026:12:31:47 +0300] "GET /robots.txt HTTP/1.1" 304 0 "-" "Mozilla/5.0 AppleWebKit/537.36 (KHTML, like Gecko; compatible; ClaudeBot/1.0; +claudebot@anthropic.com)"
172.69.130.56 - - [10/Jan/2026:12:31:48 +0300] "GET /thebest.html HTTP/1.0" 200 3054 "-" "Mozilla/5.0 AppleWebKit/537.36 (KHTML, like Gecko; compatible; ClaudeBot/1.0; +claudebot@anthropic.com)"
172.71.30.118 - - [10/Jan/2026:12:31:47 +0300] "GET /?e=11133218071c6e3 HTTP/1.0" 200 21810 "-" "Mozilla/5.0 (Linux; Android 6.0.1; Nexus 5X Build/MMB29P) AppleWebKit/537.36 (KHTML, like Gecko) Chrome/143.0.7499.192 Mobile Safari/537.36 (compatible; Googlebot/2.1; +http://www.google.com/bot.html)"
104.23.223.114 - - [10/Jan/2026:12:31:50 +0300] "GET / HTTP/1.0" 200 2894 "-" "https://reg.ru monitoring abuse@reg.ru"
104.23.245.49 - - [10/Jan/2026:12:32:04 +0300] "GET /?e=021005901e383f HTTP/1.0" 200 35978 "-" "Mozilla/5.0 (Linux; Android 6.0.1; Nexus 5X Build/MMB29P) AppleWebKit/537.36 (KHTML, like Gecko) Chrome/143.0.7499.192 Mobile Safari/537.36 (compatible; Googlebot/2.1; +http://www.google.com/bot.html)"
104.22.24.211 - - [10/Jan/2026:12:32:08 +0300] "GET /?ID=8339.html HTTP/1.0" 200 51358 "https://stefanos.ru/?e=021005901e383f" "Mozilla/5.0 (Linux; Android 6.0.1; Nexus 5X Build/MMB29P) AppleWebKit/537.36 (KHTML, like Gecko) Chrome/143.0.7499.169 Mobile Safari/537.36 (compatible; Googlebot/2.1; +http://www.google.com/bot.html)"
104.22.24.211 - - [10/Jan/2026:12:32:10 +0300] "GET /?ID=8063.html HTTP/1.0" 200 9651 "https://stefanos.ru/?e=021005901e383f" "Mozilla/5.0 (Linux; Android 6.0.1; Nexus 5X Build/MMB29P) AppleWebKit/537.36 (KHTML, like Gecko) Chrome/143.0.7499.169 Mobile Safari/537.36 (compatible; Googlebot/2.1; +http://www.google.com/bot.html)"
104.23.245.49 - - [10/Jan/2026:12:32:28 +0300] "GET /?e=061849840faaeba HTTP/1.0" 200 9807 "-" "Mozilla/5.0 (Linux; Android 6.0.1; Nexus 5X Build/MMB29P) AppleWebKit/537.36 (KHTML, like Gecko) Chrome/143.0.7499.192 Mobile Safari/537.36 (compatible; Googlebot/2.1; +http://www.google.com/bot.html)"
108.162.226.79 - - [10/Jan/2026:12:32:39 +0300] "GET /catalog/bride/005.jpg HTTP/1.1" 200 21365 "https://stefanos.ru/catalog/bride/005.html" "Mozilla/5.0 (Linux; Android 7.0;) AppleWebKit/537.36 (KHTML, like Gecko) Mobile Safari/537.36 (compatible; PetalBot;+https://webmaster.petalsearch.com/site/petalbot)"
104.22.24.211 - - [10/Jan/2026:12:33:02 +0300] "GET /?e=0412177459ed558 HTTP/1.0" 200 22544 "-" "Mozilla/5.0 (Linux; Android 6.0.1; Nexus 5X Build/MMB29P) AppleWebKit/537.36 (KHTML, like Gecko) Chrome/143.0.7499.192 Mobile Safari/537.36 (compatible; Googlebot/2.1; +http://www.google.com/bot.html)"
162.158.41.203 - - [10/Jan/2026:12:33:28 +0300] "GET /iwkbxh/halliburton-jobs-no-experience.html HTTP/1.0" 404 453 "-" "Mozilla/5.0 (compatible; DotBot/1.2; +https://opensiteexplorer.org/dotbot; help@moz.com)"
104.23.223.114 - - [10/Jan/2026:12:34:19 +0300] "GET / HTTP/1.0" 200 2894 "-" "https://reg.ru monitoring abuse@reg.ru"
104.22.1.192 - - [10/Jan/2026:12:34:26 +0300] "GET /?e=036392959970c HTTP/1.0" 200 49629 "-" "Mozilla/5.0 (Linux; Android 6.0.1; Nexus 5X Build/MMB29P) AppleWebKit/537.36 (KHTML, like Gecko) Chrome/143.0.7499.192 Mobile Safari/537.36 (compatible; Googlebot/2.1; +http://www.google.com/bot.html)"
172.71.247.31 - - [10/Jan/2026:12:34:30 +0300] "GET / HTTP/1.0" 200 2894 "-" "Mozilla/5.0 (Linux; Android 10; K) AppleWebKit/537.36 (KHTML, like Gecko) Chrome/140.0.0.0 Mobile Safari/537.36"
172.71.164.232 - - [10/Jan/2026:12:34:32 +0300] "GET /favicon.ico HTTP/1.0" 404 453 "https://stefanos.ru/" "Mozilla/5.0 (Linux; Android 10; K) AppleWebKit/537.36 (KHTML, like Gecko) Chrome/140.0.0.0 Mobile Safari/537.36"
104.22.24.210 - - [10/Jan/2026:12:35:09 +0300] "GET /?e=0012618279f4c70 HTTP/1.0" 200 19793 "-" "Mozilla/5.0 (Linux; Android 6.0.1; Nexus 5X Build/MMB29P) AppleWebKit/537.36 (KHTML, like Gecko) Chrome/143.0.7499.192 Mobile Safari/537.36 (compatible; Googlebot/2.1; +http://www.google.com/bot.html)"
104.23.221.199 - - [10/Jan/2026:12:35:13 +0300] "GET / HTTP/1.0" 200 2894 "-" "https://reg.ru monitoring abuse@reg.ru"
104.22.24.210 - - [10/Jan/2026:12:35:25 +0300] "GET /?e=0419742604f8d6c HTTP/1.0" 200 20018 "-" "Mozilla/5.0 (Linux; Android 6.0.1; Nexus 5X Build/MMB29P) AppleWebKit/537.36 (KHTML, like Gecko) Chrome/143.0.7499.192 Mobile Safari/537.36 (compatible; Googlebot/2.1; +http://www.google.com/bot.html)"
104.22.1.192 - - [10/Jan/2026:12:35:42 +0300] "GET /?e=1119713974c1f59 HTTP/1.0" 200 50172 "-" "Mozilla/5.0 (Linux; Android 6.0.1; Nexus 5X Build/MMB29P) AppleWebKit/537.36 (KHTML, like Gecko) Chrome/143.0.7499.192 Mobile Safari/537.36 (compatible; Googlebot/2.1; +http://www.google.com/bot.html)"
172.71.164.73 - - [10/Jan/2026:12:35:54 +0300] "GET / HTTP/1.0" 200 2894 "-" "Mozilla/5.0 (Linux; Android 10; K) AppleWebKit/537.36 (KHTML, like Gecko) Chrome/140.0.0.0 Mobile Safari/537.36"
104.22.1.192 - - [10/Jan/2026:12:35:59 +0300] "GET /?e=011846711b26761 HTTP/1.0" 200 10630 "-" "Mozilla/5.0 (Linux; Android 6.0.1; Nexus 5X Build/MMB29P) AppleWebKit/537.36 (KHTML, like Gecko) Chrome/143.0.7499.192 Mobile Safari/537.36 (compatible; Googlebot/2.1; +http://www.google.com/bot.html)"
104.22.1.192 - - [10/Jan/2026:12:36:14 +0300] "GET /?ID=6909.html HTTP/1.0" 200 20077 "-" "Mozilla/5.0 (Linux; Android 6.0.1; Nexus 5X Build/MMB29P) AppleWebKit/537.36 (KHTML, like Gecko) Chrome/143.0.7499.192 Mobile Safari/537.36 (compatible; Googlebot/2.1; +http://www.google.com/bot.html)"
104.22.24.210 - - [10/Jan/2026:12:36:22 +0300] "GET /?e=00194492759f51b HTTP/1.0" 200 9996 "-" "Mozilla/5.0 (Linux; Android 6.0.1; Nexus 5X Build/MMB29P) AppleWebKit/537.36 (KHTML, like Gecko) Chrome/143.0.7499.192 Mobile Safari/537.36 (compatible; Googlebot/2.1; +http://www.google.com/bot.html)"
104.23.172.2 - - [10/Jan/2026:12:36:31 +0300] "GET / HTTP/1.0" 200 2894 "-" "Mozilla/5.0 (Linux; Android 10; K) AppleWebKit/537.36 (KHTML, like Gecko) Chrome/143.0.0.0 Mobile Safari/537.36"
162.159.113.137 - - [10/Jan/2026:12:36:32 +0300] "GET /favicon.ico HTTP/1.0" 404 453 "https://stefanos.ru/" "Mozilla/5.0 (Linux; Android 10; K) AppleWebKit/537.36 (KHTML, like Gecko) Chrome/143.0.0.0 Mobile Safari/537.36"
104.22.1.192 - - [10/Jan/2026:12:36:56 +0300] "GET /?e=0375035db6934 HTTP/1.0" 200 19154 "-" "Mozilla/5.0 (Linux; Android 6.0.1; Nexus 5X Build/MMB29P) AppleWebKit/537.36 (KHTML, like Gecko) Chrome/143.0.7499.192 Mobile Safari/537.36 (compatible; Googlebot/2.1; +http://www.google.com/bot.html)"
162.158.182.139 - - [10/Jan/2026:12:37:02 +0300] "GET / HTTP/1.0" 200 2894 "-" "https://reg.ru monitoring abuse@reg.ru"
104.23.245.49 - - [10/Jan/2026:12:37:30 +0300] "GET /?e=1477570ce8394 HTTP/1.0" 200 48730 "-" "Mozilla/5.0 (Linux; Android 6.0.1; Nexus 5X Build/MMB29P) AppleWebKit/537.36 (KHTML, like Gecko) Chrome/143.0.7499.192 Mobile Safari/537.36 (compatible; Googlebot/2.1; +http://www.google.com/bot.html)"
172.64.200.211 - - [10/Jan/2026:12:37:56 +0300] "GET / HTTP/1.0" 200 2894 "-" "Mozilla/5.0 (Linux; Android 10; K) AppleWebKit/537.36 (KHTML, like Gecko) Chrome/143.0.0.0 Mobile Safari/537.36"
172.64.198.87 - - [10/Jan/2026:12:37:57 +0300] "GET /favicon.ico HTTP/1.0" 404 453 "https://stefanos.ru/" "Mozilla/5.0 (Linux; Android 10; K) AppleWebKit/537.36 (KHTML, like Gecko) Chrome/143.0.0.0 Mobile Safari/537.36"
104.22.24.211 - - [10/Jan/2026:12:38:03 +0300] "GET /?e=087497023757a HTTP/1.0" 200 19085 "-" "Mozilla/5.0 (Linux; Android 6.0.1; Nexus 5X Build/MMB29P) AppleWebKit/537.36 (KHTML, like Gecko) Chrome/143.0.7499.192 Mobile Safari/537.36 (compatible; Googlebot/2.1; +http://www.google.com/bot.html)"
104.22.1.192 - - [10/Jan/2026:12:38:37 +0300] "GET /?e=12756903a3ae3 HTTP/1.0" 200 49187 "-" "Mozilla/5.0 (Linux; Android 6.0.1; Nexus 5X Build/MMB29P) AppleWebKit/537.36 (KHTML, like Gecko) Chrome/143.0.7499.192 Mobile Safari/537.36 (compatible; Googlebot/2.1; +http://www.google.com/bot.html)"
104.22.1.192 - - [10/Jan/2026:12:38:46 +0300] "GET /?e=0110048402406cd HTTP/1.0" 200 19996 "-" "Mozilla/5.0 (Linux; Android 6.0.1; Nexus 5X Build/MMB29P) AppleWebKit/537.36 (KHTML, like Gecko) Chrome/143.0.7499.192 Mobile Safari/537.36 (compatible; Googlebot/2.1; +http://www.google.com/bot.html)"
104.22.1.192 - - [10/Jan/2026:12:39:09 +0300] "GET /?e=09744442ff13f HTTP/1.0" 200 20781 "-" "Mozilla/5.0 (Linux; Android 6.0.1; Nexus 5X Build/MMB29P) AppleWebKit/537.36 (KHTML, like Gecko) Chrome/143.0.7499.192 Mobile Safari/537.36 (compatible; Googlebot/2.1; +http://www.google.com/bot.html)"
104.22.24.211 - - [10/Jan/2026:12:39:11 +0300] "GET /?e=12762456ca186 HTTP/1.0" 200 37172 "-" "Mozilla/5.0 (Linux; Android 6.0.1; Nexus 5X Build/MMB29P) AppleWebKit/537.36 (KHTML, like Gecko) Chrome/143.0.7499.192 Mobile Safari/537.36 (compatible; Googlebot/2.1; +http://www.google.com/bot.html)"
104.22.1.192 - - [10/Jan/2026:12:39:14 +0300] "GET /?GameID=2067.html HTTP/1.0" 200 50055 "https://stefanos.ru/?e=12762456ca186" "Mozilla/5.0 (Linux; Android 6.0.1; Nexus 5X Build/MMB29P) AppleWebKit/537.36 (KHTML, like Gecko) Chrome/143.0.7499.169 Mobile Safari/537.36 (compatible; Googlebot/2.1; +http://www.google.com/bot.html)"
104.22.1.192 - - [10/Jan/2026:12:39:16 +0300] "GET /?GameID=2016.html HTTP/1.0" 200 35236 "https://stefanos.ru/?e=12762456ca186" "Mozilla/5.0 (Linux; Android 6.0.1; Nexus 5X Build/MMB29P) AppleWebKit/537.36 (KHTML, like Gecko) Chrome/143.0.7499.169 Mobile Safari/537.36 (compatible; Googlebot/2.1; +http://www.google.com/bot.html)"
104.22.1.192 - - [10/Jan/2026:12:39:18 +0300] "GET /?GameID=2031.html HTTP/1.0" 200 34953 "https://stefanos.ru/?e=12762456ca186" "Mozilla/5.0 (Linux; Android 6.0.1; Nexus 5X Build/MMB29P) AppleWebKit/537.36 (KHTML, like Gecko) Chrome/143.0.7499.169 Mobile Safari/537.36 (compatible; Googlebot/2.1; +http://www.google.com/bot.html)"
104.23.223.114 - - [10/Jan/2026:12:39:26 +0300] "GET / HTTP/1.0" 200 2894 "-" "https://reg.ru monitoring abuse@reg.ru"
104.22.1.192 - - [10/Jan/2026:12:39:43 +0300] "GET /?e=05750302e3dc6 HTTP/1.0" 200 18584 "-" "Mozilla/5.0 (Linux; Android 6.0.1; Nexus 5X Build/MMB29P) AppleWebKit/537.36 (KHTML, like Gecko) Chrome/143.0.7499.192 Mobile Safari/537.36 (compatible; Googlebot/2.1; +http://www.google.com/bot.html)"
104.23.217.168 - - [10/Jan/2026:12:40:14 +0300] "GET / HTTP/1.0" 200 2894 "-" "Mozilla/5.0 (Linux; Android 10; K) AppleWebKit/537.36 (KHTML, like Gecko) Chrome/132.0.0.0 Mobile Safari/537.36"
162.158.183.59 - - [10/Jan/2026:12:40:16 +0300] "GET /favicon.ico HTTP/1.0" 404 453 "https://stefanos.ru/" "Mozilla/5.0 (Linux; Android 10; K) AppleWebKit/537.36 (KHTML, like Gecko) Chrome/132.0.0.0 Mobile Safari/537.36"
104.22.24.211 - - [10/Jan/2026:12:40:17 +0300] "GET /?e=0475735a61723 HTTP/1.0" 200 9937 "-" "Mozilla/5.0 (Linux; Android 6.0.1; Nexus 5X Build/MMB29P) AppleWebKit/537.36 (KHTML, like Gecko) Chrome/143.0.7499.192 Mobile Safari/537.36 (compatible; Googlebot/2.1; +http://www.google.com/bot.html)"
104.23.221.198 - - [10/Jan/2026:12:40:23 +0300] "GET / HTTP/1.0" 200 2894 "-" "https://reg.ru monitoring abuse@reg.ru"
104.22.1.192 - - [10/Jan/2026:12:40:46 +0300] "GET /?GameID=2026-01-05/437.html HTTP/1.0" 200 11749 "-" "Mozilla/5.0 (Linux; Android 6.0.1; Nexus 5X Build/MMB29P) AppleWebKit/537.36 (KHTML, like Gecko) Chrome/143.0.7499.192 Mobile Safari/537.36 (compatible; Googlebot/2.1; +http://www.google.com/bot.html)"
104.22.1.192 - - [10/Jan/2026:12:41:16 +0300] "GET /?e=0475915f8c224 HTTP/1.0" 200 10557 "-" "Mozilla/5.0 (Linux; Android 6.0.1; Nexus 5X Build/MMB29P) AppleWebKit/537.36 (KHTML, like Gecko) Chrome/143.0.7499.192 Mobile Safari/537.36 (compatible; Googlebot/2.1; +http://www.google.com/bot.html)"
172.71.148.12 - - [10/Jan/2026:12:41:21 +0300] "GET / HTTP/1.0" 200 2894 "-" "Mozilla/5.0 (Linux; Android 10; K) AppleWebKit/537.36 (KHTML, like Gecko) Chrome/143.0.0.0 Mobile Safari/537.36"
104.22.1.192 - - [10/Jan/2026:12:41:29 +0300] "GET /?e=00172318234f44e HTTP/1.0" 200 10307 "-" "Mozilla/5.0 (Linux; Android 6.0.1; Nexus 5X Build/MMB29P) AppleWebKit/537.36 (KHTML, like Gecko) Chrome/143.0.7499.192 Mobile Safari/537.36 (compatible; Googlebot/2.1; +http://www.google.com/bot.html)"
104.22.1.192 - - [10/Jan/2026:12:41:32 +0300] "GET /?e=1276320e237fd HTTP/1.0" 200 19057 "-" "Mozilla/5.0 (Linux; Android 6.0.1; Nexus 5X Build/MMB29P) AppleWebKit/537.36 (KHTML, like Gecko) Chrome/143.0.7499.192 Mobile Safari/537.36 (compatible; Googlebot/2.1; +http://www.google.com/bot.html)"
104.22.1.192 - - [10/Jan/2026:12:41:57 +0300] "GET /?e=0975840f429ac HTTP/1.0" 200 20627 "-" "Mozilla/5.0 (Linux; Android 6.0.1; Nexus 5X Build/MMB29P) AppleWebKit/537.36 (KHTML, like Gecko) Chrome/143.0.7499.192 Mobile Safari/537.36 (compatible; Googlebot/2.1; +http://www.google.com/bot.html)"
104.23.223.115 - - [10/Jan/2026:12:42:10 +0300] "GET / HTTP/1.0" 200 2894 "-" "https://reg.ru monitoring abuse@reg.ru"
104.22.1.192 - - [10/Jan/2026:12:42:30 +0300] "GET /?e=0475885788963 HTTP/1.0" 200 34798 "-" "Mozilla/5.0 (Linux; Android 6.0.1; Nexus 5X Build/MMB29P) AppleWebKit/537.36 (KHTML, like Gecko) Chrome/143.0.7499.192 Mobile Safari/537.36 (compatible; Googlebot/2.1; +http://www.google.com/bot.html)"
104.22.1.192 - - [10/Jan/2026:12:42:34 +0300] "GET /?ID=7521.html HTTP/1.0" 200 37130 "https://stefanos.ru/?e=0475885788963" "Mozilla/5.0 (Linux; Android 6.0.1; Nexus 5X Build/MMB29P) AppleWebKit/537.36 (KHTML, like Gecko) Chrome/143.0.7499.169 Mobile Safari/537.36 (compatible; Googlebot/2.1; +http://www.google.com/bot.html)"
104.22.1.192 - - [10/Jan/2026:12:42:36 +0300] "GET /?ID=7256.html HTTP/1.0" 200 21016 "https://stefanos.ru/?e=0475885788963" "Mozilla/5.0 (Linux; Android 6.0.1; Nexus 5X Build/MMB29P) AppleWebKit/537.36 (KHTML, like Gecko) Chrome/143.0.7499.169 Mobile Safari/537.36 (compatible; Googlebot/2.1; +http://www.google.com/bot.html)"
104.22.1.192 - - [10/Jan/2026:12:42:37 +0300] "GET /?ID=7994.html HTTP/1.0" 200 35145 "https://stefanos.ru/?e=0475885788963" "Mozilla/5.0 (Linux; Android 6.0.1; Nexus 5X Build/MMB29P) AppleWebKit/537.36 (KHTML, like Gecko) Chrome/143.0.7499.169 Mobile Safari/537.36 (compatible; Googlebot/2.1; +http://www.google.com/bot.html)"
108.162.238.4 - - [10/Jan/2026:12:43:30 +0300] "GET /?e=07746970eb241 HTTP/1.0" 200 9865 "-" "Mozilla/5.0 (Linux; Android 6.0.1; Nexus 5X Build/MMB29P) AppleWebKit/537.36 (KHTML, like Gecko) Chrome/143.0.7499.192 Mobile Safari/537.36 (compatible; Googlebot/2.1; +http://www.google.com/bot.html)"
104.22.1.192 - - [10/Jan/2026:12:43:31 +0300] "GET /?e=001826002fb3603 HTTP/1.0" 200 18912 "-" "Mozilla/5.0 (Linux; Android 6.0.1; Nexus 5X Build/MMB29P) AppleWebKit/537.36 (KHTML, like Gecko) Chrome/143.0.7499.192 Mobile Safari/537.36 (compatible; Googlebot/2.1; +http://www.google.com/bot.html)"
104.22.1.192 - - [10/Jan/2026:12:43:33 +0300] "GET /?e=002948610b6fdc HTTP/1.0" 200 19238 "-" "Mozilla/5.0 (Linux; Android 6.0.1; Nexus 5X Build/MMB29P) AppleWebKit/537.36 (KHTML, like Gecko) Chrome/143.0.7499.192 Mobile Safari/537.36 (compatible; Googlebot/2.1; +http://www.google.com/bot.html)"
104.22.1.192 - - [10/Jan/2026:12:43:46 +0300] "GET /?e=0379183d29f03 HTTP/1.0" 200 9674 "-" "Mozilla/5.0 (Linux; Android 6.0.1; Nexus 5X Build/MMB29P) AppleWebKit/537.36 (KHTML, like Gecko) Chrome/143.0.7499.192 Mobile Safari/537.36 (compatible; Googlebot/2.1; +http://www.google.com/bot.html)"
104.22.1.192 - - [10/Jan/2026:12:44:13 +0300] "GET /?e=1577153912217 HTTP/1.0" 200 19815 "-" "Mozilla/5.0 (Linux; Android 6.0.1; Nexus 5X Build/MMB29P) AppleWebKit/537.36 (KHTML, like Gecko) Chrome/143.0.7499.192 Mobile Safari/537.36 (compatible; Googlebot/2.1; +http://www.google.com/bot.html)"
104.23.221.199 - - [10/Jan/2026:12:44:31 +0300] "GET / HTTP/1.0" 200 2894 "-" "https://reg.ru monitoring abuse@reg.ru"
104.22.1.192 - - [10/Jan/2026:12:44:44 +0300] "GET /?e=01766213e8433 HTTP/1.0" 200 35972 "-" "Mozilla/5.0 (Linux; Android 6.0.1; Nexus 5X Build/MMB29P) AppleWebKit/537.36 (KHTML, like Gecko) Chrome/143.0.7499.192 Mobile Safari/537.36 (compatible; Googlebot/2.1; +http://www.google.com/bot.html)"
104.22.1.192 - - [10/Jan/2026:12:44:47 +0300] "GET /?ID=9546.html HTTP/1.0" 200 49136 "https://stefanos.ru/?e=01766213e8433" "Mozilla/5.0 (Linux; Android 6.0.1; Nexus 5X Build/MMB29P) AppleWebKit/537.36 (KHTML, like Gecko) Chrome/143.0.7499.169 Mobile Safari/537.36 (compatible; Googlebot/2.1; +http://www.google.com/bot.html)"
104.22.1.192 - - [10/Jan/2026:12:44:48 +0300] "GET /?ID=9113.html HTTP/1.0" 200 50096 "https://stefanos.ru/?e=01766213e8433" "Mozilla/5.0 (Linux; Android 6.0.1; Nexus 5X Build/MMB29P) AppleWebKit/537.36 (KHTML, like Gecko) Chrome/143.0.7499.169 Mobile Safari/537.36 (compatible; Googlebot/2.1; +http://www.google.com/bot.html)"
104.22.1.192 - - [10/Jan/2026:12:44:50 +0300] "GET /?ID=9701.html HTTP/1.0" 200 12492 "https://stefanos.ru/?e=01766213e8433" "Mozilla/5.0 (Linux; Android 6.0.1; Nexus 5X Build/MMB29P) AppleWebKit/537.36 (KHTML, like Gecko) Chrome/143.0.7499.169 Mobile Safari/537.36 (compatible; Googlebot/2.1; +http://www.google.com/bot.html)"
104.22.1.192 - - [10/Jan/2026:12:44:52 +0300] "GET /?e=102186152fc1ed6 HTTP/1.0" 200 11909 "-" "Mozilla/5.0 (Linux; Android 6.0.1; Nexus 5X Build/MMB29P) AppleWebKit/537.36 (KHTML, like Gecko) Chrome/143.0.7499.192 Mobile Safari/537.36 (compatible; Googlebot/2.1; +http://www.google.com/bot.html)"
104.22.1.192 - - [10/Jan/2026:12:44:55 +0300] "GET /?e=00798584246810 HTTP/1.0" 200 11608 "-" "Mozilla/5.0 (Linux; Android 6.0.1; Nexus 5X Build/MMB29P) AppleWebKit/537.36 (KHTML, like Gecko) Chrome/143.0.7499.192 Mobile Safari/537.36 (compatible; Googlebot/2.1; +http://www.google.com/bot.html)"
108.162.238.4 - - [10/Jan/2026:12:45:18 +0300] "GET /?e=0018302846585fc HTTP/1.0" 200 35973 "-" "Mozilla/5.0 (Linux; Android 6.0.1; Nexus 5X Build/MMB29P) AppleWebKit/537.36 (KHTML, like Gecko) Chrome/143.0.7499.192 Mobile Safari/537.36 (compatible; Googlebot/2.1; +http://www.google.com/bot.html)"
108.162.238.4 - - [10/Jan/2026:12:45:22 +0300] "GET /?ID=3604.html HTTP/1.0" 200 34877 "https://stefanos.ru/?e=0018302846585fc" "Mozilla/5.0 (Linux; Android 6.0.1; Nexus 5X Build/MMB29P) AppleWebKit/537.36 (KHTML, like Gecko) Chrome/143.0.7499.169 Mobile Safari/537.36 (compatible; Googlebot/2.1; +http://www.google.com/bot.html)"
104.22.1.192 - - [10/Jan/2026:12:45:23 +0300] "GET /?ID=3098.html HTTP/1.0" 200 19951 "https://stefanos.ru/?e=0018302846585fc" "Mozilla/5.0 (Linux; Android 6.0.1; Nexus 5X Build/MMB29P) AppleWebKit/537.36 (KHTML, like Gecko) Chrome/143.0.7499.169 Mobile Safari/537.36 (compatible; Googlebot/2.1; +http://www.google.com/bot.html)"
104.22.1.192 - - [10/Jan/2026:12:45:25 +0300] "GET /?ID=3704.html HTTP/1.0" 200 13766 "https://stefanos.ru/?e=0018302846585fc" "Mozilla/5.0 (Linux; Android 6.0.1; Nexus 5X Build/MMB29P) AppleWebKit/537.36 (KHTML, like Gecko) Chrome/143.0.7499.169 Mobile Safari/537.36 (compatible; Googlebot/2.1; +http://www.google.com/bot.html)"
172.70.243.103 - - [10/Jan/2026:12:45:50 +0300] "GET / HTTP/1.0" 200 2894 "-" "Mozilla/5.0 (iPhone; CPU iPhone OS 17_0 like Mac OS X) AppleWebKit/605.1.15 (KHTML, like Gecko) CriOS/143.0.7499.108 Mobile/15E148 Safari/604.1"
172.68.193.153 - - [10/Jan/2026:12:45:51 +0300] "GET /bride.css HTTP/1.1" 304 0 "https://stefanos.ru/" "Mozilla/5.0 (iPhone; CPU iPhone OS 17_0 like Mac OS X) AppleWebKit/605.1.15 (KHTML, like Gecko) CriOS/143.0.7499.108 Mobile/15E148 Safari/604.1"
172.71.164.232 - - [10/Jan/2026:12:45:51 +0300] "GET /favicon.ico HTTP/1.0" 404 453 "https://stefanos.ru/" "Mozilla/5.0 (iPhone; CPU iPhone OS 17_0 like Mac OS X) AppleWebKit/605.1.15 (KHTML, like Gecko) CriOS/143.0.7499.108 Mobile/15E148 Safari/604.1"
162.158.88.43 - - [10/Jan/2026:12:46:04 +0300] "GET /poshiv.html HTTP/1.0" 200 3228 "https://stefanos.ru/wow.html" "Mozilla/5.0 (Linux; Android 7.0;) AppleWebKit/537.36 (KHTML, like Gecko) Mobile Safari/537.36 (compatible; PetalBot;+https://webmaster.petalsearch.com/site/petalbot)"
104.22.1.193 - - [10/Jan/2026:12:47:08 +0300] "GET /?e=0876579027859 HTTP/1.0" 200 18542 "-" "Mozilla/5.0 (Linux; Android 6.0.1; Nexus 5X Build/MMB29P) AppleWebKit/537.36 (KHTML, like Gecko) Chrome/143.0.7499.192 Mobile Safari/537.36 (compatible; Googlebot/2.1; +http://www.google.com/bot.html)"
172.68.159.115 - - [10/Jan/2026:12:47:16 +0300] "GET / HTTP/1.0" 200 2894 "-" "https://reg.ru monitoring abuse@reg.ru"
104.22.1.193 - - [10/Jan/2026:12:47:50 +0300] "GET /?e=08773216186c7 HTTP/1.0" 200 24795 "-" "Mozilla/5.0 (Linux; Android 6.0.1; Nexus 5X Build/MMB29P) AppleWebKit/537.36 (KHTML, like Gecko) Chrome/143.0.7499.192 Mobile Safari/537.36 (compatible; Googlebot/2.1; +http://www.google.com/bot.html)"
104.22.1.193 - - [10/Jan/2026:12:48:07 +0300] "GET /?e=1577363d9c589 HTTP/1.0" 200 50534 "-" "Mozilla/5.0 (Linux; Android 6.0.1; Nexus 5X Build/MMB29P) AppleWebKit/537.36 (KHTML, like Gecko) Chrome/143.0.7499.192 Mobile Safari/537.36 (compatible; Googlebot/2.1; +http://www.google.com/bot.html)"
162.159.113.137 - - [10/Jan/2026:12:48:14 +0300] "GET /favicon.ico HTTP/1.0" 404 453 "https://stefanos.ru/?ysclid=mapfzxpuyp832969231" "Mozilla/5.0 (Linux; Android 10; K) AppleWebKit/537.36 (KHTML, like Gecko) Chrome/143.0.0.0 Mobile Safari/537.36"
104.23.221.199 - - [10/Jan/2026:12:48:23 +0300] "GET / HTTP/1.0" 200 2894 "-" "Mozilla/5.0 (Linux; Android 10; K) AppleWebKit/537.36 (KHTML, like Gecko) Chrome/143.0.0.0 Mobile Safari/537.36"
162.158.183.60 - - [10/Jan/2026:12:48:23 +0300] "GET /favicon.ico HTTP/1.0" 404 453 "https://stefanos.ru/" "Mozilla/5.0 (Linux; Android 10; K) AppleWebKit/537.36 (KHTML, like Gecko) Chrome/143.0.0.0 Mobile Safari/537.36"
104.22.1.193 - - [10/Jan/2026:12:48:23 +0300] "GET /?e=1675568bad95e HTTP/1.0" 200 20947 "-" "Mozilla/5.0 (Linux; Android 6.0.1; Nexus 5X Build/MMB29P) AppleWebKit/537.36 (KHTML, like Gecko) Chrome/143.0.7499.192 Mobile Safari/537.36 (compatible; Googlebot/2.1; +http://www.google.com/bot.html)"
104.22.1.193 - - [10/Jan/2026:12:48:30 +0300] "GET /?e=0996342bdca90 HTTP/1.0" 200 9274 "-" "Mozilla/5.0 (Linux; Android 6.0.1; Nexus 5X Build/MMB29P) AppleWebKit/537.36 (KHTML, like Gecko) Chrome/143.0.7499.192 Mobile Safari/537.36 (compatible; Googlebot/2.1; +http://www.google.com/bot.html)"
104.22.1.193 - - [10/Jan/2026:12:49:06 +0300] "GET /?e=1276935340df4 HTTP/1.0" 200 21630 "-" "Mozilla/5.0 (Linux; Android 6.0.1; Nexus 5X Build/MMB29P) AppleWebKit/537.36 (KHTML, like Gecko) Chrome/143.0.7499.192 Mobile Safari/537.36 (compatible; Googlebot/2.1; +http://www.google.com/bot.html)"
104.23.245.49 - - [10/Jan/2026:12:49:07 +0300] "GET /?e=0510080107d8e7d HTTP/1.0" 200 10163 "-" "Mozilla/5.0 (Linux; Android 6.0.1; Nexus 5X Build/MMB29P) AppleWebKit/537.36 (KHTML, like Gecko) Chrome/143.0.7499.192 Mobile Safari/537.36 (compatible; Googlebot/2.1; +http://www.google.com/bot.html)"
104.22.1.193 - - [10/Jan/2026:12:49:22 +0300] "GET /?e=1575855416576 HTTP/1.0" 200 9850 "-" "Mozilla/5.0 (Linux; Android 6.0.1; Nexus 5X Build/MMB29P) AppleWebKit/537.36 (KHTML, like Gecko) Chrome/143.0.7499.192 Mobile Safari/537.36 (compatible; Googlebot/2.1; +http://www.google.com/bot.html)"
104.23.221.199 - - [10/Jan/2026:12:49:37 +0300] "GET / HTTP/1.0" 200 2894 "-" "https://reg.ru monitoring abuse@reg.ru"
104.22.1.193 - - [10/Jan/2026:12:49:39 +0300] "GET /?e=10757971df811 HTTP/1.0" 200 51572 "-" "Mozilla/5.0 (Linux; Android 6.0.1; Nexus 5X Build/MMB29P) AppleWebKit/537.36 (KHTML, like Gecko) Chrome/143.0.7499.192 Mobile Safari/537.36 (compatible; Googlebot/2.1; +http://www.google.com/bot.html)"
104.22.1.193 - - [10/Jan/2026:12:50:21 +0300] "GET /?e=15744979ddb2d HTTP/1.0" 200 20391 "-" "Mozilla/5.0 (Linux; Android 6.0.1; Nexus 5X Build/MMB29P) AppleWebKit/537.36 (KHTML, like Gecko) Chrome/143.0.7499.192 Mobile Safari/537.36 (compatible; Googlebot/2.1; +http://www.google.com/bot.html)"
162.158.172.48 - - [10/Jan/2026:12:50:38 +0300] "GET / HTTP/1.0" 200 2894 "-" "https://reg.ru monitoring abuse@reg.ru"
104.23.221.198 - - [10/Jan/2026:12:50:55 +0300] "GET / HTTP/1.0" 200 2894 "-" "Mozilla/5.0 (Linux; Android 10; K) AppleWebKit/537.36 (KHTML, like Gecko) Chrome/143.0.0.0 Mobile Safari/537.36"
104.22.1.193 - - [10/Jan/2026:12:51:03 +0300] "GET /?e=027591708ef30 HTTP/1.0" 200 9959 "-" "Mozilla/5.0 (Linux; Android 6.0.1; Nexus 5X Build/MMB29P) AppleWebKit/537.36 (KHTML, like Gecko) Chrome/143.0.7499.192 Mobile Safari/537.36 (compatible; Googlebot/2.1; +http://www.google.com/bot.html)"
104.23.221.198 - - [10/Jan/2026:12:51:17 +0300] "GET / HTTP/1.0" 200 2894 "-" "Mozilla/5.0 (iPhone; CPU iPhone OS 17_3 like Mac OS X) AppleWebKit/605.1.15 (KHTML, like Gecko) CriOS/143.0.7499.110 Mobile/15E148 Safari/604.1"
172.68.70.157 - - [10/Jan/2026:12:51:46 +0300] "GET /?e=1075497b67c5e HTTP/1.0" 200 35660 "-" "Mozilla/5.0 (Linux; Android 6.0.1; Nexus 5X Build/MMB29P) AppleWebKit/537.36 (KHTML, like Gecko) Chrome/143.0.7499.192 Mobile Safari/537.36 (compatible; Googlebot/2.1; +http://www.google.com/bot.html)"
104.22.1.193 - - [10/Jan/2026:12:51:53 +0300] "GET /?ID=4351.html HTTP/1.0" 200 19239 "https://stefanos.ru/?e=1075497b67c5e" "Mozilla/5.0 (Linux; Android 6.0.1; Nexus 5X Build/MMB29P) AppleWebKit/537.36 (KHTML, like Gecko) Chrome/143.0.7499.169 Mobile Safari/537.36 (compatible; Googlebot/2.1; +http://www.google.com/bot.html)"
104.22.1.193 - - [10/Jan/2026:12:51:55 +0300] "GET /?ID=4498.html HTTP/1.0" 200 19861 "https://stefanos.ru/?e=1075497b67c5e" "Mozilla/5.0 (Linux; Android 6.0.1; Nexus 5X Build/MMB29P) AppleWebKit/537.36 (KHTML, like Gecko) Chrome/143.0.7499.169 Mobile Safari/537.36 (compatible; Googlebot/2.1; +http://www.google.com/bot.html)"
104.22.1.193 - - [10/Jan/2026:12:51:56 +0300] "GET /?ID=4316.html HTTP/1.0" 200 10108 "https://stefanos.ru/?e=1075497b67c5e" "Mozilla/5.0 (Linux; Android 6.0.1; Nexus 5X Build/MMB29P) AppleWebKit/537.36 (KHTML, like Gecko) Chrome/143.0.7499.169 Mobile Safari/537.36 (compatible; Googlebot/2.1; +http://www.google.com/bot.html)"
104.22.1.193 - - [10/Jan/2026:12:52:02 +0300] "GET /?e=00771575dd911 HTTP/1.0" 200 20676 "-" "Mozilla/5.0 (Linux; Android 6.0.1; Nexus 5X Build/MMB29P) AppleWebKit/537.36 (KHTML, like Gecko) Chrome/143.0.7499.192 Mobile Safari/537.36 (compatible; Googlebot/2.1; +http://www.google.com/bot.html)"
104.22.1.193 - - [10/Jan/2026:12:52:19 +0300] "GET /?e=0476537a3307f HTTP/1.0" 200 35897 "-" "Mozilla/5.0 (Linux; Android 6.0.1; Nexus 5X Build/MMB29P) AppleWebKit/537.36 (KHTML, like Gecko) Chrome/143.0.7499.192 Mobile Safari/537.36 (compatible; Googlebot/2.1; +http://www.google.com/bot.html)"
104.22.1.193 - - [10/Jan/2026:12:52:24 +0300] "GET /?ID=6734.html HTTP/1.0" 200 11062 "https://stefanos.ru/?e=0476537a3307f" "Mozilla/5.0 (Linux; Android 6.0.1; Nexus 5X Build/MMB29P) AppleWebKit/537.36 (KHTML, like Gecko) Chrome/143.0.7499.169 Mobile Safari/537.36 (compatible; Googlebot/2.1; +http://www.google.com/bot.html)"
104.22.1.193 - - [10/Jan/2026:12:52:25 +0300] "GET /?e=04551154c2b59c HTTP/1.0" 200 10196 "-" "Mozilla/5.0 (Linux; Android 6.0.1; Nexus 5X Build/MMB29P) AppleWebKit/537.36 (KHTML, like Gecko) Chrome/143.0.7499.192 Mobile Safari/537.36 (compatible; Googlebot/2.1; +http://www.google.com/bot.html)"
104.23.221.198 - - [10/Jan/2026:12:52:27 +0300] "GET / HTTP/1.0" 200 2894 "-" "https://reg.ru monitoring abuse@reg.ru"
104.22.1.193 - - [10/Jan/2026:12:52:27 +0300] "GET /?ID=6844.html HTTP/1.0" 200 9346 "https://stefanos.ru/?e=0476537a3307f" "Mozilla/5.0 (Linux; Android 6.0.1; Nexus 5X Build/MMB29P) AppleWebKit/537.36 (KHTML, like Gecko) Chrome/143.0.7499.169 Mobile Safari/537.36 (compatible; Googlebot/2.1; +http://www.google.com/bot.html)"
104.22.1.193 - - [10/Jan/2026:12:52:28 +0300] "GET /?ID=6895.html HTTP/1.0" 200 20692 "https://stefanos.ru/?e=0476537a3307f" "Mozilla/5.0 (Linux; Android 6.0.1; Nexus 5X Build/MMB29P) AppleWebKit/537.36 (KHTML, like Gecko) Chrome/143.0.7499.169 Mobile Safari/537.36 (compatible; Googlebot/2.1; +http://www.google.com/bot.html)"
104.22.1.193 - - [10/Jan/2026:12:52:36 +0300] "GET /?e=14768776d83a6 HTTP/1.0" 200 10055 "-" "Mozilla/5.0 (Linux; Android 6.0.1; Nexus 5X Build/MMB29P) AppleWebKit/537.36 (KHTML, like Gecko) Chrome/143.0.7499.192 Mobile Safari/537.36 (compatible; Googlebot/2.1; +http://www.google.com/bot.html)"
104.22.1.193 - - [10/Jan/2026:12:53:06 +0300] "GET /?e=1575557116054 HTTP/1.0" 200 34673 "-" "Mozilla/5.0 (Linux; Android 6.0.1; Nexus 5X Build/MMB29P) AppleWebKit/537.36 (KHTML, like Gecko) Chrome/143.0.7499.192 Mobile Safari/537.36 (compatible; Googlebot/2.1; +http://www.google.com/bot.html)"
172.68.70.157 - - [10/Jan/2026:12:53:11 +0300] "GET /?e=001184535e5ac23 HTTP/1.0" 200 48961 "-" "Mozilla/5.0 (Linux; Android 6.0.1; Nexus 5X Build/MMB29P) AppleWebKit/537.36 (KHTML, like Gecko) Chrome/143.0.7499.192 Mobile Safari/537.36 (compatible; Googlebot/2.1; +http://www.google.com/bot.html)"
104.22.1.193 - - [10/Jan/2026:12:53:17 +0300] "GET /?GameID=1245.html HTTP/1.0" 200 20623 "https://stefanos.ru/?e=1575557116054" "Mozilla/5.0 (Linux; Android 6.0.1; Nexus 5X Build/MMB29P) AppleWebKit/537.36 (KHTML, like Gecko) Chrome/143.0.7499.169 Mobile Safari/537.36 (compatible; Googlebot/2.1; +http://www.google.com/bot.html)"
104.22.1.193 - - [10/Jan/2026:12:53:19 +0300] "GET /?GameID=1579.html HTTP/1.0" 200 21719 "https://stefanos.ru/?e=1575557116054" "Mozilla/5.0 (Linux; Android 6.0.1; Nexus 5X Build/MMB29P) AppleWebKit/537.36 (KHTML, like Gecko) Chrome/143.0.7499.169 Mobile Safari/537.36 (compatible; Googlebot/2.1; +http://www.google.com/bot.html)"
104.22.1.193 - - [10/Jan/2026:12:53:20 +0300] "GET /?GameID=1146.html HTTP/1.0" 200 52007 "https://stefanos.ru/?e=1575557116054" "Mozilla/5.0 (Linux; Android 6.0.1; Nexus 5X Build/MMB29P) AppleWebKit/537.36 (KHTML, like Gecko) Chrome/143.0.7499.169 Mobile Safari/537.36 (compatible; Googlebot/2.1; +http://www.google.com/bot.html)"
162.158.172.112 - - [10/Jan/2026:12:53:33 +0300] "GET / HTTP/1.0" 200 2894 "-" "Mozilla/5.0 (Linux; Android 10; K) AppleWebKit/537.36 (KHTML, like Gecko) Chrome/143.0.0.0 Mobile Safari/537.36"
172.64.198.87 - - [10/Jan/2026:12:53:34 +0300] "GET /favicon.ico HTTP/1.0" 404 453 "https://stefanos.ru/" "Mozilla/5.0 (Linux; Android 10; K) AppleWebKit/537.36 (KHTML, like Gecko) Chrome/143.0.0.0 Mobile Safari/537.36"
104.22.1.193 - - [10/Jan/2026:12:53:40 +0300] "GET /?e=10742175c9263 HTTP/1.0" 200 49447 "-" "Mozilla/5.0 (Linux; Android 6.0.1; Nexus 5X Build/MMB29P) AppleWebKit/537.36 (KHTML, like Gecko) Chrome/143.0.7499.192 Mobile Safari/537.36 (compatible; Googlebot/2.1; +http://www.google.com/bot.html)"
104.22.1.193 - - [10/Jan/2026:12:54:13 +0300] "GET /?e=1875635768fbe HTTP/1.0" 200 9553 "-" "Mozilla/5.0 (Linux; Android 6.0.1; Nexus 5X Build/MMB29P) AppleWebKit/537.36 (KHTML, like Gecko) Chrome/143.0.7499.192 Mobile Safari/537.36 (compatible; Googlebot/2.1; +http://www.google.com/bot.html)"
172.68.159.139 - - [10/Jan/2026:12:54:44 +0300] "GET / HTTP/1.0" 200 2894 "-" "https://reg.ru monitoring abuse@reg.ru"
104.23.221.198 - - [10/Jan/2026:12:54:59 +0300] "GET / HTTP/1.0" 200 2894 "-" "Mozilla/5.0 (Linux; Android 10; K) AppleWebKit/537.36 (KHTML, like Gecko) Chrome/143.0.0.0 Mobile Safari/537.36"
162.158.183.60 - - [10/Jan/2026:12:54:59 +0300] "GET /favicon.ico HTTP/1.0" 404 453 "https://stefanos.ru/" "Mozilla/5.0 (Linux; Android 10; K) AppleWebKit/537.36 (KHTML, like Gecko) Chrome/143.0.0.0 Mobile Safari/537.36"
104.22.1.193 - - [10/Jan/2026:12:55:12 +0300] "GET /?e=047575093d548 HTTP/1.0" 200 19921 "-" "Mozilla/5.0 (Linux; Android 6.0.1; Nexus 5X Build/MMB29P) AppleWebKit/537.36 (KHTML, like Gecko) Chrome/143.0.7499.192 Mobile Safari/537.36 (compatible; Googlebot/2.1; +http://www.google.com/bot.html)"
104.22.1.193 - - [10/Jan/2026:12:55:29 +0300] "GET /?e=0674325adee6a HTTP/1.0" 200 19662 "-" "Mozilla/5.0 (Linux; Android 6.0.1; Nexus 5X Build/MMB29P) AppleWebKit/537.36 (KHTML, like Gecko) Chrome/143.0.7499.192 Mobile Safari/537.36 (compatible; Googlebot/2.1; +http://www.google.com/bot.html)"
104.23.221.198 - - [10/Jan/2026:12:55:48 +0300] "GET / HTTP/1.0" 200 2894 "-" "https://reg.ru monitoring abuse@reg.ru"
104.22.1.193 - - [10/Jan/2026:12:55:53 +0300] "GET /?e=0178833994133 HTTP/1.0" 200 35568 "-" "Mozilla/5.0 (Linux; Android 6.0.1; Nexus 5X Build/MMB29P) AppleWebKit/537.36 (KHTML, like Gecko) Chrome/143.0.7499.192 Mobile Safari/537.36 (compatible; Googlebot/2.1; +http://www.google.com/bot.html)"
104.22.1.193 - - [10/Jan/2026:12:55:57 +0300] "GET /?GameID=2026-01-10/naqfxi.html HTTP/1.0" 200 9684 "https://stefanos.ru/?e=0178833994133" "Mozilla/5.0 (Linux; Android 6.0.1; Nexus 5X Build/MMB29P) AppleWebKit/537.36 (KHTML, like Gecko) Chrome/143.0.7499.169 Mobile Safari/537.36 (compatible; Googlebot/2.1; +http://www.google.com/bot.html)"
104.22.1.193 - - [10/Jan/2026:12:55:58 +0300] "GET /?GameID=2026-01-10/tgrklc.html HTTP/1.0" 200 50310 "https://stefanos.ru/?e=0178833994133" "Mozilla/5.0 (Linux; Android 6.0.1; Nexus 5X Build/MMB29P) AppleWebKit/537.36 (KHTML, like Gecko) Chrome/143.0.7499.169 Mobile Safari/537.36 (compatible; Googlebot/2.1; +http://www.google.com/bot.html)"
104.22.1.193 - - [10/Jan/2026:12:56:00 +0300] "GET /?GameID=2026-01-10/srjwga.html HTTP/1.0" 200 19698 "https://stefanos.ru/?e=0178833994133" "Mozilla/5.0 (Linux; Android 6.0.1; Nexus 5X Build/MMB29P) AppleWebKit/537.36 (KHTML, like Gecko) Chrome/143.0.7499.169 Mobile Safari/537.36 (compatible; Googlebot/2.1; +http://www.google.com/bot.html)"
104.22.1.193 - - [10/Jan/2026:12:56:27 +0300] "GET /?e=0175587cccbe0 HTTP/1.0" 200 49551 "-" "Mozilla/5.0 (Linux; Android 6.0.1; Nexus 5X Build/MMB29P) AppleWebKit/537.36 (KHTML, like Gecko) Chrome/143.0.7499.192 Mobile Safari/537.36 (compatible; Googlebot/2.1; +http://www.google.com/bot.html)"
104.22.1.193 - - [10/Jan/2026:12:57:00 +0300] "GET /?e=0377601867756 HTTP/1.0" 200 8995 "-" "Mozilla/5.0 (Linux; Android 6.0.1; Nexus 5X Build/MMB29P) AppleWebKit/537.36 (KHTML, like Gecko) Chrome/143.0.7499.192 Mobile Safari/537.36 (compatible; Googlebot/2.1; +http://www.google.com/bot.html)"
162.158.182.138 - - [10/Jan/2026:12:57:03 +0300] "GET / HTTP/1.0" 200 2894 "-" "Mozilla/5.0 (Linux; Android 10; K) AppleWebKit/537.36 (KHTML, like Gecko) Chrome/143.0.0.0 Mobile Safari/537.36"
104.22.1.193 - - [10/Jan/2026:12:57:34 +0300] "GET /?e=01766773f09b8 HTTP/1.0" 200 35540 "-" "Mozilla/5.0 (Linux; Android 6.0.1; Nexus 5X Build/MMB29P) AppleWebKit/537.36 (KHTML, like Gecko) Chrome/143.0.7499.192 Mobile Safari/537.36 (compatible; Googlebot/2.1; +http://www.google.com/bot.html)"
104.23.217.168 - - [10/Jan/2026:12:57:36 +0300] "GET / HTTP/1.0" 200 2894 "-" "https://reg.ru monitoring abuse@reg.ru"
104.23.223.125 - - [10/Jan/2026:12:57:37 +0300] "GET /?ID=4672.html HTTP/1.0" 200 49424 "https://stefanos.ru/?e=01766773f09b8" "Mozilla/5.0 (Linux; Android 6.0.1; Nexus 5X Build/MMB29P) AppleWebKit/537.36 (KHTML, like Gecko) Chrome/143.0.7499.169 Mobile Safari/537.36 (compatible; Googlebot/2.1; +http://www.google.com/bot.html)"
104.22.1.193 - - [10/Jan/2026:12:57:39 +0300] "GET /?ID=4269.html HTTP/1.0" 200 20082 "https://stefanos.ru/?e=01766773f09b8" "Mozilla/5.0 (Linux; Android 6.0.1; Nexus 5X Build/MMB29P) AppleWebKit/537.36 (KHTML, like Gecko) Chrome/143.0.7499.169 Mobile Safari/537.36 (compatible; Googlebot/2.1; +http://www.google.com/bot.html)"
104.22.1.193 - - [10/Jan/2026:12:57:40 +0300] "GET /?ID=4107.html HTTP/1.0" 200 35717 "https://stefanos.ru/?e=01766773f09b8" "Mozilla/5.0 (Linux; Android 6.0.1; Nexus 5X Build/MMB29P) AppleWebKit/537.36 (KHTML, like Gecko) Chrome/143.0.7499.169 Mobile Safari/537.36 (compatible; Googlebot/2.1; +http://www.google.com/bot.html)"
172.71.22.29 - - [10/Jan/2026:12:58:08 +0300] "GET /?e=0010171117af0ac HTTP/1.0" 200 51486 "-" "Mozilla/5.0 (Linux; Android 6.0.1; Nexus 5X Build/MMB29P) AppleWebKit/537.36 (KHTML, like Gecko) Chrome/143.0.7499.192 Mobile Safari/537.36 (compatible; Googlebot/2.1; +http://www.google.com/bot.html)"
172.71.22.29 - - [10/Jan/2026:12:58:41 +0300] "GET /?e=00754595e76ac HTTP/1.0" 200 10540 "-" "Mozilla/5.0 (Linux; Android 6.0.1; Nexus 5X Build/MMB29P) AppleWebKit/537.36 (KHTML, like Gecko) Chrome/143.0.7499.192 Mobile Safari/537.36 (compatible; Googlebot/2.1; +http://www.google.com/bot.html)"
104.23.245.48 - - [10/Jan/2026:12:59:40 +0300] "GET /?e=0177909cb3a07 HTTP/1.0" 200 34412 "-" "Mozilla/5.0 (Linux; Android 6.0.1; Nexus 5X Build/MMB29P) AppleWebKit/537.36 (KHTML, like Gecko) Chrome/143.0.7499.192 Mobile Safari/537.36 (compatible; Googlebot/2.1; +http://www.google.com/bot.html)"
172.71.22.29 - - [10/Jan/2026:12:59:44 +0300] "GET /?ID=9330.html HTTP/1.0" 200 20152 "https://stefanos.ru/?e=0177909cb3a07" "Mozilla/5.0 (Linux; Android 6.0.1; Nexus 5X Build/MMB29P) AppleWebKit/537.36 (KHTML, like Gecko) Chrome/143.0.7499.169 Mobile Safari/537.36 (compatible; Googlebot/2.1; +http://www.google.com/bot.html)"
172.71.22.29 - - [10/Jan/2026:12:59:45 +0300] "GET /?ID=9139.html HTTP/1.0" 200 50330 "https://stefanos.ru/?e=0177909cb3a07" "Mozilla/5.0 (Linux; Android 6.0.1; Nexus 5X Build/MMB29P) AppleWebKit/537.36 (KHTML, like Gecko) Chrome/143.0.7499.169 Mobile Safari/537.36 (compatible; Googlebot/2.1; +http://www.google.com/bot.html)"
104.23.221.199 - - [10/Jan/2026:12:59:47 +0300] "GET / HTTP/1.0" 200 2894 "-" "https://reg.ru monitoring abuse@reg.ru"
172.71.22.29 - - [10/Jan/2026:12:59:47 +0300] "GET /?ID=9071.html HTTP/1.0" 200 37221 "https://stefanos.ru/?e=0177909cb3a07" "Mozilla/5.0 (Linux; Android 6.0.1; Nexus 5X Build/MMB29P) AppleWebKit/537.36 (KHTML, like Gecko) Chrome/143.0.7499.169 Mobile Safari/537.36 (compatible; Googlebot/2.1; +http://www.google.com/bot.html)"
172.71.22.29 - - [10/Jan/2026:12:59:56 +0300] "GET /?e=02753570d60ab HTTP/1.0" 200 49791 "-" "Mozilla/5.0 (Linux; Android 6.0.1; Nexus 5X Build/MMB29P) AppleWebKit/537.36 (KHTML, like Gecko) Chrome/143.0.7499.192 Mobile Safari/537.36 (compatible; Googlebot/2.1; +http://www.google.com/bot.html)"
104.23.245.48 - - [10/Jan/2026:13:00:21 +0300] "GET /?e=00678736c33a74 HTTP/1.0" 200 9760 "-" "Mozilla/5.0 (Linux; Android 6.0.1; Nexus 5X Build/MMB29P) AppleWebKit/537.36 (KHTML, like Gecko) Chrome/143.0.7499.192 Mobile Safari/537.36 (compatible; Googlebot/2.1; +http://www.google.com/bot.html)"
162.158.111.147 - - [10/Jan/2026:13:00:47 +0300] "GET / HTTP/1.0" 200 2894 "-" "Mozilla/5.0 (Linux; Android 10; K) AppleWebKit/537.36 (KHTML, like Gecko) Chrome/143.0.0.0 Mobile Safari/537.36"
172.71.164.232 - - [10/Jan/2026:13:00:48 +0300] "GET /favicon.ico HTTP/1.0" 404 453 "https://stefanos.ru/" "Mozilla/5.0 (Linux; Android 10; K) AppleWebKit/537.36 (KHTML, like Gecko) Chrome/143.0.0.0 Mobile Safari/537.36"
172.71.22.29 - - [10/Jan/2026:13:00:54 +0300] "GET /?e=0071797405331d HTTP/1.0" 200 20359 "-" "Mozilla/5.0 (Linux; Android 6.0.1; Nexus 5X Build/MMB29P) AppleWebKit/537.36 (KHTML, like Gecko) Chrome/143.0.7499.192 Mobile Safari/537.36 (compatible; Googlebot/2.1; +http://www.google.com/bot.html)"
104.23.221.199 - - [10/Jan/2026:13:00:57 +0300] "GET / HTTP/1.0" 200 2894 "-" "https://reg.ru monitoring abuse@reg.ru"
172.71.22.29 - - [10/Jan/2026:13:00:56 +0300] "GET /?e=0062602b2e867 HTTP/1.0" 200 35177 "-" "Mozilla/5.0 (Linux; Android 6.0.1; Nexus 5X Build/MMB29P) AppleWebKit/537.36 (KHTML, like Gecko) Chrome/143.0.7499.192 Mobile Safari/537.36 (compatible; Googlebot/2.1; +http://www.google.com/bot.html)"
172.71.22.29 - - [10/Jan/2026:13:00:59 +0300] "GET /?ID=5064.html HTTP/1.0" 200 19452 "https://stefanos.ru/?e=0062602b2e867" "Mozilla/5.0 (Linux; Android 6.0.1; Nexus 5X Build/MMB29P) AppleWebKit/537.36 (KHTML, like Gecko) Chrome/143.0.7499.169 Mobile Safari/537.36 (compatible; Googlebot/2.1; +http://www.google.com/bot.html)"
172.71.22.29 - - [10/Jan/2026:13:01:01 +0300] "GET /?ID=5020.html HTTP/1.0" 200 10577 "https://stefanos.ru/?e=0062602b2e867" "Mozilla/5.0 (Linux; Android 6.0.1; Nexus 5X Build/MMB29P) AppleWebKit/537.36 (KHTML, like Gecko) Chrome/143.0.7499.169 Mobile Safari/537.36 (compatible; Googlebot/2.1; +http://www.google.com/bot.html)"
172.71.22.29 - - [10/Jan/2026:13:01:02 +0300] "GET /?ID=5192.html HTTP/1.0" 200 19517 "https://stefanos.ru/?e=0062602b2e867" "Mozilla/5.0 (Linux; Android 6.0.1; Nexus 5X Build/MMB29P) AppleWebKit/537.36 (KHTML, like Gecko) Chrome/143.0.7499.169 Mobile Safari/537.36 (compatible; Googlebot/2.1; +http://www.google.com/bot.html)"
172.71.22.29 - - [10/Jan/2026:13:01:28 +0300] "GET /?e=0178959dc5fcb HTTP/1.0" 200 49927 "-" "Mozilla/5.0 (Linux; Android 6.0.1; Nexus 5X Build/MMB29P) AppleWebKit/537.36 (KHTML, like Gecko) Chrome/143.0.7499.192 Mobile Safari/537.36 (compatible; Googlebot/2.1; +http://www.google.com/bot.html)"
172.71.146.252 - - [10/Jan/2026:13:01:41 +0300] "GET /?e=09698628d9bfd8 HTTP/1.0" 200 2894 "-" "Mozilla/5.0 (Macintosh; Intel Mac OS X 10_15_7) AppleWebKit/605.1.15 (KHTML, like Gecko) Version/17.4 Safari/605.1.15 (Applebot/0.1; +http://www.apple.com/go/applebot)"
172.71.22.29 - - [10/Jan/2026:13:01:41 +0300] "GET /?e=0712957422673c HTTP/1.0" 200 9772 "-" "Mozilla/5.0 (Linux; Android 6.0.1; Nexus 5X Build/MMB29P) AppleWebKit/537.36 (KHTML, like Gecko) Chrome/143.0.7499.192 Mobile Safari/537.36 (compatible; Googlebot/2.1; +http://www.google.com/bot.html)"
104.23.217.168 - - [10/Jan/2026:13:02:48 +0300] "GET / HTTP/1.0" 200 2894 "-" "https://reg.ru monitoring abuse@reg.ru"
108.162.238.4 - - [10/Jan/2026:13:02:53 +0300] "GET /?e=017701314aa36 HTTP/1.0" 200 9021 "-" "Mozilla/5.0 (Linux; Android 6.0.1; Nexus 5X Build/MMB29P) AppleWebKit/537.36 (KHTML, like Gecko) Chrome/143.0.7499.192 Mobile Safari/537.36 (compatible; Googlebot/2.1; +http://www.google.com/bot.html)"
108.162.238.4 - - [10/Jan/2026:13:03:35 +0300] "GET /?e=09752355d17cb HTTP/1.0" 200 34777 "-" "Mozilla/5.0 (Linux; Android 6.0.1; Nexus 5X Build/MMB29P) AppleWebKit/537.36 (KHTML, like Gecko) Chrome/143.0.7499.192 Mobile Safari/537.36 (compatible; Googlebot/2.1; +http://www.google.com/bot.html)"
104.23.245.49 - - [10/Jan/2026:13:03:40 +0300] "GET /?ID=2283.html HTTP/1.0" 200 34874 "https://stefanos.ru/?e=09752355d17cb" "Mozilla/5.0 (Linux; Android 6.0.1; Nexus 5X Build/MMB29P) AppleWebKit/537.36 (KHTML, like Gecko) Chrome/143.0.7499.169 Mobile Safari/537.36 (compatible; Googlebot/2.1; +http://www.google.com/bot.html)"
172.71.22.29 - - [10/Jan/2026:13:03:42 +0300] "GET /?ID=2365.html HTTP/1.0" 200 19402 "https://stefanos.ru/?e=09752355d17cb" "Mozilla/5.0 (Linux; Android 6.0.1; Nexus 5X Build/MMB29P) AppleWebKit/537.36 (KHTML, like Gecko) Chrome/143.0.7499.169 Mobile Safari/537.36 (compatible; Googlebot/2.1; +http://www.google.com/bot.html)"
104.23.245.49 - - [10/Jan/2026:13:03:43 +0300] "GET /?ID=2421.html HTTP/1.0" 200 9364 "https://stefanos.ru/?e=09752355d17cb" "Mozilla/5.0 (Linux; Android 6.0.1; Nexus 5X Build/MMB29P) AppleWebKit/537.36 (KHTML, like Gecko) Chrome/143.0.7499.169 Mobile Safari/537.36 (compatible; Googlebot/2.1; +http://www.google.com/bot.html)"
172.71.22.29 - - [10/Jan/2026:13:03:51 +0300] "GET /?e=0075854483eead HTTP/1.0" 200 48831 "-" "Mozilla/5.0 (Linux; Android 6.0.1; Nexus 5X Build/MMB29P) AppleWebKit/537.36 (KHTML, like Gecko) Chrome/143.0.7499.192 Mobile Safari/537.36 (compatible; Googlebot/2.1; +http://www.google.com/bot.html)"