104.23.217.116 - - [10/Jan/2026:03:36:23 +0300] "GET /i/croner.gif HTTP/1.1" 304 0 "https://stefanos.ru/" "Mozilla/5.0 (Linux; Android 14; CPH1803) AppleWebKit/537.36 (KHTML, like Gecko) Chrome/138.0.7178.0 Mobile Safari/537.36"
104.23.223.8 - - [10/Jan/2026:03:36:23 +0300] "GET /gif/mail.gif HTTP/1.1" 304 0 "https://stefanos.ru/" "Mozilla/5.0 (Linux; Android 14; CPH1803) AppleWebKit/537.36 (KHTML, like Gecko) Chrome/138.0.7178.0 Mobile Safari/537.36"
104.23.221.17 - - [10/Jan/2026:03:36:23 +0300] "GET /gif/bg1.gif HTTP/1.1" 304 0 "https://stefanos.ru/" "Mozilla/5.0 (Linux; Android 14; CPH1803) AppleWebKit/537.36 (KHTML, like Gecko) Chrome/138.0.7178.0 Mobile Safari/537.36"
104.23.217.11 - - [10/Jan/2026:03:36:23 +0300] "GET /gif/bga.gif HTTP/1.1" 304 0 "https://stefanos.ru/" "Mozilla/5.0 (Linux; Android 14; CPH1803) AppleWebKit/537.36 (KHTML, like Gecko) Chrome/138.0.7178.0 Mobile Safari/537.36"
162.158.183.59 - - [10/Jan/2026:03:36:23 +0300] "GET /favicon.ico HTTP/1.0" 404 453 "https://stefanos.ru/" "Mozilla/5.0 (Linux; Android 14; CPH1803) AppleWebKit/537.36 (KHTML, like Gecko) Chrome/138.0.7178.0 Mobile Safari/537.36"
104.23.221.198 - - [10/Jan/2026:03:36:31 +0300] "GET /man.html HTTP/1.0" 200 2294 "https://stefanos.ru/" "Mozilla/5.0 (Linux; Android 14; CPH1803) AppleWebKit/537.36 (KHTML, like Gecko) Chrome/138.0.7178.0 Mobile Safari/537.36"
104.23.221.26 - - [10/Jan/2026:03:36:32 +0300] "GET /gif/logo.gif HTTP/1.1" 304 0 "https://stefanos.ru/man.html" "Mozilla/5.0 (Linux; Android 14; CPH1803) AppleWebKit/537.36 (KHTML, like Gecko) Chrome/138.0.7178.0 Mobile Safari/537.36"
104.23.223.46 - - [10/Jan/2026:03:36:32 +0300] "GET /gif/home-r.gif HTTP/1.1" 304 0 "https://stefanos.ru/man.html" "Mozilla/5.0 (Linux; Android 14; CPH1803) AppleWebKit/537.36 (KHTML, like Gecko) Chrome/138.0.7178.0 Mobile Safari/537.36"
104.23.223.96 - - [10/Jan/2026:03:36:32 +0300] "GET /gif/bg.gif HTTP/1.1" 304 0 "https://stefanos.ru/man.html" "Mozilla/5.0 (Linux; Android 14; CPH1803) AppleWebKit/537.36 (KHTML, like Gecko) Chrome/138.0.7178.0 Mobile Safari/537.36"
104.23.217.114 - - [10/Jan/2026:03:36:32 +0300] "GET /gif/logo-ms.gif HTTP/1.1" 304 0 "https://stefanos.ru/man.html" "Mozilla/5.0 (Linux; Android 14; CPH1803) AppleWebKit/537.36 (KHTML, like Gecko) Chrome/138.0.7178.0 Mobile Safari/537.36"
104.23.217.134 - - [10/Jan/2026:03:36:32 +0300] "GET /catalog/man/s/002.jpg HTTP/1.1" 200 7006 "https://stefanos.ru/man.html" "Mozilla/5.0 (Linux; Android 14; CPH1803) AppleWebKit/537.36 (KHTML, like Gecko) Chrome/138.0.7178.0 Mobile Safari/537.36"
104.23.221.7 - - [10/Jan/2026:03:36:32 +0300] "GET /catalog/man/s/001.jpg HTTP/1.1" 200 7500 "https://stefanos.ru/man.html" "Mozilla/5.0 (Linux; Android 14; CPH1803) AppleWebKit/537.36 (KHTML, like Gecko) Chrome/138.0.7178.0 Mobile Safari/537.36"
104.23.221.126 - - [10/Jan/2026:03:36:32 +0300] "GET /catalog/man/s/003.jpg HTTP/1.1" 200 8463 "https://stefanos.ru/man.html" "Mozilla/5.0 (Linux; Android 14; CPH1803) AppleWebKit/537.36 (KHTML, like Gecko) Chrome/138.0.7178.0 Mobile Safari/537.36"
104.23.221.166 - - [10/Jan/2026:03:36:32 +0300] "GET /gif/bgdoc.gif HTTP/1.1" 304 0 "https://stefanos.ru/man.html" "Mozilla/5.0 (Linux; Android 14; CPH1803) AppleWebKit/537.36 (KHTML, like Gecko) Chrome/138.0.7178.0 Mobile Safari/537.36"
104.23.217.168 - - [10/Jan/2026:03:36:48 +0300] "GET / HTTP/1.0" 200 2894 "-" "https://reg.ru monitoring abuse@reg.ru"
172.69.71.86 - - [10/Jan/2026:03:37:24 +0300] "GET /?e=06613929d8fb8 HTTP/1.0" 200 49226 "-" "Mozilla/5.0 (Linux; Android 6.0.1; Nexus 5X Build/MMB29P) AppleWebKit/537.36 (KHTML, like Gecko) Chrome/143.0.7499.192 Mobile Safari/537.36 (compatible; Googlebot/2.1; +http://www.google.com/bot.html)"
172.69.71.86 - - [10/Jan/2026:03:37:26 +0300] "GET /?e=0713324004b5575 HTTP/1.0" 200 35131 "-" "Mozilla/5.0 (Linux; Android 6.0.1; Nexus 5X Build/MMB29P) AppleWebKit/537.36 (KHTML, like Gecko) Chrome/143.0.7499.192 Mobile Safari/537.36 (compatible; Googlebot/2.1; +http://www.google.com/bot.html)"
108.162.238.4 - - [10/Jan/2026:03:37:28 +0300] "GET /?e=0875595838420 HTTP/1.0" 200 35404 "-" "Mozilla/5.0 (Linux; Android 6.0.1; Nexus 5X Build/MMB29P) AppleWebKit/537.36 (KHTML, like Gecko) Chrome/143.0.7499.192 Mobile Safari/537.36 (compatible; Googlebot/2.1; +http://www.google.com/bot.html)"
108.162.238.4 - - [10/Jan/2026:03:37:31 +0300] "GET /?GameID=2026-01-10/eyhsrq.html HTTP/1.0" 200 12377 "https://stefanos.ru/?e=0875595838420" "Mozilla/5.0 (Linux; Android 6.0.1; Nexus 5X Build/MMB29P) AppleWebKit/537.36 (KHTML, like Gecko) Chrome/143.0.7499.169 Mobile Safari/537.36 (compatible; Googlebot/2.1; +http://www.google.com/bot.html)"
108.162.238.4 - - [10/Jan/2026:03:37:33 +0300] "GET /?GameID=2026-01-10/dijzae.html HTTP/1.0" 200 9736 "https://stefanos.ru/?e=0875595838420" "Mozilla/5.0 (Linux; Android 6.0.1; Nexus 5X Build/MMB29P) AppleWebKit/537.36 (KHTML, like Gecko) Chrome/143.0.7499.169 Mobile Safari/537.36 (compatible; Googlebot/2.1; +http://www.google.com/bot.html)"
108.162.238.4 - - [10/Jan/2026:03:37:35 +0300] "GET /?GameID=2026-01-10/tvabvw.html HTTP/1.0" 200 51031 "https://stefanos.ru/?e=0875595838420" "Mozilla/5.0 (Linux; Android 6.0.1; Nexus 5X Build/MMB29P) AppleWebKit/537.36 (KHTML, like Gecko) Chrome/143.0.7499.169 Mobile Safari/537.36 (compatible; Googlebot/2.1; +http://www.google.com/bot.html)"
172.71.184.225 - - [10/Jan/2026:03:39:08 +0300] "GET / HTTP/1.0" 200 2894 "-" "https://reg.ru monitoring abuse@reg.ru"
104.23.221.198 - - [10/Jan/2026:03:39:19 +0300] "GET / HTTP/1.0" 200 2894 "-" "Mozilla/5.0 (Linux; Android 10; K) AppleWebKit/537.36 (KHTML, like Gecko) Chrome/143.0.0.0 Mobile Safari/537.36"
172.68.10.114 - - [10/Jan/2026:03:40:31 +0300] "GET / HTTP/1.0" 200 2894 "-" "https://reg.ru monitoring abuse@reg.ru"
104.22.1.193 - - [10/Jan/2026:03:40:30 +0300] "GET /?e=092062124db2ae9 HTTP/1.0" 200 49561 "-" "Mozilla/5.0 (Linux; Android 6.0.1; Nexus 5X Build/MMB29P) AppleWebKit/537.36 (KHTML, like Gecko) Chrome/143.0.7499.192 Mobile Safari/537.36 (compatible; Googlebot/2.1; +http://www.google.com/bot.html)"
172.71.184.225 - - [10/Jan/2026:03:40:55 +0300] "GET / HTTP/1.0" 200 2894 "-" "Mozilla/5.0 (Linux; Android 10; K) AppleWebKit/537.36 (KHTML, like Gecko) Chrome/143.0.0.0 Mobile Safari/537.36"
172.68.10.116 - - [10/Jan/2026:03:40:55 +0300] "GET /favicon.ico HTTP/1.0" 404 453 "https://stefanos.ru/" "Mozilla/5.0 (Linux; Android 10; K) AppleWebKit/537.36 (KHTML, like Gecko) Chrome/143.0.0.0 Mobile Safari/537.36"
172.71.164.73 - - [10/Jan/2026:03:41:06 +0300] "GET / HTTP/1.0" 200 2894 "-" "Mozilla/5.0 (Linux; Android 10; K) AppleWebKit/537.36 (KHTML, like Gecko) Chrome/130.0.0.0 Mobile Safari/537.36"
172.71.164.233 - - [10/Jan/2026:03:41:07 +0300] "GET /favicon.ico HTTP/1.0" 404 453 "https://stefanos.ru/" "Mozilla/5.0 (Linux; Android 10; K) AppleWebKit/537.36 (KHTML, like Gecko) Chrome/130.0.0.0 Mobile Safari/537.36"
104.23.221.198 - - [10/Jan/2026:03:41:26 +0300] "GET / HTTP/1.0" 200 2894 "-" "https://reg.ru monitoring abuse@reg.ru"
104.22.24.211 - - [10/Jan/2026:03:43:33 +0300] "GET /?e=02153210118e5aa HTTP/1.0" 200 12330 "-" "Mozilla/5.0 (Linux; Android 6.0.1; Nexus 5X Build/MMB29P) AppleWebKit/537.36 (KHTML, like Gecko) Chrome/143.0.7499.192 Mobile Safari/537.36 (compatible; Googlebot/2.1; +http://www.google.com/bot.html)"
172.69.50.235 - - [10/Jan/2026:03:44:13 +0300] "GET / HTTP/1.0" 200 2894 "-" "https://reg.ru monitoring abuse@reg.ru"
172.71.22.29 - - [10/Jan/2026:03:45:07 +0300] "GET /?ID=3272.html HTTP/1.0" 200 34106 "https://stefanos.ru/?e=0713324004b5575" "Mozilla/5.0 (Linux; Android 6.0.1; Nexus 5X Build/MMB29P) AppleWebKit/537.36 (KHTML, like Gecko) Chrome/143.0.7499.192 Mobile Safari/537.36 (compatible; Googlebot/2.1; +http://www.google.com/bot.html)"
104.22.24.211 - - [10/Jan/2026:03:45:10 +0300] "GET /?ID=3450.html HTTP/1.0" 200 54221 "https://stefanos.ru/?e=0713324004b5575" "Mozilla/5.0 (Linux; Android 6.0.1; Nexus 5X Build/MMB29P) AppleWebKit/537.36 (KHTML, like Gecko) Chrome/143.0.7499.192 Mobile Safari/537.36 (compatible; Googlebot/2.1; +http://www.google.com/bot.html)"
172.71.22.6 - - [10/Jan/2026:03:45:12 +0300] "GET /?ID=3684.html HTTP/1.0" 200 48729 "https://stefanos.ru/?e=0713324004b5575" "Mozilla/5.0 (Linux; Android 6.0.1; Nexus 5X Build/MMB29P) AppleWebKit/537.36 (KHTML, like Gecko) Chrome/143.0.7499.192 Mobile Safari/537.36 (compatible; Googlebot/2.1; +http://www.google.com/bot.html)"
172.68.10.115 - - [10/Jan/2026:03:45:41 +0300] "GET / HTTP/1.0" 200 2894 "-" "https://reg.ru monitoring abuse@reg.ru"
104.23.223.115 - - [10/Jan/2026:03:46:13 +0300] "GET / HTTP/1.0" 200 2894 "-" "https://reg.ru monitoring abuse@reg.ru"
162.158.238.148 - - [10/Jan/2026:03:47:56 +0300] "GET / HTTP/1.0" 200 2894 "-" "Mozilla/5.0 (Linux; Android 10; K) AppleWebKit/537.36 (KHTML, like Gecko) Chrome/143.0.0.0 Mobile Safari/537.36"
172.64.223.14 - - [10/Jan/2026:03:47:58 +0300] "GET /favicon.ico HTTP/1.0" 404 453 "https://stefanos.ru/" "Mozilla/5.0 (Linux; Android 10; K) AppleWebKit/537.36 (KHTML, like Gecko) Chrome/143.0.0.0 Mobile Safari/537.36"
108.162.237.254 - - [10/Jan/2026:03:48:35 +0300] "GET /?e=006361577a4a0 HTTP/1.0" 200 10164 "-" "Mozilla/5.0 (Linux; Android 6.0.1; Nexus 5X Build/MMB29P) AppleWebKit/537.36 (KHTML, like Gecko) Chrome/143.0.7499.192 Mobile Safari/537.36 (compatible; Googlebot/2.1; +http://www.google.com/bot.html)"
104.23.245.49 - - [10/Jan/2026:03:48:36 +0300] "GET /?e=0456727a7ff9b HTTP/1.0" 200 49496 "-" "Mozilla/5.0 (Linux; Android 6.0.1; Nexus 5X Build/MMB29P) AppleWebKit/537.36 (KHTML, like Gecko) Chrome/143.0.7499.192 Mobile Safari/537.36 (compatible; Googlebot/2.1; +http://www.google.com/bot.html)"
104.23.245.49 - - [10/Jan/2026:03:48:38 +0300] "GET /?ID=5472.html HTTP/1.0" 200 35443 "-" "Mozilla/5.0 (Linux; Android 6.0.1; Nexus 5X Build/MMB29P) AppleWebKit/537.36 (KHTML, like Gecko) Chrome/143.0.7499.192 Mobile Safari/537.36 (compatible; Googlebot/2.1; +http://www.google.com/bot.html)"
104.23.223.115 - - [10/Jan/2026:03:49:55 +0300] "GET / HTTP/1.0" 200 2894 "-" "Mozilla/5.0 (Linux; Android 10; K) AppleWebKit/537.36 (KHTML, like Gecko) Chrome/143.0.0.0 Mobile Safari/537.36"
172.71.184.224 - - [10/Jan/2026:03:49:55 +0300] "GET / HTTP/1.0" 200 2894 "-" "https://reg.ru monitoring abuse@reg.ru"
162.158.183.60 - - [10/Jan/2026:03:49:59 +0300] "GET /favicon.ico HTTP/1.0" 404 453 "https://stefanos.ru/" "Mozilla/5.0 (Linux; Android 10; K) AppleWebKit/537.36 (KHTML, like Gecko) Chrome/143.0.0.0 Mobile Safari/537.36"
104.22.24.211 - - [10/Jan/2026:03:50:01 +0300] "GET /?ID=8405.html HTTP/1.0" 200 49688 "https://stefanos.ru/?ID=5472.html" "Mozilla/5.0 (Linux; Android 6.0.1; Nexus 5X Build/MMB29P) AppleWebKit/537.36 (KHTML, like Gecko) Chrome/143.0.7499.169 Mobile Safari/537.36 (compatible; Googlebot/2.1; +http://www.google.com/bot.html)"
104.22.24.211 - - [10/Jan/2026:03:50:03 +0300] "GET /?ID=8849.html HTTP/1.0" 200 9700 "https://stefanos.ru/?ID=5472.html" "Mozilla/5.0 (Linux; Android 6.0.1; Nexus 5X Build/MMB29P) AppleWebKit/537.36 (KHTML, like Gecko) Chrome/143.0.7499.169 Mobile Safari/537.36 (compatible; Googlebot/2.1; +http://www.google.com/bot.html)"
172.68.10.114 - - [10/Jan/2026:03:50:51 +0300] "GET / HTTP/1.0" 200 2894 "-" "https://reg.ru monitoring abuse@reg.ru"
172.71.22.155 - - [10/Jan/2026:03:51:40 +0300] "GET /robots.txt HTTP/1.1" 304 0 "-" "Mozilla/5.0 (compatible; Googlebot/2.1; +http://www.google.com/bot.html)"
172.71.22.29 - - [10/Jan/2026:03:51:40 +0300] "GET /?GameID=2026-01-06/9074.html HTTP/1.0" 200 8902 "-" "Mozilla/5.0 (Linux; Android 6.0.1; Nexus 5X Build/MMB29P) AppleWebKit/537.36 (KHTML, like Gecko) Chrome/143.0.7499.192 Mobile Safari/537.36 (compatible; Googlebot/2.1; +http://www.google.com/bot.html)"
104.23.245.49 - - [10/Jan/2026:03:52:42 +0300] "GET /?e=052185688e7bf96 HTTP/1.0" 200 34326 "-" "Mozilla/5.0 (Linux; Android 6.0.1; Nexus 5X Build/MMB29P) AppleWebKit/537.36 (KHTML, like Gecko) Chrome/143.0.7499.192 Mobile Safari/537.36 (compatible; Googlebot/2.1; +http://www.google.com/bot.html)"
162.158.211.11 - - [10/Jan/2026:03:53:06 +0300] "GET /modx.tar.gz HTTP/1.0" 404 453 "-" "Mozilla/5.0 (Windows NT 10.0; Win64; x64) AppleWebKit/537.36 (KHTML, like Gecko) Chrome/101.0.4951.67 Safari/537.36"
104.23.245.49 - - [10/Jan/2026:03:53:44 +0300] "GET /?e=00172916339e5a9 HTTP/1.0" 200 38100 "-" "Mozilla/5.0 (Linux; Android 6.0.1; Nexus 5X Build/MMB29P) AppleWebKit/537.36 (KHTML, like Gecko) Chrome/143.0.7499.192 Mobile Safari/537.36 (compatible; Googlebot/2.1; +http://www.google.com/bot.html)"
172.71.22.29 - - [10/Jan/2026:03:54:13 +0300] "GET /?ID=1385.html HTTP/1.0" 200 10821 "https://stefanos.ru/?e=052185688e7bf96" "Mozilla/5.0 (Linux; Android 6.0.1; Nexus 5X Build/MMB29P) AppleWebKit/537.36 (KHTML, like Gecko) Chrome/143.0.7499.192 Mobile Safari/537.36 (compatible; Googlebot/2.1; +http://www.google.com/bot.html)"
104.22.1.193 - - [10/Jan/2026:03:54:14 +0300] "GET /?ID=1083.html HTTP/1.0" 200 34949 "https://stefanos.ru/?e=052185688e7bf96" "Mozilla/5.0 (Linux; Android 6.0.1; Nexus 5X Build/MMB29P) AppleWebKit/537.36 (KHTML, like Gecko) Chrome/143.0.7499.192 Mobile Safari/537.36 (compatible; Googlebot/2.1; +http://www.google.com/bot.html)"
172.71.22.29 - - [10/Jan/2026:03:54:16 +0300] "GET /?ID=1019.html HTTP/1.0" 200 34721 "https://stefanos.ru/?e=052185688e7bf96" "Mozilla/5.0 (Linux; Android 6.0.1; Nexus 5X Build/MMB29P) AppleWebKit/537.36 (KHTML, like Gecko) Chrome/143.0.7499.192 Mobile Safari/537.36 (compatible; Googlebot/2.1; +http://www.google.com/bot.html)"
172.71.184.224 - - [10/Jan/2026:03:54:24 +0300] "GET / HTTP/1.0" 200 2894 "-" "https://reg.ru monitoring abuse@reg.ru"
172.69.192.141 - - [10/Jan/2026:03:56:19 +0300] "GET / HTTP/1.0" 200 2894 "-" "Mozilla/5.0 (Linux; Android 10; K) AppleWebKit/537.36 (KHTML, like Gecko) Chrome/136.0.0.0 Mobile Safari/537.36"
172.68.10.115 - - [10/Jan/2026:03:56:36 +0300] "GET / HTTP/1.0" 200 2894 "-" "https://reg.ru monitoring abuse@reg.ru"
172.68.70.156 - - [10/Jan/2026:03:56:45 +0300] "GET /?GameID=2026-01-10/300.html HTTP/1.0" 200 10470 "-" "Mozilla/5.0 (Linux; Android 6.0.1; Nexus 5X Build/MMB29P) AppleWebKit/537.36 (KHTML, like Gecko) Chrome/143.0.7499.192 Mobile Safari/537.36 (compatible; Googlebot/2.1; +http://www.google.com/bot.html)"
162.158.182.138 - - [10/Jan/2026:03:56:58 +0300] "GET / HTTP/1.0" 200 2894 "-" "Mozilla/5.0 (Linux; Android 10; K) AppleWebKit/537.36 (KHTML, like Gecko) Chrome/143.0.0.0 Mobile Safari/537.36"
162.158.183.60 - - [10/Jan/2026:03:57:02 +0300] "GET /favicon.ico HTTP/1.0" 404 453 "https://stefanos.ru/" "Mozilla/5.0 (Linux; Android 10; K) AppleWebKit/537.36 (KHTML, like Gecko) Chrome/143.0.0.0 Mobile Safari/537.36"
172.68.70.157 - - [10/Jan/2026:03:58:47 +0300] "GET /?e=10106486923881c HTTP/1.0" 200 50000 "-" "Mozilla/5.0 (Linux; Android 6.0.1; Nexus 5X Build/MMB29P) AppleWebKit/537.36 (KHTML, like Gecko) Chrome/143.0.7499.192 Mobile Safari/537.36 (compatible; Googlebot/2.1; +http://www.google.com/bot.html)"
172.68.70.157 - - [10/Jan/2026:03:58:49 +0300] "GET /?e=051410218b5cf7 HTTP/1.0" 200 10460 "-" "Mozilla/5.0 (Linux; Android 6.0.1; Nexus 5X Build/MMB29P) AppleWebKit/537.36 (KHTML, like Gecko) Chrome/143.0.7499.192 Mobile Safari/537.36 (compatible; Googlebot/2.1; +http://www.google.com/bot.html)"
172.68.10.115 - - [10/Jan/2026:03:59:31 +0300] "GET / HTTP/1.0" 200 2894 "-" "https://reg.ru monitoring abuse@reg.ru"
172.68.70.157 - - [10/Jan/2026:03:59:40 +0300] "GET /?ID=1385.html HTTP/1.0" 200 10821 "https://stefanos.ru/?e=052185688e7bf96" "Mozilla/5.0 (Linux; Android 6.0.1; Nexus 5X Build/MMB29P) AppleWebKit/537.36 (KHTML, like Gecko) Chrome/143.0.7499.192 Mobile Safari/537.36 (compatible; Googlebot/2.1; +http://www.google.com/bot.html)"
104.23.223.20 - - [10/Jan/2026:03:59:43 +0300] "GET /?ID=1019.html HTTP/1.0" 200 34716 "https://stefanos.ru/?e=052185688e7bf96" "Mozilla/5.0 (Linux; Android 6.0.1; Nexus 5X Build/MMB29P) AppleWebKit/537.36 (KHTML, like Gecko) Chrome/143.0.7499.192 Mobile Safari/537.36 (compatible; Googlebot/2.1; +http://www.google.com/bot.html)"
104.23.223.90 - - [10/Jan/2026:03:59:44 +0300] "GET /?ID=1083.html HTTP/1.0" 200 34949 "https://stefanos.ru/?e=052185688e7bf96" "Mozilla/5.0 (Linux; Android 6.0.1; Nexus 5X Build/MMB29P) AppleWebKit/537.36 (KHTML, like Gecko) Chrome/143.0.7499.192 Mobile Safari/537.36 (compatible; Googlebot/2.1; +http://www.google.com/bot.html)"
172.68.10.115 - - [10/Jan/2026:03:59:50 +0300] "GET / HTTP/1.0" 200 2894 "-" "Mozilla/5.0 (Linux; Android 10; K) AppleWebKit/537.36 (KHTML, like Gecko) Chrome/143.0.0.0 Mobile Safari/537.36"
172.68.10.117 - - [10/Jan/2026:03:59:51 +0300] "GET /favicon.ico HTTP/1.0" 404 453 "https://stefanos.ru/" "Mozilla/5.0 (Linux; Android 10; K) AppleWebKit/537.36 (KHTML, like Gecko) Chrome/143.0.0.0 Mobile Safari/537.36"
172.71.184.224 - - [10/Jan/2026:04:00:28 +0300] "GET / HTTP/1.0" 200 2894 "-" "Mozilla/5.0 (Linux; Android 10; K) AppleWebKit/537.36 (KHTML, like Gecko) Chrome/143.0.0.0 Mobile Safari/537.36"
172.71.184.224 - - [10/Jan/2026:04:01:05 +0300] "GET / HTTP/1.0" 200 2894 "-" "Mozilla/5.0 (Linux; Android 10; K) AppleWebKit/537.36 (KHTML, like Gecko) Chrome/141.0.0.0 Mobile Safari/537.36"
172.71.184.224 - - [10/Jan/2026:04:01:07 +0300] "GET / HTTP/1.0" 200 2894 "-" "https://reg.ru monitoring abuse@reg.ru"
104.23.223.144 - - [10/Jan/2026:04:01:39 +0300] "GET /?ID=1424.html HTTP/1.0" 200 9890 "https://stefanos.ru/?e=00172916339e5a9" "Mozilla/5.0 (Linux; Android 6.0.1; Nexus 5X Build/MMB29P) AppleWebKit/537.36 (KHTML, like Gecko) Chrome/143.0.7499.169 Mobile Safari/537.36 (compatible; Googlebot/2.1; +http://www.google.com/bot.html)"
172.68.70.156 - - [10/Jan/2026:04:01:40 +0300] "GET /?ID=1453.html HTTP/1.0" 200 20773 "https://stefanos.ru/?e=00172916339e5a9" "Mozilla/5.0 (Linux; Android 6.0.1; Nexus 5X Build/MMB29P) AppleWebKit/537.36 (KHTML, like Gecko) Chrome/143.0.7499.169 Mobile Safari/537.36 (compatible; Googlebot/2.1; +http://www.google.com/bot.html)"
172.68.70.156 - - [10/Jan/2026:04:01:41 +0300] "GET /?ID=1943.html HTTP/1.0" 200 10151 "https://stefanos.ru/?e=00172916339e5a9" "Mozilla/5.0 (Linux; Android 6.0.1; Nexus 5X Build/MMB29P) AppleWebKit/537.36 (KHTML, like Gecko) Chrome/143.0.7499.169 Mobile Safari/537.36 (compatible; Googlebot/2.1; +http://www.google.com/bot.html)"
162.158.182.139 - - [10/Jan/2026:04:01:48 +0300] "GET / HTTP/1.0" 200 2894 "-" "https://reg.ru monitoring abuse@reg.ru"
172.71.184.224 - - [10/Jan/2026:04:01:52 +0300] "GET / HTTP/1.0" 200 2894 "-" "Mozilla/5.0 (Linux; Android 10; K) AppleWebKit/537.36 (KHTML, like Gecko) Chrome/143.0.0.0 Mobile Safari/537.36"
172.68.70.156 - - [10/Jan/2026:04:02:38 +0300] "GET /?e=1714174772615d HTTP/1.0" 200 35476 "-" "Mozilla/5.0 (Linux; Android 6.0.1; Nexus 5X Build/MMB29P) AppleWebKit/537.36 (KHTML, like Gecko) Chrome/143.0.7499.192 Mobile Safari/537.36 (compatible; Googlebot/2.1; +http://www.google.com/bot.html)"
172.68.70.156 - - [10/Jan/2026:04:02:47 +0300] "GET /?ID=3075.html HTTP/1.0" 200 18861 "https://stefanos.ru/?e=1714174772615d" "Mozilla/5.0 (Linux; Android 6.0.1; Nexus 5X Build/MMB29P) AppleWebKit/537.36 (KHTML, like Gecko) Chrome/143.0.7499.169 Mobile Safari/537.36 (compatible; Googlebot/2.1; +http://www.google.com/bot.html)"
104.23.223.32 - - [10/Jan/2026:04:02:48 +0300] "GET /?ID=3138.html HTTP/1.0" 200 9594 "https://stefanos.ru/?e=1714174772615d" "Mozilla/5.0 (Linux; Android 6.0.1; Nexus 5X Build/MMB29P) AppleWebKit/537.36 (KHTML, like Gecko) Chrome/143.0.7499.169 Mobile Safari/537.36 (compatible; Googlebot/2.1; +http://www.google.com/bot.html)"
172.68.70.156 - - [10/Jan/2026:04:02:50 +0300] "GET /?ID=3163.html HTTP/1.0" 200 50952 "https://stefanos.ru/?e=1714174772615d" "Mozilla/5.0 (Linux; Android 6.0.1; Nexus 5X Build/MMB29P) AppleWebKit/537.36 (KHTML, like Gecko) Chrome/143.0.7499.169 Mobile Safari/537.36 (compatible; Googlebot/2.1; +http://www.google.com/bot.html)"
172.64.223.114 - - [10/Jan/2026:04:03:23 +0300] "GET / HTTP/1.0" 200 2894 "-" "Mozilla/5.0 (Linux; Android 10; K) AppleWebKit/537.36 (KHTML, like Gecko) Chrome/143.0.0.0 Mobile Safari/537.36"
172.64.223.15 - - [10/Jan/2026:04:03:24 +0300] "GET /favicon.ico HTTP/1.0" 404 453 "https://stefanos.ru/" "Mozilla/5.0 (Linux; Android 10; K) AppleWebKit/537.36 (KHTML, like Gecko) Chrome/143.0.0.0 Mobile Safari/537.36"
172.69.71.85 - - [10/Jan/2026:04:04:24 +0300] "GET /?e=152697707da30 HTTP/1.0" 200 11331 "-" "Mozilla/5.0 (Linux; Android 6.0.1; Nexus 5X Build/MMB29P) AppleWebKit/537.36 (KHTML, like Gecko) Chrome/143.0.7499.192 Mobile Safari/537.36 (compatible; Googlebot/2.1; +http://www.google.com/bot.html)"
172.68.10.114 - - [10/Jan/2026:04:04:36 +0300] "GET / HTTP/1.0" 200 2894 "-" "https://reg.ru monitoring abuse@reg.ru"
172.69.71.85 - - [10/Jan/2026:04:05:10 +0300] "GET /?e=11274423dfff0 HTTP/1.0" 200 19855 "-" "Mozilla/5.0 (Linux; Android 6.0.1; Nexus 5X Build/MMB29P) AppleWebKit/537.36 (KHTML, like Gecko) Chrome/143.0.7499.192 Mobile Safari/537.36 (compatible; Googlebot/2.1; +http://www.google.com/bot.html)"
172.71.164.72 - - [10/Jan/2026:04:06:15 +0300] "GET / HTTP/1.0" 200 2894 "-" "Mozilla/5.0 (Linux; Android 10; K) AppleWebKit/537.36 (KHTML, like Gecko) Chrome/140.0.0.0 Mobile Safari/537.36"
172.71.164.233 - - [10/Jan/2026:04:06:16 +0300] "GET /favicon.ico HTTP/1.0" 404 453 "https://stefanos.ru/" "Mozilla/5.0 (Linux; Android 10; K) AppleWebKit/537.36 (KHTML, like Gecko) Chrome/140.0.0.0 Mobile Safari/537.36"
172.71.184.224 - - [10/Jan/2026:04:06:23 +0300] "GET / HTTP/1.0" 200 2894 "-" "https://reg.ru monitoring abuse@reg.ru"
172.71.184.224 - - [10/Jan/2026:04:06:23 +0300] "GET / HTTP/1.0" 200 2894 "-" "Mozilla/5.0 (Linux; Android 10; K) AppleWebKit/537.36 (KHTML, like Gecko) Chrome/143.0.0.0 Mobile Safari/537.36"
172.68.10.117 - - [10/Jan/2026:04:06:24 +0300] "GET /favicon.ico HTTP/1.0" 404 453 "https://stefanos.ru/" "Mozilla/5.0 (Linux; Android 10; K) AppleWebKit/537.36 (KHTML, like Gecko) Chrome/143.0.0.0 Mobile Safari/537.36"
172.69.192.142 - - [10/Jan/2026:04:06:35 +0300] "GET / HTTP/1.0" 200 2894 "-" "Mozilla/5.0 (Linux; Android 14; AGS6-L09) AppleWebKit/537.36 (KHTML, like Gecko) Chrome/143.0.7499.34 Mobile Safari/537.36"
162.158.48.133 - - [10/Jan/2026:04:06:36 +0300] "GET /favicon.ico HTTP/1.0" 404 453 "https://stefanos.ru/" "Mozilla/5.0 (Linux; Android 14; AGS6-L09) AppleWebKit/537.36 (KHTML, like Gecko) Chrome/143.0.7499.34 Mobile Safari/537.36"
172.69.71.85 - - [10/Jan/2026:04:06:43 +0300] "GET /?e=002022581ae6244 HTTP/1.0" 200 51110 "-" "Mozilla/5.0 (Linux; Android 6.0.1; Nexus 5X Build/MMB29P) AppleWebKit/537.36 (KHTML, like Gecko) Chrome/143.0.7499.192 Mobile Safari/537.36 (compatible; Googlebot/2.1; +http://www.google.com/bot.html)"
172.69.71.85 - - [10/Jan/2026:04:06:47 +0300] "GET /?e=092689765ad28 HTTP/1.0" 200 34885 "-" "Mozilla/5.0 (Linux; Android 6.0.1; Nexus 5X Build/MMB29P) AppleWebKit/537.36 (KHTML, like Gecko) Chrome/143.0.7499.192 Mobile Safari/537.36 (compatible; Googlebot/2.1; +http://www.google.com/bot.html)"
104.23.221.199 - - [10/Jan/2026:04:06:59 +0300] "GET / HTTP/1.0" 200 2894 "-" "https://reg.ru monitoring abuse@reg.ru"
108.162.238.4 - - [10/Jan/2026:04:08:10 +0300] "GET /?e=09274120b481c HTTP/1.0" 200 50504 "-" "Mozilla/5.0 (Linux; Android 6.0.1; Nexus 5X Build/MMB29P) AppleWebKit/537.36 (KHTML, like Gecko) Chrome/143.0.7499.192 Mobile Safari/537.36 (compatible; Googlebot/2.1; +http://www.google.com/bot.html)"
108.162.238.4 - - [10/Jan/2026:04:08:11 +0300] "GET /?e=09276575c9c97 HTTP/1.0" 200 35133 "-" "Mozilla/5.0 (Linux; Android 6.0.1; Nexus 5X Build/MMB29P) AppleWebKit/537.36 (KHTML, like Gecko) Chrome/143.0.7499.192 Mobile Safari/537.36 (compatible; Googlebot/2.1; +http://www.google.com/bot.html)"
172.71.184.225 - - [10/Jan/2026:04:09:44 +0300] "GET / HTTP/1.0" 200 2894 "-" "https://reg.ru monitoring abuse@reg.ru"
108.162.237.254 - - [10/Jan/2026:04:10:07 +0300] "GET /?e=15272025f65db HTTP/1.0" 200 10517 "-" "Mozilla/5.0 (Linux; Android 6.0.1; Nexus 5X Build/MMB29P) AppleWebKit/537.36 (KHTML, like Gecko) Chrome/143.0.7499.192 Mobile Safari/537.36 (compatible; Googlebot/2.1; +http://www.google.com/bot.html)"
172.69.71.85 - - [10/Jan/2026:04:10:09 +0300] "GET /?ID=%EB%B0%94%EC%B9%B4%EB%9D%BC%20%ED%95%84%EC%8A%B9%EC%A0%84%EB%9E%B5.html HTTP/1.0" 200 20099 "-" "Mozilla/5.0 (Linux; Android 6.0.1; Nexus 5X Build/MMB29P) AppleWebKit/537.36 (KHTML, like Gecko) Chrome/143.0.7499.192 Mobile Safari/537.36 (compatible; Googlebot/2.1; +http://www.google.com/bot.html)"
172.71.184.225 - - [10/Jan/2026:04:10:33 +0300] "GET / HTTP/1.0" 200 2894 "-" "Mozilla/5.0 (Linux; Android 10; K) AppleWebKit/537.36 (KHTML, like Gecko) Chrome/143.0.0.0 Mobile Safari/537.36"
172.68.10.116 - - [10/Jan/2026:04:10:34 +0300] "GET /favicon.ico HTTP/1.0" 404 453 "https://stefanos.ru/" "Mozilla/5.0 (Linux; Android 10; K) AppleWebKit/537.36 (KHTML, like Gecko) Chrome/143.0.0.0 Mobile Safari/537.36"
172.71.172.73 - - [10/Jan/2026:04:10:38 +0300] "GET /?e=176590737f37cf HTTP/1.0" 200 2894 "-" "Mozilla/5.0 (compatible; DataForSeoBot/1.0; +https://dataforseo.com/dataforseo-bot)"
104.22.1.193 - - [10/Jan/2026:04:11:00 +0300] "GET /?e=042701223b4d0 HTTP/1.0" 200 19973 "-" "Mozilla/5.0 (Linux; Android 6.0.1; Nexus 5X Build/MMB29P) AppleWebKit/537.36 (KHTML, like Gecko) Chrome/143.0.7499.192 Mobile Safari/537.36 (compatible; Googlebot/2.1; +http://www.google.com/bot.html)"
104.22.1.193 - - [10/Jan/2026:04:11:22 +0300] "GET /?e=062721211265b HTTP/1.0" 200 19462 "-" "Mozilla/5.0 (Linux; Android 6.0.1; Nexus 5X Build/MMB29P) AppleWebKit/537.36 (KHTML, like Gecko) Chrome/143.0.7499.192 Mobile Safari/537.36 (compatible; Googlebot/2.1; +http://www.google.com/bot.html)"
172.68.10.115 - - [10/Jan/2026:04:11:32 +0300] "GET / HTTP/1.0" 200 2894 "-" "https://reg.ru monitoring abuse@reg.ru"
108.162.237.254 - - [10/Jan/2026:04:11:45 +0300] "GET /?GameID=2026-01-10/128.html HTTP/1.0" 200 50257 "-" "Mozilla/5.0 (Linux; Android 6.0.1; Nexus 5X Build/MMB29P) AppleWebKit/537.36 (KHTML, like Gecko) Chrome/143.0.7499.192 Mobile Safari/537.36 (compatible; Googlebot/2.1; +http://www.google.com/bot.html)"
108.162.237.254 - - [10/Jan/2026:04:11:47 +0300] "GET /?e=04269478c1598 HTTP/1.0" 200 20065 "-" "Mozilla/5.0 (Linux; Android 6.0.1; Nexus 5X Build/MMB29P) AppleWebKit/537.36 (KHTML, like Gecko) Chrome/143.0.7499.192 Mobile Safari/537.36 (compatible; Googlebot/2.1; +http://www.google.com/bot.html)"
172.69.192.142 - - [10/Jan/2026:04:11:56 +0300] "GET / HTTP/1.0" 200 2894 "-" "Mozilla/5.0 (Windows NT 10.0; Win64; x64) AppleWebKit/537.36 (KHTML, like Gecko) Chrome/142.0.7444.135 Safari/537.36"
162.158.182.189 - - [10/Jan/2026:04:11:57 +0300] "GET /favicon.ico HTTP/1.0" 404 453 "https://stefanos.ru/" "Mozilla/5.0 (Windows NT 10.0; Win64; x64) AppleWebKit/537.36 (KHTML, like Gecko) Chrome/142.0.7444.135 Safari/537.36"
108.162.237.254 - - [10/Jan/2026:04:11:58 +0300] "GET /?e=06270828d287b HTTP/1.0" 200 35984 "-" "Mozilla/5.0 (Linux; Android 6.0.1; Nexus 5X Build/MMB29P) AppleWebKit/537.36 (KHTML, like Gecko) Chrome/143.0.7499.192 Mobile Safari/537.36 (compatible; Googlebot/2.1; +http://www.google.com/bot.html)"
104.23.221.198 - - [10/Jan/2026:04:12:04 +0300] "GET / HTTP/1.0" 200 2894 "-" "https://reg.ru monitoring abuse@reg.ru"
172.69.71.85 - - [10/Jan/2026:04:12:08 +0300] "GET /?e=0427067293b8c HTTP/1.0" 200 49876 "-" "Mozilla/5.0 (Linux; Android 6.0.1; Nexus 5X Build/MMB29P) AppleWebKit/537.36 (KHTML, like Gecko) Chrome/143.0.7499.192 Mobile Safari/537.36 (compatible; Googlebot/2.1; +http://www.google.com/bot.html)"
172.69.71.85 - - [10/Jan/2026:04:12:09 +0300] "GET /?e=0627037533863 HTTP/1.0" 200 12699 "-" "Mozilla/5.0 (Linux; Android 6.0.1; Nexus 5X Build/MMB29P) AppleWebKit/537.36 (KHTML, like Gecko) Chrome/143.0.7499.192 Mobile Safari/537.36 (compatible; Googlebot/2.1; +http://www.google.com/bot.html)"
172.69.192.142 - - [10/Jan/2026:04:12:40 +0300] "GET /?ysclid=mapfkjxpxv787543535&utm_referrer=https://ya.ru/ HTTP/1.0" 200 2894 "-" "Mozilla/5.0 (Linux; Android 10; K) AppleWebKit/537.36 (KHTML, like Gecko) Chrome/143.0.0.0 Mobile Safari/537.36"
172.71.164.73 - - [10/Jan/2026:04:13:09 +0300] "GET / HTTP/1.0" 200 2894 "-" "Mozilla/5.0 (Linux; Android 10; K) AppleWebKit/537.36 (KHTML, like Gecko) Chrome/140.0.0.0 Mobile Safari/537.36"
172.71.164.233 - - [10/Jan/2026:04:13:10 +0300] "GET /favicon.ico HTTP/1.0" 404 453 "https://stefanos.ru/" "Mozilla/5.0 (Linux; Android 10; K) AppleWebKit/537.36 (KHTML, like Gecko) Chrome/140.0.0.0 Mobile Safari/537.36"
172.69.151.229 - - [10/Jan/2026:04:14:05 +0300] "GET / HTTP/1.0" 200 2894 "-" "Mozilla/5.0 (Linux; Android 10; K) AppleWebKit/537.36 (KHTML, like Gecko) Chrome/143.0.0.0 Mobile Safari/537.36"
172.68.193.153 - - [10/Jan/2026:04:14:05 +0300] "GET /bride.css HTTP/1.1" 304 0 "https://stefanos.ru/" "Mozilla/5.0 (Linux; Android 10; K) AppleWebKit/537.36 (KHTML, like Gecko) Chrome/143.0.0.0 Mobile Safari/537.36"
172.71.22.29 - - [10/Jan/2026:04:14:46 +0300] "GET /?e=061844047819c20 HTTP/1.0" 200 51031 "-" "Mozilla/5.0 (Linux; Android 6.0.1; Nexus 5X Build/MMB29P) AppleWebKit/537.36 (KHTML, like Gecko) Chrome/143.0.7499.192 Mobile Safari/537.36 (compatible; Googlebot/2.1; +http://www.google.com/bot.html)"
172.71.184.225 - - [10/Jan/2026:04:14:48 +0300] "GET / HTTP/1.0" 200 2894 "-" "https://reg.ru monitoring abuse@reg.ru"
172.69.192.141 - - [10/Jan/2026:04:16:10 +0300] "GET / HTTP/1.0" 200 2894 "-" "Mozilla/5.0 (Linux; Android 12; vivo 1807) AppleWebKit/537.36 (KHTML, like Gecko) Chrome/143.0.7499.34 Mobile Safari/537.36"
172.68.183.59 - - [10/Jan/2026:04:16:11 +0300] "GET /favicon.ico HTTP/1.0" 404 453 "https://stefanos.ru/" "Mozilla/5.0 (Linux; Android 12; vivo 1807) AppleWebKit/537.36 (KHTML, like Gecko) Chrome/143.0.7499.34 Mobile Safari/537.36"
108.162.237.254 - - [10/Jan/2026:04:16:17 +0300] "GET /?e=04398764848fa2 HTTP/1.0" 200 9250 "-" "Mozilla/5.0 (Linux; Android 6.0.1; Nexus 5X Build/MMB29P) AppleWebKit/537.36 (KHTML, like Gecko) Chrome/143.0.7499.192 Mobile Safari/537.36 (compatible; Googlebot/2.1; +http://www.google.com/bot.html)"
108.162.237.254 - - [10/Jan/2026:04:16:21 +0300] "GET /?e=0627027aef834 HTTP/1.0" 200 50873 "-" "Mozilla/5.0 (Linux; Android 6.0.1; Nexus 5X Build/MMB29P) AppleWebKit/537.36 (KHTML, like Gecko) Chrome/143.0.7499.192 Mobile Safari/537.36 (compatible; Googlebot/2.1; +http://www.google.com/bot.html)"
162.158.87.127 - - [10/Jan/2026:04:16:31 +0300] "GET / HTTP/1.0" 200 2894 "-" "Mozilla/5.0 (Windows NT 10.0; Win64; x64) AppleWebKit/537.36 (KHTML, like Gecko) Chrome/137.0.7151.120 Safari/537.36"
172.71.164.232 - - [10/Jan/2026:04:16:32 +0300] "GET /favicon.ico HTTP/1.0" 404 453 "https://stefanos.ru/" "Mozilla/5.0 (Windows NT 10.0; Win64; x64) AppleWebKit/537.36 (KHTML, like Gecko) Chrome/137.0.7151.120 Safari/537.36"
172.71.184.225 - - [10/Jan/2026:04:16:44 +0300] "GET / HTTP/1.0" 200 2894 "-" "https://reg.ru monitoring abuse@reg.ru"
108.162.237.254 - - [10/Jan/2026:04:16:48 +0300] "GET /?e=1127387975dbe HTTP/1.0" 200 20035 "-" "Mozilla/5.0 (Linux; Android 6.0.1; Nexus 5X Build/MMB29P) AppleWebKit/537.36 (KHTML, like Gecko) Chrome/143.0.7499.192 Mobile Safari/537.36 (compatible; Googlebot/2.1; +http://www.google.com/bot.html)"
104.23.217.168 - - [10/Jan/2026:04:17:10 +0300] "GET / HTTP/1.0" 200 2894 "-" "https://reg.ru monitoring abuse@reg.ru"
108.162.237.254 - - [10/Jan/2026:04:17:21 +0300] "GET /?e=06269725eb10e HTTP/1.0" 200 9687 "-" "Mozilla/5.0 (Linux; Android 6.0.1; Nexus 5X Build/MMB29P) AppleWebKit/537.36 (KHTML, like Gecko) Chrome/143.0.7499.192 Mobile Safari/537.36 (compatible; Googlebot/2.1; +http://www.google.com/bot.html)"
108.162.237.254 - - [10/Jan/2026:04:17:23 +0300] "GET /?e=0626812a3cada HTTP/1.0" 200 19228 "-" "Mozilla/5.0 (Linux; Android 6.0.1; Nexus 5X Build/MMB29P) AppleWebKit/537.36 (KHTML, like Gecko) Chrome/143.0.7499.192 Mobile Safari/537.36 (compatible; Googlebot/2.1; +http://www.google.com/bot.html)"
172.69.192.141 - - [10/Jan/2026:04:19:48 +0300] "GET / HTTP/1.0" 200 2894 "-" "Mozilla/5.0 (Linux; Android 10; K) AppleWebKit/537.36 (KHTML, like Gecko) Chrome/143.0.0.0 Mobile Safari/537.36"
162.158.48.133 - - [10/Jan/2026:04:19:48 +0300] "GET /favicon.ico HTTP/1.0" 404 453 "https://stefanos.ru/" "Mozilla/5.0 (Linux; Android 10; K) AppleWebKit/537.36 (KHTML, like Gecko) Chrome/143.0.0.0 Mobile Safari/537.36"
172.71.184.225 - - [10/Jan/2026:04:19:52 +0300] "GET / HTTP/1.0" 200 2894 "-" "https://reg.ru monitoring abuse@reg.ru"
141.101.99.67 - - [10/Jan/2026:04:20:18 +0300] "GET / HTTP/1.0" 200 2894 "-" "Mozilla/5.0 (compatible; AhrefsBot/7.0; +http://ahrefs.com/robot/)"
172.69.192.141 - - [10/Jan/2026:04:20:43 +0300] "GET / HTTP/1.0" 200 2894 "-" "Mozilla/5.0 (Linux; Android 10; K) AppleWebKit/537.36 (KHTML, like Gecko) Chrome/143.0.0.0 Mobile Safari/537.36"
172.69.192.141 - - [10/Jan/2026:04:21:05 +0300] "GET / HTTP/1.0" 200 2894 "-" "Mozilla/5.0 (iPhone; CPU iPhone OS 17_1 like Mac OS X) AppleWebKit/605.1.15 (KHTML, like Gecko) CriOS/143.0.7499.53 Mobile/15E148 Safari/604.1"
172.69.151.229 - - [10/Jan/2026:04:21:18 +0300] "GET / HTTP/1.0" 200 2894 "-" "Mozilla/5.0 (Linux; arm_64; Android 10; K) AppleWebKit/537.36 (KHTML, like Gecko) Chrome/140.0.0.0 YaBrowser/24.1.2.92 SA/3 Mobile Safari/537.36"
172.71.164.232 - - [10/Jan/2026:04:21:19 +0300] "GET /favicon.ico HTTP/1.0" 404 453 "https://stefanos.ru/" "Mozilla/5.0 (Linux; arm_64; Android 10; K) AppleWebKit/537.36 (KHTML, like Gecko) Chrome/140.0.0.0 YaBrowser/24.1.2.92 SA/3 Mobile Safari/537.36"
172.71.22.29 - - [10/Jan/2026:04:21:18 +0300] "GET /?GameID=2026-01-10/1497.html HTTP/1.0" 200 49078 "-" "Mozilla/5.0 (Linux; Android 6.0.1; Nexus 5X Build/MMB29P) AppleWebKit/537.36 (KHTML, like Gecko) Chrome/143.0.7499.192 Mobile Safari/537.36 (compatible; Googlebot/2.1; +http://www.google.com/bot.html)"
104.22.24.211 - - [10/Jan/2026:04:21:29 +0300] "GET /?e=042707288c720 HTTP/1.0" 200 19339 "-" "Mozilla/5.0 (Linux; Android 6.0.1; Nexus 5X Build/MMB29P) AppleWebKit/537.36 (KHTML, like Gecko) Chrome/143.0.7499.192 Mobile Safari/537.36 (compatible; Googlebot/2.1; +http://www.google.com/bot.html)"
172.71.22.29 - - [10/Jan/2026:04:21:48 +0300] "GET /?e=1127617db9b02 HTTP/1.0" 200 36152 "-" "Mozilla/5.0 (Linux; Android 6.0.1; Nexus 5X Build/MMB29P) AppleWebKit/537.36 (KHTML, like Gecko) Chrome/143.0.7499.192 Mobile Safari/537.36 (compatible; Googlebot/2.1; +http://www.google.com/bot.html)"
172.68.10.114 - - [10/Jan/2026:04:21:51 +0300] "GET / HTTP/1.0" 200 2894 "-" "https://reg.ru monitoring abuse@reg.ru"
172.68.10.114 - - [10/Jan/2026:04:21:56 +0300] "GET / HTTP/1.0" 200 2894 "-" "Mozilla/5.0 (Linux; Android 10; K) AppleWebKit/537.36 (KHTML, like Gecko) Chrome/143.0.0.0 Mobile Safari/537.36"
172.68.10.116 - - [10/Jan/2026:04:21:56 +0300] "GET /favicon.ico HTTP/1.0" 404 453 "https://stefanos.ru/" "Mozilla/5.0 (Linux; Android 10; K) AppleWebKit/537.36 (KHTML, like Gecko) Chrome/143.0.0.0 Mobile Safari/537.36"
104.23.221.199 - - [10/Jan/2026:04:22:20 +0300] "GET / HTTP/1.0" 200 2894 "-" "https://reg.ru monitoring abuse@reg.ru"
104.22.24.211 - - [10/Jan/2026:04:22:20 +0300] "GET /?e=10484137a8f9 HTTP/1.0" 200 50713 "-" "Mozilla/5.0 (Linux; Android 6.0.1; Nexus 5X Build/MMB29P) AppleWebKit/537.36 (KHTML, like Gecko) Chrome/143.0.7499.192 Mobile Safari/537.36 (compatible; Googlebot/2.1; +http://www.google.com/bot.html)"
104.22.24.211 - - [10/Jan/2026:04:22:28 +0300] "GET /?e=0927302444676 HTTP/1.0" 200 36474 "-" "Mozilla/5.0 (Linux; Android 6.0.1; Nexus 5X Build/MMB29P) AppleWebKit/537.36 (KHTML, like Gecko) Chrome/143.0.7499.192 Mobile Safari/537.36 (compatible; Googlebot/2.1; +http://www.google.com/bot.html)"
104.22.24.211 - - [10/Jan/2026:04:23:22 +0300] "GET /?e=001007075e309b4 HTTP/1.0" 200 35449 "-" "Mozilla/5.0 (Linux; Android 6.0.1; Nexus 5X Build/MMB29P) AppleWebKit/537.36 (KHTML, like Gecko) Chrome/143.0.7499.192 Mobile Safari/537.36 (compatible; Googlebot/2.1; +http://www.google.com/bot.html)"
104.22.24.211 - - [10/Jan/2026:04:23:27 +0300] "GET /?ID=1330.html HTTP/1.0" 200 20714 "https://stefanos.ru/?e=001007075e309b4" "Mozilla/5.0 (Linux; Android 6.0.1; Nexus 5X Build/MMB29P) AppleWebKit/537.36 (KHTML, like Gecko) Chrome/143.0.7499.169 Mobile Safari/537.36 (compatible; Googlebot/2.1; +http://www.google.com/bot.html)"
104.22.24.211 - - [10/Jan/2026:04:23:28 +0300] "GET /?ID=1500.html HTTP/1.0" 200 19548 "https://stefanos.ru/?e=001007075e309b4" "Mozilla/5.0 (Linux; Android 6.0.1; Nexus 5X Build/MMB29P) AppleWebKit/537.36 (KHTML, like Gecko) Chrome/143.0.7499.169 Mobile Safari/537.36 (compatible; Googlebot/2.1; +http://www.google.com/bot.html)"
104.22.24.211 - - [10/Jan/2026:04:23:30 +0300] "GET /?ID=1619.html HTTP/1.0" 200 21892 "https://stefanos.ru/?e=001007075e309b4" "Mozilla/5.0 (Linux; Android 6.0.1; Nexus 5X Build/MMB29P) AppleWebKit/537.36 (KHTML, like Gecko) Chrome/143.0.7499.169 Mobile Safari/537.36 (compatible; Googlebot/2.1; +http://www.google.com/bot.html)"
172.71.22.28 - - [10/Jan/2026:04:23:58 +0300] "GET /?e=062703240678e HTTP/1.0" 200 35063 "-" "Mozilla/5.0 (Linux; Android 6.0.1; Nexus 5X Build/MMB29P) AppleWebKit/537.36 (KHTML, like Gecko) Chrome/143.0.7499.192 Mobile Safari/537.36 (compatible; Googlebot/2.1; +http://www.google.com/bot.html)"
172.71.22.28 - - [10/Jan/2026:04:24:00 +0300] "GET /?e=1527122e6ac85 HTTP/1.0" 200 20283 "-" "Mozilla/5.0 (Linux; Android 6.0.1; Nexus 5X Build/MMB29P) AppleWebKit/537.36 (KHTML, like Gecko) Chrome/143.0.7499.192 Mobile Safari/537.36 (compatible; Googlebot/2.1; +http://www.google.com/bot.html)"
172.71.184.225 - - [10/Jan/2026:04:25:00 +0300] "GET / HTTP/1.0" 200 2894 "-" "https://reg.ru monitoring abuse@reg.ru"
172.71.22.28 - - [10/Jan/2026:04:25:19 +0300] "GET /?e=04184372793a1cc HTTP/1.0" 200 49492 "-" "Mozilla/5.0 (Linux; Android 6.0.1; Nexus 5X Build/MMB29P) AppleWebKit/537.36 (KHTML, like Gecko) Chrome/143.0.7499.192 Mobile Safari/537.36 (compatible; Googlebot/2.1; +http://www.google.com/bot.html)"
104.22.24.210 - - [10/Jan/2026:04:25:33 +0300] "GET /?e=062709204f189 HTTP/1.0" 200 20072 "-" "Mozilla/5.0 (Linux; Android 6.0.1; Nexus 5X Build/MMB29P) AppleWebKit/537.36 (KHTML, like Gecko) Chrome/143.0.7499.192 Mobile Safari/537.36 (compatible; Googlebot/2.1; +http://www.google.com/bot.html)"
172.71.22.28 - - [10/Jan/2026:04:25:58 +0300] "GET /?e=012769248e433 HTTP/1.0" 200 50996 "-" "Mozilla/5.0 (Linux; Android 6.0.1; Nexus 5X Build/MMB29P) AppleWebKit/537.36 (KHTML, like Gecko) Chrome/143.0.7499.192 Mobile Safari/537.36 (compatible; Googlebot/2.1; +http://www.google.com/bot.html)"
108.162.237.254 - - [10/Jan/2026:04:26:49 +0300] "GET /?e=09276070624c2 HTTP/1.0" 200 36120 "-" "Mozilla/5.0 (Linux; Android 6.0.1; Nexus 5X Build/MMB29P) AppleWebKit/537.36 (KHTML, like Gecko) Chrome/143.0.7499.192 Mobile Safari/537.36 (compatible; Googlebot/2.1; +http://www.google.com/bot.html)"
172.69.50.235 - - [10/Jan/2026:04:27:00 +0300] "GET / HTTP/1.0" 200 2894 "-" "https://reg.ru monitoring abuse@reg.ru"
104.23.221.198 - - [10/Jan/2026:04:27:26 +0300] "GET / HTTP/1.0" 200 2894 "-" "https://reg.ru monitoring abuse@reg.ru"
108.162.237.254 - - [10/Jan/2026:04:27:29 +0300] "GET /?e=0710019783fa298 HTTP/1.0" 200 49639 "-" "Mozilla/5.0 (Linux; Android 6.0.1; Nexus 5X Build/MMB29P) AppleWebKit/537.36 (KHTML, like Gecko) Chrome/143.0.7499.192 Mobile Safari/537.36 (compatible; Googlebot/2.1; +http://www.google.com/bot.html)"
172.71.184.225 - - [10/Jan/2026:04:28:14 +0300] "GET / HTTP/1.0" 200 2894 "-" "Mozilla/5.0 (Linux; Android 10; K) AppleWebKit/537.36 (KHTML, like Gecko) Chrome/143.0.0.0 Mobile Safari/537.36"
172.68.10.116 - - [10/Jan/2026:04:28:15 +0300] "GET /favicon.ico HTTP/1.0" 404 453 "https://stefanos.ru/" "Mozilla/5.0 (Linux; Android 10; K) AppleWebKit/537.36 (KHTML, like Gecko) Chrome/143.0.0.0 Mobile Safari/537.36"
172.69.192.141 - - [10/Jan/2026:04:28:17 +0300] "GET /?ysclid=mapeynttqp563414800&utm_referrer=https://ya.ru/ HTTP/1.0" 200 2894 "-" "Mozilla/5.0 (Linux; Android 10; K) AppleWebKit/537.36 (KHTML, like Gecko) Chrome/143.0.0.0 Mobile Safari/537.36"
162.158.48.133 - - [10/Jan/2026:04:28:18 +0300] "GET /favicon.ico HTTP/1.0" 404 453 "https://stefanos.ru/?ysclid=mapeynttqp563414800&utm_referrer=https://ya.ru/" "Mozilla/5.0 (Linux; Android 10; K) AppleWebKit/537.36 (KHTML, like Gecko) Chrome/143.0.0.0 Mobile Safari/537.36"
172.69.71.85 - - [10/Jan/2026:04:28:31 +0300] "GET /?e=1026783b85daa HTTP/1.0" 200 9866 "-" "Mozilla/5.0 (Linux; Android 6.0.1; Nexus 5X Build/MMB29P) AppleWebKit/537.36 (KHTML, like Gecko) Chrome/143.0.7499.192 Mobile Safari/537.36 (compatible; Googlebot/2.1; +http://www.google.com/bot.html)"
108.162.237.254 - - [10/Jan/2026:04:29:33 +0300] "GET /?e=001330900a76541 HTTP/1.0" 200 20873 "-" "Mozilla/5.0 (Linux; Android 6.0.1; Nexus 5X Build/MMB29P) AppleWebKit/537.36 (KHTML, like Gecko) Chrome/143.0.7499.192 Mobile Safari/537.36 (compatible; Googlebot/2.1; +http://www.google.com/bot.html)"
172.68.10.114 - - [10/Jan/2026:04:30:07 +0300] "GET / HTTP/1.0" 200 2894 "-" "https://reg.ru monitoring abuse@reg.ru"
108.162.237.254 - - [10/Jan/2026:04:30:16 +0300] "GET /?e=028630319397c HTTP/1.0" 200 35474 "-" "Mozilla/5.0 (Linux; Android 6.0.1; Nexus 5X Build/MMB29P) AppleWebKit/537.36 (KHTML, like Gecko) Chrome/143.0.7499.192 Mobile Safari/537.36 (compatible; Googlebot/2.1; +http://www.google.com/bot.html)"
172.71.30.119 - - [10/Jan/2026:04:30:21 +0300] "GET /?GameID=2026-01-10/682.html HTTP/1.0" 200 51474 "https://stefanos.ru/?e=028630319397c" "Mozilla/5.0 (Linux; Android 6.0.1; Nexus 5X Build/MMB29P) AppleWebKit/537.36 (KHTML, like Gecko) Chrome/143.0.7499.192 Mobile Safari/537.36 (compatible; Googlebot/2.1; +http://www.google.com/bot.html)"
172.71.30.119 - - [10/Jan/2026:04:30:23 +0300] "GET /?GameID=2026-01-10/777.html HTTP/1.0" 200 19941 "https://stefanos.ru/?e=028630319397c" "Mozilla/5.0 (Linux; Android 6.0.1; Nexus 5X Build/MMB29P) AppleWebKit/537.36 (KHTML, like Gecko) Chrome/143.0.7499.192 Mobile Safari/537.36 (compatible; Googlebot/2.1; +http://www.google.com/bot.html)"
172.69.71.85 - - [10/Jan/2026:04:30:25 +0300] "GET /?GameID=2026-01-10/936.html HTTP/1.0" 200 34791 "https://stefanos.ru/?e=028630319397c" "Mozilla/5.0 (Linux; Android 6.0.1; Nexus 5X Build/MMB29P) AppleWebKit/537.36 (KHTML, like Gecko) Chrome/143.0.7499.192 Mobile Safari/537.36 (compatible; Googlebot/2.1; +http://www.google.com/bot.html)"
172.69.192.141 - - [10/Jan/2026:04:30:27 +0300] "GET / HTTP/1.0" 200 2894 "-" "Mozilla/5.0 (iPad; CPU OS 17_3 like Mac OS X) AppleWebKit/605.1.15 (KHTML, like Gecko) CriOS/142.0.7444.138 Mobile/15E148 Safari/604.1"
172.69.192.141 - - [10/Jan/2026:04:30:52 +0300] "GET / HTTP/1.0" 200 2894 "-" "Mozilla/5.0 (iPad; CPU OS 16_4 like Mac OS X) AppleWebKit/605.1.15 (KHTML, like Gecko) CriOS/143.0.7499.192 Mobile/15E148 Safari/604.1"
108.162.237.254 - - [10/Jan/2026:04:31:25 +0300] "GET /?e=062692705e63e HTTP/1.0" 200 49842 "-" "Mozilla/5.0 (Linux; Android 6.0.1; Nexus 5X Build/MMB29P) AppleWebKit/537.36 (KHTML, like Gecko) Chrome/143.0.7499.192 Mobile Safari/537.36 (compatible; Googlebot/2.1; +http://www.google.com/bot.html)"
172.68.10.115 - - [10/Jan/2026:04:32:07 +0300] "GET / HTTP/1.0" 200 2894 "-" "https://reg.ru monitoring abuse@reg.ru"
172.71.172.156 - - [10/Jan/2026:04:32:27 +0300] "GET / HTTP/1.0" 200 2894 "-" "Mozilla/5.0 (Linux; Android 10; K) AppleWebKit/537.36 (KHTML, like Gecko) Chrome/143.0.0.0 Mobile Safari/537.36"
172.71.164.233 - - [10/Jan/2026:04:32:28 +0300] "GET /favicon.ico HTTP/1.0" 404 453 "https://stefanos.ru/" "Mozilla/5.0 (Linux; Android 10; K) AppleWebKit/537.36 (KHTML, like Gecko) Chrome/143.0.0.0 Mobile Safari/537.36"
162.158.182.139 - - [10/Jan/2026:04:32:36 +0300] "GET / HTTP/1.0" 200 2894 "-" "https://reg.ru monitoring abuse@reg.ru"
172.69.192.142 - - [10/Jan/2026:04:32:47 +0300] "GET / HTTP/1.0" 200 2894 "-" "Mozilla/5.0 (Linux; Android 10; K) AppleWebKit/537.36 (KHTML, like Gecko) Chrome/142.0.0.0 Mobile Safari/537.36"
162.158.48.133 - - [10/Jan/2026:04:32:47 +0300] "GET /favicon.ico HTTP/1.0" 404 453 "https://stefanos.ru/" "Mozilla/5.0 (Linux; Android 10; K) AppleWebKit/537.36 (KHTML, like Gecko) Chrome/142.0.0.0 Mobile Safari/537.36"
104.22.1.193 - - [10/Jan/2026:04:32:59 +0300] "GET /?e=01275927128a3 HTTP/1.0" 200 20016 "-" "Mozilla/5.0 (Linux; Android 6.0.1; Nexus 5X Build/MMB29P) AppleWebKit/537.36 (KHTML, like Gecko) Chrome/143.0.7499.192 Mobile Safari/537.36 (compatible; Googlebot/2.1; +http://www.google.com/bot.html)"
172.71.184.224 - - [10/Jan/2026:04:33:18 +0300] "GET / HTTP/1.0" 200 2894 "-" "Mozilla/5.0 (Linux; Android 10; K) AppleWebKit/537.36 (KHTML, like Gecko) Chrome/143.0.0.0 Mobile Safari/537.36"
172.68.10.116 - - [10/Jan/2026:04:33:18 +0300] "GET /favicon.ico HTTP/1.0" 404 453 "https://stefanos.ru/" "Mozilla/5.0 (Linux; Android 10; K) AppleWebKit/537.36 (KHTML, like Gecko) Chrome/143.0.0.0 Mobile Safari/537.36"
172.71.184.224 - - [10/Jan/2026:04:33:30 +0300] "GET / HTTP/1.0" 200 2894 "-" "Mozilla/5.0 (Linux; Android 10; K) AppleWebKit/537.36 (KHTML, like Gecko) Chrome/143.0.0.0 Mobile Safari/537.36"
172.69.192.142 - - [10/Jan/2026:04:33:43 +0300] "GET / HTTP/1.0" 200 2894 "-" "Mozilla/5.0 (Linux; Android 10; K) AppleWebKit/537.36 (KHTML, like Gecko) Chrome/140.0.0.0 Mobile Safari/537.36"
172.69.192.142 - - [10/Jan/2026:04:33:57 +0300] "GET / HTTP/1.0" 200 2894 "-" "Mozilla/5.0 (Linux; Android 10; K) AppleWebKit/537.36 (KHTML, like Gecko) Chrome/143.0.0.0 Mobile Safari/537.36"
104.22.24.211 - - [10/Jan/2026:04:34:18 +0300] "GET /?GameID=2026-01-10/3853.html HTTP/1.0" 200 35242 "-" "Mozilla/5.0 (Linux; Android 6.0.1; Nexus 5X Build/MMB29P) AppleWebKit/537.36 (KHTML, like Gecko) Chrome/143.0.7499.192 Mobile Safari/537.36 (compatible; Googlebot/2.1; +http://www.google.com/bot.html)"
104.22.24.211 - - [10/Jan/2026:04:34:24 +0300] "GET /?ID=1655.html HTTP/1.0" 200 10296 "https://stefanos.ru/?GameID=2026-01-10/3853.html" "Mozilla/5.0 (Linux; Android 6.0.1; Nexus 5X Build/MMB29P) AppleWebKit/537.36 (KHTML, like Gecko) Chrome/143.0.7499.192 Mobile Safari/537.36 (compatible; Googlebot/2.1; +http://www.google.com/bot.html)"
104.22.1.192 - - [10/Jan/2026:04:34:26 +0300] "GET /?ID=1066.html HTTP/1.0" 200 49659 "https://stefanos.ru/?GameID=2026-01-10/3853.html" "Mozilla/5.0 (Linux; Android 6.0.1; Nexus 5X Build/MMB29P) AppleWebKit/537.36 (KHTML, like Gecko) Chrome/143.0.7499.192 Mobile Safari/537.36 (compatible; Googlebot/2.1; +http://www.google.com/bot.html)"
172.71.184.225 - - [10/Jan/2026:04:35:15 +0300] "GET / HTTP/1.0" 200 2894 "-" "https://reg.ru monitoring abuse@reg.ru"
104.22.1.193 - - [10/Jan/2026:04:35:43 +0300] "GET /?GameID=2026-01-10/3945.html HTTP/1.0" 200 49706 "-" "Mozilla/5.0 (Linux; Android 6.0.1; Nexus 5X Build/MMB29P) AppleWebKit/537.36 (KHTML, like Gecko) Chrome/143.0.7499.192 Mobile Safari/537.36 (compatible; Googlebot/2.1; +http://www.google.com/bot.html)"
172.68.10.115 - - [10/Jan/2026:04:36:34 +0300] "GET / HTTP/1.0" 200 2894 "-" "Mozilla/5.0 (Linux; Android 10; K) AppleWebKit/537.36 (KHTML, like Gecko) Chrome/143.0.0.0 Mobile Safari/537.36"
172.68.10.117 - - [10/Jan/2026:04:36:35 +0300] "GET /favicon.ico HTTP/1.0" 404 453 "https://stefanos.ru/" "Mozilla/5.0 (Linux; Android 10; K) AppleWebKit/537.36 (KHTML, like Gecko) Chrome/143.0.0.0 Mobile Safari/537.36"
162.158.182.138 - - [10/Jan/2026:04:37:06 +0300] "GET / HTTP/1.0" 200 2894 "-" "Mozilla/5.0 (Linux; Android 11; SAMSUNG SM-T385) AppleWebKit/537.36 (KHTML, like Gecko) Chrome/132.0.6834.164 Mobile Safari/537.36"
162.158.183.60 - - [10/Jan/2026:04:37:07 +0300] "GET /favicon.ico HTTP/1.0" 404 453 "https://stefanos.ru/" "Mozilla/5.0 (Linux; Android 11; SAMSUNG SM-T385) AppleWebKit/537.36 (KHTML, like Gecko) Chrome/132.0.6834.164 Mobile Safari/537.36"
172.70.243.103 - - [10/Jan/2026:04:37:12 +0300] "GET / HTTP/1.0" 200 2894 "-" "Mozilla/5.0 (Linux; Android 10; K) AppleWebKit/537.36 (KHTML, like Gecko) Chrome/143.0.0.0 Mobile Safari/537.36"
172.71.164.232 - - [10/Jan/2026:04:37:13 +0300] "GET /favicon.ico HTTP/1.0" 404 453 "https://stefanos.ru/" "Mozilla/5.0 (Linux; Android 10; K) AppleWebKit/537.36 (KHTML, like Gecko) Chrome/143.0.0.0 Mobile Safari/537.36"
172.68.10.115 - - [10/Jan/2026:04:37:19 +0300] "GET / HTTP/1.0" 200 2894 "-" "https://reg.ru monitoring abuse@reg.ru"
172.71.247.32 - - [10/Jan/2026:04:37:48 +0300] "GET / HTTP/1.0" 200 2894 "-" "Mozilla/5.0 (Linux; Android 10; K) AppleWebKit/537.36 (KHTML, like Gecko) Chrome/143.0.0.0 Mobile Safari/537.36"
108.162.238.4 - - [10/Jan/2026:04:38:11 +0300] "GET /?e=1526867786723 HTTP/1.0" 200 19323 "-" "Mozilla/5.0 (Linux; Android 6.0.1; Nexus 5X Build/MMB29P) AppleWebKit/537.36 (KHTML, like Gecko) Chrome/143.0.7499.192 Mobile Safari/537.36 (compatible; Googlebot/2.1; +http://www.google.com/bot.html)"
162.158.182.139 - - [10/Jan/2026:04:38:12 +0300] "GET / HTTP/1.0" 200 2894 "-" "https://reg.ru monitoring abuse@reg.ru"
108.162.238.4 - - [10/Jan/2026:04:39:09 +0300] "GET /?e=004645494bc428 HTTP/1.0" 200 48922 "-" "Mozilla/5.0 (Linux; Android 6.0.1; Nexus 5X Build/MMB29P) AppleWebKit/537.36 (KHTML, like Gecko) Chrome/143.0.7499.192 Mobile Safari/537.36 (compatible; Googlebot/2.1; +http://www.google.com/bot.html)"
172.68.10.115 - - [10/Jan/2026:04:40:19 +0300] "GET / HTTP/1.0" 200 2894 "-" "https://reg.ru monitoring abuse@reg.ru"
104.23.239.48 - - [10/Jan/2026:04:41:13 +0300] "GET / HTTP/1.0" 200 2894 "-" "Mozilla/5.0 (Linux; Android 10; K) AppleWebKit/537.36 (KHTML, like Gecko) Chrome/143.0.0.0 Mobile Safari/537.36"
172.71.164.233 - - [10/Jan/2026:04:41:15 +0300] "GET /favicon.ico HTTP/1.0" 404 453 "https://stefanos.ru/" "Mozilla/5.0 (Linux; Android 10; K) AppleWebKit/537.36 (KHTML, like Gecko) Chrome/143.0.0.0 Mobile Safari/537.36"
104.22.1.192 - - [10/Jan/2026:04:41:14 +0300] "GET /?GameID=2026-01-10/brvmiq.html HTTP/1.0" 200 35429 "-" "Mozilla/5.0 (Linux; Android 6.0.1; Nexus 5X Build/MMB29P) AppleWebKit/537.36 (KHTML, like Gecko) Chrome/143.0.7499.192 Mobile Safari/537.36 (compatible; Googlebot/2.1; +http://www.google.com/bot.html)"
