172.71.22.29 - - [10/Jan/2026:06:06:40 +0300] "GET /?e=04175827d776e HTTP/1.0" 200 19746 "-" "Mozilla/5.0 (Linux; Android 6.0.1; Nexus 5X Build/MMB29P) AppleWebKit/537.36 (KHTML, like Gecko) Chrome/143.0.7499.192 Mobile Safari/537.36 (compatible; Googlebot/2.1; +http://www.google.com/bot.html)"
172.71.184.225 - - [10/Jan/2026:06:07:03 +0300] "GET / HTTP/1.0" 200 2894 "-" "https://reg.ru monitoring abuse@reg.ru"
172.71.22.29 - - [10/Jan/2026:06:07:10 +0300] "GET /?e=06269228f589d HTTP/1.0" 200 19426 "-" "Mozilla/5.0 (Linux; Android 6.0.1; Nexus 5X Build/MMB29P) AppleWebKit/537.36 (KHTML, like Gecko) Chrome/143.0.7499.192 Mobile Safari/537.36 (compatible; Googlebot/2.1; +http://www.google.com/bot.html)"
172.71.22.29 - - [10/Jan/2026:06:07:24 +0300] "GET /?GameID=2026-01-06/799.html HTTP/1.0" 200 35037 "-" "Mozilla/5.0 (Linux; Android 6.0.1; Nexus 5X Build/MMB29P) AppleWebKit/537.36 (KHTML, like Gecko) Chrome/143.0.7499.192 Mobile Safari/537.36 (compatible; Googlebot/2.1; +http://www.google.com/bot.html)"
172.71.22.29 - - [10/Jan/2026:06:07:27 +0300] "GET /?GameID=2026-01-10/yekpuc.html HTTP/1.0" 200 20129 "https://stefanos.ru/?GameID=2026-01-06/799.html" "Mozilla/5.0 (Linux; Android 6.0.1; Nexus 5X Build/MMB29P) AppleWebKit/537.36 (KHTML, like Gecko) Chrome/143.0.7499.169 Mobile Safari/537.36 (compatible; Googlebot/2.1; +http://www.google.com/bot.html)"
172.68.70.157 - - [10/Jan/2026:06:07:29 +0300] "GET /?GameID=2026-01-10/nxfbqq.html HTTP/1.0" 200 9720 "https://stefanos.ru/?GameID=2026-01-06/799.html" "Mozilla/5.0 (Linux; Android 6.0.1; Nexus 5X Build/MMB29P) AppleWebKit/537.36 (KHTML, like Gecko) Chrome/143.0.7499.169 Mobile Safari/537.36 (compatible; Googlebot/2.1; +http://www.google.com/bot.html)"
172.68.70.157 - - [10/Jan/2026:06:07:30 +0300] "GET /?GameID=2026-01-10/ujlncb.html HTTP/1.0" 200 49629 "https://stefanos.ru/?GameID=2026-01-06/799.html" "Mozilla/5.0 (Linux; Android 6.0.1; Nexus 5X Build/MMB29P) AppleWebKit/537.36 (KHTML, like Gecko) Chrome/143.0.7499.169 Mobile Safari/537.36 (compatible; Googlebot/2.1; +http://www.google.com/bot.html)"
172.69.50.234 - - [10/Jan/2026:06:07:40 +0300] "GET / HTTP/1.0" 200 2894 "-" "Mozilla/5.0 (Linux; Android 10; K) AppleWebKit/537.36 (KHTML, like Gecko) Chrome/143.0.0.0 Mobile Safari/537.36"
172.68.10.116 - - [10/Jan/2026:06:07:41 +0300] "GET /favicon.ico HTTP/1.0" 404 453 "https://stefanos.ru/" "Mozilla/5.0 (Linux; Android 10; K) AppleWebKit/537.36 (KHTML, like Gecko) Chrome/143.0.0.0 Mobile Safari/537.36"
172.64.200.210 - - [10/Jan/2026:06:08:04 +0300] "GET / HTTP/1.0" 200 2894 "-" "Mozilla/5.0 (Linux; Android 10; K) AppleWebKit/537.36 (KHTML, like Gecko) Chrome/143.0.0.0 Mobile Safari/537.36"
104.22.24.211 - - [10/Jan/2026:06:08:07 +0300] "GET /?e=062698792ea2a HTTP/1.0" 200 19195 "-" "Mozilla/5.0 (Linux; Android 6.0.1; Nexus 5X Build/MMB29P) AppleWebKit/537.36 (KHTML, like Gecko) Chrome/143.0.7499.192 Mobile Safari/537.36 (compatible; Googlebot/2.1; +http://www.google.com/bot.html)"
104.22.24.211 - - [10/Jan/2026:06:08:08 +0300] "GET /?e=0417432197ca8 HTTP/1.0" 200 19403 "-" "Mozilla/5.0 (Linux; Android 6.0.1; Nexus 5X Build/MMB29P) AppleWebKit/537.36 (KHTML, like Gecko) Chrome/143.0.7499.192 Mobile Safari/537.36 (compatible; Googlebot/2.1; +http://www.google.com/bot.html)"
172.71.184.225 - - [10/Jan/2026:06:09:32 +0300] "GET / HTTP/1.0" 200 2894 "-" "https://reg.ru monitoring abuse@reg.ru"
104.23.217.169 - - [10/Jan/2026:06:10:26 +0300] "GET / HTTP/1.0" 200 2894 "-" "https://reg.ru monitoring abuse@reg.ru"
104.22.24.210 - - [10/Jan/2026:06:10:31 +0300] "GET /?e=031850059ef15fc HTTP/1.0" 200 51063 "-" "Mozilla/5.0 (Linux; Android 6.0.1; Nexus 5X Build/MMB29P) AppleWebKit/537.36 (KHTML, like Gecko) Chrome/143.0.7499.192 Mobile Safari/537.36 (compatible; Googlebot/2.1; +http://www.google.com/bot.html)"
172.64.200.210 - - [10/Jan/2026:06:10:48 +0300] "GET / HTTP/1.0" 200 2894 "-" "Mozilla/5.0 (Linux; Android 10; K) AppleWebKit/537.36 (KHTML, like Gecko) Chrome/136.0.0.0 Mobile Safari/537.36"
172.64.198.86 - - [10/Jan/2026:06:10:49 +0300] "GET /favicon.ico HTTP/1.0" 404 453 "https://stefanos.ru/" "Mozilla/5.0 (Linux; Android 10; K) AppleWebKit/537.36 (KHTML, like Gecko) Chrome/136.0.0.0 Mobile Safari/537.36"
104.22.1.192 - - [10/Jan/2026:06:11:29 +0300] "GET /?GameID=2026-01-10/359.html HTTP/1.0" 200 19043 "-" "Mozilla/5.0 (Linux; Android 6.0.1; Nexus 5X Build/MMB29P) AppleWebKit/537.36 (KHTML, like Gecko) Chrome/143.0.7499.192 Mobile Safari/537.36 (compatible; Googlebot/2.1; +http://www.google.com/bot.html)"
172.71.184.225 - - [10/Jan/2026:06:12:04 +0300] "GET / HTTP/1.0" 200 2894 "-" "https://reg.ru monitoring abuse@reg.ru"
172.68.10.115 - - [10/Jan/2026:06:13:42 +0300] "GET / HTTP/1.0" 200 2894 "-" "Mozilla/5.0 (Linux; Android 10; K) AppleWebKit/537.36 (KHTML, like Gecko) Chrome/143.0.0.0 Mobile Safari/537.36"
172.70.247.187 - - [10/Jan/2026:06:13:46 +0300] "GET / HTTP/1.0" 200 2894 "-" "Mozilla/5.0 (iPhone; CPU iPhone OS 16_7_2 like Mac OS X) AppleWebKit/605.1.15 (KHTML, like Gecko) CriOS/143.0.7499.110 Mobile/15E148 Safari/604.1"
172.71.164.232 - - [10/Jan/2026:06:13:48 +0300] "GET /favicon.ico HTTP/1.0" 404 453 "https://stefanos.ru/" "Mozilla/5.0 (iPhone; CPU iPhone OS 16_7_2 like Mac OS X) AppleWebKit/605.1.15 (KHTML, like Gecko) CriOS/143.0.7499.110 Mobile/15E148 Safari/604.1"
104.23.245.48 - - [10/Jan/2026:06:14:23 +0300] "GET /?e=10803886f6b8d HTTP/1.0" 200 9051 "-" "Mozilla/5.0 (Linux; Android 6.0.1; Nexus 5X Build/MMB29P) AppleWebKit/537.36 (KHTML, like Gecko) Chrome/143.0.7499.192 Mobile Safari/537.36 (compatible; Googlebot/2.1; +http://www.google.com/bot.html)"
172.68.10.115 - - [10/Jan/2026:06:14:41 +0300] "GET / HTTP/1.0" 200 2894 "-" "https://reg.ru monitoring abuse@reg.ru"
172.70.251.241 - - [10/Jan/2026:06:14:51 +0300] "GET / HTTP/1.0" 200 2894 "-" "Mozilla/5.0 (Linux; Android 10; K) AppleWebKit/537.36 (KHTML, like Gecko) Chrome/142.0.0.0 Mobile Safari/537.36"
104.23.223.115 - - [10/Jan/2026:06:15:32 +0300] "GET / HTTP/1.0" 200 2894 "-" "https://reg.ru monitoring abuse@reg.ru"
172.70.251.241 - - [10/Jan/2026:06:16:05 +0300] "GET /d-sv.html HTTP/1.0" 200 3738 "-" "Mozilla/5.0 (iPhone; CPU iPhone OS 13_2_3 like Mac OS X) AppleWebKit/605.1.15 (KHTML, like Gecko) Version/13.0.3 Mobile/15E148 Safari/604.1"
172.68.10.114 - - [10/Jan/2026:06:17:09 +0300] "GET / HTTP/1.0" 200 2894 "-" "https://reg.ru monitoring abuse@reg.ru"
108.162.238.4 - - [10/Jan/2026:06:17:16 +0300] "GET /?e=04268425312ad HTTP/1.0" 200 8771 "-" "Mozilla/5.0 (Linux; Android 6.0.1; Nexus 5X Build/MMB29P) AppleWebKit/537.36 (KHTML, like Gecko) Chrome/143.0.7499.192 Mobile Safari/537.36 (compatible; Googlebot/2.1; +http://www.google.com/bot.html)"
104.23.223.71 - - [10/Jan/2026:06:17:23 +0300] "GET /?e=0127647b02a99 HTTP/1.0" 200 9346 "-" "Mozilla/5.0 (Linux; Android 6.0.1; Nexus 5X Build/MMB29P) AppleWebKit/537.36 (KHTML, like Gecko) Chrome/143.0.7499.192 Mobile Safari/537.36 (compatible; Googlebot/2.1; +http://www.google.com/bot.html)"
108.162.238.4 - - [10/Jan/2026:06:17:24 +0300] "GET /?e=07160557325641a HTTP/1.0" 200 49724 "-" "Mozilla/5.0 (Linux; Android 6.0.1; Nexus 5X Build/MMB29P) AppleWebKit/537.36 (KHTML, like Gecko) Chrome/143.0.7499.192 Mobile Safari/537.36 (compatible; Googlebot/2.1; +http://www.google.com/bot.html)"
108.162.238.4 - - [10/Jan/2026:06:17:48 +0300] "GET /?e=0427077ca8819 HTTP/1.0" 200 26558 "-" "Mozilla/5.0 (Linux; Android 6.0.1; Nexus 5X Build/MMB29P) AppleWebKit/537.36 (KHTML, like Gecko) Chrome/143.0.7499.192 Mobile Safari/537.36 (compatible; Googlebot/2.1; +http://www.google.com/bot.html)"
104.23.223.110 - - [10/Jan/2026:06:18:17 +0300] "GET /?e=052186798164091 HTTP/1.0" 200 2894 "-" "Mozilla/5.0 (Linux; Android 6.0.1; Nexus 5X Build/MMB29P) AppleWebKit/537.36 (KHTML, like Gecko) Chrome/143.0.7499.192 Mobile Safari/537.36 (compatible; GoogleOther)"
104.23.223.37 - - [10/Jan/2026:06:18:19 +0300] "GET /?e=03879957e3e87 HTTP/1.0" 200 2894 "-" "Mozilla/5.0 (Linux; Android 6.0.1; Nexus 5X Build/MMB29P) AppleWebKit/537.36 (KHTML, like Gecko) Chrome/143.0.7499.192 Mobile Safari/537.36 (compatible; GoogleOther)"
172.69.192.142 - - [10/Jan/2026:06:19:14 +0300] "GET / HTTP/1.0" 200 2894 "-" "Mozilla/5.0 (Linux; Android 10; K) AppleWebKit/537.36 (KHTML, like Gecko) Chrome/136.0.0.0 Mobile Safari/537.36"
162.158.48.132 - - [10/Jan/2026:06:19:16 +0300] "GET /favicon.ico HTTP/1.0" 404 453 "https://stefanos.ru/" "Mozilla/5.0 (Linux; Android 10; K) AppleWebKit/537.36 (KHTML, like Gecko) Chrome/136.0.0.0 Mobile Safari/537.36"
172.70.251.242 - - [10/Jan/2026:06:19:20 +0300] "GET / HTTP/1.0" 200 2894 "-" "Mozilla/5.0 (Linux; Android 10; K) AppleWebKit/537.36 (KHTML, like Gecko) Chrome/143.0.0.0 Mobile Safari/537.36"
172.71.164.233 - - [10/Jan/2026:06:19:22 +0300] "GET /favicon.ico HTTP/1.0" 404 453 "https://stefanos.ru/" "Mozilla/5.0 (Linux; Android 10; K) AppleWebKit/537.36 (KHTML, like Gecko) Chrome/143.0.0.0 Mobile Safari/537.36"
108.162.246.200 - - [10/Jan/2026:06:19:43 +0300] "GET /catalog/man/002.html HTTP/1.0" 200 2066 "-" "Mozilla/5.0 (compatible; DotBot/1.2; +https://opensiteexplorer.org/dotbot; help@moz.com)"
172.71.184.225 - - [10/Jan/2026:06:19:52 +0300] "GET / HTTP/1.0" 200 2894 "-" "https://reg.ru monitoring abuse@reg.ru"
172.71.164.72 - - [10/Jan/2026:06:20:05 +0300] "GET / HTTP/1.0" 200 2894 "-" "Mozilla/5.0 (Linux; Android 10; K) AppleWebKit/537.36 (KHTML, like Gecko) Chrome/136.0.0.0 Mobile Safari/537.36"
172.71.144.65 - - [10/Jan/2026:06:20:32 +0300] "GET / HTTP/1.0" 200 2894 "-" "Mozilla/5.0 (Linux; Android 10; K) AppleWebKit/537.36 (KHTML, like Gecko) Chrome/143.0.0.0 Mobile Safari/537.36"
104.23.221.198 - - [10/Jan/2026:06:20:46 +0300] "GET / HTTP/1.0" 200 2894 "-" "https://reg.ru monitoring abuse@reg.ru"
172.71.148.12 - - [10/Jan/2026:06:22:05 +0300] "GET / HTTP/1.0" 200 2894 "-" "Mozilla/5.0 (iPhone; CPU iPhone OS 17_1 like Mac OS X) AppleWebKit/605.1.15 (KHTML, like Gecko) CriOS/136.0.7103.125 Mobile/15E148 Safari/604.1"
172.68.70.157 - - [10/Jan/2026:06:22:16 +0300] "GET /?e=0927467431311 HTTP/1.0" 200 19767 "-" "Mozilla/5.0 (Linux; Android 6.0.1; Nexus 5X Build/MMB29P) AppleWebKit/537.36 (KHTML, like Gecko) Chrome/143.0.7499.192 Mobile Safari/537.36 (compatible; Googlebot/2.1; +http://www.google.com/bot.html)"
172.71.184.225 - - [10/Jan/2026:06:22:17 +0300] "GET / HTTP/1.0" 200 2894 "-" "https://reg.ru monitoring abuse@reg.ru"
104.23.245.48 - - [10/Jan/2026:06:22:21 +0300] "GET /?e=0816086420b04b0 HTTP/1.0" 200 51683 "-" "Mozilla/5.0 (Linux; Android 6.0.1; Nexus 5X Build/MMB29P) AppleWebKit/537.36 (KHTML, like Gecko) Chrome/143.0.7499.192 Mobile Safari/537.36 (compatible; Googlebot/2.1; +http://www.google.com/bot.html)"
104.23.245.48 - - [10/Jan/2026:06:22:22 +0300] "GET /?e=0088365273ba8 HTTP/1.0" 200 10102 "-" "Mozilla/5.0 (Linux; Android 6.0.1; Nexus 5X Build/MMB29P) AppleWebKit/537.36 (KHTML, like Gecko) Chrome/143.0.7499.192 Mobile Safari/537.36 (compatible; Googlebot/2.1; +http://www.google.com/bot.html)"
172.69.192.142 - - [10/Jan/2026:06:22:55 +0300] "GET / HTTP/1.0" 200 2894 "-" "Mozilla/5.0 (Linux; Android 13; TECNO AD11) AppleWebKit/537.36 (KHTML, like Gecko) Chrome/143.0.7499.52 Mobile Safari/537.36"
162.158.48.133 - - [10/Jan/2026:06:22:56 +0300] "GET /favicon.ico HTTP/1.0" 404 453 "https://stefanos.ru/" "Mozilla/5.0 (Linux; Android 13; TECNO AD11) AppleWebKit/537.36 (KHTML, like Gecko) Chrome/143.0.7499.52 Mobile Safari/537.36"
172.64.200.210 - - [10/Jan/2026:06:23:19 +0300] "GET / HTTP/1.0" 200 2894 "-" "Mozilla/5.0 (Linux; Android 10; K) AppleWebKit/537.36 (KHTML, like Gecko) Chrome/139.0.0.0 Mobile Safari/537.36"
172.64.198.87 - - [10/Jan/2026:06:23:20 +0300] "GET /favicon.ico HTTP/1.0" 404 453 "https://stefanos.ru/" "Mozilla/5.0 (Linux; Android 10; K) AppleWebKit/537.36 (KHTML, like Gecko) Chrome/139.0.0.0 Mobile Safari/537.36"
172.68.70.157 - - [10/Jan/2026:06:23:51 +0300] "GET /?e=05142440b6a9dd HTTP/1.0" 200 35034 "-" "Mozilla/5.0 (Linux; Android 6.0.1; Nexus 5X Build/MMB29P) AppleWebKit/537.36 (KHTML, like Gecko) Chrome/143.0.7499.192 Mobile Safari/537.36 (compatible; Googlebot/2.1; +http://www.google.com/bot.html)"
104.22.1.192 - - [10/Jan/2026:06:23:55 +0300] "GET /?ID=9896.html HTTP/1.0" 200 11035 "https://stefanos.ru/?e=05142440b6a9dd" "Mozilla/5.0 (Linux; Android 6.0.1; Nexus 5X Build/MMB29P) AppleWebKit/537.36 (KHTML, like Gecko) Chrome/143.0.7499.169 Mobile Safari/537.36 (compatible; Googlebot/2.1; +http://www.google.com/bot.html)"
104.22.1.192 - - [10/Jan/2026:06:23:56 +0300] "GET /?ID=9188.html HTTP/1.0" 200 35720 "https://stefanos.ru/?e=05142440b6a9dd" "Mozilla/5.0 (Linux; Android 6.0.1; Nexus 5X Build/MMB29P) AppleWebKit/537.36 (KHTML, like Gecko) Chrome/143.0.7499.169 Mobile Safari/537.36 (compatible; Googlebot/2.1; +http://www.google.com/bot.html)"
104.23.221.198 - - [10/Jan/2026:06:24:19 +0300] "GET / HTTP/1.0" 200 2894 "-" "Mozilla/5.0 (Windows NT 10.0; Win64; x64) AppleWebKit/537.36 (KHTML, like Gecko) Chrome/132.0.6834.159 YaBrowser/24.1.5.736 Safari/537.36"
162.158.183.60 - - [10/Jan/2026:06:24:24 +0300] "GET /favicon.ico HTTP/1.0" 404 453 "https://stefanos.ru/" "Mozilla/5.0 (Windows NT 10.0; Win64; x64) AppleWebKit/537.36 (KHTML, like Gecko) Chrome/132.0.6834.159 YaBrowser/24.1.5.736 Safari/537.36"
104.23.245.48 - - [10/Jan/2026:06:24:25 +0300] "GET /?e=0127492b2d6dd HTTP/1.0" 200 9468 "-" "Mozilla/5.0 (Linux; Android 6.0.1; Nexus 5X Build/MMB29P) AppleWebKit/537.36 (KHTML, like Gecko) Chrome/143.0.7499.192 Mobile Safari/537.36 (compatible; Googlebot/2.1; +http://www.google.com/bot.html)"
172.71.164.73 - - [10/Jan/2026:06:24:25 +0300] "GET / HTTP/1.0" 200 2894 "-" "Mozilla/5.0 (Linux; Android 10; K) AppleWebKit/537.36 (KHTML, like Gecko) Chrome/140.0.0.0 Mobile Safari/537.36"
172.71.164.232 - - [10/Jan/2026:06:24:26 +0300] "GET /favicon.ico HTTP/1.0" 404 453 "https://stefanos.ru/" "Mozilla/5.0 (Linux; Android 10; K) AppleWebKit/537.36 (KHTML, like Gecko) Chrome/140.0.0.0 Mobile Safari/537.36"
104.22.1.192 - - [10/Jan/2026:06:24:28 +0300] "GET /?e=112770288d8d4 HTTP/1.0" 200 34652 "-" "Mozilla/5.0 (Linux; Android 6.0.1; Nexus 5X Build/MMB29P) AppleWebKit/537.36 (KHTML, like Gecko) Chrome/143.0.7499.192 Mobile Safari/537.36 (compatible; Googlebot/2.1; +http://www.google.com/bot.html)"
172.69.50.235 - - [10/Jan/2026:06:25:00 +0300] "GET / HTTP/1.0" 200 2894 "-" "https://reg.ru monitoring abuse@reg.ru"
104.22.1.192 - - [10/Jan/2026:06:25:19 +0300] "GET /?e=02143353945dc8 HTTP/1.0" 200 49329 "-" "Mozilla/5.0 (Linux; Android 6.0.1; Nexus 5X Build/MMB29P) AppleWebKit/537.36 (KHTML, like Gecko) Chrome/143.0.7499.192 Mobile Safari/537.36 (compatible; Googlebot/2.1; +http://www.google.com/bot.html)"
104.23.245.48 - - [10/Jan/2026:06:25:46 +0300] "GET /?e=0778951b56ddd HTTP/1.0" 200 9380 "-" "Mozilla/5.0 (Linux; Android 6.0.1; Nexus 5X Build/MMB29P) AppleWebKit/537.36 (KHTML, like Gecko) Chrome/143.0.7499.192 Mobile Safari/537.36 (compatible; Googlebot/2.1; +http://www.google.com/bot.html)"
104.23.223.114 - - [10/Jan/2026:06:25:53 +0300] "GET / HTTP/1.0" 200 2894 "-" "https://reg.ru monitoring abuse@reg.ru"
172.68.70.157 - - [10/Jan/2026:06:26:12 +0300] "GET /?e=09273572d4e26 HTTP/1.0" 200 49906 "-" "Mozilla/5.0 (Linux; Android 6.0.1; Nexus 5X Build/MMB29P) AppleWebKit/537.36 (KHTML, like Gecko) Chrome/143.0.7499.192 Mobile Safari/537.36 (compatible; Googlebot/2.1; +http://www.google.com/bot.html)"
172.68.211.41 - - [10/Jan/2026:06:26:14 +0300] "GET /mask.html HTTP/1.0" 200 2541 "-" "Mozilla/5.0 (iPhone; CPU iPhone OS 13_2_3 like Mac OS X) AppleWebKit/605.1.15 (KHTML, like Gecko) Version/13.0.3 Mobile/15E148 Safari/604.1"
172.70.35.157 - - [10/Jan/2026:06:26:26 +0300] "GET /robots.txt HTTP/1.1" 304 0 "-" "Mozilla/5.0 (Macintosh; Intel Mac OS X 10_15_7) AppleWebKit/605.1.15 (KHTML, like Gecko) Version/17.4 Safari/605.1.15 (Applebot/0.1; +http://www.apple.com/go/applebot)"
104.23.209.115 - - [10/Jan/2026:06:26:27 +0300] "GET /?e=03866233f81166 HTTP/1.0" 200 2894 "-" "Mozilla/5.0 (Macintosh; Intel Mac OS X 10_15_7) AppleWebKit/605.1.15 (KHTML, like Gecko) Version/17.4 Safari/605.1.15 (Applebot/0.1; +http://www.apple.com/go/applebot)"
162.158.48.133 - - [10/Jan/2026:06:26:48 +0300] "GET /favicon.ico HTTP/1.0" 404 453 "https://stefanos.ru/" "Mozilla/5.0 (Linux; Android 10; K) AppleWebKit/537.36 (KHTML, like Gecko) Chrome/143.0.0.0 Mobile Safari/537.36"
172.68.10.114 - - [10/Jan/2026:06:27:22 +0300] "GET / HTTP/1.0" 200 2894 "-" "https://reg.ru monitoring abuse@reg.ru"
172.71.30.118 - - [10/Jan/2026:06:27:58 +0300] "GET /?e=092756211b9d9 HTTP/1.0" 200 20191 "-" "Mozilla/5.0 (Linux; Android 6.0.1; Nexus 5X Build/MMB29P) AppleWebKit/537.36 (KHTML, like Gecko) Chrome/143.0.7499.192 Mobile Safari/537.36 (compatible; Googlebot/2.1; +http://www.google.com/bot.html)"
172.69.22.138 - - [10/Jan/2026:06:28:32 +0300] "GET / HTTP/1.0" 200 2894 "http://stefanos.ru" "Mozilla/5.0 (iPhone; CPU iPhone OS 13_2_3 like Mac OS X) AppleWebKit/605.1.15 (KHTML, like Gecko) Version/13.0.3 Mobile/15E148 Safari/604.1"
172.68.10.114 - - [10/Jan/2026:06:28:50 +0300] "GET /?ysclid=mapfonslie331619574 HTTP/1.0" 200 2894 "-" "Mozilla/5.0 (Linux; Android 10; K) AppleWebKit/537.36 (KHTML, like Gecko) Chrome/143.0.0.0 Mobile Safari/537.36"
162.158.182.105 - - [10/Jan/2026:06:28:51 +0300] "GET / HTTP/1.0" 200 2894 "-" "Mozilla/5.0 (Linux; Android 10; K) AppleWebKit/537.36 (KHTML, like Gecko) Chrome/143.0.0.0 Mobile Safari/537.36"
172.68.10.116 - - [10/Jan/2026:06:28:51 +0300] "GET /favicon.ico HTTP/1.0" 404 453 "https://stefanos.ru/?ysclid=mapfonslie331619574" "Mozilla/5.0 (Linux; Android 10; K) AppleWebKit/537.36 (KHTML, like Gecko) Chrome/143.0.0.0 Mobile Safari/537.36"
172.71.184.225 - - [10/Jan/2026:06:30:11 +0300] "GET / HTTP/1.0" 200 2894 "-" "https://reg.ru monitoring abuse@reg.ru"
104.22.24.211 - - [10/Jan/2026:06:30:10 +0300] "GET /?e=0418493117f6e9c HTTP/1.0" 200 35982 "-" "Mozilla/5.0 (Linux; Android 6.0.1; Nexus 5X Build/MMB29P) AppleWebKit/537.36 (KHTML, like Gecko) Chrome/143.0.7499.192 Mobile Safari/537.36 (compatible; Googlebot/2.1; +http://www.google.com/bot.html)"
104.22.24.211 - - [10/Jan/2026:06:30:15 +0300] "GET /?GameID=3859.html HTTP/1.0" 200 9434 "https://stefanos.ru/?e=0418493117f6e9c" "Mozilla/5.0 (Linux; Android 6.0.1; Nexus 5X Build/MMB29P) AppleWebKit/537.36 (KHTML, like Gecko) Chrome/143.0.7499.169 Mobile Safari/537.36 (compatible; Googlebot/2.1; +http://www.google.com/bot.html)"
104.22.24.211 - - [10/Jan/2026:06:30:17 +0300] "GET /?GameID=3777.html HTTP/1.0" 200 19202 "https://stefanos.ru/?e=0418493117f6e9c" "Mozilla/5.0 (Linux; Android 6.0.1; Nexus 5X Build/MMB29P) AppleWebKit/537.36 (KHTML, like Gecko) Chrome/143.0.7499.169 Mobile Safari/537.36 (compatible; Googlebot/2.1; +http://www.google.com/bot.html)"
104.22.24.211 - - [10/Jan/2026:06:30:18 +0300] "GET /?GameID=3687.html HTTP/1.0" 200 36081 "https://stefanos.ru/?e=0418493117f6e9c" "Mozilla/5.0 (Linux; Android 6.0.1; Nexus 5X Build/MMB29P) AppleWebKit/537.36 (KHTML, like Gecko) Chrome/143.0.7499.169 Mobile Safari/537.36 (compatible; Googlebot/2.1; +http://www.google.com/bot.html)"
162.158.182.138 - - [10/Jan/2026:06:31:08 +0300] "GET / HTTP/1.0" 200 2894 "-" "https://reg.ru monitoring abuse@reg.ru"
104.22.24.211 - - [10/Jan/2026:06:31:16 +0300] "GET /?e=062718738a3f8 HTTP/1.0" 200 9974 "-" "Mozilla/5.0 (Linux; Android 6.0.1; Nexus 5X Build/MMB29P) AppleWebKit/537.36 (KHTML, like Gecko) Chrome/143.0.7499.192 Mobile Safari/537.36 (compatible; Googlebot/2.1; +http://www.google.com/bot.html)"
104.22.24.211 - - [10/Jan/2026:06:31:25 +0300] "GET /?e=012735297b654 HTTP/1.0" 200 35849 "-" "Mozilla/5.0 (Linux; Android 6.0.1; Nexus 5X Build/MMB29P) AppleWebKit/537.36 (KHTML, like Gecko) Chrome/143.0.7499.192 Mobile Safari/537.36 (compatible; Googlebot/2.1; +http://www.google.com/bot.html)"
104.22.24.211 - - [10/Jan/2026:06:31:26 +0300] "GET /?e=1127557eac245 HTTP/1.0" 200 19902 "-" "Mozilla/5.0 (Linux; Android 6.0.1; Nexus 5X Build/MMB29P) AppleWebKit/537.36 (KHTML, like Gecko) Chrome/143.0.7499.192 Mobile Safari/537.36 (compatible; Googlebot/2.1; +http://www.google.com/bot.html)"
172.68.10.115 - - [10/Jan/2026:06:31:31 +0300] "GET /?ysclid=mapegwmrag684687599 HTTP/1.0" 200 2894 "-" "Mozilla/5.0 (Linux; Android 10; K) AppleWebKit/537.36 (KHTML, like Gecko) Chrome/143.0.0.0 Mobile Safari/537.36"
104.22.24.211 - - [10/Jan/2026:06:31:38 +0300] "GET /?e=041924569d997ee HTTP/1.0" 200 9736 "-" "Mozilla/5.0 (Linux; Android 6.0.1; Nexus 5X Build/MMB29P) AppleWebKit/537.36 (KHTML, like Gecko) Chrome/143.0.7499.192 Mobile Safari/537.36 (compatible; Googlebot/2.1; +http://www.google.com/bot.html)"
104.22.24.211 - - [10/Jan/2026:06:31:47 +0300] "GET /?e=0427162b8e873 HTTP/1.0" 200 9435 "-" "Mozilla/5.0 (Linux; Android 6.0.1; Nexus 5X Build/MMB29P) AppleWebKit/537.36 (KHTML, like Gecko) Chrome/143.0.7499.192 Mobile Safari/537.36 (compatible; Googlebot/2.1; +http://www.google.com/bot.html)"
172.68.10.115 - - [10/Jan/2026:06:32:29 +0300] "GET / HTTP/1.0" 200 2894 "-" "https://reg.ru monitoring abuse@reg.ru"
172.68.10.115 - - [10/Jan/2026:06:33:06 +0300] "GET / HTTP/1.0" 200 2894 "-" "Mozilla/5.0 (Linux; Android 10; K) AppleWebKit/537.36 (KHTML, like Gecko) Chrome/123.0.0.0 Mobile Safari/537.36"
172.68.10.117 - - [10/Jan/2026:06:33:07 +0300] "GET /favicon.ico HTTP/1.0" 404 453 "https://stefanos.ru/" "Mozilla/5.0 (Linux; Android 10; K) AppleWebKit/537.36 (KHTML, like Gecko) Chrome/123.0.0.0 Mobile Safari/537.36"
172.71.30.119 - - [10/Jan/2026:06:34:03 +0300] "GET /?e=04192312752e29e HTTP/1.0" 200 12317 "-" "Mozilla/5.0 (Linux; Android 6.0.1; Nexus 5X Build/MMB29P) AppleWebKit/537.36 (KHTML, like Gecko) Chrome/143.0.7499.192 Mobile Safari/537.36 (compatible; Googlebot/2.1; +http://www.google.com/bot.html)"
172.69.192.142 - - [10/Jan/2026:06:34:23 +0300] "GET /?ysclid=maperretri619710340&utm_referrer=https://ya.ru/ HTTP/1.0" 200 2894 "-" "Mozilla/5.0 (Windows NT 10.0; Win64; x64) AppleWebKit/537.36 (KHTML, like Gecko) Chrome/143.0.7499.41 YaBrowser/24.1.4.827 Safari/537.36"
162.158.48.133 - - [10/Jan/2026:06:34:24 +0300] "GET /favicon.ico HTTP/1.0" 404 453 "https://stefanos.ru/?ysclid=maperretri619710340&utm_referrer=https://ya.ru/" "Mozilla/5.0 (Windows NT 10.0; Win64; x64) AppleWebKit/537.36 (KHTML, like Gecko) Chrome/143.0.7499.41 YaBrowser/24.1.4.827 Safari/537.36"
172.71.30.119 - - [10/Jan/2026:06:34:27 +0300] "GET /?e=1027272de433b HTTP/1.0" 200 19326 "-" "Mozilla/5.0 (Linux; Android 6.0.1; Nexus 5X Build/MMB29P) AppleWebKit/537.36 (KHTML, like Gecko) Chrome/143.0.7499.192 Mobile Safari/537.36 (compatible; Googlebot/2.1; +http://www.google.com/bot.html)"
162.158.94.164 - - [10/Jan/2026:06:35:14 +0300] "GET / HTTP/1.0" 200 2894 "-" "Mozilla/5.0 (Linux; Android 10; K) AppleWebKit/537.36 (KHTML, like Gecko) Chrome/143.0.0.0 Mobile Safari/537.36"
172.71.164.233 - - [10/Jan/2026:06:35:16 +0300] "GET /favicon.ico HTTP/1.0" 404 453 "https://stefanos.ru/" "Mozilla/5.0 (Linux; Android 10; K) AppleWebKit/537.36 (KHTML, like Gecko) Chrome/143.0.0.0 Mobile Safari/537.36"
172.71.184.225 - - [10/Jan/2026:06:35:25 +0300] "GET / HTTP/1.0" 200 2894 "-" "https://reg.ru monitoring abuse@reg.ru"
172.69.192.141 - - [10/Jan/2026:06:35:46 +0300] "GET / HTTP/1.0" 200 2894 "-" "Mozilla/5.0 (Linux; Android 10; K) AppleWebKit/537.36 (KHTML, like Gecko) Chrome/142.0.0.0 Mobile Safari/537.36"
104.23.223.114 - - [10/Jan/2026:06:36:15 +0300] "GET / HTTP/1.0" 200 2894 "-" "https://reg.ru monitoring abuse@reg.ru"
172.71.172.73 - - [10/Jan/2026:06:36:29 +0300] "GET /katalog.html HTTP/1.0" 200 2295 "-" "Mozilla/5.0 (iPhone; CPU iPhone OS 13_2_3 like Mac OS X) AppleWebKit/605.1.15 (KHTML, like Gecko) Version/13.0.3 Mobile/15E148 Safari/604.1"
104.22.1.192 - - [10/Jan/2026:06:36:59 +0300] "GET /?e=10141284b632de HTTP/1.0" 200 35447 "-" "Mozilla/5.0 (Linux; Android 6.0.1; Nexus 5X Build/MMB29P) AppleWebKit/537.36 (KHTML, like Gecko) Chrome/143.0.7499.192 Mobile Safari/537.36 (compatible; Googlebot/2.1; +http://www.google.com/bot.html)"
104.22.24.211 - - [10/Jan/2026:06:37:05 +0300] "GET /?ID=4823.html HTTP/1.0" 200 49985 "https://stefanos.ru/?e=10141284b632de" "Mozilla/5.0 (Linux; Android 6.0.1; Nexus 5X Build/MMB29P) AppleWebKit/537.36 (KHTML, like Gecko) Chrome/143.0.7499.169 Mobile Safari/537.36 (compatible; Googlebot/2.1; +http://www.google.com/bot.html)"
104.22.24.211 - - [10/Jan/2026:06:37:06 +0300] "GET /?ID=4908.html HTTP/1.0" 200 9301 "https://stefanos.ru/?e=10141284b632de" "Mozilla/5.0 (Linux; Android 6.0.1; Nexus 5X Build/MMB29P) AppleWebKit/537.36 (KHTML, like Gecko) Chrome/143.0.7499.169 Mobile Safari/537.36 (compatible; Googlebot/2.1; +http://www.google.com/bot.html)"
104.22.24.211 - - [10/Jan/2026:06:37:08 +0300] "GET /?ID=4870.html HTTP/1.0" 200 34469 "https://stefanos.ru/?e=10141284b632de" "Mozilla/5.0 (Linux; Android 6.0.1; Nexus 5X Build/MMB29P) AppleWebKit/537.36 (KHTML, like Gecko) Chrome/143.0.7499.169 Mobile Safari/537.36 (compatible; Googlebot/2.1; +http://www.google.com/bot.html)"
104.22.24.211 - - [10/Jan/2026:06:37:24 +0300] "GET /?e=01128156530fd5 HTTP/1.0" 200 19359 "-" "Mozilla/5.0 (Linux; Android 6.0.1; Nexus 5X Build/MMB29P) AppleWebKit/537.36 (KHTML, like Gecko) Chrome/143.0.7499.192 Mobile Safari/537.36 (compatible; Googlebot/2.1; +http://www.google.com/bot.html)"
172.69.50.235 - - [10/Jan/2026:06:37:34 +0300] "GET / HTTP/1.0" 200 2894 "-" "https://reg.ru monitoring abuse@reg.ru"
162.158.87.128 - - [10/Jan/2026:06:37:54 +0300] "GET / HTTP/1.0" 200 2894 "-" "Mozilla/5.0 (iPhone; CPU iPhone OS 16_4 like Mac OS X) AppleWebKit/605.1.15 (KHTML, like Gecko) CriOS/127.0.6533.106 Mobile/15E148 Safari/604.1"
104.22.24.211 - - [10/Jan/2026:06:38:08 +0300] "GET /?e=152722727b11e HTTP/1.0" 200 50741 "-" "Mozilla/5.0 (Linux; Android 6.0.1; Nexus 5X Build/MMB29P) AppleWebKit/537.36 (KHTML, like Gecko) Chrome/143.0.7499.192 Mobile Safari/537.36 (compatible; Googlebot/2.1; +http://www.google.com/bot.html)"
172.69.192.142 - - [10/Jan/2026:06:38:58 +0300] "GET / HTTP/1.0" 200 2894 "-" "Mozilla/5.0 (Linux; Android 10; K) AppleWebKit/537.36 (KHTML, like Gecko) Chrome/143.0.0.0 Mobile Safari/537.36"
162.158.48.132 - - [10/Jan/2026:06:38:59 +0300] "GET /favicon.ico HTTP/1.0" 404 453 "https://stefanos.ru/" "Mozilla/5.0 (Linux; Android 10; K) AppleWebKit/537.36 (KHTML, like Gecko) Chrome/143.0.0.0 Mobile Safari/537.36"
104.22.1.193 - - [10/Jan/2026:06:39:09 +0300] "GET /?e=0712213186eb78d HTTP/1.0" 200 20421 "-" "Mozilla/5.0 (Linux; Android 6.0.1; Nexus 5X Build/MMB29P) AppleWebKit/537.36 (KHTML, like Gecko) Chrome/143.0.7499.192 Mobile Safari/537.36 (compatible; Googlebot/2.1; +http://www.google.com/bot.html)"
104.22.24.210 - - [10/Jan/2026:06:39:22 +0300] "GET /?e=0621589201f7e HTTP/1.0" 200 20644 "-" "Mozilla/5.0 (Linux; Android 6.0.1; Nexus 5X Build/MMB29P) AppleWebKit/537.36 (KHTML, like Gecko) Chrome/143.0.7499.192 Mobile Safari/537.36 (compatible; Googlebot/2.1; +http://www.google.com/bot.html)"
104.22.24.210 - - [10/Jan/2026:06:39:24 +0300] "GET /?GameID=2026-01-10/858.html HTTP/1.0" 200 51045 "-" "Mozilla/5.0 (Linux; Android 6.0.1; Nexus 5X Build/MMB29P) AppleWebKit/537.36 (KHTML, like Gecko) Chrome/143.0.7499.192 Mobile Safari/537.36 (compatible; Googlebot/2.1; +http://www.google.com/bot.html)"
104.22.24.210 - - [10/Jan/2026:06:39:56 +0300] "GET /?e=05142264440e66 HTTP/1.0" 200 34280 "-" "Mozilla/5.0 (Linux; Android 6.0.1; Nexus 5X Build/MMB29P) AppleWebKit/537.36 (KHTML, like Gecko) Chrome/143.0.7499.192 Mobile Safari/537.36 (compatible; Googlebot/2.1; +http://www.google.com/bot.html)"
104.22.24.210 - - [10/Jan/2026:06:39:59 +0300] "GET /?ID=5980.html HTTP/1.0" 200 35741 "https://stefanos.ru/?e=05142264440e66" "Mozilla/5.0 (Linux; Android 6.0.1; Nexus 5X Build/MMB29P) AppleWebKit/537.36 (KHTML, like Gecko) Chrome/143.0.7499.169 Mobile Safari/537.36 (compatible; Googlebot/2.1; +http://www.google.com/bot.html)"
104.22.24.210 - - [10/Jan/2026:06:40:01 +0300] "GET /?ID=5633.html HTTP/1.0" 200 50480 "https://stefanos.ru/?e=05142264440e66" "Mozilla/5.0 (Linux; Android 6.0.1; Nexus 5X Build/MMB29P) AppleWebKit/537.36 (KHTML, like Gecko) Chrome/143.0.7499.169 Mobile Safari/537.36 (compatible; Googlebot/2.1; +http://www.google.com/bot.html)"
104.22.24.210 - - [10/Jan/2026:06:40:03 +0300] "GET /?ID=5670.html HTTP/1.0" 200 9540 "https://stefanos.ru/?e=05142264440e66" "Mozilla/5.0 (Linux; Android 6.0.1; Nexus 5X Build/MMB29P) AppleWebKit/537.36 (KHTML, like Gecko) Chrome/143.0.7499.169 Mobile Safari/537.36 (compatible; Googlebot/2.1; +http://www.google.com/bot.html)"
172.71.184.225 - - [10/Jan/2026:06:40:30 +0300] "GET / HTTP/1.0" 200 2894 "-" "https://reg.ru monitoring abuse@reg.ru"
104.22.24.210 - - [10/Jan/2026:06:40:57 +0300] "GET /?e=1127367c46c6c HTTP/1.0" 200 35572 "-" "Mozilla/5.0 (Linux; Android 6.0.1; Nexus 5X Build/MMB29P) AppleWebKit/537.36 (KHTML, like Gecko) Chrome/143.0.7499.192 Mobile Safari/537.36 (compatible; Googlebot/2.1; +http://www.google.com/bot.html)"
172.69.192.142 - - [10/Jan/2026:06:41:14 +0300] "GET / HTTP/1.0" 200 2894 "-" "Mozilla/5.0 (Windows NT 10.0 x64) AppleWebKit/537.36 (KHTML, like Gecko) Chrome/95.0.4638.5421 Safari/537.36"
104.23.221.199 - - [10/Jan/2026:06:41:18 +0300] "GET / HTTP/1.0" 200 2894 "-" "https://reg.ru monitoring abuse@reg.ru"
104.22.24.210 - - [10/Jan/2026:06:41:19 +0300] "GET /?e=0927532b6391b HTTP/1.0" 200 35835 "-" "Mozilla/5.0 (Linux; Android 6.0.1; Nexus 5X Build/MMB29P) AppleWebKit/537.36 (KHTML, like Gecko) Chrome/143.0.7499.192 Mobile Safari/537.36 (compatible; Googlebot/2.1; +http://www.google.com/bot.html)"
104.23.221.199 - - [10/Jan/2026:06:41:21 +0300] "GET / HTTP/1.0" 200 2894 "-" "Mozilla/5.0 (Windows NT 10.0; Win64; x64) AppleWebKit/537.36 (KHTML, like Gecko) Chrome/132.0.6834.112 YaBrowser/24.1.5.803 Safari/537.36"
162.158.183.59 - - [10/Jan/2026:06:41:22 +0300] "GET /favicon.ico HTTP/1.0" 404 453 "https://stefanos.ru/" "Mozilla/5.0 (Windows NT 10.0; Win64; x64) AppleWebKit/537.36 (KHTML, like Gecko) Chrome/132.0.6834.112 YaBrowser/24.1.5.803 Safari/537.36"
172.71.164.232 - - [10/Jan/2026:06:42:17 +0300] "GET /favicon.ico HTTP/1.0" 404 453 "https://stefanos.ru/" "Mozilla/5.0 (Linux; Android 10; K) AppleWebKit/537.36 (KHTML, like Gecko) Chrome/143.0.0.0 Mobile Safari/537.36"
104.22.1.193 - - [10/Jan/2026:06:42:19 +0300] "GET /?e=09273074bbdd8 HTTP/1.0" 200 51245 "-" "Mozilla/5.0 (Linux; Android 6.0.1; Nexus 5X Build/MMB29P) AppleWebKit/537.36 (KHTML, like Gecko) Chrome/143.0.7499.192 Mobile Safari/537.36 (compatible; Googlebot/2.1; +http://www.google.com/bot.html)"
104.22.24.211 - - [10/Jan/2026:06:42:27 +0300] "GET /?e=06270870c3628 HTTP/1.0" 200 50485 "-" "Mozilla/5.0 (Linux; Android 6.0.1; Nexus 5X Build/MMB29P) AppleWebKit/537.36 (KHTML, like Gecko) Chrome/143.0.7499.192 Mobile Safari/537.36 (compatible; Googlebot/2.1; +http://www.google.com/bot.html)"
172.71.184.224 - - [10/Jan/2026:06:42:40 +0300] "GET / HTTP/1.0" 200 2894 "-" "https://reg.ru monitoring abuse@reg.ru"
104.22.24.211 - - [10/Jan/2026:06:42:52 +0300] "GET /?e=12133131096f095 HTTP/1.0" 200 10111 "-" "Mozilla/5.0 (Linux; Android 6.0.1; Nexus 5X Build/MMB29P) AppleWebKit/537.36 (KHTML, like Gecko) Chrome/143.0.7499.192 Mobile Safari/537.36 (compatible; Googlebot/2.1; +http://www.google.com/bot.html)"
104.22.24.211 - - [10/Jan/2026:06:42:58 +0300] "GET /?e=0127402d5b943 HTTP/1.0" 200 57198 "-" "Mozilla/5.0 (Linux; Android 6.0.1; Nexus 5X Build/MMB29P) AppleWebKit/537.36 (KHTML, like Gecko) Chrome/143.0.7499.192 Mobile Safari/537.36 (compatible; Googlebot/2.1; +http://www.google.com/bot.html)"
172.69.192.142 - - [10/Jan/2026:06:43:37 +0300] "GET / HTTP/1.0" 200 2894 "-" "Mozilla/5.0 (Linux; Android 14; Redmi S2) AppleWebKit/537.36 (KHTML, like Gecko) Chrome/143.0.7499.109 Mobile Safari/537.36"
162.158.48.132 - - [10/Jan/2026:06:43:39 +0300] "GET /favicon.ico HTTP/1.0" 404 453 "https://stefanos.ru/" "Mozilla/5.0 (Linux; Android 14; Redmi S2) AppleWebKit/537.36 (KHTML, like Gecko) Chrome/143.0.7499.109 Mobile Safari/537.36"
104.23.221.199 - - [10/Jan/2026:06:44:14 +0300] "GET / HTTP/1.0" 200 2894 "-" "Mozilla/5.0 (Linux; Android 10; K) AppleWebKit/537.36 (KHTML, like Gecko) Chrome/143.0.0.0 Mobile Safari/537.36"
172.69.71.85 - - [10/Jan/2026:06:44:24 +0300] "GET /?e=15269572266b2 HTTP/1.0" 200 20165 "-" "Mozilla/5.0 (Linux; Android 6.0.1; Nexus 5X Build/MMB29P) AppleWebKit/537.36 (KHTML, like Gecko) Chrome/143.0.7499.192 Mobile Safari/537.36 (compatible; Googlebot/2.1; +http://www.google.com/bot.html)"
172.69.192.142 - - [10/Jan/2026:06:44:52 +0300] "GET / HTTP/1.0" 200 2894 "-" "Mozilla/5.0 (iPhone; CPU iPhone OS 16_4 like Mac OS X) AppleWebKit/605.1.15 (KHTML, like Gecko) CriOS/143.0.7499.53 Mobile/15E148 Safari/604.1"
172.71.184.224 - - [10/Jan/2026:06:45:38 +0300] "GET / HTTP/1.0" 200 2894 "-" "https://reg.ru monitoring abuse@reg.ru"
172.69.71.85 - - [10/Jan/2026:06:45:49 +0300] "GET /?e=00141333610b33 HTTP/1.0" 200 50906 "-" "Mozilla/5.0 (Linux; Android 6.0.1; Nexus 5X Build/MMB29P) AppleWebKit/537.36 (KHTML, like Gecko) Chrome/143.0.7499.192 Mobile Safari/537.36 (compatible; Googlebot/2.1; +http://www.google.com/bot.html)"
172.70.86.156 - - [10/Jan/2026:06:45:53 +0300] "GET /catalog/evening/008.html HTTP/1.0" 200 2068 "-" "Mozilla/5.0 (compatible; AhrefsBot/7.0; +http://ahrefs.com/robot/)"
104.23.221.198 - - [10/Jan/2026:06:46:29 +0300] "GET / HTTP/1.0" 200 2894 "-" "https://reg.ru monitoring abuse@reg.ru"
172.68.19.38 - - [10/Jan/2026:06:46:41 +0300] "GET /d-vch.html HTTP/1.0" 200 3035 "-" "Mozilla/5.0 (iPhone; CPU iPhone OS 13_2_3 like Mac OS X) AppleWebKit/605.1.15 (KHTML, like Gecko) Version/13.0.3 Mobile/15E148 Safari/604.1"
172.71.184.224 - - [10/Jan/2026:06:47:45 +0300] "GET / HTTP/1.0" 200 2894 "-" "https://reg.ru monitoring abuse@reg.ru"
172.71.22.29 - - [10/Jan/2026:06:48:01 +0300] "GET /?e=112770745c0db HTTP/1.0" 200 49339 "-" "Mozilla/5.0 (Linux; Android 6.0.1; Nexus 5X Build/MMB29P) AppleWebKit/537.36 (KHTML, like Gecko) Chrome/143.0.7499.192 Mobile Safari/537.36 (compatible; Googlebot/2.1; +http://www.google.com/bot.html)"
104.22.24.210 - - [10/Jan/2026:06:48:17 +0300] "GET /?e=0685559577c02 HTTP/1.0" 200 2894 "-" "Mozilla/5.0 (Linux; Android 6.0.1; Nexus 5X Build/MMB29P) AppleWebKit/537.36 (KHTML, like Gecko) Chrome/143.0.7499.192 Mobile Safari/537.36 (compatible; GoogleOther)"
104.22.1.192 - - [10/Jan/2026:06:48:19 +0300] "GET /?e=061574967ef957f HTTP/1.0" 200 2894 "-" "Mozilla/5.0 (Linux; Android 6.0.1; Nexus 5X Build/MMB29P) AppleWebKit/537.36 (KHTML, like Gecko) Chrome/143.0.7499.192 Mobile Safari/537.36 (compatible; GoogleOther)"
172.71.22.29 - - [10/Jan/2026:06:48:23 +0300] "GET /?e=0426857767210 HTTP/1.0" 200 49910 "-" "Mozilla/5.0 (Linux; Android 6.0.1; Nexus 5X Build/MMB29P) AppleWebKit/537.36 (KHTML, like Gecko) Chrome/143.0.7499.192 Mobile Safari/537.36 (compatible; Googlebot/2.1; +http://www.google.com/bot.html)"
172.71.164.73 - - [10/Jan/2026:06:48:34 +0300] "GET / HTTP/1.0" 200 2894 "-" "Mozilla/5.0 (Linux; Android 10; K) AppleWebKit/537.36 (KHTML, like Gecko) Chrome/143.0.0.0 Mobile Safari/537.36"
172.71.164.232 - - [10/Jan/2026:06:48:35 +0300] "GET /favicon.ico HTTP/1.0" 404 453 "https://stefanos.ru/" "Mozilla/5.0 (Linux; Android 10; K) AppleWebKit/537.36 (KHTML, like Gecko) Chrome/143.0.0.0 Mobile Safari/537.36"
172.71.22.29 - - [10/Jan/2026:06:48:45 +0300] "GET /?e=121612456f0d892 HTTP/1.0" 200 35576 "-" "Mozilla/5.0 (Linux; Android 6.0.1; Nexus 5X Build/MMB29P) AppleWebKit/537.36 (KHTML, like Gecko) Chrome/143.0.7499.192 Mobile Safari/537.36 (compatible; Googlebot/2.1; +http://www.google.com/bot.html)"
172.71.22.29 - - [10/Jan/2026:06:48:49 +0300] "GET /?ID=8651.html HTTP/1.0" 200 50955 "https://stefanos.ru/?e=121612456f0d892" "Mozilla/5.0 (Linux; Android 6.0.1; Nexus 5X Build/MMB29P) AppleWebKit/537.36 (KHTML, like Gecko) Chrome/143.0.7499.169 Mobile Safari/537.36 (compatible; Googlebot/2.1; +http://www.google.com/bot.html)"
172.71.22.29 - - [10/Jan/2026:06:48:49 +0300] "GET /?ID=8368.html HTTP/1.0" 200 50304 "https://stefanos.ru/?e=121612456f0d892" "Mozilla/5.0 (Linux; Android 6.0.1; Nexus 5X Build/MMB29P) AppleWebKit/537.36 (KHTML, like Gecko) Chrome/143.0.7499.169 Mobile Safari/537.36 (compatible; Googlebot/2.1; +http://www.google.com/bot.html)"
172.71.22.29 - - [10/Jan/2026:06:48:51 +0300] "GET /?ID=8992.html HTTP/1.0" 200 19151 "https://stefanos.ru/?e=121612456f0d892" "Mozilla/5.0 (Linux; Android 6.0.1; Nexus 5X Build/MMB29P) AppleWebKit/537.36 (KHTML, like Gecko) Chrome/143.0.7499.169 Mobile Safari/537.36 (compatible; Googlebot/2.1; +http://www.google.com/bot.html)"
172.71.22.28 - - [10/Jan/2026:06:50:00 +0300] "GET /?e=0927512fa6be4 HTTP/1.0" 200 34814 "-" "Mozilla/5.0 (Linux; Android 6.0.1; Nexus 5X Build/MMB29P) AppleWebKit/537.36 (KHTML, like Gecko) Chrome/143.0.7499.192 Mobile Safari/537.36 (compatible; Googlebot/2.1; +http://www.google.com/bot.html)"
104.22.24.210 - - [10/Jan/2026:06:50:21 +0300] "GET /?e=1127552b11d8d HTTP/1.0" 200 10675 "-" "Mozilla/5.0 (Linux; Android 6.0.1; Nexus 5X Build/MMB29P) AppleWebKit/537.36 (KHTML, like Gecko) Chrome/143.0.7499.192 Mobile Safari/537.36 (compatible; Googlebot/2.1; +http://www.google.com/bot.html)"
172.71.184.224 - - [10/Jan/2026:06:50:51 +0300] "GET / HTTP/1.0" 200 2894 "-" "https://reg.ru monitoring abuse@reg.ru"
172.71.22.28 - - [10/Jan/2026:06:50:57 +0300] "GET /?e=092749727d7d3 HTTP/1.0" 200 19468 "-" "Mozilla/5.0 (Linux; Android 6.0.1; Nexus 5X Build/MMB29P) AppleWebKit/537.36 (KHTML, like Gecko) Chrome/143.0.7499.192 Mobile Safari/537.36 (compatible; Googlebot/2.1; +http://www.google.com/bot.html)"
108.162.237.254 - - [10/Jan/2026:06:51:16 +0300] "GET /?e=1527142b08d9d HTTP/1.0" 200 35368 "-" "Mozilla/5.0 (Linux; Android 6.0.1; Nexus 5X Build/MMB29P) AppleWebKit/537.36 (KHTML, like Gecko) Chrome/143.0.7499.192 Mobile Safari/537.36 (compatible; Googlebot/2.1; +http://www.google.com/bot.html)"
172.71.22.28 - - [10/Jan/2026:06:51:28 +0300] "GET /?e=0427237fd841d HTTP/1.0" 200 49759 "-" "Mozilla/5.0 (Linux; Android 6.0.1; Nexus 5X Build/MMB29P) AppleWebKit/537.36 (KHTML, like Gecko) Chrome/143.0.7499.192 Mobile Safari/537.36 (compatible; Googlebot/2.1; +http://www.google.com/bot.html)"
172.71.22.28 - - [10/Jan/2026:06:51:32 +0300] "GET /?e=11273826ed912 HTTP/1.0" 200 9757 "-" "Mozilla/5.0 (Linux; Android 6.0.1; Nexus 5X Build/MMB29P) AppleWebKit/537.36 (KHTML, like Gecko) Chrome/143.0.7499.192 Mobile Safari/537.36 (compatible; Googlebot/2.1; +http://www.google.com/bot.html)"
104.23.223.114 - - [10/Jan/2026:06:51:40 +0300] "GET / HTTP/1.0" 200 2894 "-" "https://reg.ru monitoring abuse@reg.ru"
172.71.22.28 - - [10/Jan/2026:06:51:41 +0300] "GET /?e=126917f51e8b HTTP/1.0" 200 49206 "-" "Mozilla/5.0 (Linux; Android 6.0.1; Nexus 5X Build/MMB29P) AppleWebKit/537.36 (KHTML, like Gecko) Chrome/143.0.7499.192 Mobile Safari/537.36 (compatible; Googlebot/2.1; +http://www.google.com/bot.html)"
172.71.22.28 - - [10/Jan/2026:06:51:58 +0300] "GET /?e=0627007e0e0cb HTTP/1.0" 200 19202 "-" "Mozilla/5.0 (Linux; Android 6.0.1; Nexus 5X Build/MMB29P) AppleWebKit/537.36 (KHTML, like Gecko) Chrome/143.0.7499.192 Mobile Safari/537.36 (compatible; Googlebot/2.1; +http://www.google.com/bot.html)"
172.71.22.28 - - [10/Jan/2026:06:52:00 +0300] "GET /?e=0127322c5bf82 HTTP/1.0" 200 49491 "-" "Mozilla/5.0 (Linux; Android 6.0.1; Nexus 5X Build/MMB29P) AppleWebKit/537.36 (KHTML, like Gecko) Chrome/143.0.7499.192 Mobile Safari/537.36 (compatible; Googlebot/2.1; +http://www.google.com/bot.html)"
172.71.22.28 - - [10/Jan/2026:06:52:01 +0300] "GET /?e=1527217a5ceb1 HTTP/1.0" 200 50932 "-" "Mozilla/5.0 (Linux; Android 6.0.1; Nexus 5X Build/MMB29P) AppleWebKit/537.36 (KHTML, like Gecko) Chrome/143.0.7499.192 Mobile Safari/537.36 (compatible; Googlebot/2.1; +http://www.google.com/bot.html)"
172.71.144.64 - - [10/Jan/2026:06:52:34 +0300] "GET / HTTP/1.0" 200 2894 "-" "Mozilla/5.0 (Linux; Android 10; K) AppleWebKit/537.36 (KHTML, like Gecko) Chrome/143.0.0.0 Mobile Safari/537.36"
172.71.164.233 - - [10/Jan/2026:06:52:35 +0300] "GET /favicon.ico HTTP/1.0" 404 453 "https://stefanos.ru/" "Mozilla/5.0 (Linux; Android 10; K) AppleWebKit/537.36 (KHTML, like Gecko) Chrome/143.0.0.0 Mobile Safari/537.36"
172.69.192.142 - - [10/Jan/2026:06:52:38 +0300] "GET / HTTP/1.0" 200 2894 "-" "Mozilla/5.0 (Linux; Android 10; K) AppleWebKit/537.36 (KHTML, like Gecko) Chrome/136.0.0.0 Mobile Safari/537.36"
162.158.48.132 - - [10/Jan/2026:06:52:40 +0300] "GET /favicon.ico HTTP/1.0" 404 453 "https://stefanos.ru/" "Mozilla/5.0 (Linux; Android 10; K) AppleWebKit/537.36 (KHTML, like Gecko) Chrome/136.0.0.0 Mobile Safari/537.36"
172.71.184.224 - - [10/Jan/2026:06:52:49 +0300] "GET / HTTP/1.0" 200 2894 "-" "https://reg.ru monitoring abuse@reg.ru"
104.23.245.48 - - [10/Jan/2026:06:54:38 +0300] "GET /?e=072188144729ae HTTP/1.0" 200 19533 "-" "Mozilla/5.0 (Linux; Android 6.0.1; Nexus 5X Build/MMB29P) AppleWebKit/537.36 (KHTML, like Gecko) Chrome/143.0.7499.192 Mobile Safari/537.36 (compatible; Googlebot/2.1; +http://www.google.com/bot.html)"
172.68.10.114 - - [10/Jan/2026:06:55:58 +0300] "GET / HTTP/1.0" 200 2894 "-" "https://reg.ru monitoring abuse@reg.ru"
172.68.70.156 - - [10/Jan/2026:06:56:17 +0300] "GET /?e=0315189274887b2 HTTP/1.0" 200 23514 "-" "Mozilla/5.0 (Linux; Android 6.0.1; Nexus 5X Build/MMB29P) AppleWebKit/537.36 (KHTML, like Gecko) Chrome/143.0.7499.192 Mobile Safari/537.36 (compatible; Googlebot/2.1; +http://www.google.com/bot.html)"
172.64.223.115 - - [10/Jan/2026:06:56:30 +0300] "GET / HTTP/1.0" 200 2894 "-" "Mozilla/5.0 (Linux; Android 10; K) AppleWebKit/537.36 (KHTML, like Gecko) Chrome/143.0.0.0 Mobile Safari/537.36"
104.23.223.115 - - [10/Jan/2026:06:56:46 +0300] "GET / HTTP/1.0" 200 2894 "-" "https://reg.ru monitoring abuse@reg.ru"
172.68.19.37 - - [10/Jan/2026:06:57:07 +0300] "GET /d-child.html HTTP/1.0" 200 2555 "-" "Mozilla/5.0 (iPhone; CPU iPhone OS 13_2_3 like Mac OS X) AppleWebKit/605.1.15 (KHTML, like Gecko) Version/13.0.3 Mobile/15E148 Safari/604.1"
104.22.1.193 - - [10/Jan/2026:06:57:08 +0300] "GET /?e=0127297eb7c0f HTTP/1.0" 200 35248 "-" "Mozilla/5.0 (Linux; Android 6.0.1; Nexus 5X Build/MMB29P) AppleWebKit/537.36 (KHTML, like Gecko) Chrome/143.0.7499.192 Mobile Safari/537.36 (compatible; Googlebot/2.1; +http://www.google.com/bot.html)"
172.68.70.156 - - [10/Jan/2026:06:57:16 +0300] "GET /?e=04272827b69bd HTTP/1.0" 200 34425 "-" "Mozilla/5.0 (Linux; Android 6.0.1; Nexus 5X Build/MMB29P) AppleWebKit/537.36 (KHTML, like Gecko) Chrome/143.0.7499.192 Mobile Safari/537.36 (compatible; Googlebot/2.1; +http://www.google.com/bot.html)"
172.69.50.235 - - [10/Jan/2026:06:57:55 +0300] "GET / HTTP/1.0" 200 2894 "-" "https://reg.ru monitoring abuse@reg.ru"
104.22.1.193 - - [10/Jan/2026:06:58:35 +0300] "GET /?e=0416399575a507c HTTP/1.0" 200 20356 "-" "Mozilla/5.0 (Linux; Android 6.0.1; Nexus 5X Build/MMB29P) AppleWebKit/537.36 (KHTML, like Gecko) Chrome/143.0.7499.192 Mobile Safari/537.36 (compatible; Googlebot/2.1; +http://www.google.com/bot.html)"
172.71.184.225 - - [10/Jan/2026:06:58:59 +0300] "GET / HTTP/1.0" 200 2894 "-" "Mozilla/5.0 (Linux; Android 10; K) AppleWebKit/537.36 (KHTML, like Gecko) Chrome/143.0.0.0 Mobile Safari/537.36"
172.68.10.117 - - [10/Jan/2026:06:59:00 +0300] "GET /favicon.ico HTTP/1.0" 404 453 "https://stefanos.ru/" "Mozilla/5.0 (Linux; Android 10; K) AppleWebKit/537.36 (KHTML, like Gecko) Chrome/143.0.0.0 Mobile Safari/537.36"
172.71.30.118 - - [10/Jan/2026:06:59:51 +0300] "GET /?ID=7388.html HTTP/1.0" 200 9609 "-" "Mozilla/5.0 (Linux; Android 6.0.1; Nexus 5X Build/MMB29P) AppleWebKit/537.36 (KHTML, like Gecko) Chrome/143.0.7499.192 Mobile Safari/537.36 (compatible; Googlebot/2.1; +http://www.google.com/bot.html)"
172.71.184.224 - - [10/Jan/2026:07:00:23 +0300] "GET / HTTP/1.0" 200 2894 "-" "Mozilla/5.0 (Linux; Android 10; K) AppleWebKit/537.36 (KHTML, like Gecko) Chrome/143.0.0.0 Mobile Safari/537.36"
172.71.30.118 - - [10/Jan/2026:07:00:31 +0300] "GET /?e=091609475ccc4bb HTTP/1.0" 200 9524 "-" "Mozilla/5.0 (Linux; Android 6.0.1; Nexus 5X Build/MMB29P) AppleWebKit/537.36 (KHTML, like Gecko) Chrome/143.0.7499.192 Mobile Safari/537.36 (compatible; Googlebot/2.1; +http://www.google.com/bot.html)"
172.71.172.157 - - [10/Jan/2026:07:00:39 +0300] "GET / HTTP/1.0" 200 2894 "-" "Mozilla/5.0 (Linux; Android 10; K) AppleWebKit/537.36 (KHTML, like Gecko) Chrome/143.0.0.0 Mobile Safari/537.36"
172.71.164.232 - - [10/Jan/2026:07:00:42 +0300] "GET /favicon.ico HTTP/1.0" 404 453 "https://stefanos.ru/" "Mozilla/5.0 (Linux; Android 10; K) AppleWebKit/537.36 (KHTML, like Gecko) Chrome/143.0.0.0 Mobile Safari/537.36"
104.22.1.193 - - [10/Jan/2026:07:01:01 +0300] "GET /?e=1127437fc7903 HTTP/1.0" 200 35471 "-" "Mozilla/5.0 (Linux; Android 6.0.1; Nexus 5X Build/MMB29P) AppleWebKit/537.36 (KHTML, like Gecko) Chrome/143.0.7499.192 Mobile Safari/537.36 (compatible; Googlebot/2.1; +http://www.google.com/bot.html)"
172.69.50.234 - - [10/Jan/2026:07:01:12 +0300] "GET / HTTP/1.0" 200 2894 "-" "https://reg.ru monitoring abuse@reg.ru"
162.159.113.43 - - [10/Jan/2026:07:01:52 +0300] "GET /?ysclid=mapengdeex283318374 HTTP/1.0" 200 2894 "-" "Mozilla/5.0 (Linux; Android 10; K) AppleWebKit/537.36 (KHTML, like Gecko) Chrome/143.0.0.0 Mobile Safari/537.36"
162.159.113.137 - - [10/Jan/2026:07:01:53 +0300] "GET /favicon.ico HTTP/1.0" 404 453 "https://stefanos.ru/?ysclid=mapengdeex283318374" "Mozilla/5.0 (Linux; Android 10; K) AppleWebKit/537.36 (KHTML, like Gecko) Chrome/143.0.0.0 Mobile Safari/537.36"
162.158.182.138 - - [10/Jan/2026:07:01:58 +0300] "GET / HTTP/1.0" 200 2894 "-" "https://reg.ru monitoring abuse@reg.ru"
104.22.1.193 - - [10/Jan/2026:07:02:25 +0300] "GET /?e=04272622feecd HTTP/1.0" 200 11673 "-" "Mozilla/5.0 (Linux; Android 6.0.1; Nexus 5X Build/MMB29P) AppleWebKit/537.36 (KHTML, like Gecko) Chrome/143.0.7499.192 Mobile Safari/537.36 (compatible; Googlebot/2.1; +http://www.google.com/bot.html)"
104.22.1.193 - - [10/Jan/2026:07:02:58 +0300] "GET /?e=0627137a960cc HTTP/1.0" 200 36649 "-" "Mozilla/5.0 (Linux; Android 6.0.1; Nexus 5X Build/MMB29P) AppleWebKit/537.36 (KHTML, like Gecko) Chrome/143.0.7499.192 Mobile Safari/537.36 (compatible; Googlebot/2.1; +http://www.google.com/bot.html)"
172.68.10.115 - - [10/Jan/2026:07:03:03 +0300] "GET / HTTP/1.0" 200 2894 "-" "https://reg.ru monitoring abuse@reg.ru"
104.22.1.193 - - [10/Jan/2026:07:03:27 +0300] "GET /?e=01942177cbc7d HTTP/1.0" 200 10874 "-" "Mozilla/5.0 (Linux; Android 6.0.1; Nexus 5X Build/MMB29P) AppleWebKit/537.36 (KHTML, like Gecko) Chrome/143.0.7499.192 Mobile Safari/537.36 (compatible; Googlebot/2.1; +http://www.google.com/bot.html)"
104.22.1.193 - - [10/Jan/2026:07:04:00 +0300] "GET /?e=11274870c76dc HTTP/1.0" 200 10974 "-" "Mozilla/5.0 (Linux; Android 6.0.1; Nexus 5X Build/MMB29P) AppleWebKit/537.36 (KHTML, like Gecko) Chrome/143.0.7499.192 Mobile Safari/537.36 (compatible; Googlebot/2.1; +http://www.google.com/bot.html)"
104.22.1.193 - - [10/Jan/2026:07:04:11 +0300] "GET /?e=042715782f770 HTTP/1.0" 200 50022 "-" "Mozilla/5.0 (Linux; Android 6.0.1; Nexus 5X Build/MMB29P) AppleWebKit/537.36 (KHTML, like Gecko) Chrome/143.0.7499.192 Mobile Safari/537.36 (compatible; Googlebot/2.1; +http://www.google.com/bot.html)"
104.22.1.193 - - [10/Jan/2026:07:04:21 +0300] "GET /?e=0927422c10402 HTTP/1.0" 200 9570 "-" "Mozilla/5.0 (Linux; Android 6.0.1; Nexus 5X Build/MMB29P) AppleWebKit/537.36 (KHTML, like Gecko) Chrome/143.0.7499.192 Mobile Safari/537.36 (compatible; Googlebot/2.1; +http://www.google.com/bot.html)"
172.68.22.220 - - [10/Jan/2026:07:04:31 +0300] "GET /catalog/evening/015.html HTTP/1.0" 200 2068 "-" "Mozilla/5.0 (compatible; DotBot/1.2; +https://opensiteexplorer.org/dotbot; help@moz.com)"
104.22.24.211 - - [10/Jan/2026:07:05:09 +0300] "GET /?e=1127342b074bd HTTP/1.0" 200 35250 "-" "Mozilla/5.0 (Linux; Android 6.0.1; Nexus 5X Build/MMB29P) AppleWebKit/537.36 (KHTML, like Gecko) Chrome/143.0.7499.192 Mobile Safari/537.36 (compatible; Googlebot/2.1; +http://www.google.com/bot.html)"
104.22.1.193 - - [10/Jan/2026:07:05:09 +0300] "GET /?e=152696709b3c6 HTTP/1.0" 200 51669 "-" "Mozilla/5.0 (Linux; Android 6.0.1; Nexus 5X Build/MMB29P) AppleWebKit/537.36 (KHTML, like Gecko) Chrome/143.0.7499.192 Mobile Safari/537.36 (compatible; Googlebot/2.1; +http://www.google.com/bot.html)"
104.22.24.211 - - [10/Jan/2026:07:05:24 +0300] "GET /?e=1127697fe7d70 HTTP/1.0" 200 9685 "-" "Mozilla/5.0 (Linux; Android 6.0.1; Nexus 5X Build/MMB29P) AppleWebKit/537.36 (KHTML, like Gecko) Chrome/143.0.7499.192 Mobile Safari/537.36 (compatible; Googlebot/2.1; +http://www.google.com/bot.html)"
172.71.212.32 - - [10/Jan/2026:07:06:07 +0300] "GET /frau.html HTTP/1.0" 200 2399 "-" "Mozilla/5.0 (iPhone; CPU iPhone OS 13_2_3 like Mac OS X) AppleWebKit/605.1.15 (KHTML, like Gecko) Version/13.0.3 Mobile/15E148 Safari/604.1"
104.22.1.193 - - [10/Jan/2026:07:06:16 +0300] "GET /?e=15270478cc873 HTTP/1.0" 200 57268 "-" "Mozilla/5.0 (Linux; Android 6.0.1; Nexus 5X Build/MMB29P) AppleWebKit/537.36 (KHTML, like Gecko) Chrome/143.0.7499.192 Mobile Safari/537.36 (compatible; Googlebot/2.1; +http://www.google.com/bot.html)"
172.69.50.235 - - [10/Jan/2026:07:06:17 +0300] "GET / HTTP/1.0" 200 2894 "-" "https://reg.ru monitoring abuse@reg.ru"
104.22.24.211 - - [10/Jan/2026:07:06:24 +0300] "GET /?e=062690724ea39 HTTP/1.0" 200 19588 "-" "Mozilla/5.0 (Linux; Android 6.0.1; Nexus 5X Build/MMB29P) AppleWebKit/537.36 (KHTML, like Gecko) Chrome/143.0.7499.192 Mobile Safari/537.36 (compatible; Googlebot/2.1; +http://www.google.com/bot.html)"
104.22.1.193 - - [10/Jan/2026:07:06:25 +0300] "GET /?e=0310072669d0139 HTTP/1.0" 200 9133 "-" "Mozilla/5.0 (Linux; Android 6.0.1; Nexus 5X Build/MMB29P) AppleWebKit/537.36 (KHTML, like Gecko) Chrome/143.0.7499.192 Mobile Safari/537.36 (compatible; Googlebot/2.1; +http://www.google.com/bot.html)"
172.71.127.85 - - [10/Jan/2026:07:06:31 +0300] "GET / HTTP/1.0" 200 2894 "-" "Mozilla/5.0"
104.23.221.198 - - [10/Jan/2026:07:07:06 +0300] "GET / HTTP/1.0" 200 2894 "-" "https://reg.ru monitoring abuse@reg.ru"
