172.71.218.58 - - [10/Jan/2026:05:25:27 +0300] "GET /222.php HTTP/1.0" 404 453 "-" "-"
172.71.218.58 - - [10/Jan/2026:05:25:28 +0300] "GET /wp-content/index.php HTTP/1.0" 404 453 "-" "-"
172.71.218.58 - - [10/Jan/2026:05:25:28 +0300] "GET /admin.php HTTP/1.0" 404 453 "-" "-"
162.158.94.165 - - [10/Jan/2026:05:25:28 +0300] "GET / HTTP/1.0" 200 2894 "-" "Mozilla/5.0 (Linux; Android 10; K) AppleWebKit/537.36 (KHTML, like Gecko) Chrome/143.0.0.0 Mobile Safari/537.36"
172.71.218.58 - - [10/Jan/2026:05:25:28 +0300] "GET /wp-admin/maint/maint.php HTTP/1.0" 404 453 "-" "-"
104.22.24.211 - - [10/Jan/2026:05:25:28 +0300] "GET /?e=0127332b6cf7a HTTP/1.0" 200 19820 "-" "Mozilla/5.0 (Linux; Android 6.0.1; Nexus 5X Build/MMB29P) AppleWebKit/537.36 (KHTML, like Gecko) Chrome/143.0.7499.192 Mobile Safari/537.36 (compatible; Googlebot/2.1; +http://www.google.com/bot.html)"
172.71.218.58 - - [10/Jan/2026:05:25:28 +0300] "GET /classwithtostring.php HTTP/1.0" 404 453 "-" "-"
172.71.218.58 - - [10/Jan/2026:05:25:29 +0300] "GET /abcd.php HTTP/1.0" 404 453 "-" "-"
172.71.218.58 - - [10/Jan/2026:05:25:29 +0300] "GET /autoload_classmap.php?p= HTTP/1.0" 404 453 "-" "-"
172.71.218.58 - - [10/Jan/2026:05:25:29 +0300] "GET /inputs.php HTTP/1.0" 404 453 "-" "-"
172.71.218.58 - - [10/Jan/2026:05:25:29 +0300] "GET /about.php HTTP/1.0" 404 453 "-" "-"
172.71.218.58 - - [10/Jan/2026:05:25:30 +0300] "GET /alfa.php HTTP/1.0" 404 453 "-" "-"
172.71.218.58 - - [10/Jan/2026:05:25:30 +0300] "GET /themes/twentytwentytwo/index.php HTTP/1.0" 404 453 "-" "-"
172.71.218.58 - - [10/Jan/2026:05:25:30 +0300] "GET /wp-admin/js/wp-conflg.php?p= HTTP/1.0" 404 453 "-" "-"
172.71.218.58 - - [10/Jan/2026:05:25:30 +0300] "GET /wp-admin/wp-conflg.php?p= HTTP/1.0" 404 453 "-" "-"
172.71.218.58 - - [10/Jan/2026:05:25:31 +0300] "GET /wp-admin/css/wp-conflg.php?p= HTTP/1.0" 404 453 "-" "-"
172.71.218.58 - - [10/Jan/2026:05:25:31 +0300] "GET /manager.php?p= HTTP/1.0" 404 453 "-" "-"
172.71.218.58 - - [10/Jan/2026:05:25:31 +0300] "GET /item.php HTTP/1.0" 404 453 "-" "-"
172.71.218.58 - - [10/Jan/2026:05:25:32 +0300] "GET /plugins/Cache/footer.php HTTP/1.0" 404 453 "-" "-"
172.71.218.58 - - [10/Jan/2026:05:25:32 +0300] "GET /404.php HTTP/1.0" 404 453 "-" "-"
172.71.218.58 - - [10/Jan/2026:05:25:32 +0300] "GET /mail.php HTTP/1.0" 404 453 "-" "-"
172.71.218.58 - - [10/Jan/2026:05:25:33 +0300] "GET /wp-content/plugins/index.php HTTP/1.0" 404 453 "-" "-"
162.158.183.57 - - [10/Jan/2026:05:25:33 +0300] "GET / HTTP/1.0" 200 2894 "-" "Mozilla/5.0 (Linux; Android 10; K) AppleWebKit/537.36 (KHTML, like Gecko) Chrome/143.0.0.0 Mobile Safari/537.36"
172.71.218.58 - - [10/Jan/2026:05:25:33 +0300] "GET /sx.php HTTP/1.0" 404 453 "-" "-"
172.68.10.116 - - [10/Jan/2026:05:25:33 +0300] "GET /favicon.ico HTTP/1.0" 404 453 "https://stefanos.ru/" "Mozilla/5.0 (Linux; Android 10; K) AppleWebKit/537.36 (KHTML, like Gecko) Chrome/143.0.0.0 Mobile Safari/537.36"
172.71.218.58 - - [10/Jan/2026:05:25:33 +0300] "GET /wp-admin/maint/admin.php HTTP/1.0" 404 453 "-" "-"
172.71.218.58 - - [10/Jan/2026:05:25:33 +0300] "GET /alfa.php HTTP/1.0" 404 453 "-" "-"
172.71.218.58 - - [10/Jan/2026:05:25:34 +0300] "GET /1.php HTTP/1.0" 404 453 "-" "-"
172.71.218.58 - - [10/Jan/2026:05:25:34 +0300] "GET /byp.php HTTP/1.0" 404 453 "-" "-"
172.71.218.58 - - [10/Jan/2026:05:25:34 +0300] "GET /wp-trackback.php HTTP/1.0" 404 453 "-" "-"
172.71.218.58 - - [10/Jan/2026:05:25:35 +0300] "GET /.well-known/index.php HTTP/1.0" 404 453 "-" "-"
172.71.218.58 - - [10/Jan/2026:05:25:35 +0300] "GET /wp-admin/network/plugins.php HTTP/1.0" 404 453 "-" "-"
172.71.218.58 - - [10/Jan/2026:05:25:36 +0300] "GET /wp-admin/about.php HTTP/1.0" 404 453 "-" "-"
172.71.218.58 - - [10/Jan/2026:05:25:36 +0300] "GET /gmo.php HTTP/1.0" 404 453 "-" "-"
172.71.218.58 - - [10/Jan/2026:05:25:36 +0300] "GET /wp-includes/ID3/about.php HTTP/1.0" 404 453 "-" "-"
172.71.218.58 - - [10/Jan/2026:05:25:36 +0300] "GET /css/index.php HTTP/1.0" 404 453 "-" "-"
172.71.218.58 - - [10/Jan/2026:05:25:37 +0300] "GET /wp-includes/SimplePie/wp-login.php HTTP/1.0" 404 453 "-" "-"
172.71.218.58 - - [10/Jan/2026:05:25:38 +0300] "GET /wp-content/themes/about.php HTTP/1.0" 404 453 "-" "-"
172.71.218.58 - - [10/Jan/2026:05:25:38 +0300] "GET /filemanager/dialog.php HTTP/1.0" 404 453 "-" "-"
172.71.218.58 - - [10/Jan/2026:05:25:38 +0300] "GET /wp-admin/maint/index.php HTTP/1.0" 404 453 "-" "-"
172.71.218.58 - - [10/Jan/2026:05:25:39 +0300] "GET /wp-includes/customize/about.php HTTP/1.0" 404 453 "-" "-"
172.71.218.58 - - [10/Jan/2026:05:25:39 +0300] "GET /index/function.php HTTP/1.0" 404 453 "-" "-"
172.71.218.58 - - [10/Jan/2026:05:25:39 +0300] "GET /uploads/autoload_classmap.php HTTP/1.0" 404 453 "-" "-"
172.71.218.58 - - [10/Jan/2026:05:25:40 +0300] "GET /wp-includes/style-engine/about.php HTTP/1.0" 404 453 "-" "-"
172.71.218.58 - - [10/Jan/2026:05:25:40 +0300] "GET /ww1.php HTTP/1.0" 404 453 "-" "-"
172.71.218.58 - - [10/Jan/2026:05:25:40 +0300] "GET /about/function.php HTTP/1.0" 404 453 "-" "-"
172.71.218.58 - - [10/Jan/2026:05:25:40 +0300] "GET /admin/function.php HTTP/1.0" 404 453 "-" "-"
172.71.218.58 - - [10/Jan/2026:05:25:41 +0300] "GET /.well-known/acme-challenge/index.php HTTP/1.1" 404 173 "-" "-"
172.71.218.58 - - [10/Jan/2026:05:25:41 +0300] "GET /css/colors/blue/index.php HTTP/1.0" 404 453 "-" "-"
172.71.218.58 - - [10/Jan/2026:05:25:41 +0300] "GET /security.php HTTP/1.0" 404 453 "-" "-"
172.71.218.58 - - [10/Jan/2026:05:25:41 +0300] "GET /wp-admin/user/about.php HTTP/1.0" 404 453 "-" "-"
172.71.218.58 - - [10/Jan/2026:05:25:42 +0300] "GET /wp-admin/js/index.php HTTP/1.0" 404 453 "-" "-"
172.71.218.58 - - [10/Jan/2026:05:25:42 +0300] "GET /wp-content/upgrade/about.php HTTP/1.0" 404 453 "-" "-"
172.71.218.58 - - [10/Jan/2026:05:25:42 +0300] "GET /wp-includes/assets/index.php HTTP/1.0" 404 453 "-" "-"
172.71.218.58 - - [10/Jan/2026:05:25:42 +0300] "GET /wp-content/radio.php HTTP/1.0" 404 453 "-" "-"
172.71.218.58 - - [10/Jan/2026:05:25:43 +0300] "GET /wp-includes/fonts/index.php?p= HTTP/1.0" 404 453 "-" "-"
172.71.218.58 - - [10/Jan/2026:05:25:43 +0300] "GET /.well-known/admin.php HTTP/1.0" 404 453 "-" "-"
172.71.218.58 - - [10/Jan/2026:05:25:43 +0300] "GET /wp-content/admin.php HTTP/1.0" 404 453 "-" "-"
172.71.218.58 - - [10/Jan/2026:05:25:43 +0300] "GET /wp-content/plugins/admin.php HTTP/1.0" 404 453 "-" "-"
172.71.218.58 - - [10/Jan/2026:05:25:44 +0300] "GET /wp-content/themes/twentytwentytwo/index.php?p= HTTP/1.0" 404 453 "-" "-"
172.71.218.58 - - [10/Jan/2026:05:25:44 +0300] "GET /.well-known/log.php HTTP/1.0" 404 453 "-" "-"
172.71.218.58 - - [10/Jan/2026:05:25:44 +0300] "GET /class.php HTTP/1.0" 404 453 "-" "-"
172.71.218.58 - - [10/Jan/2026:05:25:44 +0300] "GET /bless5.php HTTP/1.0" 404 453 "-" "-"
172.71.218.58 - - [10/Jan/2026:05:25:45 +0300] "GET /wp-includes/js/codemirror/index.php HTTP/1.0" 404 453 "-" "-"
172.71.218.58 - - [10/Jan/2026:05:25:45 +0300] "GET /wp-includes/block-patterns/index.php HTTP/1.0" 404 453 "-" "-"
172.71.218.58 - - [10/Jan/2026:05:25:45 +0300] "GET /lock360.php HTTP/1.0" 404 453 "-" "-"
172.71.218.58 - - [10/Jan/2026:05:25:46 +0300] "GET /f35.php HTTP/1.0" 404 453 "-" "-"
172.71.218.58 - - [10/Jan/2026:05:25:46 +0300] "GET /ioxi-o1.php HTTP/1.0" 404 453 "-" "-"
172.71.218.58 - - [10/Jan/2026:05:25:46 +0300] "GET /juuuu.php HTTP/1.0" 404 453 "-" "-"
172.71.218.58 - - [10/Jan/2026:05:25:47 +0300] "GET /ha.php HTTP/1.0" 404 453 "-" "-"
172.71.218.58 - - [10/Jan/2026:05:25:47 +0300] "GET /gg.php HTTP/1.0" 404 453 "-" "-"
172.71.218.58 - - [10/Jan/2026:05:25:47 +0300] "GET /we2.php HTTP/1.0" 404 453 "-" "-"
172.71.218.58 - - [10/Jan/2026:05:25:47 +0300] "GET /04.php HTTP/1.0" 404 453 "-" "-"
172.71.218.58 - - [10/Jan/2026:05:25:48 +0300] "GET /333.php HTTP/1.0" 404 453 "-" "-"
172.71.218.58 - - [10/Jan/2026:05:25:48 +0300] "GET /520.php HTTP/1.0" 404 453 "-" "-"
172.71.218.58 - - [10/Jan/2026:05:25:48 +0300] "GET /ar.php HTTP/1.0" 404 453 "-" "-"
172.71.218.58 - - [10/Jan/2026:05:25:49 +0300] "GET /x.php HTTP/1.0" 404 453 "-" "-"
172.71.218.58 - - [10/Jan/2026:05:25:49 +0300] "GET /xx.php HTTP/1.0" 404 453 "-" "-"
172.71.218.58 - - [10/Jan/2026:05:25:49 +0300] "GET /gifclass4.php HTTP/1.0" 404 453 "-" "-"
172.71.218.59 - - [10/Jan/2026:05:25:50 +0300] "GET /2clas.php HTTP/1.0" 404 453 "-" "-"
172.71.218.59 - - [10/Jan/2026:05:25:50 +0300] "GET /ave.php HTTP/1.0" 404 453 "-" "-"
172.71.218.59 - - [10/Jan/2026:05:25:51 +0300] "GET /wrt.php HTTP/1.0" 404 453 "-" "-"
172.71.218.59 - - [10/Jan/2026:05:25:51 +0300] "GET /bibil.php HTTP/1.0" 404 453 "-" "-"
172.71.218.59 - - [10/Jan/2026:05:25:51 +0300] "GET /radio.php HTTP/1.0" 404 453 "-" "-"
172.71.218.59 - - [10/Jan/2026:05:25:52 +0300] "GET /files.php HTTP/1.0" 404 453 "-" "-"
172.71.218.59 - - [10/Jan/2026:05:25:52 +0300] "GET /file7.php HTTP/1.0" 404 453 "-" "-"
172.71.218.59 - - [10/Jan/2026:05:25:52 +0300] "GET /gifclass.php HTTP/1.0" 404 453 "-" "-"
172.71.218.59 - - [10/Jan/2026:05:25:52 +0300] "GET /wp-admin/css/colors/midnight/about.php HTTP/1.0" 404 453 "-" "-"
172.71.218.59 - - [10/Jan/2026:05:25:53 +0300] "GET /nox.php HTTP/1.0" 404 453 "-" "-"
172.71.218.59 - - [10/Jan/2026:05:25:53 +0300] "GET /file48.php HTTP/1.0" 404 453 "-" "-"
172.71.218.59 - - [10/Jan/2026:05:25:53 +0300] "GET /info.php HTTP/1.0" 404 453 "-" "-"
172.71.218.59 - - [10/Jan/2026:05:25:53 +0300] "GET /class9.php HTTP/1.0" 404 453 "-" "-"
172.71.218.59 - - [10/Jan/2026:05:25:54 +0300] "GET /la.php HTTP/1.0" 404 453 "-" "-"
172.71.218.59 - - [10/Jan/2026:05:25:54 +0300] "GET /bless11.php HTTP/1.0" 404 453 "-" "-"
172.71.218.59 - - [10/Jan/2026:05:25:54 +0300] "GET /ccou.php HTTP/1.0" 404 453 "-" "-"
172.71.218.59 - - [10/Jan/2026:05:25:54 +0300] "GET /ton.php HTTP/1.0" 404 453 "-" "-"
172.71.218.59 - - [10/Jan/2026:05:25:55 +0300] "GET /403.php HTTP/1.0" 404 453 "-" "-"
172.71.218.59 - - [10/Jan/2026:05:25:55 +0300] "GET /file9.php HTTP/1.0" 404 453 "-" "-"
172.71.218.59 - - [10/Jan/2026:05:25:55 +0300] "GET /ac.php HTTP/1.0" 404 453 "-" "-"
172.71.218.59 - - [10/Jan/2026:05:25:55 +0300] "GET /new4.php HTTP/1.0" 404 453 "-" "-"
172.71.218.59 - - [10/Jan/2026:05:25:56 +0300] "GET /pop.php HTTP/1.0" 404 453 "-" "-"
172.71.218.59 - - [10/Jan/2026:05:25:56 +0300] "GET /az.php HTTP/1.0" 404 453 "-" "-"
172.71.218.59 - - [10/Jan/2026:05:25:57 +0300] "GET /xaz.php HTTP/1.0" 404 453 "-" "-"
172.71.218.59 - - [10/Jan/2026:05:25:57 +0300] "GET /up4.php HTTP/1.0" 404 453 "-" "-"
172.71.218.59 - - [10/Jan/2026:05:25:57 +0300] "GET /1aa.php HTTP/1.0" 404 453 "-" "-"
172.71.218.59 - - [10/Jan/2026:05:25:57 +0300] "GET /elp.php HTTP/1.0" 404 453 "-" "-"
172.71.218.59 - - [10/Jan/2026:05:25:58 +0300] "GET /wtz.php HTTP/1.0" 404 453 "-" "-"
172.71.218.59 - - [10/Jan/2026:05:25:58 +0300] "GET /galex.php HTTP/1.0" 404 453 "-" "-"
172.71.218.59 - - [10/Jan/2026:05:25:58 +0300] "GET /xb.php HTTP/1.0" 404 453 "-" "-"
172.71.218.59 - - [10/Jan/2026:05:25:58 +0300] "GET /ova.php HTTP/1.0" 404 453 "-" "-"
172.71.218.59 - - [10/Jan/2026:05:25:59 +0300] "GET /vx.php HTTP/1.0" 404 453 "-" "-"
172.71.218.59 - - [10/Jan/2026:05:25:59 +0300] "GET /rh.php HTTP/1.0" 404 453 "-" "-"
172.71.184.225 - - [10/Jan/2026:05:26:07 +0300] "GET / HTTP/1.0" 200 2894 "-" "https://reg.ru monitoring abuse@reg.ru"
172.71.22.29 - - [10/Jan/2026:05:26:24 +0300] "GET /?e=0916095292be486 HTTP/1.0" 200 20327 "-" "Mozilla/5.0 (Linux; Android 6.0.1; Nexus 5X Build/MMB29P) AppleWebKit/537.36 (KHTML, like Gecko) Chrome/143.0.7499.192 Mobile Safari/537.36 (compatible; Googlebot/2.1; +http://www.google.com/bot.html)"
172.71.22.29 - - [10/Jan/2026:05:26:32 +0300] "GET /?e=04272777e49e3 HTTP/1.0" 200 9740 "-" "Mozilla/5.0 (Linux; Android 6.0.1; Nexus 5X Build/MMB29P) AppleWebKit/537.36 (KHTML, like Gecko) Chrome/143.0.7499.192 Mobile Safari/537.36 (compatible; Googlebot/2.1; +http://www.google.com/bot.html)"
162.158.88.152 - - [10/Jan/2026:05:26:56 +0300] "GET /thebest.html HTTP/1.0" 200 3054 "-" "Mozilla/5.0 (iPhone; CPU iPhone OS 13_2_3 like Mac OS X) AppleWebKit/605.1.15 (KHTML, like Gecko) Version/13.0.3 Mobile/15E148 Safari/604.1"
172.71.164.232 - - [10/Jan/2026:05:27:13 +0300] "GET /favicon.ico HTTP/1.0" 404 453 "https://stefanos.ru/" "Mozilla/5.0 (Linux; arm_64; Android 13; Xiaomi Mi 10T Pro) AppleWebKit/537.36 (KHTML, like Gecko) Chrome/143.0.7499.109.0.0.0 YaBrowser/24.4.0.298 SA/3 Mobile Safari/537.36"
172.69.71.85 - - [10/Jan/2026:05:27:19 +0300] "GET /?e=04272673f73b2 HTTP/1.0" 200 37513 "-" "Mozilla/5.0 (Linux; Android 6.0.1; Nexus 5X Build/MMB29P) AppleWebKit/537.36 (KHTML, like Gecko) Chrome/143.0.7499.192 Mobile Safari/537.36 (compatible; Googlebot/2.1; +http://www.google.com/bot.html)"
172.69.192.141 - - [10/Jan/2026:05:28:26 +0300] "GET /?ysclid=mapekyelxm327330065&utm_referrer=https://ya.ru/ HTTP/1.0" 200 2894 "-" "Mozilla/5.0 (Linux; arm_64; Android 16; Samsung Galaxy A55) AppleWebKit/537.36 (KHTML, like Gecko) Chrome/143.0.7499.109.0.0.0 YaBrowser/24.1.2.109 SA/3 Mobile Safari/537.36"
162.158.48.132 - - [10/Jan/2026:05:28:26 +0300] "GET /favicon.ico HTTP/1.0" 404 453 "https://stefanos.ru/?ysclid=mapekyelxm327330065&utm_referrer=https://ya.ru/" "Mozilla/5.0 (Linux; arm_64; Android 16; Samsung Galaxy A55) AppleWebKit/537.36 (KHTML, like Gecko) Chrome/143.0.7499.109.0.0.0 YaBrowser/24.1.2.109 SA/3 Mobile Safari/537.36"
172.71.102.200 - - [10/Jan/2026:05:28:53 +0300] "GET / HTTP/1.0" 200 2894 "-" "Mozilla/5.0 (Linux; Android 10; K) AppleWebKit/537.36 (KHTML, like Gecko) Chrome/143.0.0.0 Mobile Safari/537.36"
162.159.113.136 - - [10/Jan/2026:05:28:54 +0300] "GET /favicon.ico HTTP/1.0" 404 453 "https://stefanos.ru/" "Mozilla/5.0 (Linux; Android 10; K) AppleWebKit/537.36 (KHTML, like Gecko) Chrome/143.0.0.0 Mobile Safari/537.36"
162.158.182.139 - - [10/Jan/2026:05:29:21 +0300] "GET / HTTP/1.0" 200 2894 "-" "https://reg.ru monitoring abuse@reg.ru"
172.69.71.86 - - [10/Jan/2026:05:29:21 +0300] "GET /?e=185168262274 HTTP/1.0" 200 20066 "-" "Mozilla/5.0 (Linux; Android 6.0.1; Nexus 5X Build/MMB29P) AppleWebKit/537.36 (KHTML, like Gecko) Chrome/143.0.7499.192 Mobile Safari/537.36 (compatible; Googlebot/2.1; +http://www.google.com/bot.html)"
172.69.151.230 - - [10/Jan/2026:05:29:31 +0300] "GET / HTTP/1.0" 200 2894 "-" "Mozilla/5.0 (Linux; Android 10; K) AppleWebKit/537.36 (KHTML, like Gecko) Chrome/143.0.0.0 Mobile Safari/537.36"
172.69.192.141 - - [10/Jan/2026:05:29:46 +0300] "GET / HTTP/1.0" 200 2894 "-" "Mozilla/5.0 (Linux; Android 13; X19miniHD) AppleWebKit/537.36 (KHTML, like Gecko) Chrome/143.0.7499.52 Mobile Safari/537.36"
172.69.71.86 - - [10/Jan/2026:05:30:01 +0300] "GET /?e=04271125526e4 HTTP/1.0" 200 19378 "-" "Mozilla/5.0 (Linux; Android 6.0.1; Nexus 5X Build/MMB29P) AppleWebKit/537.36 (KHTML, like Gecko) Chrome/143.0.7499.192 Mobile Safari/537.36 (compatible; Googlebot/2.1; +http://www.google.com/bot.html)"
172.69.71.86 - - [10/Jan/2026:05:30:02 +0300] "GET /?e=1527222d0c257 HTTP/1.0" 200 19199 "-" "Mozilla/5.0 (Linux; Android 6.0.1; Nexus 5X Build/MMB29P) AppleWebKit/537.36 (KHTML, like Gecko) Chrome/143.0.7499.192 Mobile Safari/537.36 (compatible; Googlebot/2.1; +http://www.google.com/bot.html)"
172.64.198.214 - - [10/Jan/2026:05:30:35 +0300] "GET / HTTP/1.0" 200 2894 "-" "Mozilla/5.0 (Linux; Android 10; K) AppleWebKit/537.36 (KHTML, like Gecko) Chrome/137.0.0.0 Mobile Safari/537.36"
172.64.198.87 - - [10/Jan/2026:05:30:36 +0300] "GET /favicon.ico HTTP/1.0" 404 453 "https://stefanos.ru/" "Mozilla/5.0 (Linux; Android 10; K) AppleWebKit/537.36 (KHTML, like Gecko) Chrome/137.0.0.0 Mobile Safari/537.36"
172.71.247.31 - - [10/Jan/2026:05:31:02 +0300] "GET / HTTP/1.0" 200 2894 "-" "Mozilla/5.0 (Windows NT 10.0; Win64; x64) AppleWebKit/537.36 (KHTML, like Gecko) Chrome/143.0.7499.110 Safari/537.36"
172.71.164.233 - - [10/Jan/2026:05:31:04 +0300] "GET /favicon.ico HTTP/1.0" 404 453 "https://stefanos.ru/" "Mozilla/5.0 (Windows NT 10.0; Win64; x64) AppleWebKit/537.36 (KHTML, like Gecko) Chrome/143.0.7499.110 Safari/537.36"
172.69.71.86 - - [10/Jan/2026:05:31:09 +0300] "GET /?e=012750706835a HTTP/1.0" 200 8708 "-" "Mozilla/5.0 (Linux; Android 6.0.1; Nexus 5X Build/MMB29P) AppleWebKit/537.36 (KHTML, like Gecko) Chrome/143.0.7499.192 Mobile Safari/537.36 (compatible; Googlebot/2.1; +http://www.google.com/bot.html)"
172.68.183.14 - - [10/Jan/2026:05:31:14 +0300] "GET / HTTP/1.0" 200 2894 "-" "https://reg.ru monitoring abuse@reg.ru"
162.158.94.164 - - [10/Jan/2026:05:31:19 +0300] "GET / HTTP/1.0" 200 2894 "-" "Mozilla/5.0 (Linux; Android 10; K) AppleWebKit/537.36 (KHTML, like Gecko) Chrome/140.0.0.0 Mobile Safari/537.36"
172.70.243.104 - - [10/Jan/2026:05:31:33 +0300] "GET / HTTP/1.0" 200 2894 "-" "Mozilla/5.0 (iPhone; CPU iPhone OS 17_0 like Mac OS X) AppleWebKit/605.1.15 (KHTML, like Gecko) CriOS/142.0.7444.128 Mobile/15E148 Safari/604.1"
172.64.200.210 - - [10/Jan/2026:05:31:42 +0300] "GET / HTTP/1.0" 200 2894 "-" "Mozilla/5.0 (Linux; Android 10; K) AppleWebKit/537.36 (KHTML, like Gecko) Chrome/143.0.0.0 Mobile Safari/537.36"
172.69.71.86 - - [10/Jan/2026:05:32:10 +0300] "GET /?e=06269171401c2 HTTP/1.0" 200 9248 "-" "Mozilla/5.0 (Linux; Android 6.0.1; Nexus 5X Build/MMB29P) AppleWebKit/537.36 (KHTML, like Gecko) Chrome/143.0.7499.192 Mobile Safari/537.36 (compatible; Googlebot/2.1; +http://www.google.com/bot.html)"
172.69.71.86 - - [10/Jan/2026:05:32:11 +0300] "GET /?e=01275172b09c1 HTTP/1.0" 200 9769 "-" "Mozilla/5.0 (Linux; Android 6.0.1; Nexus 5X Build/MMB29P) AppleWebKit/537.36 (KHTML, like Gecko) Chrome/143.0.7499.192 Mobile Safari/537.36 (compatible; Googlebot/2.1; +http://www.google.com/bot.html)"
172.69.71.86 - - [10/Jan/2026:05:32:17 +0300] "GET /?e=0710884166e50ea HTTP/1.0" 200 21800 "-" "Mozilla/5.0 (Linux; Android 6.0.1; Nexus 5X Build/MMB29P) AppleWebKit/537.36 (KHTML, like Gecko) Chrome/143.0.7499.192 Mobile Safari/537.36 (compatible; Googlebot/2.1; +http://www.google.com/bot.html)"
172.69.71.86 - - [10/Jan/2026:05:32:25 +0300] "GET /?e=01274778fe5ec HTTP/1.0" 200 22489 "-" "Mozilla/5.0 (Linux; Android 6.0.1; Nexus 5X Build/MMB29P) AppleWebKit/537.36 (KHTML, like Gecko) Chrome/143.0.7499.192 Mobile Safari/537.36 (compatible; Googlebot/2.1; +http://www.google.com/bot.html)"
172.71.172.157 - - [10/Jan/2026:05:33:05 +0300] "GET / HTTP/1.0" 200 2894 "-" "Mozilla/5.0 (Linux; Android 10; K) AppleWebKit/537.36 (KHTML, like Gecko) Chrome/142.0.0.0 Mobile Safari/537.36"
172.71.144.64 - - [10/Jan/2026:05:33:09 +0300] "GET / HTTP/1.0" 200 2894 "-" "Mozilla/5.0 (Linux; Android 10; K) AppleWebKit/537.36 (KHTML, like Gecko) Chrome/143.0.0.0 Mobile Safari/537.36"
172.69.71.86 - - [10/Jan/2026:05:33:10 +0300] "GET /?e=0927432c4d2e6 HTTP/1.0" 200 9308 "-" "Mozilla/5.0 (Linux; Android 6.0.1; Nexus 5X Build/MMB29P) AppleWebKit/537.36 (KHTML, like Gecko) Chrome/143.0.7499.192 Mobile Safari/537.36 (compatible; Googlebot/2.1; +http://www.google.com/bot.html)"
162.158.183.68 - - [10/Jan/2026:05:33:38 +0300] "GET / HTTP/1.0" 200 2894 "-" "https://reg.ru monitoring abuse@reg.ru"
162.158.94.164 - - [10/Jan/2026:05:33:49 +0300] "GET / HTTP/1.0" 200 2894 "-" "Mozilla/5.0 (Linux; Android 10; K) AppleWebKit/537.36 (KHTML, like Gecko) Chrome/143.0.0.0 Mobile Safari/537.36"
104.23.217.168 - - [10/Jan/2026:05:34:28 +0300] "GET / HTTP/1.0" 200 2894 "-" "https://reg.ru monitoring abuse@reg.ru"
104.23.223.104 - - [10/Jan/2026:05:34:43 +0300] "GET / HTTP/1.0" 200 2894 "-" "Mozilla/5.0 (Linux; Android 10; K) AppleWebKit/537.36 (KHTML, like Gecko) Chrome/143.0.0.0 Mobile Safari/537.36"
172.71.164.232 - - [10/Jan/2026:05:34:44 +0300] "GET /favicon.ico HTTP/1.0" 404 453 "https://stefanos.ru/" "Mozilla/5.0 (Linux; Android 10; K) AppleWebKit/537.36 (KHTML, like Gecko) Chrome/143.0.0.0 Mobile Safari/537.36"
172.68.70.156 - - [10/Jan/2026:05:35:02 +0300] "GET /?e=062725287b1c0 HTTP/1.0" 200 20514 "-" "Mozilla/5.0 (Linux; Android 6.0.1; Nexus 5X Build/MMB29P) AppleWebKit/537.36 (KHTML, like Gecko) Chrome/143.0.7499.192 Mobile Safari/537.36 (compatible; Googlebot/2.1; +http://www.google.com/bot.html)"
108.162.246.200 - - [10/Jan/2026:05:35:36 +0300] "GET /catalog/bride/011.html HTTP/1.0" 200 2067 "-" "Mozilla/5.0 (compatible; DotBot/1.2; +https://opensiteexplorer.org/dotbot; help@moz.com)"
162.158.94.164 - - [10/Jan/2026:05:35:52 +0300] "GET / HTTP/1.0" 200 2894 "-" "Mozilla/5.0 (Linux; Android 10; K) AppleWebKit/537.36 (KHTML, like Gecko) Chrome/143.0.0.0 Mobile Safari/537.36"
172.70.243.103 - - [10/Jan/2026:05:36:00 +0300] "GET / HTTP/1.0" 200 2894 "-" "Mozilla/5.0 (Linux; Android 10; K) AppleWebKit/537.36 (KHTML, like Gecko) Chrome/130.0.0.0 Mobile Safari/537.36"
172.71.146.206 - - [10/Jan/2026:05:36:14 +0300] "GET /catalog/bride/v-5.html HTTP/1.0" 200 2060 "-" "Mozilla/5.0 (compatible; DotBot/1.2; +https://opensiteexplorer.org/dotbot; help@moz.com)"
172.71.30.118 - - [10/Jan/2026:05:36:13 +0300] "GET /?e=00124635226da5f HTTP/1.0" 200 15891 "-" "Mozilla/5.0 (Linux; Android 6.0.1; Nexus 5X Build/MMB29P) AppleWebKit/537.36 (KHTML, like Gecko) Chrome/143.0.7499.192 Mobile Safari/537.36 (compatible; Googlebot/2.1; +http://www.google.com/bot.html)"
172.68.10.115 - - [10/Jan/2026:05:36:18 +0300] "GET / HTTP/1.0" 200 2894 "-" "https://reg.ru monitoring abuse@reg.ru"
172.71.30.118 - - [10/Jan/2026:05:36:33 +0300] "GET /?e=0127482909612 HTTP/1.0" 200 50070 "-" "Mozilla/5.0 (Linux; Android 6.0.1; Nexus 5X Build/MMB29P) AppleWebKit/537.36 (KHTML, like Gecko) Chrome/143.0.7499.192 Mobile Safari/537.36 (compatible; Googlebot/2.1; +http://www.google.com/bot.html)"
104.22.20.207 - - [10/Jan/2026:05:36:55 +0300] "GET /visit.html HTTP/1.0" 200 2028 "-" "Mozilla/5.0 (iPhone; CPU iPhone OS 13_2_3 like Mac OS X) AppleWebKit/605.1.15 (KHTML, like Gecko) Version/13.0.3 Mobile/15E148 Safari/604.1"
172.69.192.141 - - [10/Jan/2026:05:37:05 +0300] "GET / HTTP/1.0" 200 2894 "-" "Mozilla/5.0 (Linux; Android 12; PGZ110) AppleWebKit/537.36 (KHTML, like Gecko) Chrome/118.0.5993.48 Mobile Safari/537.36"
162.158.48.133 - - [10/Jan/2026:05:37:12 +0300] "GET /favicon.ico HTTP/1.0" 404 453 "https://stefanos.ru/" "Mozilla/5.0 (Linux; Android 12; PGZ110) AppleWebKit/537.36 (KHTML, like Gecko) Chrome/118.0.5993.48 Mobile Safari/537.36"
172.68.70.156 - - [10/Jan/2026:05:37:24 +0300] "GET /?e=0812477769d04df HTTP/1.0" 200 10078 "-" "Mozilla/5.0 (Linux; Android 6.0.1; Nexus 5X Build/MMB29P) AppleWebKit/537.36 (KHTML, like Gecko) Chrome/143.0.7499.192 Mobile Safari/537.36 (compatible; Googlebot/2.1; +http://www.google.com/bot.html)"
104.23.239.48 - - [10/Jan/2026:05:37:49 +0300] "GET / HTTP/1.0" 200 2894 "-" "Mozilla/5.0 (iPad; CPU OS 17_3 like Mac OS X) AppleWebKit/605.1.15 (KHTML, like Gecko) CriOS/143.0.7499.41 Mobile/15E148 Safari/604.1"
172.71.164.233 - - [10/Jan/2026:05:37:56 +0300] "GET /favicon.ico HTTP/1.0" 404 453 "https://stefanos.ru/" "Mozilla/5.0 (iPad; CPU OS 17_3 like Mac OS X) AppleWebKit/605.1.15 (KHTML, like Gecko) CriOS/143.0.7499.41 Mobile/15E148 Safari/604.1"
172.69.192.141 - - [10/Jan/2026:05:38:19 +0300] "GET /?ysclid=mapfirllul562728468&utm_referrer=https://ya.ru/ HTTP/1.0" 200 2894 "-" "Mozilla/5.0 (Linux; Android 10; K) AppleWebKit/537.36 (KHTML, like Gecko) Chrome/143.0.0.0 Mobile Safari/537.36"
172.69.192.141 - - [10/Jan/2026:05:38:32 +0300] "GET / HTTP/1.0" 200 2894 "-" "Mozilla/5.0 (Linux; Android 10; K) AppleWebKit/537.36 (KHTML, like Gecko) Chrome/143.0.0.0 Mobile Safari/537.36"
172.71.184.224 - - [10/Jan/2026:05:38:45 +0300] "GET / HTTP/1.0" 200 2894 "-" "https://reg.ru monitoring abuse@reg.ru"
172.71.22.29 - - [10/Jan/2026:05:39:10 +0300] "GET /?e=001982549f3eba1 HTTP/1.0" 200 51218 "-" "Mozilla/5.0 (Linux; Android 6.0.1; Nexus 5X Build/MMB29P) AppleWebKit/537.36 (KHTML, like Gecko) Chrome/143.0.7499.192 Mobile Safari/537.36 (compatible; Googlebot/2.1; +http://www.google.com/bot.html)"
104.23.221.199 - - [10/Jan/2026:05:39:31 +0300] "GET / HTTP/1.0" 200 2894 "-" "https://reg.ru monitoring abuse@reg.ru"
172.71.22.28 - - [10/Jan/2026:05:40:23 +0300] "GET /?e=0626837daaa8f HTTP/1.0" 200 19366 "-" "Mozilla/5.0 (Linux; Android 6.0.1; Nexus 5X Build/MMB29P) AppleWebKit/537.36 (KHTML, like Gecko) Chrome/143.0.7499.192 Mobile Safari/537.36 (compatible; Googlebot/2.1; +http://www.google.com/bot.html)"
172.69.71.86 - - [10/Jan/2026:05:40:24 +0300] "GET /?e=1127627c0ce50 HTTP/1.0" 200 35381 "-" "Mozilla/5.0 (Linux; Android 6.0.1; Nexus 5X Build/MMB29P) AppleWebKit/537.36 (KHTML, like Gecko) Chrome/143.0.7499.192 Mobile Safari/537.36 (compatible; Googlebot/2.1; +http://www.google.com/bot.html)"
172.69.71.86 - - [10/Jan/2026:05:40:33 +0300] "GET /?e=06268526fdb24 HTTP/1.0" 200 18439 "-" "Mozilla/5.0 (Linux; Android 6.0.1; Nexus 5X Build/MMB29P) AppleWebKit/537.36 (KHTML, like Gecko) Chrome/143.0.7499.192 Mobile Safari/537.36 (compatible; Googlebot/2.1; +http://www.google.com/bot.html)"
172.70.251.242 - - [10/Jan/2026:05:40:53 +0300] "GET / HTTP/1.0" 200 2894 "-" "Mozilla/5.0 (Linux; Android 10; K) AppleWebKit/537.36 (KHTML, like Gecko) Chrome/143.0.0.0 Mobile Safari/537.36"
172.71.184.224 - - [10/Jan/2026:05:41:24 +0300] "GET / HTTP/1.0" 200 2894 "-" "https://reg.ru monitoring abuse@reg.ru"
104.23.239.48 - - [10/Jan/2026:05:41:28 +0300] "GET / HTTP/1.0" 200 2894 "-" "Mozilla/5.0 (Linux; Android 10; K) AppleWebKit/537.36 (KHTML, like Gecko) Chrome/140.0.0.0 Mobile Safari/537.36"
172.71.164.232 - - [10/Jan/2026:05:41:29 +0300] "GET /favicon.ico HTTP/1.0" 404 453 "https://stefanos.ru/" "Mozilla/5.0 (Linux; Android 10; K) AppleWebKit/537.36 (KHTML, like Gecko) Chrome/140.0.0.0 Mobile Safari/537.36"
172.71.184.224 - - [10/Jan/2026:05:41:42 +0300] "GET / HTTP/1.0" 200 2894 "-" "Mozilla/5.0 (Linux; Android 10; K) AppleWebKit/537.36 (KHTML, like Gecko) Chrome/140.0.0.0 Mobile Safari/537.36"
172.68.10.116 - - [10/Jan/2026:05:41:42 +0300] "GET /favicon.ico HTTP/1.0" 404 453 "https://stefanos.ru/" "Mozilla/5.0 (Linux; Android 10; K) AppleWebKit/537.36 (KHTML, like Gecko) Chrome/140.0.0.0 Mobile Safari/537.36"
172.71.22.29 - - [10/Jan/2026:05:42:06 +0300] "GET /?e=0620641835ccb70 HTTP/1.0" 200 20389 "-" "Mozilla/5.0 (Linux; Android 6.0.1; Nexus 5X Build/MMB29P) AppleWebKit/537.36 (KHTML, like Gecko) Chrome/143.0.7499.192 Mobile Safari/537.36 (compatible; Googlebot/2.1; +http://www.google.com/bot.html)"
172.71.184.224 - - [10/Jan/2026:05:42:16 +0300] "GET / HTTP/1.0" 200 2894 "-" "Mozilla/5.0 (Linux; Android 10; K) AppleWebKit/537.36 (KHTML, like Gecko) Chrome/143.0.0.0 Mobile Safari/537.36"
172.71.22.29 - - [10/Jan/2026:05:43:02 +0300] "GET /?e=0427207266185 HTTP/1.0" 200 35633 "-" "Mozilla/5.0 (Linux; Android 6.0.1; Nexus 5X Build/MMB29P) AppleWebKit/537.36 (KHTML, like Gecko) Chrome/143.0.7499.192 Mobile Safari/537.36 (compatible; Googlebot/2.1; +http://www.google.com/bot.html)"
172.71.184.224 - - [10/Jan/2026:05:43:54 +0300] "GET / HTTP/1.0" 200 2894 "-" "https://reg.ru monitoring abuse@reg.ru"
172.71.22.29 - - [10/Jan/2026:05:44:03 +0300] "GET /?e=052064207ed80b3 HTTP/1.0" 200 10602 "-" "Mozilla/5.0 (Linux; Android 6.0.1; Nexus 5X Build/MMB29P) AppleWebKit/537.36 (KHTML, like Gecko) Chrome/143.0.7499.192 Mobile Safari/537.36 (compatible; Googlebot/2.1; +http://www.google.com/bot.html)"
172.69.71.86 - - [10/Jan/2026:05:44:10 +0300] "GET /?e=061850516b3c67d HTTP/1.0" 200 20755 "-" "Mozilla/5.0 (Linux; Android 6.0.1; Nexus 5X Build/MMB29P) AppleWebKit/537.36 (KHTML, like Gecko) Chrome/143.0.7499.192 Mobile Safari/537.36 (compatible; Googlebot/2.1; +http://www.google.com/bot.html)"
172.69.192.142 - - [10/Jan/2026:05:44:29 +0300] "GET / HTTP/1.0" 200 2894 "-" "Mozilla/5.0 (Linux; Android 10; K) AppleWebKit/537.36 (KHTML, like Gecko) Chrome/136.0.0.0 Mobile Safari/537.36"
162.158.48.132 - - [10/Jan/2026:05:44:31 +0300] "GET /favicon.ico HTTP/1.0" 404 453 "https://stefanos.ru/" "Mozilla/5.0 (Linux; Android 10; K) AppleWebKit/537.36 (KHTML, like Gecko) Chrome/136.0.0.0 Mobile Safari/537.36"
172.69.192.142 - - [10/Jan/2026:05:44:59 +0300] "GET / HTTP/1.0" 200 2894 "-" "Mozilla/5.0 (Linux; Android 10; K) AppleWebKit/537.36 (KHTML, like Gecko) Chrome/142.0.0.0 Mobile Safari/537.36"
172.71.22.28 - - [10/Jan/2026:05:46:26 +0300] "GET /?e=04269920d3ca8 HTTP/1.0" 200 11005 "-" "Mozilla/5.0 (Linux; Android 6.0.1; Nexus 5X Build/MMB29P) AppleWebKit/537.36 (KHTML, like Gecko) Chrome/143.0.7499.192 Mobile Safari/537.36 (compatible; Googlebot/2.1; +http://www.google.com/bot.html)"
172.69.50.235 - - [10/Jan/2026:05:46:28 +0300] "GET / HTTP/1.0" 200 2894 "-" "https://reg.ru monitoring abuse@reg.ru"
172.70.38.72 - - [10/Jan/2026:05:46:36 +0300] "GET /prokat.html HTTP/1.0" 200 2507 "-" "Mozilla/5.0 (iPhone; CPU iPhone OS 13_2_3 like Mac OS X) AppleWebKit/605.1.15 (KHTML, like Gecko) Version/13.0.3 Mobile/15E148 Safari/604.1"
104.23.223.88 - - [10/Jan/2026:05:46:59 +0300] "GET /?e=042064191350542 HTTP/1.0" 200 9084 "-" "Mozilla/5.0 (Linux; Android 6.0.1; Nexus 5X Build/MMB29P) AppleWebKit/537.36 (KHTML, like Gecko) Chrome/143.0.7499.192 Mobile Safari/537.36 (compatible; Googlebot/2.1; +http://www.google.com/bot.html)"
104.22.1.192 - - [10/Jan/2026:05:47:21 +0300] "GET /?e=0627192fe2315 HTTP/1.0" 200 49213 "-" "Mozilla/5.0 (Linux; Android 6.0.1; Nexus 5X Build/MMB29P) AppleWebKit/537.36 (KHTML, like Gecko) Chrome/143.0.7499.192 Mobile Safari/537.36 (compatible; Googlebot/2.1; +http://www.google.com/bot.html)"
104.22.1.192 - - [10/Jan/2026:05:47:28 +0300] "GET /?e=01276221aa65e HTTP/1.0" 200 9459 "-" "Mozilla/5.0 (Linux; Android 6.0.1; Nexus 5X Build/MMB29P) AppleWebKit/537.36 (KHTML, like Gecko) Chrome/143.0.7499.192 Mobile Safari/537.36 (compatible; Googlebot/2.1; +http://www.google.com/bot.html)"
104.22.1.192 - - [10/Jan/2026:05:47:59 +0300] "GET /?e=0127547c70545 HTTP/1.0" 200 34533 "-" "Mozilla/5.0 (Linux; Android 6.0.1; Nexus 5X Build/MMB29P) AppleWebKit/537.36 (KHTML, like Gecko) Chrome/143.0.7499.192 Mobile Safari/537.36 (compatible; Googlebot/2.1; +http://www.google.com/bot.html)"
104.22.1.192 - - [10/Jan/2026:05:47:59 +0300] "GET /?e=1127717a43772 HTTP/1.0" 200 35603 "-" "Mozilla/5.0 (Linux; Android 6.0.1; Nexus 5X Build/MMB29P) AppleWebKit/537.36 (KHTML, like Gecko) Chrome/143.0.7499.192 Mobile Safari/537.36 (compatible; Googlebot/2.1; +http://www.google.com/bot.html)"
104.22.24.210 - - [10/Jan/2026:05:48:17 +0300] "GET /?e=0182108089403 HTTP/1.0" 200 2894 "-" "Mozilla/5.0 (Linux; Android 6.0.1; Nexus 5X Build/MMB29P) AppleWebKit/537.36 (KHTML, like Gecko) Chrome/143.0.7499.192 Mobile Safari/537.36 (compatible; GoogleOther)"
104.22.24.133 - - [10/Jan/2026:05:48:22 +0300] "GET /?e=141222899990982 HTTP/1.0" 200 2894 "-" "Mozilla/5.0 (Linux; Android 6.0.1; Nexus 5X Build/MMB29P) AppleWebKit/537.36 (KHTML, like Gecko) Chrome/143.0.7499.192 Mobile Safari/537.36 (compatible; GoogleOther)"
172.68.10.115 - - [10/Jan/2026:05:49:01 +0300] "GET / HTTP/1.0" 200 2894 "-" "https://reg.ru monitoring abuse@reg.ru"
172.68.70.156 - - [10/Jan/2026:05:49:23 +0300] "GET /?e=038461470d345 HTTP/1.0" 200 35157 "-" "Mozilla/5.0 (Linux; Android 6.0.1; Nexus 5X Build/MMB29P) AppleWebKit/537.36 (KHTML, like Gecko) Chrome/143.0.7499.192 Mobile Safari/537.36 (compatible; Googlebot/2.1; +http://www.google.com/bot.html)"
104.22.1.193 - - [10/Jan/2026:05:49:27 +0300] "GET /?ID=2812.html HTTP/1.0" 200 50760 "https://stefanos.ru/?e=038461470d345" "Mozilla/5.0 (Linux; Android 6.0.1; Nexus 5X Build/MMB29P) AppleWebKit/537.36 (KHTML, like Gecko) Chrome/143.0.7499.169 Mobile Safari/537.36 (compatible; Googlebot/2.1; +http://www.google.com/bot.html)"
172.68.70.156 - - [10/Jan/2026:05:49:29 +0300] "GET /?ID=2984.html HTTP/1.0" 200 19353 "https://stefanos.ru/?e=038461470d345" "Mozilla/5.0 (Linux; Android 6.0.1; Nexus 5X Build/MMB29P) AppleWebKit/537.36 (KHTML, like Gecko) Chrome/143.0.7499.169 Mobile Safari/537.36 (compatible; Googlebot/2.1; +http://www.google.com/bot.html)"
172.68.70.156 - - [10/Jan/2026:05:49:30 +0300] "GET /?ID=2484.html HTTP/1.0" 200 36206 "https://stefanos.ru/?e=038461470d345" "Mozilla/5.0 (Linux; Android 6.0.1; Nexus 5X Build/MMB29P) AppleWebKit/537.36 (KHTML, like Gecko) Chrome/143.0.7499.169 Mobile Safari/537.36 (compatible; Googlebot/2.1; +http://www.google.com/bot.html)"
172.68.159.211 - - [10/Jan/2026:05:49:46 +0300] "GET / HTTP/1.0" 200 2894 "-" "https://reg.ru monitoring abuse@reg.ru"
104.22.1.193 - - [10/Jan/2026:05:49:56 +0300] "GET /?e=00122193319cdcd HTTP/1.0" 200 9482 "-" "Mozilla/5.0 (Linux; Android 6.0.1; Nexus 5X Build/MMB29P) AppleWebKit/537.36 (KHTML, like Gecko) Chrome/143.0.7499.192 Mobile Safari/537.36 (compatible; Googlebot/2.1; +http://www.google.com/bot.html)"
162.158.210.33 - - [10/Jan/2026:05:50:31 +0300] "GET /z.tar.gz HTTP/1.0" 404 453 "-" "Mozilla/5.0 (Windows NT 10.0; Win64; x64) AppleWebKit/537.36 (KHTML, like Gecko) Chrome/101.0.4951.67 Safari/537.36"
172.68.70.157 - - [10/Jan/2026:05:51:02 +0300] "GET /?e=112736225891c HTTP/1.0" 200 20143 "-" "Mozilla/5.0 (Linux; Android 6.0.1; Nexus 5X Build/MMB29P) AppleWebKit/537.36 (KHTML, like Gecko) Chrome/143.0.7499.192 Mobile Safari/537.36 (compatible; Googlebot/2.1; +http://www.google.com/bot.html)"
172.68.70.157 - - [10/Jan/2026:05:51:27 +0300] "GET /?e=0427062aabfca HTTP/1.0" 200 18866 "-" "Mozilla/5.0 (Linux; Android 6.0.1; Nexus 5X Build/MMB29P) AppleWebKit/537.36 (KHTML, like Gecko) Chrome/143.0.7499.192 Mobile Safari/537.36 (compatible; Googlebot/2.1; +http://www.google.com/bot.html)"
104.22.1.192 - - [10/Jan/2026:05:51:48 +0300] "GET /?e=1526882765794 HTTP/1.0" 200 35169 "-" "Mozilla/5.0 (Linux; Android 6.0.1; Nexus 5X Build/MMB29P) AppleWebKit/537.36 (KHTML, like Gecko) Chrome/143.0.7499.192 Mobile Safari/537.36 (compatible; Googlebot/2.1; +http://www.google.com/bot.html)"
162.158.94.165 - - [10/Jan/2026:05:51:53 +0300] "GET / HTTP/1.0" 200 2894 "-" "Mozilla/5.0 (Linux; Android 10; K) AppleWebKit/537.36 (KHTML, like Gecko) Chrome/143.0.0.0 Mobile Safari/537.36"
172.71.164.233 - - [10/Jan/2026:05:51:56 +0300] "GET /favicon.ico HTTP/1.0" 404 453 "https://stefanos.ru/" "Mozilla/5.0 (Linux; Android 10; K) AppleWebKit/537.36 (KHTML, like Gecko) Chrome/143.0.0.0 Mobile Safari/537.36"
198.41.242.243 - - [10/Jan/2026:05:52:12 +0300] "GET /robots.txt HTTP/1.1" 200 22 "-" "Mozilla/5.0 (Windows NT 10.0; Win64; x64) AppleWebKit/537.36 (KHTML, like Gecko) Chrome/103.0.5060.134 Safari/537.36"
104.22.1.192 - - [10/Jan/2026:05:52:17 +0300] "GET /?e=1127667a81171 HTTP/1.0" 200 50193 "-" "Mozilla/5.0 (Linux; Android 6.0.1; Nexus 5X Build/MMB29P) AppleWebKit/537.36 (KHTML, like Gecko) Chrome/143.0.7499.192 Mobile Safari/537.36 (compatible; Googlebot/2.1; +http://www.google.com/bot.html)"
104.22.1.192 - - [10/Jan/2026:05:52:53 +0300] "GET /?e=011520347b77bac HTTP/1.0" 200 36357 "-" "Mozilla/5.0 (Linux; Android 6.0.1; Nexus 5X Build/MMB29P) AppleWebKit/537.36 (KHTML, like Gecko) Chrome/143.0.7499.192 Mobile Safari/537.36 (compatible; Googlebot/2.1; +http://www.google.com/bot.html)"
104.22.1.192 - - [10/Jan/2026:05:52:58 +0300] "GET /?GameID=2670.html HTTP/1.0" 200 37104 "https://stefanos.ru/?e=011520347b77bac" "Mozilla/5.0 (Linux; Android 6.0.1; Nexus 5X Build/MMB29P) AppleWebKit/537.36 (KHTML, like Gecko) Chrome/143.0.7499.169 Mobile Safari/537.36 (compatible; Googlebot/2.1; +http://www.google.com/bot.html)"
104.22.1.192 - - [10/Jan/2026:05:53:00 +0300] "GET /?GameID=2473.html HTTP/1.0" 200 35246 "https://stefanos.ru/?e=011520347b77bac" "Mozilla/5.0 (Linux; Android 6.0.1; Nexus 5X Build/MMB29P) AppleWebKit/537.36 (KHTML, like Gecko) Chrome/143.0.7499.169 Mobile Safari/537.36 (compatible; Googlebot/2.1; +http://www.google.com/bot.html)"
104.22.1.192 - - [10/Jan/2026:05:53:01 +0300] "GET /?GameID=2834.html HTTP/1.0" 200 35352 "https://stefanos.ru/?e=011520347b77bac" "Mozilla/5.0 (Linux; Android 6.0.1; Nexus 5X Build/MMB29P) AppleWebKit/537.36 (KHTML, like Gecko) Chrome/143.0.7499.169 Mobile Safari/537.36 (compatible; Googlebot/2.1; +http://www.google.com/bot.html)"
162.158.111.147 - - [10/Jan/2026:05:53:31 +0300] "GET / HTTP/1.0" 200 2894 "-" "Mozilla/5.0 (Linux; Android 10; K) AppleWebKit/537.36 (KHTML, like Gecko) Chrome/143.0.0.0 Mobile Safari/537.36"
172.68.183.56 - - [10/Jan/2026:05:53:32 +0300] "GET / HTTP/1.0" 200 2894 "-" "Mozilla/5.0 (Linux; Android 10; K) AppleWebKit/537.36 (KHTML, like Gecko) Chrome/141.0.0.0 Mobile Safari/537.36"
172.68.10.117 - - [10/Jan/2026:05:53:33 +0300] "GET /favicon.ico HTTP/1.0" 404 453 "https://stefanos.ru/" "Mozilla/5.0 (Linux; Android 10; K) AppleWebKit/537.36 (KHTML, like Gecko) Chrome/141.0.0.0 Mobile Safari/537.36"
172.69.50.235 - - [10/Jan/2026:05:54:11 +0300] "GET / HTTP/1.0" 200 2894 "-" "https://reg.ru monitoring abuse@reg.ru"
108.162.237.254 - - [10/Jan/2026:05:54:23 +0300] "GET /?e=0327327d6739b HTTP/1.0" 200 50781 "-" "Mozilla/5.0 (Linux; Android 6.0.1; Nexus 5X Build/MMB29P) AppleWebKit/537.36 (KHTML, like Gecko) Chrome/143.0.7499.192 Mobile Safari/537.36 (compatible; Googlebot/2.1; +http://www.google.com/bot.html)"
172.71.30.119 - - [10/Jan/2026:05:54:25 +0300] "GET /?e=112750204e7b4 HTTP/1.0" 200 21805 "-" "Mozilla/5.0 (Linux; Android 6.0.1; Nexus 5X Build/MMB29P) AppleWebKit/537.36 (KHTML, like Gecko) Chrome/143.0.7499.192 Mobile Safari/537.36 (compatible; Googlebot/2.1; +http://www.google.com/bot.html)"
162.158.182.138 - - [10/Jan/2026:05:54:54 +0300] "GET / HTTP/1.0" 200 2894 "-" "https://reg.ru monitoring abuse@reg.ru"
104.22.1.192 - - [10/Jan/2026:05:55:06 +0300] "GET /?e=04270975d4a1c HTTP/1.0" 200 20997 "-" "Mozilla/5.0 (Linux; Android 6.0.1; Nexus 5X Build/MMB29P) AppleWebKit/537.36 (KHTML, like Gecko) Chrome/143.0.7499.192 Mobile Safari/537.36 (compatible; Googlebot/2.1; +http://www.google.com/bot.html)"
172.69.192.141 - - [10/Jan/2026:05:55:10 +0300] "GET / HTTP/1.0" 200 2894 "-" "Mozilla/5.0 (Linux; Android 10; K) AppleWebKit/537.36 (KHTML, like Gecko) Chrome/143.0.0.0 Mobile Safari/537.36"
162.158.48.133 - - [10/Jan/2026:05:55:11 +0300] "GET /favicon.ico HTTP/1.0" 404 453 "https://stefanos.ru/" "Mozilla/5.0 (Linux; Android 10; K) AppleWebKit/537.36 (KHTML, like Gecko) Chrome/143.0.0.0 Mobile Safari/537.36"
162.158.182.138 - - [10/Jan/2026:05:55:11 +0300] "GET / HTTP/1.0" 200 2894 "-" "Mozilla/5.0 (iPhone; CPU iPhone OS 17_1 like Mac OS X) AppleWebKit/605.1.15 (KHTML, like Gecko) CriOS/132.0.6834.80 Mobile/15E148 Safari/604.1"
172.71.30.119 - - [10/Jan/2026:05:55:11 +0300] "GET /?e=092756734ab69 HTTP/1.0" 200 35111 "-" "Mozilla/5.0 (Linux; Android 6.0.1; Nexus 5X Build/MMB29P) AppleWebKit/537.36 (KHTML, like Gecko) Chrome/143.0.7499.192 Mobile Safari/537.36 (compatible; Googlebot/2.1; +http://www.google.com/bot.html)"
162.158.183.59 - - [10/Jan/2026:05:55:16 +0300] "GET /favicon.ico HTTP/1.0" 404 453 "https://stefanos.ru/" "Mozilla/5.0 (iPhone; CPU iPhone OS 17_1 like Mac OS X) AppleWebKit/605.1.15 (KHTML, like Gecko) CriOS/132.0.6834.80 Mobile/15E148 Safari/604.1"
104.22.1.192 - - [10/Jan/2026:05:55:49 +0300] "GET /?e=0315167872e8d00 HTTP/1.0" 200 10250 "-" "Mozilla/5.0 (Linux; Android 6.0.1; Nexus 5X Build/MMB29P) AppleWebKit/537.36 (KHTML, like Gecko) Chrome/143.0.7499.192 Mobile Safari/537.36 (compatible; Googlebot/2.1; +http://www.google.com/bot.html)"
108.162.237.254 - - [10/Jan/2026:05:56:23 +0300] "GET /?e=092772703152d HTTP/1.0" 200 9859 "-" "Mozilla/5.0 (Linux; Android 6.0.1; Nexus 5X Build/MMB29P) AppleWebKit/537.36 (KHTML, like Gecko) Chrome/143.0.7499.192 Mobile Safari/537.36 (compatible; Googlebot/2.1; +http://www.google.com/bot.html)"
162.158.183.71 - - [10/Jan/2026:05:56:26 +0300] "GET / HTTP/1.0" 200 2894 "-" "Mozilla/5.0 (compatible; YandexBot/3.0; +http://yandex.com/bots) AppleWebKit/537.36 (KHTML, like Gecko) Chrome/108.0.0.0"
162.158.183.71 - - [10/Jan/2026:05:56:47 +0300] "GET / HTTP/1.0" 200 2894 "-" "https://reg.ru monitoring abuse@reg.ru"
104.22.1.192 - - [10/Jan/2026:05:57:25 +0300] "GET /?e=0127542155c1c HTTP/1.0" 200 34982 "-" "Mozilla/5.0 (Linux; Android 6.0.1; Nexus 5X Build/MMB29P) AppleWebKit/537.36 (KHTML, like Gecko) Chrome/143.0.7499.192 Mobile Safari/537.36 (compatible; Googlebot/2.1; +http://www.google.com/bot.html)"
172.70.248.158 - - [10/Jan/2026:05:58:04 +0300] "GET / HTTP/1.0" 200 2894 "-" "Mozilla/5.0 (Linux; Android 10; K) AppleWebKit/537.36 (KHTML, like Gecko) Chrome/140.0.0.0 Mobile Safari/537.36"
172.71.164.233 - - [10/Jan/2026:05:58:06 +0300] "GET /favicon.ico HTTP/1.0" 404 453 "https://stefanos.ru/" "Mozilla/5.0 (Linux; Android 10; K) AppleWebKit/537.36 (KHTML, like Gecko) Chrome/140.0.0.0 Mobile Safari/537.36"
172.69.71.85 - - [10/Jan/2026:05:58:12 +0300] "GET /?e=0626952ef77d4 HTTP/1.0" 200 19535 "-" "Mozilla/5.0 (Linux; Android 6.0.1; Nexus 5X Build/MMB29P) AppleWebKit/537.36 (KHTML, like Gecko) Chrome/143.0.7499.192 Mobile Safari/537.36 (compatible; Googlebot/2.1; +http://www.google.com/bot.html)"
172.70.42.75 - - [10/Jan/2026:05:58:43 +0300] "GET /wow.html HTTP/1.0" 200 2064 "-" "Mozilla/5.0 (iPhone; CPU iPhone OS 13_2_3 like Mac OS X) AppleWebKit/605.1.15 (KHTML, like Gecko) Version/13.0.3 Mobile/15E148 Safari/604.1"
172.69.71.85 - - [10/Jan/2026:05:58:45 +0300] "GET /?e=08961912b3c41 HTTP/1.0" 200 35683 "-" "Mozilla/5.0 (Linux; Android 6.0.1; Nexus 5X Build/MMB29P) AppleWebKit/537.36 (KHTML, like Gecko) Chrome/143.0.7499.192 Mobile Safari/537.36 (compatible; Googlebot/2.1; +http://www.google.com/bot.html)"
104.22.1.193 - - [10/Jan/2026:05:58:52 +0300] "GET /?ID=1654.html HTTP/1.0" 200 20328 "https://stefanos.ru/?e=08961912b3c41" "Mozilla/5.0 (Linux; Android 6.0.1; Nexus 5X Build/MMB29P) AppleWebKit/537.36 (KHTML, like Gecko) Chrome/143.0.7499.169 Mobile Safari/537.36 (compatible; Googlebot/2.1; +http://www.google.com/bot.html)"
104.22.1.193 - - [10/Jan/2026:05:58:53 +0300] "GET /?ID=1742.html HTTP/1.0" 200 49427 "https://stefanos.ru/?e=08961912b3c41" "Mozilla/5.0 (Linux; Android 6.0.1; Nexus 5X Build/MMB29P) AppleWebKit/537.36 (KHTML, like Gecko) Chrome/143.0.7499.169 Mobile Safari/537.36 (compatible; Googlebot/2.1; +http://www.google.com/bot.html)"
104.22.1.193 - - [10/Jan/2026:05:58:55 +0300] "GET /?ID=1486.html HTTP/1.0" 200 9777 "https://stefanos.ru/?e=08961912b3c41" "Mozilla/5.0 (Linux; Android 6.0.1; Nexus 5X Build/MMB29P) AppleWebKit/537.36 (KHTML, like Gecko) Chrome/143.0.7499.169 Mobile Safari/537.36 (compatible; Googlebot/2.1; +http://www.google.com/bot.html)"
104.22.1.193 - - [10/Jan/2026:05:59:15 +0300] "GET /?e=09276529db489 HTTP/1.0" 200 50632 "-" "Mozilla/5.0 (Linux; Android 6.0.1; Nexus 5X Build/MMB29P) AppleWebKit/537.36 (KHTML, like Gecko) Chrome/143.0.7499.192 Mobile Safari/537.36 (compatible; Googlebot/2.1; +http://www.google.com/bot.html)"
172.68.183.21 - - [10/Jan/2026:05:59:17 +0300] "GET / HTTP/1.0" 200 2894 "-" "https://reg.ru monitoring abuse@reg.ru"
108.162.237.254 - - [10/Jan/2026:05:59:23 +0300] "GET /?e=00489611ae1c HTTP/1.0" 200 2894 "-" "Mozilla/5.0 (Linux; Android 6.0.1; Nexus 5X Build/MMB29P) AppleWebKit/537.36 (KHTML, like Gecko) Chrome/143.0.7499.192 Mobile Safari/537.36 (compatible; GoogleOther)"
104.22.24.147 - - [10/Jan/2026:05:59:40 +0300] "GET /bride.css HTTP/1.1" 200 2399 "https://stefanos.ru/?e=0182108089403" "Mozilla/5.0 (Linux; Android 6.0.1; Nexus 5X Build/MMB29P) AppleWebKit/537.36 (KHTML, like Gecko) Chrome/143.0.7499.169 Mobile Safari/537.36 (compatible; Googlebot/2.1; +http://www.google.com/bot.html)"
104.22.1.193 - - [10/Jan/2026:06:00:01 +0300] "GET /?e=15270023bd7bb HTTP/1.0" 200 19454 "-" "Mozilla/5.0 (Linux; Android 6.0.1; Nexus 5X Build/MMB29P) AppleWebKit/537.36 (KHTML, like Gecko) Chrome/143.0.7499.192 Mobile Safari/537.36 (compatible; Googlebot/2.1; +http://www.google.com/bot.html)"
104.23.221.198 - - [10/Jan/2026:06:00:05 +0300] "GET / HTTP/1.0" 200 2894 "-" "https://reg.ru monitoring abuse@reg.ru"
172.71.164.72 - - [10/Jan/2026:06:00:12 +0300] "GET / HTTP/1.0" 200 2894 "-" "Mozilla/5.0 (Linux; Android 10; K) AppleWebKit/537.36 (KHTML, like Gecko) Chrome/140.0.0.0 Mobile Safari/537.36"
104.22.1.193 - - [10/Jan/2026:06:00:16 +0300] "GET /?e=092753718f818 HTTP/1.0" 200 12012 "-" "Mozilla/5.0 (Linux; Android 6.0.1; Nexus 5X Build/MMB29P) AppleWebKit/537.36 (KHTML, like Gecko) Chrome/143.0.7499.192 Mobile Safari/537.36 (compatible; Googlebot/2.1; +http://www.google.com/bot.html)"
104.22.1.193 - - [10/Jan/2026:06:01:00 +0300] "GET /?e=062702297d101 HTTP/1.0" 200 11566 "-" "Mozilla/5.0 (Linux; Android 6.0.1; Nexus 5X Build/MMB29P) AppleWebKit/537.36 (KHTML, like Gecko) Chrome/143.0.7499.192 Mobile Safari/537.36 (compatible; Googlebot/2.1; +http://www.google.com/bot.html)"
104.22.1.193 - - [10/Jan/2026:06:01:15 +0300] "GET /?e=09277377a2b6f HTTP/1.0" 200 34398 "-" "Mozilla/5.0 (Linux; Android 6.0.1; Nexus 5X Build/MMB29P) AppleWebKit/537.36 (KHTML, like Gecko) Chrome/143.0.7499.192 Mobile Safari/537.36 (compatible; Googlebot/2.1; +http://www.google.com/bot.html)"
172.69.192.141 - - [10/Jan/2026:06:01:22 +0300] "GET / HTTP/1.0" 200 2894 "-" "Mozilla/5.0 (Linux; Android 10; K) AppleWebKit/537.36 (KHTML, like Gecko) Chrome/140.0.0.0 Mobile Safari/537.36"
162.158.48.133 - - [10/Jan/2026:06:01:23 +0300] "GET /favicon.ico HTTP/1.0" 404 453 "https://stefanos.ru/" "Mozilla/5.0 (Linux; Android 10; K) AppleWebKit/537.36 (KHTML, like Gecko) Chrome/140.0.0.0 Mobile Safari/537.36"
104.22.1.193 - - [10/Jan/2026:06:01:33 +0300] "GET /?e=0127682885760 HTTP/1.0" 200 49371 "-" "Mozilla/5.0 (Linux; Android 6.0.1; Nexus 5X Build/MMB29P) AppleWebKit/537.36 (KHTML, like Gecko) Chrome/143.0.7499.192 Mobile Safari/537.36 (compatible; Googlebot/2.1; +http://www.google.com/bot.html)"
104.22.1.193 - - [10/Jan/2026:06:01:34 +0300] "GET /?e=0426827acbfc6 HTTP/1.0" 200 20088 "-" "Mozilla/5.0 (Linux; Android 6.0.1; Nexus 5X Build/MMB29P) AppleWebKit/537.36 (KHTML, like Gecko) Chrome/143.0.7499.192 Mobile Safari/537.36 (compatible; Googlebot/2.1; +http://www.google.com/bot.html)"
104.22.1.193 - - [10/Jan/2026:06:01:35 +0300] "GET /?e=0626937523aae HTTP/1.0" 200 50622 "-" "Mozilla/5.0 (Linux; Android 6.0.1; Nexus 5X Build/MMB29P) AppleWebKit/537.36 (KHTML, like Gecko) Chrome/143.0.7499.192 Mobile Safari/537.36 (compatible; Googlebot/2.1; +http://www.google.com/bot.html)"
172.71.184.224 - - [10/Jan/2026:06:01:52 +0300] "GET / HTTP/1.0" 200 2894 "-" "https://reg.ru monitoring abuse@reg.ru"
104.22.1.193 - - [10/Jan/2026:06:02:17 +0300] "GET /?e=042715212ff05 HTTP/1.0" 200 9373 "-" "Mozilla/5.0 (Linux; Android 6.0.1; Nexus 5X Build/MMB29P) AppleWebKit/537.36 (KHTML, like Gecko) Chrome/143.0.7499.192 Mobile Safari/537.36 (compatible; Googlebot/2.1; +http://www.google.com/bot.html)"
172.69.50.234 - - [10/Jan/2026:06:02:27 +0300] "GET / HTTP/1.0" 200 2894 "-" "Mozilla/5.0 (Linux; Android 10; K) AppleWebKit/537.36 (KHTML, like Gecko) Chrome/143.0.0.0 Mobile Safari/537.36"
172.68.10.116 - - [10/Jan/2026:06:02:27 +0300] "GET /favicon.ico HTTP/1.0" 404 453 "https://stefanos.ru/" "Mozilla/5.0 (Linux; Android 10; K) AppleWebKit/537.36 (KHTML, like Gecko) Chrome/143.0.0.0 Mobile Safari/537.36"
104.22.1.193 - - [10/Jan/2026:06:02:41 +0300] "GET /?e=07397039a18383 HTTP/1.0" 200 11130 "-" "Mozilla/5.0 (Linux; Android 6.0.1; Nexus 5X Build/MMB29P) AppleWebKit/537.36 (KHTML, like Gecko) Chrome/143.0.7499.192 Mobile Safari/537.36 (compatible; Googlebot/2.1; +http://www.google.com/bot.html)"
172.70.243.103 - - [10/Jan/2026:06:03:33 +0300] "GET / HTTP/1.0" 200 2894 "-" "Mozilla/5.0 (Linux; Android 10; K) AppleWebKit/537.36 (KHTML, like Gecko) Chrome/143.0.0.0 Mobile Safari/537.36"
172.71.164.232 - - [10/Jan/2026:06:03:35 +0300] "GET /favicon.ico HTTP/1.0" 404 453 "https://stefanos.ru/" "Mozilla/5.0 (Linux; Android 10; K) AppleWebKit/537.36 (KHTML, like Gecko) Chrome/143.0.0.0 Mobile Safari/537.36"
172.70.90.137 - - [10/Jan/2026:06:04:06 +0300] "GET /catalog/evening/012.html HTTP/1.0" 200 2067 "-" "Mozilla/5.0 (compatible; AhrefsBot/7.0; +http://ahrefs.com/robot/)"
162.158.87.127 - - [10/Jan/2026:06:04:23 +0300] "GET / HTTP/1.0" 200 2894 "-" "Mozilla/5.0 (Linux; Android 10; K) AppleWebKit/537.36 (KHTML, like Gecko) Chrome/143.0.0.0 Mobile Safari/537.36"
172.68.10.114 - - [10/Jan/2026:06:04:24 +0300] "GET / HTTP/1.0" 200 2894 "-" "https://reg.ru monitoring abuse@reg.ru"
172.71.22.29 - - [10/Jan/2026:06:04:29 +0300] "GET /?e=15269424220cc HTTP/1.0" 200 19734 "-" "Mozilla/5.0 (Linux; Android 6.0.1; Nexus 5X Build/MMB29P) AppleWebKit/537.36 (KHTML, like Gecko) Chrome/143.0.7499.192 Mobile Safari/537.36 (compatible; Googlebot/2.1; +http://www.google.com/bot.html)"
172.71.22.29 - - [10/Jan/2026:06:05:06 +0300] "GET /?e=15268629c14a7 HTTP/1.0" 200 35416 "-" "Mozilla/5.0 (Linux; Android 6.0.1; Nexus 5X Build/MMB29P) AppleWebKit/537.36 (KHTML, like Gecko) Chrome/143.0.7499.192 Mobile Safari/537.36 (compatible; Googlebot/2.1; +http://www.google.com/bot.html)"
162.159.120.163 - - [10/Jan/2026:06:05:19 +0300] "GET /robots.txt HTTP/1.1" 304 0 "-" "Mozilla/5.0 (compatible; DotBot/1.2; +https://opensiteexplorer.org/dotbot; help@moz.com)"
104.23.217.169 - - [10/Jan/2026:06:05:25 +0300] "GET / HTTP/1.0" 200 2894 "-" "https://reg.ru monitoring abuse@reg.ru"
172.69.192.142 - - [10/Jan/2026:06:05:41 +0300] "GET / HTTP/1.0" 200 2894 "-" "Mozilla/5.0 (Linux; Android 10; K) AppleWebKit/537.36 (KHTML, like Gecko) Chrome/140.0.0.0 Mobile Safari/537.36"
162.158.48.133 - - [10/Jan/2026:06:05:41 +0300] "GET /favicon.ico HTTP/1.0" 404 453 "https://stefanos.ru/" "Mozilla/5.0 (Linux; Android 10; K) AppleWebKit/537.36 (KHTML, like Gecko) Chrome/140.0.0.0 Mobile Safari/537.36"
172.71.246.73 - - [10/Jan/2026:06:05:58 +0300] "GET /d-vip.html HTTP/1.0" 200 2875 "-" "Mozilla/5.0 (iPhone; CPU iPhone OS 13_2_3 like Mac OS X) AppleWebKit/605.1.15 (KHTML, like Gecko) Version/13.0.3 Mobile/15E148 Safari/604.1"
172.70.240.138 - - [10/Jan/2026:06:06:20 +0300] "GET / HTTP/1.0" 200 2894 "-" "Mozilla/5.0 (Windows NT 10.0; Win64; x64) AppleWebKit/537.36 (KHTML, like Gecko) Chrome/130.0.6723.70 YaBrowser/24.1.4.827 Safari/537.36"
172.71.22.29 - - [10/Jan/2026:06:06:38 +0300] "GET /?e=068616135db50 HTTP/1.0" 200 19147 "-" "Mozilla/5.0 (Linux; Android 6.0.1; Nexus 5X Build/MMB29P) AppleWebKit/537.36 (KHTML, like Gecko) Chrome/143.0.7499.192 Mobile Safari/537.36 (compatible; Googlebot/2.1; +http://www.google.com/bot.html)"
