172.68.210.170 - - [10/Jan/2026:11:35:26 +0300] "GET /wp-includes/Requests/ HTTP/1.0" 404 453 "https://www.google.fr/" "Mozilla/5.0 (Linux; Android 12; SM-A525F) AppleWebKit/537.36 (KHTML, like Gecko) Chrome/117.0.0.0 Mobile Safari/537.36"
172.68.210.170 - - [10/Jan/2026:11:35:26 +0300] "GET /wp-includes/Text/ HTTP/1.0" 404 453 "https://www.google.de/" "Mozilla/5.0 (Linux; Android 11; 21081111RG) AppleWebKit/537.36 (KHTML, like Gecko) Chrome/116.0.0.0 Mobile Safari/537.36"
172.68.210.170 - - [10/Jan/2026:11:35:27 +0300] "GET /wp-includes/js/ HTTP/1.0" 404 453 "https://www.google.de/" "Mozilla/5.0 (Linux; Android 13; SM-S908E) AppleWebKit/537.36 (KHTML, like Gecko) Chrome/116.0.0.0 Mobile Safari/537.36"
172.68.210.170 - - [10/Jan/2026:11:35:27 +0300] "GET /wp-includes/sodium_compat/ HTTP/1.0" 404 453 "https://www.google.co.uk/" "Mozilla/5.0 (iPad; CPU OS 16_7_2 like Mac OS X) AppleWebKit/605.1.15 (KHTML, like Gecko) Version/16.6 Mobile/15E148 Safari/604.1"
172.68.210.170 - - [10/Jan/2026:11:35:27 +0300] "GET /wp-includes/block-bindings/index.php HTTP/1.0" 404 453 "https://www.google.de/" "Mozilla/5.0 (Linux; Android 12; V2134) AppleWebKit/537.36 (KHTML, like Gecko) Chrome/116.0.0.0 Mobile Safari/537.36"
104.23.221.198 - - [10/Jan/2026:11:35:41 +0300] "GET / HTTP/1.0" 200 2894 "-" "https://reg.ru monitoring abuse@reg.ru"
108.162.237.254 - - [10/Jan/2026:11:35:41 +0300] "GET /?GameID=2026-01-10/9636.html HTTP/1.0" 200 9844 "-" "Mozilla/5.0 (Linux; Android 6.0.1; Nexus 5X Build/MMB29P) AppleWebKit/537.36 (KHTML, like Gecko) Chrome/143.0.7499.192 Mobile Safari/537.36 (compatible; Googlebot/2.1; +http://www.google.com/bot.html)"
172.71.30.118 - - [10/Jan/2026:11:36:05 +0300] "GET /?GameID=2026-01-10/8278.html HTTP/1.0" 200 48713 "-" "Mozilla/5.0 (Linux; Android 6.0.1; Nexus 5X Build/MMB29P) AppleWebKit/537.36 (KHTML, like Gecko) Chrome/143.0.7499.192 Mobile Safari/537.36 (compatible; Googlebot/2.1; +http://www.google.com/bot.html)"
104.22.24.211 - - [10/Jan/2026:11:36:39 +0300] "GET /?GameID=2026-01-10/3018.html HTTP/1.0" 200 35413 "-" "Mozilla/5.0 (Linux; Android 6.0.1; Nexus 5X Build/MMB29P) AppleWebKit/537.36 (KHTML, like Gecko) Chrome/143.0.7499.192 Mobile Safari/537.36 (compatible; Googlebot/2.1; +http://www.google.com/bot.html)"
104.22.24.211 - - [10/Jan/2026:11:36:45 +0300] "GET /?ID=2231.html HTTP/1.0" 200 10355 "https://stefanos.ru/?GameID=2026-01-10/3018.html" "Mozilla/5.0 (Linux; Android 6.0.1; Nexus 5X Build/MMB29P) AppleWebKit/537.36 (KHTML, like Gecko) Chrome/143.0.7499.169 Mobile Safari/537.36 (compatible; Googlebot/2.1; +http://www.google.com/bot.html)"
104.22.24.211 - - [10/Jan/2026:11:36:47 +0300] "GET /?ID=2583.html HTTP/1.0" 200 48925 "https://stefanos.ru/?GameID=2026-01-10/3018.html" "Mozilla/5.0 (Linux; Android 6.0.1; Nexus 5X Build/MMB29P) AppleWebKit/537.36 (KHTML, like Gecko) Chrome/143.0.7499.169 Mobile Safari/537.36 (compatible; Googlebot/2.1; +http://www.google.com/bot.html)"
104.22.18.37 - - [10/Jan/2026:11:37:18 +0300] "GET /robots.txt HTTP/1.1" 200 22 "-" "facebookexternalhit/1.1 (+http://www.facebook.com/externalhit_uatext.php)"
162.158.111.148 - - [10/Jan/2026:11:37:30 +0300] "GET / HTTP/1.0" 200 2894 "-" "Mozilla/5.0 (Linux; Android 10; K) AppleWebKit/537.36 (KHTML, like Gecko) Chrome/126.0.0.0 Mobile Safari/537.36"
172.71.164.233 - - [10/Jan/2026:11:37:31 +0300] "GET /favicon.ico HTTP/1.0" 404 453 "https://stefanos.ru/" "Mozilla/5.0 (Linux; Android 10; K) AppleWebKit/537.36 (KHTML, like Gecko) Chrome/126.0.0.0 Mobile Safari/537.36"
104.22.24.211 - - [10/Jan/2026:11:37:45 +0300] "GET /?GameID=2026-01-10/4747.html HTTP/1.0" 200 34909 "-" "Mozilla/5.0 (Linux; Android 6.0.1; Nexus 5X Build/MMB29P) AppleWebKit/537.36 (KHTML, like Gecko) Chrome/143.0.7499.192 Mobile Safari/537.36 (compatible; Googlebot/2.1; +http://www.google.com/bot.html)"
104.23.223.2 - - [10/Jan/2026:11:37:49 +0300] "GET /?ID=8850.html HTTP/1.0" 200 10470 "https://stefanos.ru/?GameID=2026-01-10/4747.html" "Mozilla/5.0 (Linux; Android 6.0.1; Nexus 5X Build/MMB29P) AppleWebKit/537.36 (KHTML, like Gecko) Chrome/143.0.7499.169 Mobile Safari/537.36 (compatible; Googlebot/2.1; +http://www.google.com/bot.html)"
104.22.24.211 - - [10/Jan/2026:11:37:52 +0300] "GET /?ID=8966.html HTTP/1.0" 200 49319 "https://stefanos.ru/?GameID=2026-01-10/4747.html" "Mozilla/5.0 (Linux; Android 6.0.1; Nexus 5X Build/MMB29P) AppleWebKit/537.36 (KHTML, like Gecko) Chrome/143.0.7499.169 Mobile Safari/537.36 (compatible; Googlebot/2.1; +http://www.google.com/bot.html)"
172.71.172.156 - - [10/Jan/2026:11:37:55 +0300] "GET / HTTP/1.0" 200 2894 "-" "Mozilla/5.0 (Linux; Android 10; K) AppleWebKit/537.36 (KHTML, like Gecko) Chrome/143.0.0.0 Mobile Safari/537.36"
104.23.223.115 - - [10/Jan/2026:11:38:13 +0300] "GET / HTTP/1.0" 200 2894 "-" "https://reg.ru monitoring abuse@reg.ru"
104.23.223.45 - - [10/Jan/2026:11:38:19 +0300] "GET /?e=1110138104c2bc0 HTTP/1.0" 200 33737 "-" "Mozilla/5.0 (Linux; Android 6.0.1; Nexus 5X Build/MMB29P) AppleWebKit/537.36 (KHTML, like Gecko) Chrome/143.0.7499.192 Mobile Safari/537.36 (compatible; Googlebot/2.1; +http://www.google.com/bot.html)"
104.23.223.41 - - [10/Jan/2026:11:38:24 +0300] "GET /?GameID=2026-01-10/170.html HTTP/1.0" 200 50257 "https://stefanos.ru/?e=1110138104c2bc0" "Mozilla/5.0 (Linux; Android 6.0.1; Nexus 5X Build/MMB29P) AppleWebKit/537.36 (KHTML, like Gecko) Chrome/143.0.7499.169 Mobile Safari/537.36 (compatible; Googlebot/2.1; +http://www.google.com/bot.html)"
104.23.223.97 - - [10/Jan/2026:11:38:26 +0300] "GET /?GameID=2026-01-10/932.html HTTP/1.0" 200 20400 "https://stefanos.ru/?e=1110138104c2bc0" "Mozilla/5.0 (Linux; Android 6.0.1; Nexus 5X Build/MMB29P) AppleWebKit/537.36 (KHTML, like Gecko) Chrome/143.0.7499.169 Mobile Safari/537.36 (compatible; Googlebot/2.1; +http://www.google.com/bot.html)"
172.71.22.29 - - [10/Jan/2026:11:38:28 +0300] "GET /?GameID=2026-01-10/278.html HTTP/1.0" 200 35517 "https://stefanos.ru/?e=1110138104c2bc0" "Mozilla/5.0 (Linux; Android 6.0.1; Nexus 5X Build/MMB29P) AppleWebKit/537.36 (KHTML, like Gecko) Chrome/143.0.7499.169 Mobile Safari/537.36 (compatible; Googlebot/2.1; +http://www.google.com/bot.html)"
104.23.221.199 - - [10/Jan/2026:11:38:38 +0300] "GET / HTTP/1.0" 200 2894 "-" "https://reg.ru monitoring abuse@reg.ru"
172.71.22.29 - - [10/Jan/2026:11:39:11 +0300] "GET /?e=002162872c0c816 HTTP/1.0" 200 34271 "-" "Mozilla/5.0 (Linux; Android 6.0.1; Nexus 5X Build/MMB29P) AppleWebKit/537.36 (KHTML, like Gecko) Chrome/143.0.7499.192 Mobile Safari/537.36 (compatible; Googlebot/2.1; +http://www.google.com/bot.html)"
104.22.24.211 - - [10/Jan/2026:11:39:13 +0300] "GET /?e=07192665030415 HTTP/1.0" 200 9489 "-" "Mozilla/5.0 (Linux; Android 6.0.1; Nexus 5X Build/MMB29P) AppleWebKit/537.36 (KHTML, like Gecko) Chrome/143.0.7499.192 Mobile Safari/537.36 (compatible; Googlebot/2.1; +http://www.google.com/bot.html)"
104.22.24.211 - - [10/Jan/2026:11:39:15 +0300] "GET /?GameID=2378.html HTTP/1.0" 200 20439 "https://stefanos.ru/?e=002162872c0c816" "Mozilla/5.0 (Linux; Android 6.0.1; Nexus 5X Build/MMB29P) AppleWebKit/537.36 (KHTML, like Gecko) Chrome/143.0.7499.169 Mobile Safari/537.36 (compatible; Googlebot/2.1; +http://www.google.com/bot.html)"
104.22.24.211 - - [10/Jan/2026:11:39:17 +0300] "GET /?e=0010397728721d9 HTTP/1.0" 200 33853 "-" "Mozilla/5.0 (Linux; Android 6.0.1; Nexus 5X Build/MMB29P) AppleWebKit/537.36 (KHTML, like Gecko) Chrome/143.0.7499.192 Mobile Safari/537.36 (compatible; Googlebot/2.1; +http://www.google.com/bot.html)"
104.22.24.211 - - [10/Jan/2026:11:39:18 +0300] "GET /?GameID=2719.html HTTP/1.0" 200 10747 "https://stefanos.ru/?e=002162872c0c816" "Mozilla/5.0 (Linux; Android 6.0.1; Nexus 5X Build/MMB29P) AppleWebKit/537.36 (KHTML, like Gecko) Chrome/143.0.7499.169 Mobile Safari/537.36 (compatible; Googlebot/2.1; +http://www.google.com/bot.html)"
172.71.22.29 - - [10/Jan/2026:11:39:20 +0300] "GET /?GameID=2620.html HTTP/1.0" 200 10442 "https://stefanos.ru/?e=002162872c0c816" "Mozilla/5.0 (Linux; Android 6.0.1; Nexus 5X Build/MMB29P) AppleWebKit/537.36 (KHTML, like Gecko) Chrome/143.0.7499.169 Mobile Safari/537.36 (compatible; Googlebot/2.1; +http://www.google.com/bot.html)"
104.22.24.211 - - [10/Jan/2026:11:39:22 +0300] "GET /?e=00331181d13d52 HTTP/1.0" 200 49447 "-" "Mozilla/5.0 (Linux; Android 6.0.1; Nexus 5X Build/MMB29P) AppleWebKit/537.36 (KHTML, like Gecko) Chrome/143.0.7499.192 Mobile Safari/537.36 (compatible; Googlebot/2.1; +http://www.google.com/bot.html)"
104.22.24.211 - - [10/Jan/2026:11:39:24 +0300] "GET /?GameID=3175.html HTTP/1.0" 200 19126 "https://stefanos.ru/?e=0010397728721d9" "Mozilla/5.0 (Linux; Android 6.0.1; Nexus 5X Build/MMB29P) AppleWebKit/537.36 (KHTML, like Gecko) Chrome/143.0.7499.169 Mobile Safari/537.36 (compatible; Googlebot/2.1; +http://www.google.com/bot.html)"
104.22.24.211 - - [10/Jan/2026:11:39:26 +0300] "GET /?e=011519147580c14 HTTP/1.0" 200 9720 "-" "Mozilla/5.0 (Linux; Android 6.0.1; Nexus 5X Build/MMB29P) AppleWebKit/537.36 (KHTML, like Gecko) Chrome/143.0.7499.192 Mobile Safari/537.36 (compatible; Googlebot/2.1; +http://www.google.com/bot.html)"
104.22.24.211 - - [10/Jan/2026:11:39:28 +0300] "GET /?GameID=3607.html HTTP/1.0" 200 19170 "https://stefanos.ru/?e=0010397728721d9" "Mozilla/5.0 (Linux; Android 6.0.1; Nexus 5X Build/MMB29P) AppleWebKit/537.36 (KHTML, like Gecko) Chrome/143.0.7499.169 Mobile Safari/537.36 (compatible; Googlebot/2.1; +http://www.google.com/bot.html)"
104.22.24.211 - - [10/Jan/2026:11:39:30 +0300] "GET /?e=04397729d103d2 HTTP/1.0" 200 10262 "-" "Mozilla/5.0 (Linux; Android 6.0.1; Nexus 5X Build/MMB29P) AppleWebKit/537.36 (KHTML, like Gecko) Chrome/143.0.7499.192 Mobile Safari/537.36 (compatible; Googlebot/2.1; +http://www.google.com/bot.html)"
104.22.24.211 - - [10/Jan/2026:11:39:31 +0300] "GET /?e=00885454654b3 HTTP/1.0" 200 9781 "-" "Mozilla/5.0 (Linux; Android 6.0.1; Nexus 5X Build/MMB29P) AppleWebKit/537.36 (KHTML, like Gecko) Chrome/143.0.7499.192 Mobile Safari/537.36 (compatible; Googlebot/2.1; +http://www.google.com/bot.html)"
104.22.24.211 - - [10/Jan/2026:11:39:33 +0300] "GET /?GameID=3292.html HTTP/1.0" 200 19992 "https://stefanos.ru/?e=0010397728721d9" "Mozilla/5.0 (Linux; Android 6.0.1; Nexus 5X Build/MMB29P) AppleWebKit/537.36 (KHTML, like Gecko) Chrome/143.0.7499.169 Mobile Safari/537.36 (compatible; Googlebot/2.1; +http://www.google.com/bot.html)"
172.69.192.141 - - [10/Jan/2026:11:39:35 +0300] "GET / HTTP/1.0" 200 2894 "-" "Mozilla/5.0 (Linux; Android 10; K) AppleWebKit/537.36 (KHTML, like Gecko) Chrome/140.0.0.0 Mobile Safari/537.36"
162.158.48.132 - - [10/Jan/2026:11:39:36 +0300] "GET /favicon.ico HTTP/1.0" 404 453 "https://stefanos.ru/" "Mozilla/5.0 (Linux; Android 10; K) AppleWebKit/537.36 (KHTML, like Gecko) Chrome/140.0.0.0 Mobile Safari/537.36"
104.23.221.199 - - [10/Jan/2026:11:39:57 +0300] "GET / HTTP/1.0" 200 2894 "-" "Mozilla/5.0 (Linux; Android 10; K) AppleWebKit/537.36 (KHTML, like Gecko) Chrome/136.0.0.0 Mobile Safari/537.36"
162.158.182.95 - - [10/Jan/2026:11:39:57 +0300] "GET /bride.css HTTP/1.1" 304 0 "https://stefanos.ru/" "Mozilla/5.0 (Linux; Android 10; K) AppleWebKit/537.36 (KHTML, like Gecko) Chrome/136.0.0.0 Mobile Safari/537.36"
104.22.24.211 - - [10/Jan/2026:11:39:59 +0300] "GET /?e=0053370fbad45 HTTP/1.0" 200 49124 "-" "Mozilla/5.0 (Linux; Android 6.0.1; Nexus 5X Build/MMB29P) AppleWebKit/537.36 (KHTML, like Gecko) Chrome/143.0.7499.192 Mobile Safari/537.36 (compatible; Googlebot/2.1; +http://www.google.com/bot.html)"
104.22.24.211 - - [10/Jan/2026:11:40:19 +0300] "GET /?e=151842376e3df19 HTTP/1.0" 200 50029 "-" "Mozilla/5.0 (Linux; Android 6.0.1; Nexus 5X Build/MMB29P) AppleWebKit/537.36 (KHTML, like Gecko) Chrome/143.0.7499.192 Mobile Safari/537.36 (compatible; Googlebot/2.1; +http://www.google.com/bot.html)"
162.158.182.138 - - [10/Jan/2026:11:40:27 +0300] "GET / HTTP/1.0" 200 2894 "-" "https://reg.ru monitoring abuse@reg.ru"
104.22.24.211 - - [10/Jan/2026:11:40:33 +0300] "GET /?e=0287595ea0e80 HTTP/1.0" 200 21605 "-" "Mozilla/5.0 (Linux; Android 6.0.1; Nexus 5X Build/MMB29P) AppleWebKit/537.36 (KHTML, like Gecko) Chrome/143.0.7499.192 Mobile Safari/537.36 (compatible; Googlebot/2.1; +http://www.google.com/bot.html)"
104.23.221.199 - - [10/Jan/2026:11:40:42 +0300] "GET / HTTP/1.0" 200 2894 "-" "Mozilla/5.0 (iPhone; CPU iPhone OS 16_4 like Mac OS X) AppleWebKit/605.1.15 (KHTML, like Gecko) CriOS/143.0.7499.53 Mobile/15E148 Safari/604.1"
162.158.183.60 - - [10/Jan/2026:11:40:43 +0300] "GET /favicon.ico HTTP/1.0" 404 453 "https://stefanos.ru/" "Mozilla/5.0 (iPhone; CPU iPhone OS 16_4 like Mac OS X) AppleWebKit/605.1.15 (KHTML, like Gecko) CriOS/143.0.7499.53 Mobile/15E148 Safari/604.1"
172.71.30.118 - - [10/Jan/2026:11:41:06 +0300] "GET /?e=0514778444d2e98 HTTP/1.0" 200 11082 "-" "Mozilla/5.0 (Linux; Android 6.0.1; Nexus 5X Build/MMB29P) AppleWebKit/537.36 (KHTML, like Gecko) Chrome/143.0.7499.192 Mobile Safari/537.36 (compatible; Googlebot/2.1; +http://www.google.com/bot.html)"
172.71.22.29 - - [10/Jan/2026:11:41:29 +0300] "GET /?e=10569335cb21e HTTP/1.0" 200 34682 "-" "Mozilla/5.0 (Linux; Android 6.0.1; Nexus 5X Build/MMB29P) AppleWebKit/537.36 (KHTML, like Gecko) Chrome/143.0.7499.192 Mobile Safari/537.36 (compatible; Googlebot/2.1; +http://www.google.com/bot.html)"
104.22.24.211 - - [10/Jan/2026:11:41:32 +0300] "GET /?ID=4765.html HTTP/1.0" 200 19160 "https://stefanos.ru/?e=10569335cb21e" "Mozilla/5.0 (Linux; Android 6.0.1; Nexus 5X Build/MMB29P) AppleWebKit/537.36 (KHTML, like Gecko) Chrome/143.0.7499.192 Mobile Safari/537.36 (compatible; Googlebot/2.1; +http://www.google.com/bot.html)"
104.22.24.211 - - [10/Jan/2026:11:41:34 +0300] "GET /?ID=4542.html HTTP/1.0" 200 11013 "https://stefanos.ru/?e=10569335cb21e" "Mozilla/5.0 (Linux; Android 6.0.1; Nexus 5X Build/MMB29P) AppleWebKit/537.36 (KHTML, like Gecko) Chrome/143.0.7499.192 Mobile Safari/537.36 (compatible; Googlebot/2.1; +http://www.google.com/bot.html)"
104.22.24.211 - - [10/Jan/2026:11:41:35 +0300] "GET /?ID=4060.html HTTP/1.0" 200 22845 "https://stefanos.ru/?e=10569335cb21e" "Mozilla/5.0 (Linux; Android 6.0.1; Nexus 5X Build/MMB29P) AppleWebKit/537.36 (KHTML, like Gecko) Chrome/143.0.7499.192 Mobile Safari/537.36 (compatible; Googlebot/2.1; +http://www.google.com/bot.html)"
172.69.192.142 - - [10/Jan/2026:11:41:53 +0300] "GET / HTTP/1.0" 200 2894 "-" "Mozilla/5.0 (Linux; Android 10; K) AppleWebKit/537.36 (KHTML, like Gecko) Chrome/136.0.0.0 Mobile Safari/537.36"
162.158.210.36 - - [10/Jan/2026:11:42:00 +0300] "GET /11.tar.gz HTTP/1.0" 404 453 "-" "Mozilla/5.0 (Windows NT 10.0; Win64; x64) AppleWebKit/537.36 (KHTML, like Gecko) Chrome/101.0.4951.67 Safari/537.36"
104.22.24.211 - - [10/Jan/2026:11:42:31 +0300] "GET /?e=0016545986f3138 HTTP/1.0" 200 9076 "-" "Mozilla/5.0 (Linux; Android 6.0.1; Nexus 5X Build/MMB29P) AppleWebKit/537.36 (KHTML, like Gecko) Chrome/143.0.7499.192 Mobile Safari/537.36 (compatible; Googlebot/2.1; +http://www.google.com/bot.html)"
172.71.22.28 - - [10/Jan/2026:11:42:48 +0300] "GET /?e=0214787083219d2 HTTP/1.0" 200 9582 "-" "Mozilla/5.0 (Linux; Android 6.0.1; Nexus 5X Build/MMB29P) AppleWebKit/537.36 (KHTML, like Gecko) Chrome/143.0.7499.192 Mobile Safari/537.36 (compatible; Googlebot/2.1; +http://www.google.com/bot.html)"
172.71.247.31 - - [10/Jan/2026:11:42:58 +0300] "GET / HTTP/1.0" 200 2894 "-" "Mozilla/5.0 (Linux; Android 10; K) AppleWebKit/537.36 (KHTML, like Gecko) Chrome/143.0.0.0 Mobile Safari/537.36"
172.71.22.28 - - [10/Jan/2026:11:43:04 +0300] "GET /?e=114190188d3d8c HTTP/1.0" 200 9196 "-" "Mozilla/5.0 (Linux; Android 6.0.1; Nexus 5X Build/MMB29P) AppleWebKit/537.36 (KHTML, like Gecko) Chrome/143.0.7499.192 Mobile Safari/537.36 (compatible; Googlebot/2.1; +http://www.google.com/bot.html)"
172.71.22.28 - - [10/Jan/2026:11:43:13 +0300] "GET /?e=05858410e1ba7 HTTP/1.0" 200 9590 "-" "Mozilla/5.0 (Linux; Android 6.0.1; Nexus 5X Build/MMB29P) AppleWebKit/537.36 (KHTML, like Gecko) Chrome/143.0.7499.192 Mobile Safari/537.36 (compatible; Googlebot/2.1; +http://www.google.com/bot.html)"
104.22.24.211 - - [10/Jan/2026:11:43:17 +0300] "GET /?e=126373020d3a2 HTTP/1.0" 200 50362 "-" "Mozilla/5.0 (Linux; Android 6.0.1; Nexus 5X Build/MMB29P) AppleWebKit/537.36 (KHTML, like Gecko) Chrome/143.0.7499.192 Mobile Safari/537.36 (compatible; Googlebot/2.1; +http://www.google.com/bot.html)"
104.23.221.199 - - [10/Jan/2026:11:43:20 +0300] "GET / HTTP/1.0" 200 2894 "-" "https://reg.ru monitoring abuse@reg.ru"
104.23.223.115 - - [10/Jan/2026:11:43:44 +0300] "GET / HTTP/1.0" 200 2894 "-" "https://reg.ru monitoring abuse@reg.ru"
104.22.24.211 - - [10/Jan/2026:11:43:46 +0300] "GET /?e=0915703489b7904 HTTP/1.0" 200 55517 "-" "Mozilla/5.0 (Linux; Android 6.0.1; Nexus 5X Build/MMB29P) AppleWebKit/537.36 (KHTML, like Gecko) Chrome/143.0.7499.192 Mobile Safari/537.36 (compatible; Googlebot/2.1; +http://www.google.com/bot.html)"
104.22.24.211 - - [10/Jan/2026:11:44:03 +0300] "GET /?e=1077539f8c5cc HTTP/1.0" 200 50510 "-" "Mozilla/5.0 (Linux; Android 6.0.1; Nexus 5X Build/MMB29P) AppleWebKit/537.36 (KHTML, like Gecko) Chrome/143.0.7499.192 Mobile Safari/537.36 (compatible; Googlebot/2.1; +http://www.google.com/bot.html)"
104.23.221.199 - - [10/Jan/2026:11:44:07 +0300] "GET / HTTP/1.0" 200 2894 "-" "Mozilla/5.0 (Linux; Android 10; K) AppleWebKit/537.36 (KHTML, like Gecko) Chrome/143.0.0.0 Mobile Safari/537.36"
172.69.192.141 - - [10/Jan/2026:11:44:16 +0300] "GET /?ysclid=mapfqeymvg844531539&utm_referrer=https://ya.ru/ HTTP/1.0" 200 2894 "-" "Mozilla/5.0 (Linux; arm_64; Android 11; moto g stylus 5G) AppleWebKit/537.36 (KHTML, like Gecko) Chrome/143.0.7499.53.0.0.0 YaBrowser/24.1.1.91 SA/3 Mobile Safari/537.36"
162.158.48.132 - - [10/Jan/2026:11:44:17 +0300] "GET /favicon.ico HTTP/1.0" 404 453 "https://stefanos.ru/?ysclid=mapfqeymvg844531539&utm_referrer=https://ya.ru/" "Mozilla/5.0 (Linux; arm_64; Android 11; moto g stylus 5G) AppleWebKit/537.36 (KHTML, like Gecko) Chrome/143.0.7499.53.0.0.0 YaBrowser/24.1.1.91 SA/3 Mobile Safari/537.36"
104.22.24.211 - - [10/Jan/2026:11:44:19 +0300] "GET /?e=07399008451f28 HTTP/1.0" 200 10413 "-" "Mozilla/5.0 (Linux; Android 6.0.1; Nexus 5X Build/MMB29P) AppleWebKit/537.36 (KHTML, like Gecko) Chrome/143.0.7499.192 Mobile Safari/537.36 (compatible; Googlebot/2.1; +http://www.google.com/bot.html)"
104.22.24.211 - - [10/Jan/2026:11:44:20 +0300] "GET /?e=135693438fdba HTTP/1.0" 200 49079 "-" "Mozilla/5.0 (Linux; Android 6.0.1; Nexus 5X Build/MMB29P) AppleWebKit/537.36 (KHTML, like Gecko) Chrome/143.0.7499.192 Mobile Safari/537.36 (compatible; Googlebot/2.1; +http://www.google.com/bot.html)"
104.22.24.211 - - [10/Jan/2026:11:44:27 +0300] "GET /?e=091848111aa2a81 HTTP/1.0" 200 51413 "-" "Mozilla/5.0 (Linux; Android 6.0.1; Nexus 5X Build/MMB29P) AppleWebKit/537.36 (KHTML, like Gecko) Chrome/143.0.7499.192 Mobile Safari/537.36 (compatible; Googlebot/2.1; +http://www.google.com/bot.html)"
104.22.24.211 - - [10/Jan/2026:11:44:49 +0300] "GET /?e=0355269083ddfe HTTP/1.0" 200 36591 "-" "Mozilla/5.0 (Linux; Android 6.0.1; Nexus 5X Build/MMB29P) AppleWebKit/537.36 (KHTML, like Gecko) Chrome/143.0.7499.192 Mobile Safari/537.36 (compatible; Googlebot/2.1; +http://www.google.com/bot.html)"
104.22.24.211 - - [10/Jan/2026:11:44:54 +0300] "GET /?ID=7863.html HTTP/1.0" 200 20403 "https://stefanos.ru/?e=0355269083ddfe" "Mozilla/5.0 (Linux; Android 6.0.1; Nexus 5X Build/MMB29P) AppleWebKit/537.36 (KHTML, like Gecko) Chrome/143.0.7499.169 Mobile Safari/537.36 (compatible; Googlebot/2.1; +http://www.google.com/bot.html)"
104.22.24.211 - - [10/Jan/2026:11:44:56 +0300] "GET /?ID=7793.html HTTP/1.0" 200 34720 "https://stefanos.ru/?e=0355269083ddfe" "Mozilla/5.0 (Linux; Android 6.0.1; Nexus 5X Build/MMB29P) AppleWebKit/537.36 (KHTML, like Gecko) Chrome/143.0.7499.169 Mobile Safari/537.36 (compatible; Googlebot/2.1; +http://www.google.com/bot.html)"
104.22.24.211 - - [10/Jan/2026:11:44:58 +0300] "GET /?ID=7680.html HTTP/1.0" 200 49944 "https://stefanos.ru/?e=0355269083ddfe" "Mozilla/5.0 (Linux; Android 6.0.1; Nexus 5X Build/MMB29P) AppleWebKit/537.36 (KHTML, like Gecko) Chrome/143.0.7499.169 Mobile Safari/537.36 (compatible; Googlebot/2.1; +http://www.google.com/bot.html)"
104.22.24.211 - - [10/Jan/2026:11:45:00 +0300] "GET /?e=005140665f371b HTTP/1.0" 200 19350 "-" "Mozilla/5.0 (Linux; Android 6.0.1; Nexus 5X Build/MMB29P) AppleWebKit/537.36 (KHTML, like Gecko) Chrome/143.0.7499.192 Mobile Safari/537.36 (compatible; Googlebot/2.1; +http://www.google.com/bot.html)"
162.158.182.139 - - [10/Jan/2026:11:45:25 +0300] "GET / HTTP/1.0" 200 2894 "-" "https://reg.ru monitoring abuse@reg.ru"
104.22.24.211 - - [10/Jan/2026:11:45:34 +0300] "GET /?e=071331760d01c03 HTTP/1.0" 200 10122 "-" "Mozilla/5.0 (Linux; Android 6.0.1; Nexus 5X Build/MMB29P) AppleWebKit/537.36 (KHTML, like Gecko) Chrome/143.0.7499.192 Mobile Safari/537.36 (compatible; Googlebot/2.1; +http://www.google.com/bot.html)"
172.71.22.28 - - [10/Jan/2026:11:46:08 +0300] "GET /?e=06141670021585 HTTP/1.0" 200 35633 "-" "Mozilla/5.0 (Linux; Android 6.0.1; Nexus 5X Build/MMB29P) AppleWebKit/537.36 (KHTML, like Gecko) Chrome/143.0.7499.192 Mobile Safari/537.36 (compatible; Googlebot/2.1; +http://www.google.com/bot.html)"
104.22.24.211 - - [10/Jan/2026:11:46:12 +0300] "GET /?ID=9494.html HTTP/1.0" 200 19468 "https://stefanos.ru/?e=06141670021585" "Mozilla/5.0 (Linux; Android 6.0.1; Nexus 5X Build/MMB29P) AppleWebKit/537.36 (KHTML, like Gecko) Chrome/143.0.7499.169 Mobile Safari/537.36 (compatible; Googlebot/2.1; +http://www.google.com/bot.html)"
104.23.245.49 - - [10/Jan/2026:11:46:14 +0300] "GET /?ID=9881.html HTTP/1.0" 200 50317 "https://stefanos.ru/?e=06141670021585" "Mozilla/5.0 (Linux; Android 6.0.1; Nexus 5X Build/MMB29P) AppleWebKit/537.36 (KHTML, like Gecko) Chrome/143.0.7499.169 Mobile Safari/537.36 (compatible; Googlebot/2.1; +http://www.google.com/bot.html)"
104.23.245.49 - - [10/Jan/2026:11:46:16 +0300] "GET /?e=06900408afc77 HTTP/1.0" 200 9945 "-" "Mozilla/5.0 (Linux; Android 6.0.1; Nexus 5X Build/MMB29P) AppleWebKit/537.36 (KHTML, like Gecko) Chrome/143.0.7499.192 Mobile Safari/537.36 (compatible; Googlebot/2.1; +http://www.google.com/bot.html)"
104.22.24.211 - - [10/Jan/2026:11:46:18 +0300] "GET /?ID=9049.html HTTP/1.0" 200 20014 "https://stefanos.ru/?e=06141670021585" "Mozilla/5.0 (Linux; Android 6.0.1; Nexus 5X Build/MMB29P) AppleWebKit/537.36 (KHTML, like Gecko) Chrome/143.0.7499.169 Mobile Safari/537.36 (compatible; Googlebot/2.1; +http://www.google.com/bot.html)"
104.22.24.211 - - [10/Jan/2026:11:46:41 +0300] "GET /?e=1389052b1b421 HTTP/1.0" 200 18886 "-" "Mozilla/5.0 (Linux; Android 6.0.1; Nexus 5X Build/MMB29P) AppleWebKit/537.36 (KHTML, like Gecko) Chrome/143.0.7499.192 Mobile Safari/537.36 (compatible; Googlebot/2.1; +http://www.google.com/bot.html)"
162.158.172.113 - - [10/Jan/2026:11:46:59 +0300] "GET / HTTP/1.0" 200 2894 "-" "Mozilla/5.0 (Linux; Android 10; K) AppleWebKit/537.36 (KHTML, like Gecko) Chrome/143.0.0.0 Mobile Safari/537.36"
172.64.200.48 - - [10/Jan/2026:11:46:59 +0300] "GET /bride.css HTTP/1.1" 304 0 "https://stefanos.ru/" "Mozilla/5.0 (Linux; Android 10; K) AppleWebKit/537.36 (KHTML, like Gecko) Chrome/143.0.0.0 Mobile Safari/537.36"
162.158.103.147 - - [10/Jan/2026:11:46:59 +0300] "GET /i/croner.gif HTTP/1.1" 200 3404 "https://stefanos.ru/" "Mozilla/5.0 (Linux; Android 10; K) AppleWebKit/537.36 (KHTML, like Gecko) Chrome/143.0.0.0 Mobile Safari/537.36"
162.158.103.94 - - [10/Jan/2026:11:47:00 +0300] "GET /i/lb.jpg HTTP/1.1" 200 59731 "https://stefanos.ru/" "Mozilla/5.0 (Linux; Android 10; K) AppleWebKit/537.36 (KHTML, like Gecko) Chrome/143.0.0.0 Mobile Safari/537.36"
162.158.103.144 - - [10/Jan/2026:11:47:00 +0300] "GET /gif/lil.gif HTTP/1.1" 304 0 "https://stefanos.ru/" "Mozilla/5.0 (Linux; Android 10; K) AppleWebKit/537.36 (KHTML, like Gecko) Chrome/143.0.0.0 Mobile Safari/537.36"
172.68.159.212 - - [10/Jan/2026:11:47:00 +0300] "GET /gif/mail.gif HTTP/1.1" 304 0 "https://stefanos.ru/" "Mozilla/5.0 (Linux; Android 10; K) AppleWebKit/537.36 (KHTML, like Gecko) Chrome/143.0.0.0 Mobile Safari/537.36"
162.158.102.205 - - [10/Jan/2026:11:47:00 +0300] "GET /gif/bga.gif HTTP/1.1" 304 0 "https://stefanos.ru/" "Mozilla/5.0 (Linux; Android 10; K) AppleWebKit/537.36 (KHTML, like Gecko) Chrome/143.0.0.0 Mobile Safari/537.36"
172.64.198.175 - - [10/Jan/2026:11:47:00 +0300] "GET /gif/bg1.gif HTTP/1.1" 304 0 "https://stefanos.ru/" "Mozilla/5.0 (Linux; Android 10; K) AppleWebKit/537.36 (KHTML, like Gecko) Chrome/143.0.0.0 Mobile Safari/537.36"
172.64.198.86 - - [10/Jan/2026:11:47:01 +0300] "GET /favicon.ico HTTP/1.0" 404 453 "https://stefanos.ru/" "Mozilla/5.0 (Linux; Android 10; K) AppleWebKit/537.36 (KHTML, like Gecko) Chrome/143.0.0.0 Mobile Safari/537.36"
172.71.22.29 - - [10/Jan/2026:11:47:15 +0300] "GET /?e=0721921460ce11 HTTP/1.0" 200 50309 "-" "Mozilla/5.0 (Linux; Android 6.0.1; Nexus 5X Build/MMB29P) AppleWebKit/537.36 (KHTML, like Gecko) Chrome/143.0.7499.192 Mobile Safari/537.36 (compatible; Googlebot/2.1; +http://www.google.com/bot.html)"
108.162.246.200 - - [10/Jan/2026:11:47:49 +0300] "GET /catalog/bride/v-3.html HTTP/1.0" 200 2056 "-" "Mozilla/5.0 (compatible; DotBot/1.2; +https://opensiteexplorer.org/dotbot; help@moz.com)"
172.71.22.29 - - [10/Jan/2026:11:48:14 +0300] "GET /?e=002157742a9ad62 HTTP/1.0" 200 9843 "-" "Mozilla/5.0 (Linux; Android 6.0.1; Nexus 5X Build/MMB29P) AppleWebKit/537.36 (KHTML, like Gecko) Chrome/143.0.7499.192 Mobile Safari/537.36 (compatible; Googlebot/2.1; +http://www.google.com/bot.html)"
104.23.221.198 - - [10/Jan/2026:11:48:25 +0300] "GET / HTTP/1.0" 200 2894 "-" "https://reg.ru monitoring abuse@reg.ru"
172.71.22.29 - - [10/Jan/2026:11:48:30 +0300] "GET /?e=0182844377242 HTTP/1.0" 200 36740 "-" "Mozilla/5.0 (Linux; Android 6.0.1; Nexus 5X Build/MMB29P) AppleWebKit/537.36 (KHTML, like Gecko) Chrome/143.0.7499.192 Mobile Safari/537.36 (compatible; Googlebot/2.1; +http://www.google.com/bot.html)"
172.68.10.114 - - [10/Jan/2026:11:48:34 +0300] "GET / HTTP/1.0" 200 2894 "-" "Mozilla/5.0 (Linux; Android 10; K) AppleWebKit/537.36 (KHTML, like Gecko) Chrome/143.0.0.0 Mobile Safari/537.36"
172.68.10.117 - - [10/Jan/2026:11:48:35 +0300] "GET /favicon.ico HTTP/1.0" 404 453 "https://stefanos.ru/" "Mozilla/5.0 (Linux; Android 10; K) AppleWebKit/537.36 (KHTML, like Gecko) Chrome/143.0.0.0 Mobile Safari/537.36"
104.23.245.49 - - [10/Jan/2026:11:48:35 +0300] "GET /?ID=9367.html HTTP/1.0" 200 9458 "https://stefanos.ru/?e=0182844377242" "Mozilla/5.0 (Linux; Android 6.0.1; Nexus 5X Build/MMB29P) AppleWebKit/537.36 (KHTML, like Gecko) Chrome/143.0.7499.169 Mobile Safari/537.36 (compatible; Googlebot/2.1; +http://www.google.com/bot.html)"
104.23.245.49 - - [10/Jan/2026:11:48:36 +0300] "GET /?ID=9808.html HTTP/1.0" 200 19225 "https://stefanos.ru/?e=0182844377242" "Mozilla/5.0 (Linux; Android 6.0.1; Nexus 5X Build/MMB29P) AppleWebKit/537.36 (KHTML, like Gecko) Chrome/143.0.7499.169 Mobile Safari/537.36 (compatible; Googlebot/2.1; +http://www.google.com/bot.html)"
104.23.245.49 - - [10/Jan/2026:11:48:38 +0300] "GET /?ID=9262.html HTTP/1.0" 200 23492 "https://stefanos.ru/?e=0182844377242" "Mozilla/5.0 (Linux; Android 6.0.1; Nexus 5X Build/MMB29P) AppleWebKit/537.36 (KHTML, like Gecko) Chrome/143.0.7499.169 Mobile Safari/537.36 (compatible; Googlebot/2.1; +http://www.google.com/bot.html)"
172.68.10.114 - - [10/Jan/2026:11:48:59 +0300] "GET / HTTP/1.0" 200 2894 "-" "https://reg.ru monitoring abuse@reg.ru"
172.69.71.85 - - [10/Jan/2026:11:49:13 +0300] "GET /?e=0810046437a2b80 HTTP/1.0" 200 36409 "-" "Mozilla/5.0 (Linux; Android 6.0.1; Nexus 5X Build/MMB29P) AppleWebKit/537.36 (KHTML, like Gecko) Chrome/143.0.7499.192 Mobile Safari/537.36 (compatible; Googlebot/2.1; +http://www.google.com/bot.html)"
172.69.192.142 - - [10/Jan/2026:11:49:14 +0300] "GET / HTTP/1.0" 200 2894 "-" "Mozilla/5.0 (Linux; Android 10; K) AppleWebKit/537.36 (KHTML, like Gecko) Chrome/143.0.0.0 Mobile Safari/537.36"
162.158.48.132 - - [10/Jan/2026:11:49:15 +0300] "GET /favicon.ico HTTP/1.0" 404 453 "https://stefanos.ru/" "Mozilla/5.0 (Linux; Android 10; K) AppleWebKit/537.36 (KHTML, like Gecko) Chrome/143.0.0.0 Mobile Safari/537.36"
104.23.245.49 - - [10/Jan/2026:11:49:14 +0300] "GET /?e=02583621a5163 HTTP/1.0" 200 34935 "-" "Mozilla/5.0 (Linux; Android 6.0.1; Nexus 5X Build/MMB29P) AppleWebKit/537.36 (KHTML, like Gecko) Chrome/143.0.7499.192 Mobile Safari/537.36 (compatible; Googlebot/2.1; +http://www.google.com/bot.html)"
172.71.22.29 - - [10/Jan/2026:11:49:17 +0300] "GET /?ID=1621.html HTTP/1.0" 200 10295 "https://stefanos.ru/?e=02583621a5163" "Mozilla/5.0 (Linux; Android 6.0.1; Nexus 5X Build/MMB29P) AppleWebKit/537.36 (KHTML, like Gecko) Chrome/143.0.7499.169 Mobile Safari/537.36 (compatible; Googlebot/2.1; +http://www.google.com/bot.html)"
104.23.245.49 - - [10/Jan/2026:11:49:19 +0300] "GET /?ID=1711.html HTTP/1.0" 200 19893 "https://stefanos.ru/?e=02583621a5163" "Mozilla/5.0 (Linux; Android 6.0.1; Nexus 5X Build/MMB29P) AppleWebKit/537.36 (KHTML, like Gecko) Chrome/143.0.7499.169 Mobile Safari/537.36 (compatible; Googlebot/2.1; +http://www.google.com/bot.html)"
172.71.22.29 - - [10/Jan/2026:11:49:21 +0300] "GET /?ID=1830.html HTTP/1.0" 200 50007 "https://stefanos.ru/?e=02583621a5163" "Mozilla/5.0 (Linux; Android 6.0.1; Nexus 5X Build/MMB29P) AppleWebKit/537.36 (KHTML, like Gecko) Chrome/143.0.7499.169 Mobile Safari/537.36 (compatible; Googlebot/2.1; +http://www.google.com/bot.html)"
104.23.245.49 - - [10/Jan/2026:11:49:29 +0300] "GET /?e=0412863947482a HTTP/1.0" 200 20723 "-" "Mozilla/5.0 (Linux; Android 6.0.1; Nexus 5X Build/MMB29P) AppleWebKit/537.36 (KHTML, like Gecko) Chrome/143.0.7499.192 Mobile Safari/537.36 (compatible; Googlebot/2.1; +http://www.google.com/bot.html)"
104.23.245.49 - - [10/Jan/2026:11:50:02 +0300] "GET /?e=08131512252101 HTTP/1.0" 200 35443 "-" "Mozilla/5.0 (Linux; Android 6.0.1; Nexus 5X Build/MMB29P) AppleWebKit/537.36 (KHTML, like Gecko) Chrome/143.0.7499.192 Mobile Safari/537.36 (compatible; Googlebot/2.1; +http://www.google.com/bot.html)"
172.69.71.85 - - [10/Jan/2026:11:50:05 +0300] "GET /?ID=3024.html HTTP/1.0" 200 9400 "https://stefanos.ru/?e=08131512252101" "Mozilla/5.0 (Linux; Android 6.0.1; Nexus 5X Build/MMB29P) AppleWebKit/537.36 (KHTML, like Gecko) Chrome/143.0.7499.169 Mobile Safari/537.36 (compatible; Googlebot/2.1; +http://www.google.com/bot.html)"
172.71.22.29 - - [10/Jan/2026:11:50:07 +0300] "GET /?ID=3962.html HTTP/1.0" 200 9756 "https://stefanos.ru/?e=08131512252101" "Mozilla/5.0 (Linux; Android 6.0.1; Nexus 5X Build/MMB29P) AppleWebKit/537.36 (KHTML, like Gecko) Chrome/143.0.7499.169 Mobile Safari/537.36 (compatible; Googlebot/2.1; +http://www.google.com/bot.html)"
172.71.22.29 - - [10/Jan/2026:11:50:08 +0300] "GET /?ID=3325.html HTTP/1.0" 200 18875 "https://stefanos.ru/?e=08131512252101" "Mozilla/5.0 (Linux; Android 6.0.1; Nexus 5X Build/MMB29P) AppleWebKit/537.36 (KHTML, like Gecko) Chrome/143.0.7499.169 Mobile Safari/537.36 (compatible; Googlebot/2.1; +http://www.google.com/bot.html)"
104.23.217.169 - - [10/Jan/2026:11:50:30 +0300] "GET / HTTP/1.0" 200 2894 "-" "https://reg.ru monitoring abuse@reg.ru"
104.23.245.49 - - [10/Jan/2026:11:50:35 +0300] "GET /?e=0886226c3b614 HTTP/1.0" 200 9976 "-" "Mozilla/5.0 (Linux; Android 6.0.1; Nexus 5X Build/MMB29P) AppleWebKit/537.36 (KHTML, like Gecko) Chrome/143.0.7499.192 Mobile Safari/537.36 (compatible; Googlebot/2.1; +http://www.google.com/bot.html)"
172.71.22.29 - - [10/Jan/2026:11:51:08 +0300] "GET /?e=081608606e34a91 HTTP/1.0" 200 35062 "-" "Mozilla/5.0 (Linux; Android 6.0.1; Nexus 5X Build/MMB29P) AppleWebKit/537.36 (KHTML, like Gecko) Chrome/143.0.7499.192 Mobile Safari/537.36 (compatible; Googlebot/2.1; +http://www.google.com/bot.html)"
172.71.22.29 - - [10/Jan/2026:11:51:16 +0300] "GET /?ID=8783.html HTTP/1.0" 200 35151 "https://stefanos.ru/?e=081608606e34a91" "Mozilla/5.0 (Linux; Android 6.0.1; Nexus 5X Build/MMB29P) AppleWebKit/537.36 (KHTML, like Gecko) Chrome/143.0.7499.169 Mobile Safari/537.36 (compatible; Googlebot/2.1; +http://www.google.com/bot.html)"
172.71.22.29 - - [10/Jan/2026:11:51:18 +0300] "GET /?ID=8576.html HTTP/1.0" 200 49848 "https://stefanos.ru/?e=081608606e34a91" "Mozilla/5.0 (Linux; Android 6.0.1; Nexus 5X Build/MMB29P) AppleWebKit/537.36 (KHTML, like Gecko) Chrome/143.0.7499.169 Mobile Safari/537.36 (compatible; Googlebot/2.1; +http://www.google.com/bot.html)"
172.71.22.29 - - [10/Jan/2026:11:51:20 +0300] "GET /?ID=8916.html HTTP/1.0" 200 19449 "https://stefanos.ru/?e=081608606e34a91" "Mozilla/5.0 (Linux; Android 6.0.1; Nexus 5X Build/MMB29P) AppleWebKit/537.36 (KHTML, like Gecko) Chrome/143.0.7499.169 Mobile Safari/537.36 (compatible; Googlebot/2.1; +http://www.google.com/bot.html)"
172.71.22.29 - - [10/Jan/2026:11:52:07 +0300] "GET /?e=0064760f5cea9 HTTP/1.0" 200 49903 "-" "Mozilla/5.0 (Linux; Android 6.0.1; Nexus 5X Build/MMB29P) AppleWebKit/537.36 (KHTML, like Gecko) Chrome/143.0.7499.192 Mobile Safari/537.36 (compatible; Googlebot/2.1; +http://www.google.com/bot.html)"
172.71.22.29 - - [10/Jan/2026:11:52:09 +0300] "GET /?e=111089014831cfd HTTP/1.0" 200 34744 "-" "Mozilla/5.0 (Linux; Android 6.0.1; Nexus 5X Build/MMB29P) AppleWebKit/537.36 (KHTML, like Gecko) Chrome/143.0.7499.192 Mobile Safari/537.36 (compatible; Googlebot/2.1; +http://www.google.com/bot.html)"
172.71.22.29 - - [10/Jan/2026:11:52:11 +0300] "GET /?e=0818426075c2093 HTTP/1.0" 200 21945 "-" "Mozilla/5.0 (Linux; Android 6.0.1; Nexus 5X Build/MMB29P) AppleWebKit/537.36 (KHTML, like Gecko) Chrome/143.0.7499.192 Mobile Safari/537.36 (compatible; Googlebot/2.1; +http://www.google.com/bot.html)"
172.71.22.29 - - [10/Jan/2026:11:52:14 +0300] "GET /?ID=2536.html HTTP/1.0" 200 18502 "https://stefanos.ru/?e=111089014831cfd" "Mozilla/5.0 (Linux; Android 6.0.1; Nexus 5X Build/MMB29P) AppleWebKit/537.36 (KHTML, like Gecko) Chrome/143.0.7499.169 Mobile Safari/537.36 (compatible; Googlebot/2.1; +http://www.google.com/bot.html)"
104.23.245.48 - - [10/Jan/2026:11:52:16 +0300] "GET /?ID=2815.html HTTP/1.0" 200 19869 "https://stefanos.ru/?e=111089014831cfd" "Mozilla/5.0 (Linux; Android 6.0.1; Nexus 5X Build/MMB29P) AppleWebKit/537.36 (KHTML, like Gecko) Chrome/143.0.7499.169 Mobile Safari/537.36 (compatible; Googlebot/2.1; +http://www.google.com/bot.html)"
104.23.245.48 - - [10/Jan/2026:11:52:18 +0300] "GET /?ID=2940.html HTTP/1.0" 200 50185 "https://stefanos.ru/?e=111089014831cfd" "Mozilla/5.0 (Linux; Android 6.0.1; Nexus 5X Build/MMB29P) AppleWebKit/537.36 (KHTML, like Gecko) Chrome/143.0.7499.169 Mobile Safari/537.36 (compatible; Googlebot/2.1; +http://www.google.com/bot.html)"
104.23.245.48 - - [10/Jan/2026:11:52:24 +0300] "GET /?e=09826756438926 HTTP/1.0" 200 49657 "-" "Mozilla/5.0 (Linux; Android 6.0.1; Nexus 5X Build/MMB29P) AppleWebKit/537.36 (KHTML, like Gecko) Chrome/143.0.7499.192 Mobile Safari/537.36 (compatible; Googlebot/2.1; +http://www.google.com/bot.html)"
172.71.144.64 - - [10/Jan/2026:11:52:26 +0300] "GET / HTTP/1.0" 200 2894 "-" "Mozilla/5.0 (Linux; Android 10; K) AppleWebKit/537.36 (KHTML, like Gecko) Chrome/140.0.0.0 Mobile Safari/537.36"
172.71.164.233 - - [10/Jan/2026:11:52:28 +0300] "GET /favicon.ico HTTP/1.0" 404 453 "https://stefanos.ru/" "Mozilla/5.0 (Linux; Android 10; K) AppleWebKit/537.36 (KHTML, like Gecko) Chrome/140.0.0.0 Mobile Safari/537.36"
162.158.94.164 - - [10/Jan/2026:11:52:42 +0300] "GET / HTTP/1.0" 200 2894 "-" "Mozilla/5.0 (Linux; Android 10; K) AppleWebKit/537.36 (KHTML, like Gecko) Chrome/143.0.0.0 Mobile Safari/537.36"
172.71.99.114 - - [10/Jan/2026:11:52:47 +0300] "GET / HTTP/1.0" 200 2894 "-" "Mozilla/5.0 (Linux; arm_64; Android 15; BRP-NX1) AppleWebKit/537.36 (KHTML, like Gecko) Chrome/136.0.7103.952 YaSearchBrowser/25.61.1 BroPP/1.0 YaSearchApp/25.61.1 webOmni SA/3 Mobile Safari/537.36"
162.159.113.137 - - [10/Jan/2026:11:52:48 +0300] "GET /favicon.ico HTTP/1.0" 404 453 "https://stefanos.ru/" "Mozilla/5.0 (Linux; arm_64; Android 15; BRP-NX1) AppleWebKit/537.36 (KHTML, like Gecko) Chrome/136.0.7103.952 YaSearchBrowser/25.61.1 BroPP/1.0 YaSearchApp/25.61.1 webOmni SA/3 Mobile Safari/537.36"
104.23.245.48 - - [10/Jan/2026:11:52:51 +0300] "GET /?e=011520047911e7e HTTP/1.0" 200 49515 "-" "Mozilla/5.0 (Linux; Android 6.0.1; Nexus 5X Build/MMB29P) AppleWebKit/537.36 (KHTML, like Gecko) Chrome/143.0.7499.192 Mobile Safari/537.36 (compatible; Googlebot/2.1; +http://www.google.com/bot.html)"
104.22.1.192 - - [10/Jan/2026:11:53:08 +0300] "GET /?e=0415193874d45ab HTTP/1.0" 200 19635 "-" "Mozilla/5.0 (Linux; Android 6.0.1; Nexus 5X Build/MMB29P) AppleWebKit/537.36 (KHTML, like Gecko) Chrome/143.0.7499.192 Mobile Safari/537.36 (compatible; Googlebot/2.1; +http://www.google.com/bot.html)"
172.71.164.73 - - [10/Jan/2026:11:53:09 +0300] "GET / HTTP/1.0" 200 2894 "-" "Mozilla/5.0 (Linux; arm_64; Android 10; K) AppleWebKit/537.36 (KHTML, like Gecko) Chrome/142.0.0.0 YaBrowser/24.1.2.92 SA/3 Mobile Safari/537.36"
104.23.223.114 - - [10/Jan/2026:11:53:31 +0300] "GET / HTTP/1.0" 200 2894 "-" "https://reg.ru monitoring abuse@reg.ru"
104.23.221.198 - - [10/Jan/2026:11:54:03 +0300] "GET / HTTP/1.0" 200 2894 "-" "https://reg.ru monitoring abuse@reg.ru"
172.70.80.44 - - [10/Jan/2026:11:54:11 +0300] "GET / HTTP/1.0" 200 2894 "-" "Mozilla/5.0"
104.23.223.114 - - [10/Jan/2026:11:54:16 +0300] "GET / HTTP/1.0" 200 2894 "-" "Mozilla/5.0 (Linux; Android 10; K) AppleWebKit/537.36 (KHTML, like Gecko) Chrome/143.0.0.0 Mobile Safari/537.36"
162.158.183.59 - - [10/Jan/2026:11:54:17 +0300] "GET /favicon.ico HTTP/1.0" 404 453 "https://stefanos.ru/" "Mozilla/5.0 (Linux; Android 10; K) AppleWebKit/537.36 (KHTML, like Gecko) Chrome/143.0.0.0 Mobile Safari/537.36"
104.23.223.114 - - [10/Jan/2026:11:55:03 +0300] "GET / HTTP/1.0" 200 2894 "-" "Mozilla/5.0 (Linux; Android 10; K) AppleWebKit/537.36 (KHTML, like Gecko) Chrome/143.0.0.0 Mobile Safari/537.36"
172.71.22.29 - - [10/Jan/2026:11:55:07 +0300] "GET /?e=1161889af6395 HTTP/1.0" 200 39274 "-" "Mozilla/5.0 (Linux; Android 6.0.1; Nexus 5X Build/MMB29P) AppleWebKit/537.36 (KHTML, like Gecko) Chrome/143.0.7499.192 Mobile Safari/537.36 (compatible; Googlebot/2.1; +http://www.google.com/bot.html)"
108.162.237.254 - - [10/Jan/2026:11:55:23 +0300] "GET /?GameID=3383.html HTTP/1.0" 200 21815 "https://stefanos.ru/?e=0810046437a2b80" "Mozilla/5.0 (Linux; Android 6.0.1; Nexus 5X Build/MMB29P) AppleWebKit/537.36 (KHTML, like Gecko) Chrome/143.0.7499.169 Mobile Safari/537.36 (compatible; Googlebot/2.1; +http://www.google.com/bot.html)"
108.162.237.254 - - [10/Jan/2026:11:55:24 +0300] "GET /?e=001740090fa330 HTTP/1.0" 200 38604 "-" "Mozilla/5.0 (Linux; Android 6.0.1; Nexus 5X Build/MMB29P) AppleWebKit/537.36 (KHTML, like Gecko) Chrome/143.0.7499.192 Mobile Safari/537.36 (compatible; Googlebot/2.1; +http://www.google.com/bot.html)"
104.22.24.210 - - [10/Jan/2026:11:55:26 +0300] "GET /?GameID=3805.html HTTP/1.0" 200 9618 "https://stefanos.ru/?e=0810046437a2b80" "Mozilla/5.0 (Linux; Android 6.0.1; Nexus 5X Build/MMB29P) AppleWebKit/537.36 (KHTML, like Gecko) Chrome/143.0.7499.169 Mobile Safari/537.36 (compatible; Googlebot/2.1; +http://www.google.com/bot.html)"
172.69.192.141 - - [10/Jan/2026:11:55:28 +0300] "GET / HTTP/1.0" 200 2894 "-" "Mozilla/5.0 (Linux; Android 10; K) AppleWebKit/537.36 (KHTML, like Gecko) Chrome/136.0.0.0 Mobile Safari/537.36"
162.158.48.132 - - [10/Jan/2026:11:55:29 +0300] "GET /favicon.ico HTTP/1.0" 404 453 "https://stefanos.ru/" "Mozilla/5.0 (Linux; Android 10; K) AppleWebKit/537.36 (KHTML, like Gecko) Chrome/136.0.0.0 Mobile Safari/537.36"
104.22.24.210 - - [10/Jan/2026:11:55:28 +0300] "GET /?GameID=3012.html HTTP/1.0" 200 10755 "https://stefanos.ru/?e=0810046437a2b80" "Mozilla/5.0 (Linux; Android 6.0.1; Nexus 5X Build/MMB29P) AppleWebKit/537.36 (KHTML, like Gecko) Chrome/143.0.7499.169 Mobile Safari/537.36 (compatible; Googlebot/2.1; +http://www.google.com/bot.html)"
104.22.24.210 - - [10/Jan/2026:11:55:31 +0300] "GET /?ID=1552.html HTTP/1.0" 200 11631 "https://stefanos.ru/?e=001740090fa330" "Mozilla/5.0 (Linux; Android 6.0.1; Nexus 5X Build/MMB29P) AppleWebKit/537.36 (KHTML, like Gecko) Chrome/143.0.7499.169 Mobile Safari/537.36 (compatible; Googlebot/2.1; +http://www.google.com/bot.html)"
104.22.24.210 - - [10/Jan/2026:11:55:33 +0300] "GET /?ID=1715.html HTTP/1.0" 200 50156 "https://stefanos.ru/?e=001740090fa330" "Mozilla/5.0 (Linux; Android 6.0.1; Nexus 5X Build/MMB29P) AppleWebKit/537.36 (KHTML, like Gecko) Chrome/143.0.7499.169 Mobile Safari/537.36 (compatible; Googlebot/2.1; +http://www.google.com/bot.html)"
104.22.24.210 - - [10/Jan/2026:11:55:35 +0300] "GET /?ID=1417.html HTTP/1.0" 200 20149 "https://stefanos.ru/?e=001740090fa330" "Mozilla/5.0 (Linux; Android 6.0.1; Nexus 5X Build/MMB29P) AppleWebKit/537.36 (KHTML, like Gecko) Chrome/143.0.7499.169 Mobile Safari/537.36 (compatible; Googlebot/2.1; +http://www.google.com/bot.html)"
104.22.24.210 - - [10/Jan/2026:11:55:40 +0300] "GET /?ID=2584.html HTTP/1.0" 200 19573 "https://stefanos.ru/?e=1161889af6395" "Mozilla/5.0 (Linux; Android 6.0.1; Nexus 5X Build/MMB29P) AppleWebKit/537.36 (KHTML, like Gecko) Chrome/143.0.7499.169 Mobile Safari/537.36 (compatible; Googlebot/2.1; +http://www.google.com/bot.html)"
104.22.24.210 - - [10/Jan/2026:11:55:41 +0300] "GET /?e=101351461f77c99 HTTP/1.0" 200 8998 "-" "Mozilla/5.0 (Linux; Android 6.0.1; Nexus 5X Build/MMB29P) AppleWebKit/537.36 (KHTML, like Gecko) Chrome/143.0.7499.192 Mobile Safari/537.36 (compatible; Googlebot/2.1; +http://www.google.com/bot.html)"
104.23.221.199 - - [10/Jan/2026:11:55:43 +0300] "GET / HTTP/1.0" 200 2894 "-" "https://reg.ru monitoring abuse@reg.ru"
104.22.24.210 - - [10/Jan/2026:11:55:43 +0300] "GET /?ID=2594.html HTTP/1.0" 200 35646 "https://stefanos.ru/?e=1161889af6395" "Mozilla/5.0 (Linux; Android 6.0.1; Nexus 5X Build/MMB29P) AppleWebKit/537.36 (KHTML, like Gecko) Chrome/143.0.7499.169 Mobile Safari/537.36 (compatible; Googlebot/2.1; +http://www.google.com/bot.html)"
104.22.24.210 - - [10/Jan/2026:11:55:45 +0300] "GET /?ID=2775.html HTTP/1.0" 200 35356 "https://stefanos.ru/?e=1161889af6395" "Mozilla/5.0 (Linux; Android 6.0.1; Nexus 5X Build/MMB29P) AppleWebKit/537.36 (KHTML, like Gecko) Chrome/143.0.7499.169 Mobile Safari/537.36 (compatible; Googlebot/2.1; +http://www.google.com/bot.html)"
104.22.24.210 - - [10/Jan/2026:11:56:22 +0300] "GET /?e=171219012dfc524 HTTP/1.0" 200 49110 "-" "Mozilla/5.0 (Linux; Android 6.0.1; Nexus 5X Build/MMB29P) AppleWebKit/537.36 (KHTML, like Gecko) Chrome/143.0.7499.192 Mobile Safari/537.36 (compatible; Googlebot/2.1; +http://www.google.com/bot.html)"
104.22.24.210 - - [10/Jan/2026:11:57:05 +0300] "GET /?e=091218276fe87e8 HTTP/1.0" 200 35427 "-" "Mozilla/5.0 (Linux; Android 6.0.1; Nexus 5X Build/MMB29P) AppleWebKit/537.36 (KHTML, like Gecko) Chrome/143.0.7499.192 Mobile Safari/537.36 (compatible; Googlebot/2.1; +http://www.google.com/bot.html)"
172.71.22.28 - - [10/Jan/2026:11:57:08 +0300] "GET /?ID=4389.html HTTP/1.0" 200 10399 "https://stefanos.ru/?e=091218276fe87e8" "Mozilla/5.0 (Linux; Android 6.0.1; Nexus 5X Build/MMB29P) AppleWebKit/537.36 (KHTML, like Gecko) Chrome/143.0.7499.169 Mobile Safari/537.36 (compatible; Googlebot/2.1; +http://www.google.com/bot.html)"
104.22.24.210 - - [10/Jan/2026:11:57:09 +0300] "GET /?ID=4491.html HTTP/1.0" 200 20961 "https://stefanos.ru/?e=091218276fe87e8" "Mozilla/5.0 (Linux; Android 6.0.1; Nexus 5X Build/MMB29P) AppleWebKit/537.36 (KHTML, like Gecko) Chrome/143.0.7499.169 Mobile Safari/537.36 (compatible; Googlebot/2.1; +http://www.google.com/bot.html)"
104.22.24.210 - - [10/Jan/2026:11:57:11 +0300] "GET /?ID=4333.html HTTP/1.0" 200 19959 "https://stefanos.ru/?e=091218276fe87e8" "Mozilla/5.0 (Linux; Android 6.0.1; Nexus 5X Build/MMB29P) AppleWebKit/537.36 (KHTML, like Gecko) Chrome/143.0.7499.169 Mobile Safari/537.36 (compatible; Googlebot/2.1; +http://www.google.com/bot.html)"
104.22.24.210 - - [10/Jan/2026:11:57:21 +0300] "GET /?e=001798415060d92 HTTP/1.0" 200 22768 "-" "Mozilla/5.0 (Linux; Android 6.0.1; Nexus 5X Build/MMB29P) AppleWebKit/537.36 (KHTML, like Gecko) Chrome/143.0.7499.192 Mobile Safari/537.36 (compatible; Googlebot/2.1; +http://www.google.com/bot.html)"
172.69.192.141 - - [10/Jan/2026:11:57:34 +0300] "GET / HTTP/1.0" 200 2894 "-" "Mozilla/5.0 (Linux; Android 10; K) AppleWebKit/537.36 (KHTML, like Gecko) Chrome/136.0.0.0 Mobile Safari/537.36"
104.22.24.210 - - [10/Jan/2026:11:57:38 +0300] "GET /?e=048901084d4e0 HTTP/1.0" 200 18843 "-" "Mozilla/5.0 (Linux; Android 6.0.1; Nexus 5X Build/MMB29P) AppleWebKit/537.36 (KHTML, like Gecko) Chrome/143.0.7499.192 Mobile Safari/537.36 (compatible; Googlebot/2.1; +http://www.google.com/bot.html)"
104.22.24.210 - - [10/Jan/2026:11:57:55 +0300] "GET /?e=001520563da94e8 HTTP/1.0" 200 52732 "-" "Mozilla/5.0 (Linux; Android 6.0.1; Nexus 5X Build/MMB29P) AppleWebKit/537.36 (KHTML, like Gecko) Chrome/143.0.7499.192 Mobile Safari/537.36 (compatible; Googlebot/2.1; +http://www.google.com/bot.html)"
104.22.24.210 - - [10/Jan/2026:11:58:12 +0300] "GET /?e=119724624d97c HTTP/1.0" 200 36629 "-" "Mozilla/5.0 (Linux; Android 6.0.1; Nexus 5X Build/MMB29P) AppleWebKit/537.36 (KHTML, like Gecko) Chrome/143.0.7499.192 Mobile Safari/537.36 (compatible; Googlebot/2.1; +http://www.google.com/bot.html)"
172.69.192.141 - - [10/Jan/2026:11:58:19 +0300] "GET / HTTP/1.0" 200 2894 "-" "Mozilla/5.0 (Linux; Android 10; K) AppleWebKit/537.36 (KHTML, like Gecko) Chrome/143.0.0.0 Mobile Safari/537.36"
108.162.237.254 - - [10/Jan/2026:11:58:18 +0300] "GET /?GameID=2172.html HTTP/1.0" 200 49840 "https://stefanos.ru/?e=119724624d97c" "Mozilla/5.0 (Linux; Android 6.0.1; Nexus 5X Build/MMB29P) AppleWebKit/537.36 (KHTML, like Gecko) Chrome/143.0.7499.169 Mobile Safari/537.36 (compatible; Googlebot/2.1; +http://www.google.com/bot.html)"
108.162.237.254 - - [10/Jan/2026:11:58:20 +0300] "GET /?GameID=2517.html HTTP/1.0" 200 10304 "https://stefanos.ru/?e=119724624d97c" "Mozilla/5.0 (Linux; Android 6.0.1; Nexus 5X Build/MMB29P) AppleWebKit/537.36 (KHTML, like Gecko) Chrome/143.0.7499.169 Mobile Safari/537.36 (compatible; Googlebot/2.1; +http://www.google.com/bot.html)"
108.162.237.254 - - [10/Jan/2026:11:58:22 +0300] "GET /?GameID=2789.html HTTP/1.0" 200 19833 "https://stefanos.ru/?e=119724624d97c" "Mozilla/5.0 (Linux; Android 6.0.1; Nexus 5X Build/MMB29P) AppleWebKit/537.36 (KHTML, like Gecko) Chrome/143.0.7499.169 Mobile Safari/537.36 (compatible; Googlebot/2.1; +http://www.google.com/bot.html)"
104.22.24.210 - - [10/Jan/2026:11:58:28 +0300] "GET /?e=0819712965411f8 HTTP/1.0" 200 49510 "-" "Mozilla/5.0 (Linux; Android 6.0.1; Nexus 5X Build/MMB29P) AppleWebKit/537.36 (KHTML, like Gecko) Chrome/143.0.7499.192 Mobile Safari/537.36 (compatible; Googlebot/2.1; +http://www.google.com/bot.html)"
104.23.221.198 - - [10/Jan/2026:11:58:38 +0300] "GET / HTTP/1.0" 200 2894 "-" "https://reg.ru monitoring abuse@reg.ru"
104.23.221.198 - - [10/Jan/2026:11:59:10 +0300] "GET / HTTP/1.0" 200 2894 "-" "https://reg.ru monitoring abuse@reg.ru"
172.71.22.29 - - [10/Jan/2026:11:59:27 +0300] "GET /?e=0016044538a7b08 HTTP/1.0" 200 37360 "-" "Mozilla/5.0 (Linux; Android 6.0.1; Nexus 5X Build/MMB29P) AppleWebKit/537.36 (KHTML, like Gecko) Chrome/143.0.7499.192 Mobile Safari/537.36 (compatible; Googlebot/2.1; +http://www.google.com/bot.html)"
108.162.238.4 - - [10/Jan/2026:11:59:31 +0300] "GET /?GameID=2026-01-10/jsalem.html HTTP/1.0" 200 19224 "https://stefanos.ru/?e=0016044538a7b08" "Mozilla/5.0 (Linux; Android 6.0.1; Nexus 5X Build/MMB29P) AppleWebKit/537.36 (KHTML, like Gecko) Chrome/143.0.7499.192 Mobile Safari/537.36 (compatible; Googlebot/2.1; +http://www.google.com/bot.html)"
108.162.238.4 - - [10/Jan/2026:11:59:32 +0300] "GET /?GameID=2026-01-10/pgbrlz.html HTTP/1.0" 200 34676 "https://stefanos.ru/?e=0016044538a7b08" "Mozilla/5.0 (Linux; Android 6.0.1; Nexus 5X Build/MMB29P) AppleWebKit/537.36 (KHTML, like Gecko) Chrome/143.0.7499.192 Mobile Safari/537.36 (compatible; Googlebot/2.1; +http://www.google.com/bot.html)"
104.22.24.210 - - [10/Jan/2026:11:59:34 +0300] "GET /?GameID=2026-01-10/flxdkc.html HTTP/1.0" 200 49198 "https://stefanos.ru/?e=0016044538a7b08" "Mozilla/5.0 (Linux; Android 6.0.1; Nexus 5X Build/MMB29P) AppleWebKit/537.36 (KHTML, like Gecko) Chrome/143.0.7499.192 Mobile Safari/537.36 (compatible; Googlebot/2.1; +http://www.google.com/bot.html)"
104.22.24.210 - - [10/Jan/2026:11:59:53 +0300] "GET /?e=148742779ac37 HTTP/1.0" 200 36320 "-" "Mozilla/5.0 (Linux; Android 6.0.1; Nexus 5X Build/MMB29P) AppleWebKit/537.36 (KHTML, like Gecko) Chrome/143.0.7499.192 Mobile Safari/537.36 (compatible; Googlebot/2.1; +http://www.google.com/bot.html)"
104.22.24.210 - - [10/Jan/2026:11:59:55 +0300] "GET /?e=03752874f6ed6 HTTP/1.0" 200 49507 "-" "Mozilla/5.0 (Linux; Android 6.0.1; Nexus 5X Build/MMB29P) AppleWebKit/537.36 (KHTML, like Gecko) Chrome/143.0.7499.192 Mobile Safari/537.36 (compatible; Googlebot/2.1; +http://www.google.com/bot.html)"
172.71.22.29 - - [10/Jan/2026:12:00:01 +0300] "GET /?ID=1740.html HTTP/1.0" 200 9186 "https://stefanos.ru/?e=148742779ac37" "Mozilla/5.0 (Linux; Android 6.0.1; Nexus 5X Build/MMB29P) AppleWebKit/537.36 (KHTML, like Gecko) Chrome/143.0.7499.169 Mobile Safari/537.36 (compatible; Googlebot/2.1; +http://www.google.com/bot.html)"
104.22.24.210 - - [10/Jan/2026:12:00:03 +0300] "GET /?ID=1179.html HTTP/1.0" 200 52319 "https://stefanos.ru/?e=148742779ac37" "Mozilla/5.0 (Linux; Android 6.0.1; Nexus 5X Build/MMB29P) AppleWebKit/537.36 (KHTML, like Gecko) Chrome/143.0.7499.169 Mobile Safari/537.36 (compatible; Googlebot/2.1; +http://www.google.com/bot.html)"
172.71.22.29 - - [10/Jan/2026:12:00:04 +0300] "GET /?ID=1556.html HTTP/1.0" 200 21751 "https://stefanos.ru/?e=148742779ac37" "Mozilla/5.0 (Linux; Android 6.0.1; Nexus 5X Build/MMB29P) AppleWebKit/537.36 (KHTML, like Gecko) Chrome/143.0.7499.169 Mobile Safari/537.36 (compatible; Googlebot/2.1; +http://www.google.com/bot.html)"
