172.71.30.118 - - [10/Jan/2026:09:32:29 +0300] "GET /?e=08174926c5095 HTTP/1.0" 200 35014 "-" "Mozilla/5.0 (Linux; Android 6.0.1; Nexus 5X Build/MMB29P) AppleWebKit/537.36 (KHTML, like Gecko) Chrome/143.0.7499.192 Mobile Safari/537.36 (compatible; Googlebot/2.1; +http://www.google.com/bot.html)"
104.22.1.193 - - [10/Jan/2026:09:32:35 +0300] "GET /?ID=5241.html HTTP/1.0" 200 35098 "https://stefanos.ru/?e=08174926c5095" "Mozilla/5.0 (Linux; Android 6.0.1; Nexus 5X Build/MMB29P) AppleWebKit/537.36 (KHTML, like Gecko) Chrome/143.0.7499.169 Mobile Safari/537.36 (compatible; Googlebot/2.1; +http://www.google.com/bot.html)"
104.22.1.192 - - [10/Jan/2026:09:32:35 +0300] "GET /?ID=5528.html HTTP/1.0" 200 35047 "https://stefanos.ru/?e=08174926c5095" "Mozilla/5.0 (Linux; Android 6.0.1; Nexus 5X Build/MMB29P) AppleWebKit/537.36 (KHTML, like Gecko) Chrome/143.0.7499.169 Mobile Safari/537.36 (compatible; Googlebot/2.1; +http://www.google.com/bot.html)"
104.22.1.193 - - [10/Jan/2026:09:32:36 +0300] "GET /?ID=5692.html HTTP/1.0" 200 9134 "https://stefanos.ru/?e=08174926c5095" "Mozilla/5.0 (Linux; Android 6.0.1; Nexus 5X Build/MMB29P) AppleWebKit/537.36 (KHTML, like Gecko) Chrome/143.0.7499.169 Mobile Safari/537.36 (compatible; Googlebot/2.1; +http://www.google.com/bot.html)"
172.69.192.141 - - [10/Jan/2026:09:33:17 +0300] "GET / HTTP/1.0" 200 2894 "-" "Mozilla/5.0 (Linux; arm_64; Android 11; vivo Y93) AppleWebKit/537.36 (KHTML, like Gecko) Chrome/143.0.7499.34.0.0.0 YaBrowser/24.4.0.298 SA/3 Mobile Safari/537.36"
162.158.48.133 - - [10/Jan/2026:09:33:18 +0300] "GET /favicon.ico HTTP/1.0" 404 453 "https://stefanos.ru/" "Mozilla/5.0 (Linux; arm_64; Android 11; vivo Y93) AppleWebKit/537.36 (KHTML, like Gecko) Chrome/143.0.7499.34.0.0.0 YaBrowser/24.4.0.298 SA/3 Mobile Safari/537.36"
104.22.1.193 - - [10/Jan/2026:09:34:31 +0300] "GET /?e=0475391710537 HTTP/1.0" 200 20306 "-" "Mozilla/5.0 (Linux; Android 6.0.1; Nexus 5X Build/MMB29P) AppleWebKit/537.36 (KHTML, like Gecko) Chrome/143.0.7499.192 Mobile Safari/537.36 (compatible; Googlebot/2.1; +http://www.google.com/bot.html)"
172.71.184.224 - - [10/Jan/2026:09:35:14 +0300] "GET / HTTP/1.0" 200 2894 "-" "https://reg.ru monitoring abuse@reg.ru"
172.71.122.42 - - [10/Jan/2026:09:35:29 +0300] "GET / HTTP/1.0" 200 2894 "-" "Mozilla/5.0 (compatible; MJ12bot/v2.0.4; http://mj12bot.com/)"
104.22.24.211 - - [10/Jan/2026:09:35:33 +0300] "GET /?ID=4932.html HTTP/1.0" 200 49624 "-" "Mozilla/5.0 (Linux; Android 6.0.1; Nexus 5X Build/MMB29P) AppleWebKit/537.36 (KHTML, like Gecko) Chrome/143.0.7499.192 Mobile Safari/537.36 (compatible; Googlebot/2.1; +http://www.google.com/bot.html)"
104.22.1.193 - - [10/Jan/2026:09:35:34 +0300] "GET /?e=077561496fe09 HTTP/1.0" 200 50382 "-" "Mozilla/5.0 (Linux; Android 6.0.1; Nexus 5X Build/MMB29P) AppleWebKit/537.36 (KHTML, like Gecko) Chrome/143.0.7499.192 Mobile Safari/537.36 (compatible; Googlebot/2.1; +http://www.google.com/bot.html)"
104.22.1.193 - - [10/Jan/2026:09:35:36 +0300] "GET /?e=1210048180475ec HTTP/1.0" 200 10385 "-" "Mozilla/5.0 (Linux; Android 6.0.1; Nexus 5X Build/MMB29P) AppleWebKit/537.36 (KHTML, like Gecko) Chrome/143.0.7499.192 Mobile Safari/537.36 (compatible; Googlebot/2.1; +http://www.google.com/bot.html)"
104.22.1.193 - - [10/Jan/2026:09:35:38 +0300] "GET /?e=1262017180b4a HTTP/1.0" 200 35676 "-" "Mozilla/5.0 (Linux; Android 6.0.1; Nexus 5X Build/MMB29P) AppleWebKit/537.36 (KHTML, like Gecko) Chrome/143.0.7499.192 Mobile Safari/537.36 (compatible; Googlebot/2.1; +http://www.google.com/bot.html)"
104.22.1.193 - - [10/Jan/2026:09:35:40 +0300] "GET /?e=031004591bc4b27 HTTP/1.0" 200 49344 "-" "Mozilla/5.0 (Linux; Android 6.0.1; Nexus 5X Build/MMB29P) AppleWebKit/537.36 (KHTML, like Gecko) Chrome/143.0.7499.192 Mobile Safari/537.36 (compatible; Googlebot/2.1; +http://www.google.com/bot.html)"
104.23.239.48 - - [10/Jan/2026:09:35:42 +0300] "GET / HTTP/1.0" 200 2894 "-" "Mozilla/5.0 (Linux; Android 10; K) AppleWebKit/537.36 (KHTML, like Gecko) Chrome/142.0.0.0 Mobile Safari/537.36"
172.71.164.233 - - [10/Jan/2026:09:35:43 +0300] "GET /favicon.ico HTTP/1.0" 404 453 "https://stefanos.ru/" "Mozilla/5.0 (Linux; Android 10; K) AppleWebKit/537.36 (KHTML, like Gecko) Chrome/142.0.0.0 Mobile Safari/537.36"
172.71.184.224 - - [10/Jan/2026:09:35:54 +0300] "GET / HTTP/1.0" 200 2894 "-" "https://reg.ru monitoring abuse@reg.ru"
104.23.221.198 - - [10/Jan/2026:09:36:21 +0300] "GET / HTTP/1.0" 200 2894 "-" "https://reg.ru monitoring abuse@reg.ru"
104.22.24.211 - - [10/Jan/2026:09:36:36 +0300] "GET /?GameID=1361.html HTTP/1.0" 200 35815 "https://stefanos.ru/?e=1262017180b4a" "Mozilla/5.0 (Linux; Android 6.0.1; Nexus 5X Build/MMB29P) AppleWebKit/537.36 (KHTML, like Gecko) Chrome/143.0.7499.169 Mobile Safari/537.36 (compatible; Googlebot/2.1; +http://www.google.com/bot.html)"
104.22.1.193 - - [10/Jan/2026:09:36:38 +0300] "GET /?GameID=1151.html HTTP/1.0" 200 35945 "https://stefanos.ru/?e=1262017180b4a" "Mozilla/5.0 (Linux; Android 6.0.1; Nexus 5X Build/MMB29P) AppleWebKit/537.36 (KHTML, like Gecko) Chrome/143.0.7499.169 Mobile Safari/537.36 (compatible; Googlebot/2.1; +http://www.google.com/bot.html)"
104.22.1.193 - - [10/Jan/2026:09:36:40 +0300] "GET /?GameID=1000.html HTTP/1.0" 200 34459 "https://stefanos.ru/?e=1262017180b4a" "Mozilla/5.0 (Linux; Android 6.0.1; Nexus 5X Build/MMB29P) AppleWebKit/537.36 (KHTML, like Gecko) Chrome/143.0.7499.169 Mobile Safari/537.36 (compatible; Googlebot/2.1; +http://www.google.com/bot.html)"
108.162.216.97 - - [10/Jan/2026:09:37:00 +0300] "GET / HTTP/1.0" 200 2894 "http://104.21.89.201:80/" "-"
104.22.1.193 - - [10/Jan/2026:09:37:04 +0300] "GET /?e=0075500669040 HTTP/1.0" 200 10320 "-" "Mozilla/5.0 (Linux; Android 6.0.1; Nexus 5X Build/MMB29P) AppleWebKit/537.36 (KHTML, like Gecko) Chrome/143.0.7499.192 Mobile Safari/537.36 (compatible; Googlebot/2.1; +http://www.google.com/bot.html)"
172.69.192.142 - - [10/Jan/2026:09:38:06 +0300] "GET / HTTP/1.0" 200 2894 "-" "Mozilla/5.0 (Linux; Android 10; K) AppleWebKit/537.36 (KHTML, like Gecko) Chrome/143.0.0.0 Mobile Safari/537.36"
162.158.48.132 - - [10/Jan/2026:09:38:07 +0300] "GET /favicon.ico HTTP/1.0" 404 453 "https://stefanos.ru/" "Mozilla/5.0 (Linux; Android 10; K) AppleWebKit/537.36 (KHTML, like Gecko) Chrome/143.0.0.0 Mobile Safari/537.36"
104.22.24.211 - - [10/Jan/2026:09:38:43 +0300] "GET /?GameID=2026-01-10/4175.html HTTP/1.0" 200 50538 "-" "Mozilla/5.0 (Linux; Android 6.0.1; Nexus 5X Build/MMB29P) AppleWebKit/537.36 (KHTML, like Gecko) Chrome/143.0.7499.192 Mobile Safari/537.36 (compatible; Googlebot/2.1; +http://www.google.com/bot.html)"
172.69.50.235 - - [10/Jan/2026:09:39:04 +0300] "GET / HTTP/1.0" 200 2894 "-" "Mozilla/5.0 (Linux; arm_64; Android 15; Realme RMX3834) AppleWebKit/537.36 (KHTML, like Gecko) Chrome/142.0.7444.49.0.0.0 YaBrowser/24.4.0.298 SA/3 Mobile Safari/537.36"
172.68.10.116 - - [10/Jan/2026:09:39:05 +0300] "GET /favicon.ico HTTP/1.0" 404 453 "https://stefanos.ru/" "Mozilla/5.0 (Linux; arm_64; Android 15; Realme RMX3834) AppleWebKit/537.36 (KHTML, like Gecko) Chrome/142.0.7444.49.0.0.0 YaBrowser/24.4.0.298 SA/3 Mobile Safari/537.36"
172.70.243.103 - - [10/Jan/2026:09:39:18 +0300] "GET / HTTP/1.0" 200 2894 "-" "Mozilla/5.0 (Linux; Android 10; K) AppleWebKit/537.36 (KHTML, like Gecko) Chrome/143.0.0.0 Mobile Safari/537.36"
172.71.164.232 - - [10/Jan/2026:09:39:22 +0300] "GET /favicon.ico HTTP/1.0" 404 453 "https://stefanos.ru/" "Mozilla/5.0 (Linux; Android 10; K) AppleWebKit/537.36 (KHTML, like Gecko) Chrome/143.0.0.0 Mobile Safari/537.36"
162.158.182.139 - - [10/Jan/2026:09:40:05 +0300] "GET / HTTP/1.0" 200 2894 "-" "Mozilla/5.0 (Linux; Android 10; K) AppleWebKit/537.36 (KHTML, like Gecko) Chrome/143.0.0.0 Mobile Safari/537.36"
162.158.183.60 - - [10/Jan/2026:09:40:08 +0300] "GET /favicon.ico HTTP/1.0" 404 453 "https://stefanos.ru/" "Mozilla/5.0 (Linux; Android 10; K) AppleWebKit/537.36 (KHTML, like Gecko) Chrome/143.0.0.0 Mobile Safari/537.36"
172.71.184.225 - - [10/Jan/2026:09:40:22 +0300] "GET / HTTP/1.0" 200 2894 "-" "https://reg.ru monitoring abuse@reg.ru"
172.71.148.13 - - [10/Jan/2026:09:40:32 +0300] "GET / HTTP/1.0" 200 2894 "-" "Mozilla/5.0 (Linux; arm_64; Android 10; K) AppleWebKit/537.36 (KHTML, like Gecko) Chrome/140.0.0.0 YaBrowser/24.2.0.35 SA/3 Mobile Safari/537.36"
104.23.166.74 - - [10/Jan/2026:09:40:37 +0300] "GET /?ysclid=mapfvjyzgh370840195 HTTP/1.0" 200 2894 "-" "Mozilla/5.0 (Linux; Android 12; Redmi 3) AppleWebKit/537.36 (KHTML, like Gecko) Chrome/143.0.7499.53 Mobile Safari/537.36"
162.159.113.136 - - [10/Jan/2026:09:40:38 +0300] "GET /favicon.ico HTTP/1.0" 404 453 "https://stefanos.ru/?ysclid=mapfvjyzgh370840195" "Mozilla/5.0 (Linux; Android 12; Redmi 3) AppleWebKit/537.36 (KHTML, like Gecko) Chrome/143.0.7499.53 Mobile Safari/537.36"
172.71.184.225 - - [10/Jan/2026:09:40:59 +0300] "GET / HTTP/1.0" 200 2894 "-" "https://reg.ru monitoring abuse@reg.ru"
104.22.24.211 - - [10/Jan/2026:09:41:10 +0300] "GET /?e=00363027b91178 HTTP/1.0" 200 18980 "-" "Mozilla/5.0 (Linux; Android 6.0.1; Nexus 5X Build/MMB29P) AppleWebKit/537.36 (KHTML, like Gecko) Chrome/143.0.7499.192 Mobile Safari/537.36 (compatible; Googlebot/2.1; +http://www.google.com/bot.html)"
104.23.223.114 - - [10/Jan/2026:09:41:37 +0300] "GET / HTTP/1.0" 200 2894 "-" "https://reg.ru monitoring abuse@reg.ru"
172.68.70.156 - - [10/Jan/2026:09:42:11 +0300] "GET /?e=057431028805c HTTP/1.0" 200 36553 "-" "Mozilla/5.0 (Linux; Android 6.0.1; Nexus 5X Build/MMB29P) AppleWebKit/537.36 (KHTML, like Gecko) Chrome/143.0.7499.192 Mobile Safari/537.36 (compatible; Googlebot/2.1; +http://www.google.com/bot.html)"
172.69.71.85 - - [10/Jan/2026:09:42:13 +0300] "GET /?e=09131002ed486f HTTP/1.0" 200 35322 "-" "Mozilla/5.0 (Linux; Android 6.0.1; Nexus 5X Build/MMB29P) AppleWebKit/537.36 (KHTML, like Gecko) Chrome/143.0.7499.192 Mobile Safari/537.36 (compatible; Googlebot/2.1; +http://www.google.com/bot.html)"
104.22.24.211 - - [10/Jan/2026:09:42:15 +0300] "GET /?ID=3042.html HTTP/1.0" 200 18913 "https://stefanos.ru/?e=09131002ed486f" "Mozilla/5.0 (Linux; Android 6.0.1; Nexus 5X Build/MMB29P) AppleWebKit/537.36 (KHTML, like Gecko) Chrome/143.0.7499.169 Mobile Safari/537.36 (compatible; Googlebot/2.1; +http://www.google.com/bot.html)"
172.69.71.85 - - [10/Jan/2026:09:42:17 +0300] "GET /?ID=3681.html HTTP/1.0" 200 9887 "https://stefanos.ru/?e=09131002ed486f" "Mozilla/5.0 (Linux; Android 6.0.1; Nexus 5X Build/MMB29P) AppleWebKit/537.36 (KHTML, like Gecko) Chrome/143.0.7499.169 Mobile Safari/537.36 (compatible; Googlebot/2.1; +http://www.google.com/bot.html)"
172.69.71.85 - - [10/Jan/2026:09:42:19 +0300] "GET /?ID=3674.html HTTP/1.0" 200 19406 "https://stefanos.ru/?e=09131002ed486f" "Mozilla/5.0 (Linux; Android 6.0.1; Nexus 5X Build/MMB29P) AppleWebKit/537.36 (KHTML, like Gecko) Chrome/143.0.7499.169 Mobile Safari/537.36 (compatible; Googlebot/2.1; +http://www.google.com/bot.html)"
172.68.70.156 - - [10/Jan/2026:09:43:19 +0300] "GET /?GameID=2026-01-10/7750.html HTTP/1.0" 200 9024 "https://stefanos.ru/?e=057431028805c" "Mozilla/5.0 (Linux; Android 6.0.1; Nexus 5X Build/MMB29P) AppleWebKit/537.36 (KHTML, like Gecko) Chrome/143.0.7499.169 Mobile Safari/537.36 (compatible; Googlebot/2.1; +http://www.google.com/bot.html)"
172.68.70.156 - - [10/Jan/2026:09:43:21 +0300] "GET /?GameID=2026-01-10/6208.html HTTP/1.0" 200 11710 "https://stefanos.ru/?e=057431028805c" "Mozilla/5.0 (Linux; Android 6.0.1; Nexus 5X Build/MMB29P) AppleWebKit/537.36 (KHTML, like Gecko) Chrome/143.0.7499.169 Mobile Safari/537.36 (compatible; Googlebot/2.1; +http://www.google.com/bot.html)"
172.68.70.156 - - [10/Jan/2026:09:43:22 +0300] "GET /?GameID=2026-01-10/3910.html HTTP/1.0" 200 9411 "https://stefanos.ru/?e=057431028805c" "Mozilla/5.0 (Linux; Android 6.0.1; Nexus 5X Build/MMB29P) AppleWebKit/537.36 (KHTML, like Gecko) Chrome/143.0.7499.169 Mobile Safari/537.36 (compatible; Googlebot/2.1; +http://www.google.com/bot.html)"
172.70.251.242 - - [10/Jan/2026:09:43:36 +0300] "GET / HTTP/1.0" 200 2894 "-" "Mozilla/5.0 (Linux; Android 10; K) AppleWebKit/537.36 (KHTML, like Gecko) Chrome/143.0.0.0 Mobile Safari/537.36"
172.71.164.233 - - [10/Jan/2026:09:43:40 +0300] "GET /favicon.ico HTTP/1.0" 404 453 "https://stefanos.ru/" "Mozilla/5.0 (Linux; Android 10; K) AppleWebKit/537.36 (KHTML, like Gecko) Chrome/143.0.0.0 Mobile Safari/537.36"
172.71.184.225 - - [10/Jan/2026:09:44:21 +0300] "GET / HTTP/1.0" 200 2894 "-" "Mozilla/5.0 (Linux; Android 10; K) AppleWebKit/537.36 (KHTML, like Gecko) Chrome/143.0.0.0 Mobile Safari/537.36"
172.68.10.116 - - [10/Jan/2026:09:44:23 +0300] "GET /favicon.ico HTTP/1.0" 404 453 "https://stefanos.ru/" "Mozilla/5.0 (Linux; Android 10; K) AppleWebKit/537.36 (KHTML, like Gecko) Chrome/143.0.0.0 Mobile Safari/537.36"
172.70.208.162 - - [10/Jan/2026:09:44:43 +0300] "GET /catalog/child/005.html HTTP/1.0" 200 2066 "https://www.stefanos.ru/catalog/child/all.html" "Mozilla/5.0 (Linux; Android 7.0;) AppleWebKit/537.36 (KHTML, like Gecko) Mobile Safari/537.36 (compatible; PetalBot;+https://webmaster.petalsearch.com/site/petalbot)"
172.68.70.157 - - [10/Jan/2026:09:45:15 +0300] "GET /?e=0011632600ae476 HTTP/1.0" 200 34904 "-" "Mozilla/5.0 (Linux; Android 6.0.1; Nexus 5X Build/MMB29P) AppleWebKit/537.36 (KHTML, like Gecko) Chrome/143.0.7499.192 Mobile Safari/537.36 (compatible; Googlebot/2.1; +http://www.google.com/bot.html)"
162.158.210.52 - - [10/Jan/2026:09:45:24 +0300] "GET /1.tar.gz HTTP/1.0" 404 453 "-" "Mozilla/5.0 (Windows NT 10.0; Win64; x64) AppleWebKit/537.36 (KHTML, like Gecko) Chrome/101.0.4951.67 Safari/537.36"
104.22.1.193 - - [10/Jan/2026:09:45:24 +0300] "GET /?ID=7042.html HTTP/1.0" 200 34241 "https://stefanos.ru/?e=0011632600ae476" "Mozilla/5.0 (Linux; Android 6.0.1; Nexus 5X Build/MMB29P) AppleWebKit/537.36 (KHTML, like Gecko) Chrome/143.0.7499.169 Mobile Safari/537.36 (compatible; Googlebot/2.1; +http://www.google.com/bot.html)"
104.22.1.193 - - [10/Jan/2026:09:45:25 +0300] "GET /?ID=7461.html HTTP/1.0" 200 10574 "https://stefanos.ru/?e=0011632600ae476" "Mozilla/5.0 (Linux; Android 6.0.1; Nexus 5X Build/MMB29P) AppleWebKit/537.36 (KHTML, like Gecko) Chrome/143.0.7499.169 Mobile Safari/537.36 (compatible; Googlebot/2.1; +http://www.google.com/bot.html)"
104.22.1.193 - - [10/Jan/2026:09:45:27 +0300] "GET /?ID=7538.html HTTP/1.0" 200 9361 "https://stefanos.ru/?e=0011632600ae476" "Mozilla/5.0 (Linux; Android 6.0.1; Nexus 5X Build/MMB29P) AppleWebKit/537.36 (KHTML, like Gecko) Chrome/143.0.7499.169 Mobile Safari/537.36 (compatible; Googlebot/2.1; +http://www.google.com/bot.html)"
172.68.10.114 - - [10/Jan/2026:09:45:28 +0300] "GET / HTTP/1.0" 200 2894 "-" "https://reg.ru monitoring abuse@reg.ru"
172.68.10.114 - - [10/Jan/2026:09:46:07 +0300] "GET / HTTP/1.0" 200 2894 "-" "https://reg.ru monitoring abuse@reg.ru"
172.68.70.157 - - [10/Jan/2026:09:46:16 +0300] "GET /?e=067856744ae6a HTTP/1.0" 200 51767 "-" "Mozilla/5.0 (Linux; Android 6.0.1; Nexus 5X Build/MMB29P) AppleWebKit/537.36 (KHTML, like Gecko) Chrome/143.0.7499.192 Mobile Safari/537.36 (compatible; Googlebot/2.1; +http://www.google.com/bot.html)"
104.23.221.199 - - [10/Jan/2026:09:46:38 +0300] "GET / HTTP/1.0" 200 2894 "-" "https://reg.ru monitoring abuse@reg.ru"
172.68.70.157 - - [10/Jan/2026:09:47:18 +0300] "GET /?e=0178707fce7e3 HTTP/1.0" 200 10291 "-" "Mozilla/5.0 (Linux; Android 6.0.1; Nexus 5X Build/MMB29P) AppleWebKit/537.36 (KHTML, like Gecko) Chrome/143.0.7499.192 Mobile Safari/537.36 (compatible; Googlebot/2.1; +http://www.google.com/bot.html)"
172.69.192.142 - - [10/Jan/2026:09:48:12 +0300] "GET / HTTP/1.0" 200 2894 "-" "Mozilla/5.0 (Linux; Android 10; K) AppleWebKit/537.36 (KHTML, like Gecko) Chrome/143.0.0.0 Mobile Safari/537.36"
162.158.48.133 - - [10/Jan/2026:09:48:13 +0300] "GET /favicon.ico HTTP/1.0" 404 453 "https://stefanos.ru/" "Mozilla/5.0 (Linux; Android 10; K) AppleWebKit/537.36 (KHTML, like Gecko) Chrome/143.0.0.0 Mobile Safari/537.36"
172.69.192.142 - - [10/Jan/2026:09:48:53 +0300] "GET / HTTP/1.0" 200 2894 "-" "Mozilla/5.0 (Windows NT 10.0; Win64; x64) AppleWebKit/537.36 (KHTML, like Gecko) Chrome/142.0.7444.176 Safari/537.36"
172.69.192.142 - - [10/Jan/2026:09:49:18 +0300] "GET / HTTP/1.0" 200 2894 "-" "Mozilla/5.0 (Linux; Android 11; CPH2553) AppleWebKit/537.36 (KHTML, like Gecko) Chrome/143.0.7499.52 Mobile Safari/537.36"
172.69.71.85 - - [10/Jan/2026:09:49:20 +0300] "GET /?e=081610556162318 HTTP/1.0" 200 19713 "-" "Mozilla/5.0 (Linux; Android 6.0.1; Nexus 5X Build/MMB29P) AppleWebKit/537.36 (KHTML, like Gecko) Chrome/143.0.7499.192 Mobile Safari/537.36 (compatible; Googlebot/2.1; +http://www.google.com/bot.html)"
172.68.70.157 - - [10/Jan/2026:09:49:21 +0300] "GET /?e=097583947d057 HTTP/1.0" 200 10068 "-" "Mozilla/5.0 (Linux; Android 6.0.1; Nexus 5X Build/MMB29P) AppleWebKit/537.36 (KHTML, like Gecko) Chrome/143.0.7499.192 Mobile Safari/537.36 (compatible; Googlebot/2.1; +http://www.google.com/bot.html)"
172.69.71.85 - - [10/Jan/2026:09:49:22 +0300] "GET /?e=051087731776ae7 HTTP/1.0" 200 36039 "-" "Mozilla/5.0 (Linux; Android 6.0.1; Nexus 5X Build/MMB29P) AppleWebKit/537.36 (KHTML, like Gecko) Chrome/143.0.7499.192 Mobile Safari/537.36 (compatible; Googlebot/2.1; +http://www.google.com/bot.html)"
172.69.71.85 - - [10/Jan/2026:09:49:30 +0300] "GET /?ID=8501.html HTTP/1.0" 200 10321 "https://stefanos.ru/?e=051087731776ae7" "Mozilla/5.0 (Linux; Android 6.0.1; Nexus 5X Build/MMB29P) AppleWebKit/537.36 (KHTML, like Gecko) Chrome/143.0.7499.169 Mobile Safari/537.36 (compatible; Googlebot/2.1; +http://www.google.com/bot.html)"
172.69.71.85 - - [10/Jan/2026:09:49:31 +0300] "GET /?ID=8975.html HTTP/1.0" 200 49507 "https://stefanos.ru/?e=051087731776ae7" "Mozilla/5.0 (Linux; Android 6.0.1; Nexus 5X Build/MMB29P) AppleWebKit/537.36 (KHTML, like Gecko) Chrome/143.0.7499.169 Mobile Safari/537.36 (compatible; Googlebot/2.1; +http://www.google.com/bot.html)"
172.68.70.157 - - [10/Jan/2026:09:49:33 +0300] "GET /?ID=8252.html HTTP/1.0" 200 34934 "https://stefanos.ru/?e=051087731776ae7" "Mozilla/5.0 (Linux; Android 6.0.1; Nexus 5X Build/MMB29P) AppleWebKit/537.36 (KHTML, like Gecko) Chrome/143.0.7499.169 Mobile Safari/537.36 (compatible; Googlebot/2.1; +http://www.google.com/bot.html)"
172.69.50.234 - - [10/Jan/2026:09:49:46 +0300] "GET /?ysclid=mapfzzztrj439926269 HTTP/1.0" 200 2894 "-" "Mozilla/5.0 (Linux; Android 10; K) AppleWebKit/537.36 (KHTML, like Gecko) Chrome/143.0.0.0 Mobile Safari/537.36"
172.68.10.116 - - [10/Jan/2026:09:49:47 +0300] "GET /favicon.ico HTTP/1.0" 404 453 "https://stefanos.ru/?ysclid=mapfzzztrj439926269" "Mozilla/5.0 (Linux; Android 10; K) AppleWebKit/537.36 (KHTML, like Gecko) Chrome/143.0.0.0 Mobile Safari/537.36"
172.69.192.142 - - [10/Jan/2026:09:49:56 +0300] "GET / HTTP/1.0" 200 2894 "-" "Mozilla/5.0 (Linux; Android 10; K) AppleWebKit/537.36 (KHTML, like Gecko) Chrome/136.0.0.0 Mobile Safari/537.36"
172.71.184.225 - - [10/Jan/2026:09:50:23 +0300] "GET / HTTP/1.0" 200 2894 "-" "Mozilla/5.0 (Linux; Android 9; H2022) AppleWebKit/537.36 (KHTML, like Gecko) Chrome/140.0.7339.155 Mobile Safari/537.36"
172.69.71.85 - - [10/Jan/2026:09:50:24 +0300] "GET /?e=0875523ef9185 HTTP/1.0" 200 34125 "-" "Mozilla/5.0 (Linux; Android 6.0.1; Nexus 5X Build/MMB29P) AppleWebKit/537.36 (KHTML, like Gecko) Chrome/143.0.7499.192 Mobile Safari/537.36 (compatible; Googlebot/2.1; +http://www.google.com/bot.html)"
104.22.1.193 - - [10/Jan/2026:09:50:26 +0300] "GET /?e=001012261d03e2e HTTP/1.0" 200 23435 "-" "Mozilla/5.0 (Linux; Android 6.0.1; Nexus 5X Build/MMB29P) AppleWebKit/537.36 (KHTML, like Gecko) Chrome/143.0.7499.192 Mobile Safari/537.36 (compatible; Googlebot/2.1; +http://www.google.com/bot.html)"
172.69.192.142 - - [10/Jan/2026:09:50:37 +0300] "GET / HTTP/1.0" 200 2894 "-" "Mozilla/5.0 (Linux; Android 10; K) AppleWebKit/537.36 (KHTML, like Gecko) Chrome/136.0.0.0 Mobile Safari/537.36"
172.68.70.157 - - [10/Jan/2026:09:50:37 +0300] "GET /?GameID=1773.html HTTP/1.0" 200 42993 "https://stefanos.ru/?e=0875523ef9185" "Mozilla/5.0 (Linux; Android 6.0.1; Nexus 5X Build/MMB29P) AppleWebKit/537.36 (KHTML, like Gecko) Chrome/143.0.7499.169 Mobile Safari/537.36 (compatible; Googlebot/2.1; +http://www.google.com/bot.html)"
172.69.71.85 - - [10/Jan/2026:09:50:38 +0300] "GET /?GameID=1445.html HTTP/1.0" 200 51779 "https://stefanos.ru/?e=0875523ef9185" "Mozilla/5.0 (Linux; Android 6.0.1; Nexus 5X Build/MMB29P) AppleWebKit/537.36 (KHTML, like Gecko) Chrome/143.0.7499.169 Mobile Safari/537.36 (compatible; Googlebot/2.1; +http://www.google.com/bot.html)"
172.68.10.114 - - [10/Jan/2026:09:50:41 +0300] "GET / HTTP/1.0" 200 2894 "-" "https://reg.ru monitoring abuse@reg.ru"
172.68.70.157 - - [10/Jan/2026:09:50:40 +0300] "GET /?GameID=1233.html HTTP/1.0" 200 34872 "https://stefanos.ru/?e=0875523ef9185" "Mozilla/5.0 (Linux; Android 6.0.1; Nexus 5X Build/MMB29P) AppleWebKit/537.36 (KHTML, like Gecko) Chrome/143.0.7499.169 Mobile Safari/537.36 (compatible; Googlebot/2.1; +http://www.google.com/bot.html)"
172.71.172.156 - - [10/Jan/2026:09:50:57 +0300] "GET / HTTP/1.0" 200 2894 "-" "Mozilla/5.0 (Linux; arm_64; Android 15; POCO F2 Pro) AppleWebKit/537.36 (KHTML, like Gecko) Chrome/143.0.7499.41.0.0.0 YaBrowser/24.1.1.91 SA/3 Mobile Safari/537.36"
172.71.164.233 - - [10/Jan/2026:09:50:59 +0300] "GET /favicon.ico HTTP/1.0" 404 453 "https://stefanos.ru/" "Mozilla/5.0 (Linux; arm_64; Android 15; POCO F2 Pro) AppleWebKit/537.36 (KHTML, like Gecko) Chrome/143.0.7499.41.0.0.0 YaBrowser/24.1.1.91 SA/3 Mobile Safari/537.36"
172.71.184.225 - - [10/Jan/2026:09:51:15 +0300] "GET / HTTP/1.0" 200 2894 "-" "https://reg.ru monitoring abuse@reg.ru"
162.158.182.139 - - [10/Jan/2026:09:51:45 +0300] "GET / HTTP/1.0" 200 2894 "-" "https://reg.ru monitoring abuse@reg.ru"
104.22.1.193 - - [10/Jan/2026:09:51:54 +0300] "GET /?e=0975351f1afc1 HTTP/1.0" 200 34253 "-" "Mozilla/5.0 (Linux; Android 6.0.1; Nexus 5X Build/MMB29P) AppleWebKit/537.36 (KHTML, like Gecko) Chrome/143.0.7499.192 Mobile Safari/537.36 (compatible; Googlebot/2.1; +http://www.google.com/bot.html)"
172.69.71.86 - - [10/Jan/2026:09:51:58 +0300] "GET /?ID=6852.html HTTP/1.0" 200 9145 "https://stefanos.ru/?e=0975351f1afc1" "Mozilla/5.0 (Linux; Android 6.0.1; Nexus 5X Build/MMB29P) AppleWebKit/537.36 (KHTML, like Gecko) Chrome/143.0.7499.169 Mobile Safari/537.36 (compatible; Googlebot/2.1; +http://www.google.com/bot.html)"
172.68.70.156 - - [10/Jan/2026:09:51:59 +0300] "GET /?ID=6460.html HTTP/1.0" 200 9853 "https://stefanos.ru/?e=0975351f1afc1" "Mozilla/5.0 (Linux; Android 6.0.1; Nexus 5X Build/MMB29P) AppleWebKit/537.36 (KHTML, like Gecko) Chrome/143.0.7499.169 Mobile Safari/537.36 (compatible; Googlebot/2.1; +http://www.google.com/bot.html)"
172.71.172.156 - - [10/Jan/2026:09:52:03 +0300] "GET / HTTP/1.0" 200 2894 "-" "Mozilla/5.0 (Linux; Android 10; K) AppleWebKit/537.36 (KHTML, like Gecko) Chrome/143.0.0.0 Mobile Safari/537.36"
172.68.70.156 - - [10/Jan/2026:09:53:33 +0300] "GET /?e=077495557ee7c HTTP/1.0" 200 35993 "-" "Mozilla/5.0 (Linux; Android 6.0.1; Nexus 5X Build/MMB29P) AppleWebKit/537.36 (KHTML, like Gecko) Chrome/143.0.7499.192 Mobile Safari/537.36 (compatible; Googlebot/2.1; +http://www.google.com/bot.html)"
172.69.71.85 - - [10/Jan/2026:09:53:41 +0300] "GET /?GameID=3333.html HTTP/1.0" 200 9745 "https://stefanos.ru/?e=077495557ee7c" "Mozilla/5.0 (Linux; Android 6.0.1; Nexus 5X Build/MMB29P) AppleWebKit/537.36 (KHTML, like Gecko) Chrome/143.0.7499.169 Mobile Safari/537.36 (compatible; Googlebot/2.1; +http://www.google.com/bot.html)"
172.68.70.156 - - [10/Jan/2026:09:53:42 +0300] "GET /?GameID=3638.html HTTP/1.0" 200 34455 "https://stefanos.ru/?e=077495557ee7c" "Mozilla/5.0 (Linux; Android 6.0.1; Nexus 5X Build/MMB29P) AppleWebKit/537.36 (KHTML, like Gecko) Chrome/143.0.7499.169 Mobile Safari/537.36 (compatible; Googlebot/2.1; +http://www.google.com/bot.html)"
172.69.71.85 - - [10/Jan/2026:09:53:44 +0300] "GET /?GameID=3215.html HTTP/1.0" 200 10267 "https://stefanos.ru/?e=077495557ee7c" "Mozilla/5.0 (Linux; Android 6.0.1; Nexus 5X Build/MMB29P) AppleWebKit/537.36 (KHTML, like Gecko) Chrome/143.0.7499.169 Mobile Safari/537.36 (compatible; Googlebot/2.1; +http://www.google.com/bot.html)"
172.69.151.229 - - [10/Jan/2026:09:53:53 +0300] "GET / HTTP/1.0" 200 2894 "-" "Mozilla/5.0 (Linux; arm_64; Android 10; K) AppleWebKit/537.36 (KHTML, like Gecko) Chrome/136.0.0.0 YaBrowser/24.1.1.91 SA/3 Mobile Safari/537.36"
104.22.1.192 - - [10/Jan/2026:09:55:12 +0300] "GET /?e=1875607f9b415 HTTP/1.0" 200 19371 "-" "Mozilla/5.0 (Linux; Android 6.0.1; Nexus 5X Build/MMB29P) AppleWebKit/537.36 (KHTML, like Gecko) Chrome/143.0.7499.192 Mobile Safari/537.36 (compatible; Googlebot/2.1; +http://www.google.com/bot.html)"
172.68.10.115 - - [10/Jan/2026:09:55:46 +0300] "GET / HTTP/1.0" 200 2894 "-" "https://reg.ru monitoring abuse@reg.ru"
172.68.10.115 - - [10/Jan/2026:09:56:19 +0300] "GET / HTTP/1.0" 200 2894 "-" "https://reg.ru monitoring abuse@reg.ru"
104.23.217.169 - - [10/Jan/2026:09:56:52 +0300] "GET / HTTP/1.0" 200 2894 "-" "https://reg.ru monitoring abuse@reg.ru"
104.22.1.192 - - [10/Jan/2026:09:56:51 +0300] "GET /?e=01771410097e2 HTTP/1.0" 200 34743 "-" "Mozilla/5.0 (Linux; Android 6.0.1; Nexus 5X Build/MMB29P) AppleWebKit/537.36 (KHTML, like Gecko) Chrome/143.0.7499.192 Mobile Safari/537.36 (compatible; Googlebot/2.1; +http://www.google.com/bot.html)"
104.22.24.211 - - [10/Jan/2026:09:56:58 +0300] "GET /?ID=9963.html HTTP/1.0" 200 35264 "https://stefanos.ru/?e=01771410097e2" "Mozilla/5.0 (Linux; Android 6.0.1; Nexus 5X Build/MMB29P) AppleWebKit/537.36 (KHTML, like Gecko) Chrome/143.0.7499.169 Mobile Safari/537.36 (compatible; Googlebot/2.1; +http://www.google.com/bot.html)"
104.22.24.211 - - [10/Jan/2026:09:56:59 +0300] "GET /?ID=9979.html HTTP/1.0" 200 20425 "https://stefanos.ru/?e=01771410097e2" "Mozilla/5.0 (Linux; Android 6.0.1; Nexus 5X Build/MMB29P) AppleWebKit/537.36 (KHTML, like Gecko) Chrome/143.0.7499.169 Mobile Safari/537.36 (compatible; Googlebot/2.1; +http://www.google.com/bot.html)"
172.68.70.157 - - [10/Jan/2026:09:57:11 +0300] "GET /?e=053340287281bd HTTP/1.0" 200 19942 "-" "Mozilla/5.0 (Linux; Android 6.0.1; Nexus 5X Build/MMB29P) AppleWebKit/537.36 (KHTML, like Gecko) Chrome/143.0.7499.192 Mobile Safari/537.36 (compatible; Googlebot/2.1; +http://www.google.com/bot.html)"
172.71.164.73 - - [10/Jan/2026:09:57:17 +0300] "GET / HTTP/1.0" 200 2894 "-" "Mozilla/5.0 (Linux; Android 10; K) AppleWebKit/537.36 (KHTML, like Gecko) Chrome/143.0.0.0 Mobile Safari/537.36"
172.71.164.233 - - [10/Jan/2026:09:57:18 +0300] "GET /favicon.ico HTTP/1.0" 404 453 "https://stefanos.ru/" "Mozilla/5.0 (Linux; Android 10; K) AppleWebKit/537.36 (KHTML, like Gecko) Chrome/143.0.0.0 Mobile Safari/537.36"
162.159.120.163 - - [10/Jan/2026:09:57:21 +0300] "GET /robots.txt HTTP/1.1" 304 0 "-" "Mozilla/5.0 (compatible; DotBot/1.2; +https://opensiteexplorer.org/dotbot; help@moz.com)"
172.68.70.156 - - [10/Jan/2026:09:58:30 +0300] "GET /?e=0021420613451e3 HTTP/1.0" 200 19003 "-" "Mozilla/5.0 (Linux; Android 6.0.1; Nexus 5X Build/MMB29P) AppleWebKit/537.36 (KHTML, like Gecko) Chrome/143.0.7499.192 Mobile Safari/537.36 (compatible; Googlebot/2.1; +http://www.google.com/bot.html)"
162.158.216.152 - - [10/Jan/2026:09:59:10 +0300] "GET / HTTP/1.0" 200 2894 "-" "Mozilla/5.0 (compatible; AhrefsBot/7.0; +http://ahrefs.com/robot/)"
104.23.223.114 - - [10/Jan/2026:09:59:10 +0300] "GET / HTTP/1.0" 200 2894 "-" "Mozilla/5.0 (Linux; Android 10; K) AppleWebKit/537.36 (KHTML, like Gecko) Chrome/143.0.0.0 Mobile Safari/537.36"
162.158.183.60 - - [10/Jan/2026:09:59:14 +0300] "GET /favicon.ico HTTP/1.0" 404 453 "https://stefanos.ru/" "Mozilla/5.0 (Linux; Android 10; K) AppleWebKit/537.36 (KHTML, like Gecko) Chrome/143.0.0.0 Mobile Safari/537.36"
172.68.70.156 - - [10/Jan/2026:10:00:09 +0300] "GET /?e=0077250c86a3a HTTP/1.0" 200 9098 "-" "Mozilla/5.0 (Linux; Android 6.0.1; Nexus 5X Build/MMB29P) AppleWebKit/537.36 (KHTML, like Gecko) Chrome/143.0.7499.192 Mobile Safari/537.36 (compatible; Googlebot/2.1; +http://www.google.com/bot.html)"
172.68.70.156 - - [10/Jan/2026:10:00:32 +0300] "GET /?e=015125484ae932 HTTP/1.0" 200 50139 "-" "Mozilla/5.0 (Linux; Android 6.0.1; Nexus 5X Build/MMB29P) AppleWebKit/537.36 (KHTML, like Gecko) Chrome/143.0.7499.192 Mobile Safari/537.36 (compatible; Googlebot/2.1; +http://www.google.com/bot.html)"
108.162.238.4 - - [10/Jan/2026:10:00:35 +0300] "GET /?e=07897782a3302 HTTP/1.0" 200 34617 "-" "Mozilla/5.0 (Linux; Android 6.0.1; Nexus 5X Build/MMB29P) AppleWebKit/537.36 (KHTML, like Gecko) Chrome/143.0.7499.192 Mobile Safari/537.36 (compatible; Googlebot/2.1; +http://www.google.com/bot.html)"
172.68.70.156 - - [10/Jan/2026:10:00:38 +0300] "GET /?GameID=2026-01-10/6001.html HTTP/1.0" 200 49781 "https://stefanos.ru/?e=07897782a3302" "Mozilla/5.0 (Linux; Android 6.0.1; Nexus 5X Build/MMB29P) AppleWebKit/537.36 (KHTML, like Gecko) Chrome/143.0.7499.169 Mobile Safari/537.36 (compatible; Googlebot/2.1; +http://www.google.com/bot.html)"
172.68.70.156 - - [10/Jan/2026:10:00:40 +0300] "GET /?GameID=2026-01-10/2087.html HTTP/1.0" 200 19311 "https://stefanos.ru/?e=07897782a3302" "Mozilla/5.0 (Linux; Android 6.0.1; Nexus 5X Build/MMB29P) AppleWebKit/537.36 (KHTML, like Gecko) Chrome/143.0.7499.169 Mobile Safari/537.36 (compatible; Googlebot/2.1; +http://www.google.com/bot.html)"
172.68.70.156 - - [10/Jan/2026:10:00:41 +0300] "GET /?GameID=2026-01-10/1585.html HTTP/1.0" 200 9220 "https://stefanos.ru/?e=07897782a3302" "Mozilla/5.0 (Linux; Android 6.0.1; Nexus 5X Build/MMB29P) AppleWebKit/537.36 (KHTML, like Gecko) Chrome/143.0.7499.169 Mobile Safari/537.36 (compatible; Googlebot/2.1; +http://www.google.com/bot.html)"
172.68.10.114 - - [10/Jan/2026:10:00:50 +0300] "GET / HTTP/1.0" 200 2894 "-" "https://reg.ru monitoring abuse@reg.ru"
172.71.184.225 - - [10/Jan/2026:10:01:24 +0300] "GET / HTTP/1.0" 200 2894 "-" "https://reg.ru monitoring abuse@reg.ru"
172.68.70.156 - - [10/Jan/2026:10:01:47 +0300] "GET /?e=041923183e682f0 HTTP/1.0" 200 50280 "-" "Mozilla/5.0 (Linux; Android 6.0.1; Nexus 5X Build/MMB29P) AppleWebKit/537.36 (KHTML, like Gecko) Chrome/143.0.7499.192 Mobile Safari/537.36 (compatible; Googlebot/2.1; +http://www.google.com/bot.html)"
172.69.192.141 - - [10/Jan/2026:10:01:56 +0300] "GET / HTTP/1.0" 200 2894 "-" "Mozilla/5.0 (Linux; Android 10; K) AppleWebKit/537.36 (KHTML, like Gecko) Chrome/143.0.0.0 Mobile Safari/537.36"
162.158.48.132 - - [10/Jan/2026:10:01:57 +0300] "GET /favicon.ico HTTP/1.0" 404 453 "https://stefanos.ru/" "Mozilla/5.0 (Linux; Android 10; K) AppleWebKit/537.36 (KHTML, like Gecko) Chrome/143.0.0.0 Mobile Safari/537.36"
162.158.41.203 - - [10/Jan/2026:10:02:06 +0300] "GET /iwkbxh/scorpio-weekly-horoscope-jessica-adams.html HTTP/1.0" 404 453 "-" "Mozilla/5.0 (compatible; DotBot/1.2; +https://opensiteexplorer.org/dotbot; help@moz.com)"
162.158.182.138 - - [10/Jan/2026:10:02:07 +0300] "GET / HTTP/1.0" 200 2894 "-" "https://reg.ru monitoring abuse@reg.ru"
172.71.184.225 - - [10/Jan/2026:10:02:19 +0300] "GET /?ysclid=mapfqwmkyv523736701 HTTP/1.0" 200 2894 "-" "Mozilla/5.0 (Linux; Android 10; K) AppleWebKit/537.36 (KHTML, like Gecko) Chrome/143.0.0.0 Mobile Safari/537.36"
172.68.10.117 - - [10/Jan/2026:10:02:20 +0300] "GET /favicon.ico HTTP/1.0" 404 453 "https://stefanos.ru/?ysclid=mapfqwmkyv523736701" "Mozilla/5.0 (Linux; Android 10; K) AppleWebKit/537.36 (KHTML, like Gecko) Chrome/143.0.0.0 Mobile Safari/537.36"
104.23.223.115 - - [10/Jan/2026:10:02:34 +0300] "GET / HTTP/1.0" 200 2894 "-" "Mozilla/5.0 (Linux; Android 10; K) AppleWebKit/537.36 (KHTML, like Gecko) Chrome/143.0.0.0 Mobile Safari/537.36"
172.70.243.103 - - [10/Jan/2026:10:03:29 +0300] "GET / HTTP/1.0" 200 2894 "-" "Mozilla/5.0 (Linux; Android 10; K) AppleWebKit/537.36 (KHTML, like Gecko) Chrome/136.0.0.0 Mobile Safari/537.36"
172.68.70.157 - - [10/Jan/2026:10:03:28 +0300] "GET /?e=00211077946afb1 HTTP/1.0" 200 19941 "-" "Mozilla/5.0 (Linux; Android 6.0.1; Nexus 5X Build/MMB29P) AppleWebKit/537.36 (KHTML, like Gecko) Chrome/143.0.7499.192 Mobile Safari/537.36 (compatible; Googlebot/2.1; +http://www.google.com/bot.html)"
172.69.192.141 - - [10/Jan/2026:10:04:49 +0300] "GET /?ysclid=mapekfxndu663725347&utm_referrer=https://ya.ru/ HTTP/1.0" 200 2894 "-" "Mozilla/5.0 (Linux; Android 10; K) AppleWebKit/537.36 (KHTML, like Gecko) Chrome/143.0.0.0 Mobile Safari/537.36"
172.71.30.118 - - [10/Jan/2026:10:05:05 +0300] "GET /?e=0476035b4d4f6 HTTP/1.0" 200 49460 "-" "Mozilla/5.0 (Linux; Android 6.0.1; Nexus 5X Build/MMB29P) AppleWebKit/537.36 (KHTML, like Gecko) Chrome/143.0.7499.192 Mobile Safari/537.36 (compatible; Googlebot/2.1; +http://www.google.com/bot.html)"
172.71.184.224 - - [10/Jan/2026:10:06:00 +0300] "GET / HTTP/1.0" 200 2894 "-" "https://reg.ru monitoring abuse@reg.ru"
172.68.10.114 - - [10/Jan/2026:10:06:30 +0300] "GET / HTTP/1.0" 200 2894 "-" "https://reg.ru monitoring abuse@reg.ru"
172.68.10.114 - - [10/Jan/2026:10:06:34 +0300] "GET / HTTP/1.0" 200 2894 "-" "Mozilla/5.0 (Linux; Android 10; K) AppleWebKit/537.36 (KHTML, like Gecko) Chrome/141.0.0.0 Mobile Safari/537.36"
162.158.183.60 - - [10/Jan/2026:10:06:35 +0300] "GET /favicon.ico HTTP/1.0" 404 453 "https://stefanos.ru/" "Mozilla/5.0 (Linux; Android 10; K) AppleWebKit/537.36 (KHTML, like Gecko) Chrome/141.0.0.0 Mobile Safari/537.36"
172.71.30.119 - - [10/Jan/2026:10:07:14 +0300] "GET /?e=107457771a7f7 HTTP/1.0" 200 34712 "-" "Mozilla/5.0 (Linux; Android 6.0.1; Nexus 5X Build/MMB29P) AppleWebKit/537.36 (KHTML, like Gecko) Chrome/143.0.7499.192 Mobile Safari/537.36 (compatible; Googlebot/2.1; +http://www.google.com/bot.html)"
104.23.221.198 - - [10/Jan/2026:10:07:24 +0300] "GET / HTTP/1.0" 200 2894 "-" "https://reg.ru monitoring abuse@reg.ru"
172.71.164.73 - - [10/Jan/2026:10:07:52 +0300] "GET / HTTP/1.0" 200 2894 "-" "Mozilla/5.0 (Linux; Android 10; K) AppleWebKit/537.36 (KHTML, like Gecko) Chrome/143.0.0.0 Mobile Safari/537.36"
104.23.170.74 - - [10/Jan/2026:10:07:57 +0300] "GET / HTTP/1.0" 200 2894 "-" "Mozilla/5.0 (iPhone; CPU iPhone OS 17_0 like Mac OS X) AppleWebKit/605.1.15 (KHTML, like Gecko) CriOS/140.0.7339.124 Mobile/15E148 Safari/604.1"
162.159.113.137 - - [10/Jan/2026:10:07:58 +0300] "GET /favicon.ico HTTP/1.0" 404 453 "https://stefanos.ru/" "Mozilla/5.0 (iPhone; CPU iPhone OS 17_0 like Mac OS X) AppleWebKit/605.1.15 (KHTML, like Gecko) CriOS/140.0.7339.124 Mobile/15E148 Safari/604.1"
108.162.237.254 - - [10/Jan/2026:10:08:16 +0300] "GET /?e=031382732c5e30c HTTP/1.0" 200 35106 "-" "Mozilla/5.0 (Linux; Android 6.0.1; Nexus 5X Build/MMB29P) AppleWebKit/537.36 (KHTML, like Gecko) Chrome/143.0.7499.192 Mobile Safari/537.36 (compatible; Googlebot/2.1; +http://www.google.com/bot.html)"
172.70.240.139 - - [10/Jan/2026:10:08:22 +0300] "GET / HTTP/1.0" 200 2894 "-" "Mozilla/5.0 (Linux; Android 10; K) AppleWebKit/537.36 (KHTML, like Gecko) Chrome/143.0.0.0 Mobile Safari/537.36"
172.71.30.119 - - [10/Jan/2026:10:08:35 +0300] "GET /?ID=3140.html HTTP/1.0" 200 49626 "https://stefanos.ru/?e=031382732c5e30c" "Mozilla/5.0 (Linux; Android 6.0.1; Nexus 5X Build/MMB29P) AppleWebKit/537.36 (KHTML, like Gecko) Chrome/143.0.7499.169 Mobile Safari/537.36 (compatible; Googlebot/2.1; +http://www.google.com/bot.html)"
172.71.30.119 - - [10/Jan/2026:10:08:37 +0300] "GET /?ID=3711.html HTTP/1.0" 200 50283 "https://stefanos.ru/?e=031382732c5e30c" "Mozilla/5.0 (Linux; Android 6.0.1; Nexus 5X Build/MMB29P) AppleWebKit/537.36 (KHTML, like Gecko) Chrome/143.0.7499.169 Mobile Safari/537.36 (compatible; Googlebot/2.1; +http://www.google.com/bot.html)"
108.162.237.254 - - [10/Jan/2026:10:08:40 +0300] "GET /?ID=3433.html HTTP/1.0" 200 48621 "https://stefanos.ru/?e=031382732c5e30c" "Mozilla/5.0 (Linux; Android 6.0.1; Nexus 5X Build/MMB29P) AppleWebKit/537.36 (KHTML, like Gecko) Chrome/143.0.7499.169 Mobile Safari/537.36 (compatible; Googlebot/2.1; +http://www.google.com/bot.html)"
108.162.237.254 - - [10/Jan/2026:10:09:18 +0300] "GET /?e=14771370e1b1a HTTP/1.0" 200 50493 "-" "Mozilla/5.0 (Linux; Android 6.0.1; Nexus 5X Build/MMB29P) AppleWebKit/537.36 (KHTML, like Gecko) Chrome/143.0.7499.192 Mobile Safari/537.36 (compatible; Googlebot/2.1; +http://www.google.com/bot.html)"
108.162.237.254 - - [10/Jan/2026:10:09:20 +0300] "GET /?e=089076437f5f8 HTTP/1.0" 200 34673 "-" "Mozilla/5.0 (Linux; Android 6.0.1; Nexus 5X Build/MMB29P) AppleWebKit/537.36 (KHTML, like Gecko) Chrome/143.0.7499.192 Mobile Safari/537.36 (compatible; Googlebot/2.1; +http://www.google.com/bot.html)"
172.71.30.119 - - [10/Jan/2026:10:09:25 +0300] "GET /?ID=7642.html HTTP/1.0" 200 49252 "https://stefanos.ru/?e=089076437f5f8" "Mozilla/5.0 (Linux; Android 6.0.1; Nexus 5X Build/MMB29P) AppleWebKit/537.36 (KHTML, like Gecko) Chrome/143.0.7499.192 Mobile Safari/537.36 (compatible; Googlebot/2.1; +http://www.google.com/bot.html)"
108.162.237.254 - - [10/Jan/2026:10:09:28 +0300] "GET /?ID=7913.html HTTP/1.0" 200 9445 "https://stefanos.ru/?e=089076437f5f8" "Mozilla/5.0 (Linux; Android 6.0.1; Nexus 5X Build/MMB29P) AppleWebKit/537.36 (KHTML, like Gecko) Chrome/143.0.7499.192 Mobile Safari/537.36 (compatible; Googlebot/2.1; +http://www.google.com/bot.html)"
108.162.237.254 - - [10/Jan/2026:10:09:30 +0300] "GET /?ID=7663.html HTTP/1.0" 200 10571 "https://stefanos.ru/?e=089076437f5f8" "Mozilla/5.0 (Linux; Android 6.0.1; Nexus 5X Build/MMB29P) AppleWebKit/537.36 (KHTML, like Gecko) Chrome/143.0.7499.192 Mobile Safari/537.36 (compatible; Googlebot/2.1; +http://www.google.com/bot.html)"
172.69.192.141 - - [10/Jan/2026:10:09:31 +0300] "GET / HTTP/1.0" 200 2894 "-" "Mozilla/5.0 (Linux; Android 14; I14 Pro Max) AppleWebKit/537.36 (KHTML, like Gecko) Chrome/117.0.5938.60 Mobile Safari/537.36"
162.158.48.133 - - [10/Jan/2026:10:09:34 +0300] "GET /favicon.ico HTTP/1.0" 404 453 "https://stefanos.ru/" "Mozilla/5.0 (Linux; Android 14; I14 Pro Max) AppleWebKit/537.36 (KHTML, like Gecko) Chrome/117.0.5938.60 Mobile Safari/537.36"
108.162.237.254 - - [10/Jan/2026:10:10:22 +0300] "GET /?e=0178397e1e137 HTTP/1.0" 200 49164 "-" "Mozilla/5.0 (Linux; Android 6.0.1; Nexus 5X Build/MMB29P) AppleWebKit/537.36 (KHTML, like Gecko) Chrome/143.0.7499.192 Mobile Safari/537.36 (compatible; Googlebot/2.1; +http://www.google.com/bot.html)"
172.64.223.114 - - [10/Jan/2026:10:10:29 +0300] "GET / HTTP/1.0" 200 2894 "-" "Mozilla/5.0 (Linux; Android 10; K) AppleWebKit/537.36 (KHTML, like Gecko) Chrome/143.0.0.0 Mobile Safari/537.36"
172.71.184.224 - - [10/Jan/2026:10:11:11 +0300] "GET / HTTP/1.0" 200 2894 "-" "https://reg.ru monitoring abuse@reg.ru"
104.22.24.211 - - [10/Jan/2026:10:11:24 +0300] "GET /?e=0041713465e232 HTTP/1.0" 200 9461 "-" "Mozilla/5.0 (Linux; Android 6.0.1; Nexus 5X Build/MMB29P) AppleWebKit/537.36 (KHTML, like Gecko) Chrome/143.0.7499.192 Mobile Safari/537.36 (compatible; Googlebot/2.1; +http://www.google.com/bot.html)"
104.22.24.211 - - [10/Jan/2026:10:11:25 +0300] "GET /?e=1610023568aeeee HTTP/1.0" 200 10041 "-" "Mozilla/5.0 (Linux; Android 6.0.1; Nexus 5X Build/MMB29P) AppleWebKit/537.36 (KHTML, like Gecko) Chrome/143.0.7499.192 Mobile Safari/537.36 (compatible; Googlebot/2.1; +http://www.google.com/bot.html)"
104.22.24.211 - - [10/Jan/2026:10:11:27 +0300] "GET /?e=08101240029ec5c HTTP/1.0" 200 19829 "-" "Mozilla/5.0 (Linux; Android 6.0.1; Nexus 5X Build/MMB29P) AppleWebKit/537.36 (KHTML, like Gecko) Chrome/143.0.7499.192 Mobile Safari/537.36 (compatible; Googlebot/2.1; +http://www.google.com/bot.html)"
172.71.184.224 - - [10/Jan/2026:10:11:33 +0300] "GET / HTTP/1.0" 200 2894 "-" "https://reg.ru monitoring abuse@reg.ru"
172.69.151.229 - - [10/Jan/2026:10:11:36 +0300] "GET / HTTP/1.0" 200 2894 "-" "Mozilla/5.0 (Linux; Android 10; K) AppleWebKit/537.36 (KHTML, like Gecko) Chrome/142.0.0.0 Mobile Safari/537.36"
172.71.164.232 - - [10/Jan/2026:10:11:38 +0300] "GET /favicon.ico HTTP/1.0" 404 453 "https://stefanos.ru/" "Mozilla/5.0 (Linux; Android 10; K) AppleWebKit/537.36 (KHTML, like Gecko) Chrome/142.0.0.0 Mobile Safari/537.36"
172.71.30.118 - - [10/Jan/2026:10:11:41 +0300] "GET /?e=1776565d8e2d1 HTTP/1.0" 200 9722 "-" "Mozilla/5.0 (Linux; Android 6.0.1; Nexus 5X Build/MMB29P) AppleWebKit/537.36 (KHTML, like Gecko) Chrome/143.0.7499.192 Mobile Safari/537.36 (compatible; Googlebot/2.1; +http://www.google.com/bot.html)"
162.158.172.113 - - [10/Jan/2026:10:11:47 +0300] "GET / HTTP/1.0" 200 2894 "-" "Mozilla/5.0 (Linux; Android 10; K) AppleWebKit/537.36 (KHTML, like Gecko) Chrome/139.0.0.0 Mobile Safari/537.36"
172.64.198.86 - - [10/Jan/2026:10:11:58 +0300] "GET /favicon.ico HTTP/1.0" 404 453 "https://stefanos.ru/" "Mozilla/5.0 (Linux; Android 10; K) AppleWebKit/537.36 (KHTML, like Gecko) Chrome/139.0.0.0 Mobile Safari/537.36"
108.162.246.199 - - [10/Jan/2026:10:12:09 +0300] "GET /catalog/bride/003.html HTTP/1.0" 200 2069 "-" "Mozilla/5.0 (compatible; DotBot/1.2; +https://opensiteexplorer.org/dotbot; help@moz.com)"
104.22.24.211 - - [10/Jan/2026:10:12:11 +0300] "GET /?GameID=2026-01-10/7458.html HTTP/1.0" 200 8885 "-" "Mozilla/5.0 (Linux; Android 6.0.1; Nexus 5X Build/MMB29P) AppleWebKit/537.36 (KHTML, like Gecko) Chrome/143.0.7499.192 Mobile Safari/537.36 (compatible; Googlebot/2.1; +http://www.google.com/bot.html)"
104.23.223.115 - - [10/Jan/2026:10:12:25 +0300] "GET / HTTP/1.0" 200 2894 "-" "https://reg.ru monitoring abuse@reg.ru"
104.23.170.74 - - [10/Jan/2026:10:12:43 +0300] "GET / HTTP/1.0" 200 2894 "-" "Mozilla/5.0 (Linux; Android 13; CPH2009) AppleWebKit/537.36 (KHTML, like Gecko) Chrome/143.0.7499.53 Mobile Safari/537.36 YandexSearch/7.52 YaSearchBrowser/23.12.1"
162.159.113.137 - - [10/Jan/2026:10:12:44 +0300] "GET /favicon.ico HTTP/1.0" 404 453 "https://stefanos.ru/" "Mozilla/5.0 (Linux; Android 13; CPH2009) AppleWebKit/537.36 (KHTML, like Gecko) Chrome/143.0.7499.53 Mobile Safari/537.36 YandexSearch/7.52 YaSearchBrowser/23.12.1"
172.71.144.64 - - [10/Jan/2026:10:13:39 +0300] "GET / HTTP/1.0" 200 2894 "-" "Mozilla/5.0 (Linux; Android 10; K) AppleWebKit/537.36 (KHTML, like Gecko) Chrome/143.0.0.0 Mobile Safari/537.36"
104.23.245.48 - - [10/Jan/2026:10:14:20 +0300] "GET /?e=17762015baf4c HTTP/1.0" 200 18929 "-" "Mozilla/5.0 (Linux; Android 6.0.1; Nexus 5X Build/MMB29P) AppleWebKit/537.36 (KHTML, like Gecko) Chrome/143.0.7499.192 Mobile Safari/537.36 (compatible; Googlebot/2.1; +http://www.google.com/bot.html)"
104.22.24.211 - - [10/Jan/2026:10:15:09 +0300] "GET /?e=001518988ff7789 HTTP/1.0" 200 48522 "-" "Mozilla/5.0 (Linux; Android 6.0.1; Nexus 5X Build/MMB29P) AppleWebKit/537.36 (KHTML, like Gecko) Chrome/143.0.7499.192 Mobile Safari/537.36 (compatible; Googlebot/2.1; +http://www.google.com/bot.html)"
162.158.48.133 - - [10/Jan/2026:10:16:00 +0300] "GET /favicon.ico HTTP/1.0" 404 453 "https://stefanos.ru/" "Mozilla/5.0 (Linux; Android 10; K) AppleWebKit/537.36 (KHTML, like Gecko) Chrome/136.0.0.0 Mobile Safari/537.36"
104.23.221.199 - - [10/Jan/2026:10:16:20 +0300] "GET / HTTP/1.0" 200 2894 "-" "https://reg.ru monitoring abuse@reg.ru"
104.22.24.210 - - [10/Jan/2026:10:16:38 +0300] "GET /?e=12769651ab6cd HTTP/1.0" 200 19245 "-" "Mozilla/5.0 (Linux; Android 6.0.1; Nexus 5X Build/MMB29P) AppleWebKit/537.36 (KHTML, like Gecko) Chrome/143.0.7499.192 Mobile Safari/537.36 (compatible; Googlebot/2.1; +http://www.google.com/bot.html)"
104.23.223.115 - - [10/Jan/2026:10:16:40 +0300] "GET / HTTP/1.0" 200 2894 "-" "https://reg.ru monitoring abuse@reg.ru"
172.71.148.13 - - [10/Jan/2026:10:16:52 +0300] "GET / HTTP/1.0" 200 2894 "-" "Mozilla/5.0 (Linux; Android 10; K) AppleWebKit/537.36 (KHTML, like Gecko) Chrome/143.0.0.0 Mobile Safari/537.36"
172.71.164.233 - - [10/Jan/2026:10:16:54 +0300] "GET /favicon.ico HTTP/1.0" 404 453 "https://stefanos.ru/" "Mozilla/5.0 (Linux; Android 10; K) AppleWebKit/537.36 (KHTML, like Gecko) Chrome/143.0.0.0 Mobile Safari/537.36"
104.23.221.199 - - [10/Jan/2026:10:17:35 +0300] "GET / HTTP/1.0" 200 2894 "-" "https://reg.ru monitoring abuse@reg.ru"
104.22.24.211 - - [10/Jan/2026:10:18:16 +0300] "GET /?e=0675195c59363 HTTP/1.0" 200 36023 "-" "Mozilla/5.0 (Linux; Android 6.0.1; Nexus 5X Build/MMB29P) AppleWebKit/537.36 (KHTML, like Gecko) Chrome/143.0.7499.192 Mobile Safari/537.36 (compatible; Googlebot/2.1; +http://www.google.com/bot.html)"
104.23.223.12 - - [10/Jan/2026:10:18:22 +0300] "GET /?ID=1169.html HTTP/1.0" 200 49005 "https://stefanos.ru/?e=0675195c59363" "Mozilla/5.0 (Linux; Android 6.0.1; Nexus 5X Build/MMB29P) AppleWebKit/537.36 (KHTML, like Gecko) Chrome/143.0.7499.169 Mobile Safari/537.36 (compatible; Googlebot/2.1; +http://www.google.com/bot.html)"
104.23.223.116 - - [10/Jan/2026:10:18:24 +0300] "GET /?ID=1510.html HTTP/1.0" 200 50312 "https://stefanos.ru/?e=0675195c59363" "Mozilla/5.0 (Linux; Android 6.0.1; Nexus 5X Build/MMB29P) AppleWebKit/537.36 (KHTML, like Gecko) Chrome/143.0.7499.169 Mobile Safari/537.36 (compatible; Googlebot/2.1; +http://www.google.com/bot.html)"
172.70.243.104 - - [10/Jan/2026:10:19:33 +0300] "GET / HTTP/1.0" 200 2894 "-" "Mozilla/5.0 (Linux; Android 10; K) AppleWebKit/537.36 (KHTML, like Gecko) Chrome/143.0.0.0 Mobile Safari/537.36"
104.22.24.211 - - [10/Jan/2026:10:19:56 +0300] "GET /?e=0476020f19cd4 HTTP/1.0" 200 51315 "-" "Mozilla/5.0 (Linux; Android 6.0.1; Nexus 5X Build/MMB29P) AppleWebKit/537.36 (KHTML, like Gecko) Chrome/143.0.7499.192 Mobile Safari/537.36 (compatible; Googlebot/2.1; +http://www.google.com/bot.html)"
104.23.221.199 - - [10/Jan/2026:10:21:28 +0300] "GET / HTTP/1.0" 200 2894 "-" "https://reg.ru monitoring abuse@reg.ru"
172.68.10.114 - - [10/Jan/2026:10:21:45 +0300] "GET / HTTP/1.0" 200 2894 "-" "https://reg.ru monitoring abuse@reg.ru"
172.69.151.230 - - [10/Jan/2026:10:22:13 +0300] "GET / HTTP/1.0" 200 2894 "-" "Mozilla/5.0 (Linux; Android 10; K) AppleWebKit/537.36 (KHTML, like Gecko) Chrome/143.0.0.0 Mobile Safari/537.36"
172.71.164.233 - - [10/Jan/2026:10:22:15 +0300] "GET /favicon.ico HTTP/1.0" 404 453 "https://stefanos.ru/" "Mozilla/5.0 (Linux; Android 10; K) AppleWebKit/537.36 (KHTML, like Gecko) Chrome/143.0.0.0 Mobile Safari/537.36"
172.70.243.103 - - [10/Jan/2026:10:22:26 +0300] "GET / HTTP/1.0" 200 2894 "-" "Mozilla/5.0 (Linux; Android 10; K) AppleWebKit/537.36 (KHTML, like Gecko) Chrome/143.0.0.0 Mobile Safari/537.36"
108.162.238.4 - - [10/Jan/2026:10:22:29 +0300] "GET /?e=18514858a96ff1 HTTP/1.0" 200 10386 "-" "Mozilla/5.0 (Linux; Android 6.0.1; Nexus 5X Build/MMB29P) AppleWebKit/537.36 (KHTML, like Gecko) Chrome/143.0.7499.192 Mobile Safari/537.36 (compatible; Googlebot/2.1; +http://www.google.com/bot.html)"
104.22.1.193 - - [10/Jan/2026:10:22:30 +0300] "GET /?e=0476785755a14 HTTP/1.0" 200 35121 "-" "Mozilla/5.0 (Linux; Android 6.0.1; Nexus 5X Build/MMB29P) AppleWebKit/537.36 (KHTML, like Gecko) Chrome/143.0.7499.192 Mobile Safari/537.36 (compatible; Googlebot/2.1; +http://www.google.com/bot.html)"
172.70.163.113 - - [10/Jan/2026:10:22:34 +0300] "GET / HTTP/1.0" 200 2894 "-" "Mozilla/5.0 (compatible; AhrefsBot/7.0; +http://ahrefs.com/robot/)"
108.162.238.4 - - [10/Jan/2026:10:22:33 +0300] "GET /?ID=5386.html HTTP/1.0" 200 10032 "https://stefanos.ru/?e=0476785755a14" "Mozilla/5.0 (Linux; Android 6.0.1; Nexus 5X Build/MMB29P) AppleWebKit/537.36 (KHTML, like Gecko) Chrome/143.0.7499.169 Mobile Safari/537.36 (compatible; Googlebot/2.1; +http://www.google.com/bot.html)"
108.162.238.4 - - [10/Jan/2026:10:22:34 +0300] "GET /?ID=5103.html HTTP/1.0" 200 9139 "https://stefanos.ru/?e=0476785755a14" "Mozilla/5.0 (Linux; Android 6.0.1; Nexus 5X Build/MMB29P) AppleWebKit/537.36 (KHTML, like Gecko) Chrome/143.0.7499.169 Mobile Safari/537.36 (compatible; Googlebot/2.1; +http://www.google.com/bot.html)"
104.22.24.210 - - [10/Jan/2026:10:22:36 +0300] "GET /?ID=5368.html HTTP/1.0" 200 20002 "https://stefanos.ru/?e=0476785755a14" "Mozilla/5.0 (Linux; Android 6.0.1; Nexus 5X Build/MMB29P) AppleWebKit/537.36 (KHTML, like Gecko) Chrome/143.0.7499.169 Mobile Safari/537.36 (compatible; Googlebot/2.1; +http://www.google.com/bot.html)"
104.23.223.114 - - [10/Jan/2026:10:22:43 +0300] "GET / HTTP/1.0" 200 2894 "-" "Mozilla/5.0 (Linux; Android 11; MB200) AppleWebKit/537.36 (KHTML, like Gecko) Chrome/132.0.6834.122 Mobile Safari/537.36"
162.158.183.59 - - [10/Jan/2026:10:22:47 +0300] "GET /favicon.ico HTTP/1.0" 404 453 "https://stefanos.ru/" "Mozilla/5.0 (Linux; Android 11; MB200) AppleWebKit/537.36 (KHTML, like Gecko) Chrome/132.0.6834.122 Mobile Safari/537.36"
104.23.221.199 - - [10/Jan/2026:10:22:47 +0300] "GET / HTTP/1.0" 200 2894 "-" "https://reg.ru monitoring abuse@reg.ru"
104.22.24.210 - - [10/Jan/2026:10:23:32 +0300] "GET /?e=002248774813a2 HTTP/1.0" 200 9145 "-" "Mozilla/5.0 (Linux; Android 6.0.1; Nexus 5X Build/MMB29P) AppleWebKit/537.36 (KHTML, like Gecko) Chrome/143.0.7499.192 Mobile Safari/537.36 (compatible; Googlebot/2.1; +http://www.google.com/bot.html)"
162.158.182.147 - - [10/Jan/2026:10:24:32 +0300] "GET / HTTP/1.0" 200 2894 "-" "Mozilla/5.0 (Linux; arm_64; Android 14; Realme RMX2040) AppleWebKit/537.36 (KHTML, like Gecko) Chrome/142.0.7444.173.0.0.0 YaBrowser/24.1.2.109 SA/3 Mobile Safari/537.36"
162.158.48.132 - - [10/Jan/2026:10:24:33 +0300] "GET /favicon.ico HTTP/1.0" 404 453 "https://stefanos.ru/" "Mozilla/5.0 (Linux; arm_64; Android 14; Realme RMX2040) AppleWebKit/537.36 (KHTML, like Gecko) Chrome/142.0.7444.173.0.0.0 YaBrowser/24.1.2.109 SA/3 Mobile Safari/537.36"
104.22.24.211 - - [10/Jan/2026:10:25:33 +0300] "GET /?e=012675304e623 HTTP/1.0" 200 49364 "-" "Mozilla/5.0 (Linux; Android 6.0.1; Nexus 5X Build/MMB29P) AppleWebKit/537.36 (KHTML, like Gecko) Chrome/143.0.7499.192 Mobile Safari/537.36 (compatible; Googlebot/2.1; +http://www.google.com/bot.html)"
104.22.24.211 - - [10/Jan/2026:10:25:35 +0300] "GET /?e=041849509fe2015 HTTP/1.0" 200 18804 "-" "Mozilla/5.0 (Linux; Android 6.0.1; Nexus 5X Build/MMB29P) AppleWebKit/537.36 (KHTML, like Gecko) Chrome/143.0.7499.192 Mobile Safari/537.36 (compatible; Googlebot/2.1; +http://www.google.com/bot.html)"
