172.71.167.94 - - [10/Jan/2026:03:43:33 +0300] "GET /images/bg-x.png HTTP/1.1" 304 0 "https://www.tkanika.ru/css/style.css" "Mozilla/5.0 (X11; Linux x86_64) AppleWebKit/537.36 (KHTML, like Gecko) Chrome/143.0.7499.169 Safari/537.36"
172.71.167.50 - - [10/Jan/2026:03:43:35 +0300] "GET /images/bg2r.png HTTP/1.1" 304 0 "https://www.tkanika.ru/css/style.css" "Mozilla/5.0 (X11; Linux x86_64) AppleWebKit/537.36 (KHTML, like Gecko) Chrome/143.0.7499.169 Safari/537.36"
172.68.26.72 - - [10/Jan/2026:03:43:44 +0300] "GET /?GameID=2026-01-06/4988.html HTTP/1.0" 200 9702 "-" "Mozilla/5.0 (compatible; Googlebot/2.1; +http://www.google.com/bot.html)"
172.70.42.78 - - [10/Jan/2026:03:44:10 +0300] "GET /198366992.shtm HTTP/1.0" 404 456 "-" "Mozilla/5.0 AppleWebKit/537.36 (KHTML, like Gecko; compatible; bingbot/2.0; +http://www.bing.com/bingbot.htm) Chrome/116.0.1938.76 Safari/537.36"
141.101.84.229 - - [10/Jan/2026:03:44:35 +0300] "GET /wp-content/plugins/autoload_classmap.php HTTP/1.0" 404 452 "https://www.google.de/" "Mozilla/5.0 (Linux; Android 13; SM-S908E) AppleWebKit/537.36 (KHTML, like Gecko) Chrome/116.0.0.0 Mobile Safari/537.36"
141.101.84.229 - - [10/Jan/2026:03:44:35 +0300] "GET /wp-includes/assets/ty.php HTTP/1.0" 404 452 "https://www.yahoo.com/" "Mozilla/5.0 (Linux; Android 12; V2134) AppleWebKit/537.36 (KHTML, like Gecko) Chrome/116.0.0.0 Mobile Safari/537.36"
141.101.84.126 - - [10/Jan/2026:03:44:36 +0300] "GET /xmlrpc.php HTTP/1.0" 404 452 "https://www.bing.com/" "Mozilla/5.0 (iPhone; CPU iPhone OS 16_0 like Mac OS X) AppleWebKit/605.1.15 (KHTML, like Gecko) FxiOS/118.0 Mobile/15E148 Safari/605.1.15"
141.101.84.126 - - [10/Jan/2026:03:44:36 +0300] "GET /autoload_classmap.php HTTP/1.0" 404 452 "https://www.google.de/" "Mozilla/5.0 (iPhone; CPU iPhone OS 17_0_3 like Mac OS X) AppleWebKit/605.1.15 (KHTML, like Gecko) Version/17.0.1 Mobile/15E148 Safari/604.1"
141.101.84.126 - - [10/Jan/2026:03:44:36 +0300] "GET /.well-known/acme-challenge/about.php HTTP/1.1" 404 173 "https://www.google.com/" "Mozilla/5.0 (iPhone; CPU iPhone OS 15_7_9 like Mac OS X) AppleWebKit/605.1.15 (KHTML, like Gecko) Version/15.6.5 Mobile/15E148 Safari/604.1"
141.101.84.126 - - [10/Jan/2026:03:44:37 +0300] "GET /NewFile.php HTTP/1.0" 404 452 "https://www.google.de/" "Mozilla/5.g (Linux; Android 13; Pixel 7) AppleWebKit/537.36 (KHTML, like Gecko) Chrome/116.0.0.0 Mobile Safari/537.36"
141.101.84.126 - - [10/Jan/2026:03:44:37 +0300] "GET /adminfuns.php HTTP/1.0" 404 452 "https://www.google.de/" "Mozilla/5.0 (Linux; Android 12; SM-A525F) AppleWebKit/537.36 (KHTML, like Gecko) Chrome/117.0.0.0 Mobile Safari/537.36"
141.101.84.126 - - [10/Jan/2026:03:44:37 +0300] "GET /inputs.php HTTP/1.0" 404 452 "https://www.google.de/" "Mozilla/5.0 (iPhone; CPU iPhone OS 15_7_9 like Mac OS X) AppleWebKit/605.1.15 (KHTML, like Gecko) Version/15.6.5 Mobile/15E148 Safari/604.1"
141.101.84.126 - - [10/Jan/2026:03:44:38 +0300] "GET /upload.php HTTP/1.0" 404 452 "https://www.google.de/" "Mozilla/5.0 (Linux; Android 11; CPH2251) AppleWebKit/537.36 (KHTML, like Gecko) Chrome/116.0.0.0 Mobile Safari/537.36"
141.101.84.126 - - [10/Jan/2026:03:44:38 +0300] "GET /simple.php HTTP/1.0" 404 452 "https://www.google.de/" "Mozilla/5.0 (iPhone; CPU iPhone OS 17_1_1 like Mac OS X) AppleWebKit/605.1.15 (KHTML, like Gecko) Version/17.1 Mobile/15E148 Safari/604.1"
141.101.84.126 - - [10/Jan/2026:03:44:38 +0300] "GET /alfa-rex.php7 HTTP/1.0" 404 452 "https://www.yahoo.com/" "Mozilla/5.0 (Linux; Android 13; SM-S908E) AppleWebKit/537.36 (KHTML, like Gecko) Chrome/116.0.0.0 Mobile Safari/537.36"
141.101.84.126 - - [10/Jan/2026:03:44:38 +0300] "GET /tinyy.php HTTP/1.0" 404 452 "https://www.google.com/" "Mozilla/5.0 (Linux; Android 10; K) AppleWebKit/537.36 (KHTML, like Gecko) Chrome/117.0.0.0 Mobile Safari/537.36"
141.101.84.126 - - [10/Jan/2026:03:44:39 +0300] "GET /makeasmtp.php HTTP/1.0" 404 452 "https://duckduckgo.com/" "Mozilla/5.0 (iPhone; CPU iPhone OS 17_1 like Mac OS X) AppleWebKit/605.1.15 (KHTML, like Gecko) CriOS/119.0.6045.109 Mobile/15E148 Safari/604.1"
141.101.84.229 - - [10/Jan/2026:03:44:39 +0300] "GET /elp.php HTTP/1.0" 404 452 "https://www.google.co.uk/" "Mozilla/5.0 (Linux; Android 12; 2201116SG) AppleWebKit/537.36 (KHTML, like Gecko) Chrome/116.0.0.0 Mobile Safari/537.36"
141.101.84.229 - - [10/Jan/2026:03:44:39 +0300] "GET /flower.php HTTP/1.0" 404 452 "https://www.google.com/" "Mozilla/5.0 (Linux; Android 13; SM-G991U) AppleWebKit/537.36 (KHTML, like Gecko) Chrome/117.0.0.0 Mobile Safari/537.36"
141.101.84.229 - - [10/Jan/2026:03:44:40 +0300] "GET /bala.php HTTP/1.0" 404 452 "https://www.yahoo.com/" "Mozilla/5.0 (Linux; Android 14; Pixel 8 Pro) AppleWebKit/537.36 (KHTML, like Gecko) Chrome/119.0.0.0 Mobile Safari/537.36"
141.101.84.229 - - [10/Jan/2026:03:44:40 +0300] "GET /goods.php HTTP/1.0" 404 452 "https://www.bing.com/" "Mozilla/5.0 (iPhone; CPU iPhone OS 15_7_9 like Mac OS X) AppleWebKit/605.1.15 (KHTML, like Gecko) Version/15.6.5 Mobile/15E148 Safari/604.1"
141.101.84.229 - - [10/Jan/2026:03:44:40 +0300] "GET /bolt.php HTTP/1.0" 404 452 "https://www.google.co.uk/" "Mozilla/5.0 (Linux; Android 10; LM-Q720) AppleWebKit/537.36 (KHTML, like Gecko) Chrome/116.0.0.0 Mobile Safari/537.36"
141.101.84.229 - - [10/Jan/2026:03:44:41 +0300] "GET /man.php HTTP/1.0" 404 452 "https://www.google.de/" "Mozilla/5.0 (Linux; Android 12; 2201116SG) AppleWebKit/537.36 (KHTML, like Gecko) Chrome/116.0.0.0 Mobile Safari/537.36"
141.101.84.229 - - [10/Jan/2026:03:44:41 +0300] "GET /bless.php HTTP/1.0" 404 452 "https://duckduckgo.com/" "Mozilla/5.0 (Linux; Android 12; 2201116SG) AppleWebKit/537.36 (KHTML, like Gecko) Chrome/116.0.0.0 Mobile Safari/537.36"
141.101.84.229 - - [10/Jan/2026:03:44:41 +0300] "GET /system.php HTTP/1.0" 404 452 "https://www.google.de/" "Mozilla/5.0 (Linux; Android 12; 2201116SG) AppleWebKit/537.36 (KHTML, like Gecko) Chrome/116.0.0.0 Mobile Safari/537.36"
141.101.84.229 - - [10/Jan/2026:03:44:42 +0300] "GET /about.php HTTP/1.0" 404 452 "https://www.google.fr/" "Mozilla/5.0 (Linux; Android 13; M2101K6G) AppleWebKit/537.36 (KHTML, like Gecko) Chrome/116.0.0.0 Mobile Safari/537.36"
141.101.84.229 - - [10/Jan/2026:03:44:42 +0300] "GET /text.php HTTP/1.0" 404 452 "https://duckduckgo.com/" "Mozilla/5.0 (Linux; Android 12; V2134) AppleWebKit/537.36 (KHTML, like Gecko) Chrome/116.0.0.0 Mobile Safari/537.36"
141.101.84.229 - - [10/Jan/2026:03:44:42 +0300] "GET /abcd.php HTTP/1.0" 404 452 "https://www.google.fr/" "Mozilla/5.0 (iPad; CPU OS 16_7_2 like Mac OS X) AppleWebKit/605.1.15 (KHTML, like Gecko) Version/16.6 Mobile/15E148 Safari/604.1"
141.101.84.229 - - [10/Jan/2026:03:44:43 +0300] "GET /admin.php HTTP/1.0" 404 452 "https://www.yahoo.com/" "Mozilla/5.0 (Linux; Android 11; 21081111RG) AppleWebKit/537.36 (KHTML, like Gecko) Chrome/116.0.0.0 Mobile Safari/537.36"
141.101.84.229 - - [10/Jan/2026:03:44:43 +0300] "GET /files.php HTTP/1.0" 404 452 "https://duckduckgo.com/" "Mozilla/5.0 (Linux; Android 10; LM-Q720) AppleWebKit/537.36 (KHTML, like Gecko) Chrome/116.0.0.0 Mobile Safari/537.36"
141.101.84.229 - - [10/Jan/2026:03:44:43 +0300] "GET /file.php HTTP/1.0" 404 452 "https://www.google.com/" "Mozilla/5.0 (Linux; Android 10; LM-Q720) AppleWebKit/537.36 (KHTML, like Gecko) Chrome/116.0.0.0 Mobile Safari/537.36"
141.101.84.229 - - [10/Jan/2026:03:44:43 +0300] "GET /moon.php HTTP/1.0" 404 452 "https://www.google.com/" "Mozilla/5.0 (Linux; Android 13; SM-S908E) AppleWebKit/537.36 (KHTML, like Gecko) Chrome/116.0.0.0 Mobile Safari/537.36"
141.101.84.229 - - [10/Jan/2026:03:44:44 +0300] "GET /akcc.php HTTP/1.0" 404 452 "https://www.google.fr/" "Mozilla/5.0 (Linux; Android 11; 21081111RG) AppleWebKit/537.36 (KHTML, like Gecko) Chrome/116.0.0.0 Mobile Safari/537.36"
141.101.84.229 - - [10/Jan/2026:03:44:44 +0300] "GET /gecko-new.php HTTP/1.0" 404 452 "https://www.google.co.uk/" "Mozilla/5.0 (Linux; Android 12; 2201116SG) AppleWebKit/537.36 (KHTML, like Gecko) Chrome/116.0.0.0 Mobile Safari/537.36"
141.101.84.229 - - [10/Jan/2026:03:44:44 +0300] "GET /admin-header.php HTTP/1.0" 404 452 "https://www.google.fr/" "Mozilla/5.0 (Linux; Android 11; CPH2251) AppleWebKit/537.36 (KHTML, like Gecko) Chrome/116.0.0.0 Mobile Safari/537.36"
141.101.84.229 - - [10/Jan/2026:03:44:45 +0300] "GET /edit.php HTTP/1.0" 404 452 "https://www.google.de/" "Mozilla/5.0 (iPhone; CPU iPhone OS 16_6_1 like Mac OS X) AppleWebKit/605.1.15 (KHTML, like Gecko) Version/16.6 Mobile/15E148 Safari/604.1"
141.101.84.229 - - [10/Jan/2026:03:44:45 +0300] "GET /ioxi-o.php HTTP/1.0" 404 452 "https://www.google.fr/" "Mozilla/5.0 (iPhone; CPU iPhone OS 17_0_3 like Mac OS X) AppleWebKit/605.1.15 (KHTML, like Gecko) Version/17.0.1 Mobile/15E148 Safari/604.1"
141.101.84.229 - - [10/Jan/2026:03:44:45 +0300] "GET /info.php HTTP/1.0" 404 452 "https://duckduckgo.com/" "Mozilla/5.0 (Linux; Android 13; SM-S908E) AppleWebKit/537.36 (KHTML, like Gecko) Chrome/116.0.0.0 Mobile Safari/537.36"
141.101.84.229 - - [10/Jan/2026:03:44:46 +0300] "GET /lock360.php HTTP/1.0" 404 452 "https://www.google.fr/" "Mozilla/5.0 (iPhone; CPU iPhone OS 16_0 like Mac OS X) AppleWebKit/605.1.15 (KHTML, like Gecko) FxiOS/118.0 Mobile/15E148 Safari/605.1.15"
141.101.84.229 - - [10/Jan/2026:03:44:46 +0300] "GET /ws.php HTTP/1.0" 404 452 "https://www.bing.com/" "Mozilla/5.0 (iPhone; CPU iPhone OS 17_0_3 like Mac OS X) AppleWebKit/605.1.15 (KHTML, like Gecko) Version/17.0.1 Mobile/15E148 Safari/604.1"
141.101.84.229 - - [10/Jan/2026:03:44:46 +0300] "GET /file4.php HTTP/1.0" 404 452 "https://www.bing.com/" "Mozilla/5.0 (iPad; CPU OS 17_0_3 like Mac OS X) AppleWebKit/605.1.15 (KHTML, like Gecko) Version/17.0.1 Mobile/15E148 Safari/604.1"
141.101.84.229 - - [10/Jan/2026:03:44:47 +0300] "GET /wp-good.php HTTP/1.0" 404 452 "https://www.google.com/" "Mozilla/5.0 (iPhone; CPU iPhone OS 16_6_1 like Mac OS X) AppleWebKit/605.1.15 (KHTML, like Gecko) Version/16.6 Mobile/15E148 Safari/604.1"
141.101.84.229 - - [10/Jan/2026:03:44:47 +0300] "GET /content.php HTTP/1.0" 404 452 "https://www.google.com/" "Mozilla/5.0 (Linux; Android 13; SM-S908E) AppleWebKit/537.36 (KHTML, like Gecko) Chrome/116.0.0.0 Mobile Safari/537.36"
141.101.84.229 - - [10/Jan/2026:03:44:47 +0300] "GET /wp-signup.php HTTP/1.0" 404 452 "https://www.bing.com/" "Mozilla/5.0 (Linux; Android 10; K) AppleWebKit/537.36 (KHTML, like Gecko) Chrome/117.0.0.0 Mobile Safari/537.36"
141.101.84.229 - - [10/Jan/2026:03:44:48 +0300] "GET /log.php HTTP/1.0" 404 452 "https://www.google.fr/" "Mozilla/5.0 (Linux; Android 10; LM-Q720) AppleWebKit/537.36 (KHTML, like Gecko) Chrome/116.0.0.0 Mobile Safari/537.36"
141.101.84.229 - - [10/Jan/2026:03:44:48 +0300] "GET /hplfuns.php HTTP/1.0" 404 452 "https://www.google.fr/" "Mozilla/5.g (Linux; Android 13; Pixel 7) AppleWebKit/537.36 (KHTML, like Gecko) Chrome/116.0.0.0 Mobile Safari/537.36"
141.101.84.229 - - [10/Jan/2026:03:44:48 +0300] "GET /ahax.php HTTP/1.0" 404 452 "https://www.google.fr/" "Mozilla/5.0 (Linux; Android 10; LM-Q720) AppleWebKit/537.36 (KHTML, like Gecko) Chrome/116.0.0.0 Mobile Safari/537.36"
141.101.84.229 - - [10/Jan/2026:03:44:49 +0300] "GET /atomlib.php HTTP/1.0" 404 452 "https://www.google.com/" "Mozilla/5.0 (iPad; CPU OS 17_0_3 like Mac OS X) AppleWebKit/605.1.15 (KHTML, like Gecko) Version/17.0.1 Mobile/15E148 Safari/604.1"
141.101.84.229 - - [10/Jan/2026:03:44:49 +0300] "GET /server.php HTTP/1.0" 404 452 "https://www.bing.com/" "Mozilla/5.0 (Linux; Android 14; Pixel 8 Pro) AppleWebKit/537.36 (KHTML, like Gecko) Chrome/119.0.0.0 Mobile Safari/537.36"
141.101.84.229 - - [10/Jan/2026:03:44:49 +0300] "GET /wp-trackback.php HTTP/1.0" 404 452 "https://www.google.fr/" "Mozilla/5.0 (Linux; Android 10; LM-Q720) AppleWebKit/537.36 (KHTML, like Gecko) Chrome/116.0.0.0 Mobile Safari/537.36"
141.101.84.229 - - [10/Jan/2026:03:44:50 +0300] "GET /radio.php HTTP/1.0" 404 452 "https://www.google.co.uk/" "Mozilla/5.0 (Linux; Android 12; V2134) AppleWebKit/537.36 (KHTML, like Gecko) Chrome/116.0.0.0 Mobile Safari/537.36"
141.101.84.229 - - [10/Jan/2026:03:44:50 +0300] "GET /wp-setup.php HTTP/1.0" 404 452 "https://www.google.de/" "Mozilla/5.0 (Linux; Android 10; LM-Q720) AppleWebKit/537.36 (KHTML, like Gecko) Chrome/116.0.0.0 Mobile Safari/537.36"
141.101.84.229 - - [10/Jan/2026:03:44:50 +0300] "GET /options.php HTTP/1.0" 404 452 "https://www.google.com/" "Mozilla/5.0 (Linux; Android 12; SM-A525F) AppleWebKit/537.36 (KHTML, like Gecko) Chrome/117.0.0.0 Mobile Safari/537.36"
141.101.84.229 - - [10/Jan/2026:03:44:50 +0300] "GET /wp-user.php HTTP/1.0" 404 452 "https://www.google.co.uk/" "Mozilla/5.0 (iPhone; CPU iPhone OS 16_6_1 like Mac OS X) AppleWebKit/605.1.15 (KHTML, like Gecko) Version/16.6 Mobile/15E148 Safari/604.1"
141.101.84.229 - - [10/Jan/2026:03:44:51 +0300] "GET /new.php HTTP/1.0" 404 452 "https://www.google.de/" "Mozilla/5.0 (iPhone; CPU iPhone OS 17_1_1 like Mac OS X) AppleWebKit/605.1.15 (KHTML, like Gecko) Version/17.1 Mobile/15E148 Safari/604.1"
141.101.84.229 - - [10/Jan/2026:03:44:51 +0300] "GET /classwithtostring.php HTTP/1.0" 404 452 "https://duckduckgo.com/" "Mozilla/5.0 (iPhone; CPU iPhone OS 17_0_3 like Mac OS X) AppleWebKit/605.1.15 (KHTML, like Gecko) Version/17.0.1 Mobile/15E148 Safari/604.1"
141.101.84.229 - - [10/Jan/2026:03:44:51 +0300] "GET /bgymj.php HTTP/1.0" 404 452 "https://www.bing.com/" "Mozilla/5.0 (iPhone; CPU iPhone OS 17_1_1 like Mac OS X) AppleWebKit/605.1.15 (KHTML, like Gecko) Version/17.1 Mobile/15E148 Safari/604.1"
141.101.84.229 - - [10/Jan/2026:03:44:52 +0300] "GET /default.php HTTP/1.0" 404 452 "https://www.google.de/" "Mozilla/5.0 (iPad; CPU OS 17_0_3 like Mac OS X) AppleWebKit/605.1.15 (KHTML, like Gecko) Version/17.0.1 Mobile/15E148 Safari/604.1"
141.101.84.229 - - [10/Jan/2026:03:44:52 +0300] "GET /root.php HTTP/1.0" 404 452 "https://www.google.com/" "Mozilla/5.0 (iPhone; CPU iPhone OS 15_7_9 like Mac OS X) AppleWebKit/605.1.15 (KHTML, like Gecko) Version/15.6.5 Mobile/15E148 Safari/604.1"
141.101.84.229 - - [10/Jan/2026:03:44:52 +0300] "GET /wp-file.php HTTP/1.0" 404 452 "https://www.google.com/" "Mozilla/5.0 (Linux; Android 12; V2134) AppleWebKit/537.36 (KHTML, like Gecko) Chrome/116.0.0.0 Mobile Safari/537.36"
141.101.84.229 - - [10/Jan/2026:03:44:53 +0300] "GET /themes.php HTTP/1.0" 404 452 "https://www.bing.com/" "Mozilla/5.0 (Linux; Android 10; K) AppleWebKit/537.36 (KHTML, like Gecko) Chrome/117.0.0.0 Mobile Safari/537.36"
141.101.84.229 - - [10/Jan/2026:03:44:53 +0300] "GET /gmo.php HTTP/1.0" 404 452 "https://www.bing.com/" "Mozilla/5.0 (Linux; Android 12; SM-A525F) AppleWebKit/537.36 (KHTML, like Gecko) Chrome/117.0.0.0 Mobile Safari/537.36"
141.101.84.229 - - [10/Jan/2026:03:44:53 +0300] "GET /asasx.php HTTP/1.0" 404 452 "https://www.google.fr/" "Mozilla/5.0 (Linux; Android 13; SM-S908E) AppleWebKit/537.36 (KHTML, like Gecko) Chrome/116.0.0.0 Mobile Safari/537.36"
141.101.84.229 - - [10/Jan/2026:03:44:54 +0300] "GET /xleet.php HTTP/1.0" 404 452 "https://www.bing.com/" "Mozilla/5.0 (Linux; Android 11; CPH2251) AppleWebKit/537.36 (KHTML, like Gecko) Chrome/116.0.0.0 Mobile Safari/537.36"
141.101.84.229 - - [10/Jan/2026:03:44:54 +0300] "GET /wp-error.php HTTP/1.0" 404 452 "https://www.google.co.uk/" "Mozilla/5.0 (iPhone; CPU iPhone OS 16_6_1 like Mac OS X) AppleWebKit/605.1.15 (KHTML, like Gecko) Version/16.6 Mobile/15E148 Safari/604.1"
162.158.79.165 - - [10/Jan/2026:03:46:21 +0300] "GET /2079476849.shtm HTTP/1.0" 404 456 "-" "Mozilla/5.0 AppleWebKit/537.36 (KHTML, like Gecko; compatible; bingbot/2.0; +http://www.bing.com/bingbot.htm) Chrome/116.0.1938.76 Safari/537.36"
172.69.65.120 - - [10/Jan/2026:03:46:41 +0300] "GET /?GameID=2026-01-02/714.html HTTP/1.0" 200 10168 "-" "Mozilla/5.0 (Linux; Android 6.0.1; Nexus 5X Build/MMB29P) AppleWebKit/537.36 (KHTML, like Gecko) Chrome/143.0.7499.192 Mobile Safari/537.36 (compatible; Googlebot/2.1; +http://www.google.com/bot.html)"
172.70.42.78 - - [10/Jan/2026:03:46:41 +0300] "GET /260573060.shtm HTTP/1.0" 404 456 "-" "Mozilla/5.0 AppleWebKit/537.36 (KHTML, like Gecko; compatible; bingbot/2.0; +http://www.bing.com/bingbot.htm) Chrome/116.0.1938.76 Safari/537.36"
172.69.224.164 - - [10/Jan/2026:03:46:44 +0300] "GET /3024114898.shtm HTTP/1.0" 404 452 "-" "Mozilla/5.0 (compatible; AhrefsBot/7.0; +http://ahrefs.com/robot/)"
172.68.27.37 - - [10/Jan/2026:03:47:29 +0300] "GET /3619949350.shtm HTTP/1.0" 404 452 "-" "Mozilla/5.0 (Linux; Android 6.0.1; Nexus 5X Build/MMB29P) AppleWebKit/537.36 (KHTML, like Gecko) Chrome/143.0.7499.192 Mobile Safari/537.36 (compatible; Googlebot/2.1; +http://www.google.com/bot.html)"
172.70.86.157 - - [10/Jan/2026:03:51:50 +0300] "GET /224501578.shtm HTTP/1.0" 404 452 "-" "Mozilla/5.0 (compatible; AhrefsBot/7.0; +http://ahrefs.com/robot/)"
172.71.166.216 - - [10/Jan/2026:03:53:06 +0300] "GET /?GameID=2026-01-01/346.html HTTP/1.0" 200 11957 "-" "Mozilla/5.0 (Linux; Android 6.0.1; Nexus 5X Build/MMB29P) AppleWebKit/537.36 (KHTML, like Gecko) Chrome/143.0.7499.192 Mobile Safari/537.36 (compatible; Googlebot/2.1; +http://www.google.com/bot.html)"
172.71.247.33 - - [10/Jan/2026:03:53:35 +0300] "GET /wp-login.php HTTP/1.0" 404 452 "https://twitter.com/" "Mozilla/5.0 (Windows NT 10.0; Win64; x64) AppleWebKit/537.36 (KHTML, like Gecko) Chrome/120.0.6099.130 Safari/537.36"
172.71.246.181 - - [10/Jan/2026:03:53:35 +0300] "GET /wp-admin/ HTTP/1.0" 404 452 "https://www.bing.com/" "Mozilla/5.0 (Macintosh; Intel Mac OS X 10_15_7) AppleWebKit/605.1.15 (KHTML, like Gecko) Version/16.6.1 Safari/605.1.15"
172.71.246.181 - - [10/Jan/2026:03:53:37 +0300] "GET /wp-login.php HTTP/1.0" 404 452 "-" "Mozilla/5.0 (X11; Ubuntu; Linux x86_64) AppleWebKit/537.36 (KHTML, like Gecko) Chrome/121.0.6167.85 Safari/537.36"
172.71.246.181 - - [10/Jan/2026:03:53:37 +0300] "GET /wp-admin/ HTTP/1.0" 404 452 "https://www.facebook.com/" "Mozilla/5.0 (Windows NT 10.0; Win64; x64) AppleWebKit/537.36 (KHTML, like Gecko) Chrome/121.0.0.0 Safari/537.36 Edg/121.0.2277.83"
172.71.246.181 - - [10/Jan/2026:03:53:37 +0300] "GET /wp-json/ HTTP/1.0" 404 452 "-" "Mozilla/5.0 (Macintosh; Intel Mac OS X 13_6_2) AppleWebKit/537.36 (KHTML, like Gecko) Chrome/120.0.6099.130 Safari/537.36"
172.71.246.181 - - [10/Jan/2026:03:53:37 +0300] "GET /wp-json/wp/v2/ HTTP/1.0" 404 452 "https://www.reddit.com/" "Mozilla/5.0 (Windows NT 10.0; Win64; x64) Gecko/20100101 Firefox/120.0.1"
104.23.239.80 - - [10/Jan/2026:03:53:37 +0300] "GET /wp-includes/js/wp-emoji-release.min.js HTTP/1.0" 404 452 "https://wordpress.org/" "Mozilla/5.0 (X11; Ubuntu; Linux x86_64) AppleWebKit/537.36 (KHTML, like Gecko) Chrome/119.0.6045.159 Safari/537.36"
172.71.246.181 - - [10/Jan/2026:03:53:38 +0300] "GET /wp-content/ HTTP/1.0" 404 452 "https://www.google.com/" "Mozilla/5.0 (Windows NT 10.0; Win64; x64) AppleWebKit/537.36 (KHTML, like Gecko) Chrome/121.0.0.0 Safari/537.36 Edg/121.0.2277.83"
104.22.24.222 - - [10/Jan/2026:03:53:42 +0300] "GET /robots.txt HTTP/1.1" 404 576 "-" "Mozilla/5.0 (Macintosh; Intel Mac OS X 10_15_7) AppleWebKit/537.36 (KHTML, like Gecko) Chrome/131.0.0.0 Safari/537.36; compatible; OAI-SearchBot/1.3; robots.txt; +https://openai.com/searchbot"
172.70.162.167 - - [10/Jan/2026:03:56:34 +0300] "GET /2237881111.shtm HTTP/1.0" 404 452 "-" "Mozilla/5.0 (compatible; AhrefsBot/7.0; +http://ahrefs.com/robot/)"
104.23.223.52 - - [10/Jan/2026:03:57:46 +0300] "GET /?GameID=2026-01-02/706.html HTTP/1.0" 200 19332 "-" "Mozilla/5.0 (Linux; Android 6.0.1; Nexus 5X Build/MMB29P) AppleWebKit/537.36 (KHTML, like Gecko) Chrome/143.0.7499.192 Mobile Safari/537.36 (compatible; Googlebot/2.1; +http://www.google.com/bot.html)"
162.159.104.109 - - [10/Jan/2026:03:58:47 +0300] "GET /?GameID=2026-01-09/dbjnzv.html HTTP/1.0" 200 9433 "-" "Mozilla/5.0 (Linux; Android 6.0.1; Nexus 5X Build/MMB29P) AppleWebKit/537.36 (KHTML, like Gecko) Chrome/143.0.7499.192 Mobile Safari/537.36 (compatible; Googlebot/2.1; +http://www.google.com/bot.html)"
172.71.170.120 - - [10/Jan/2026:03:59:37 +0300] "GET /?GameID=2026-01-01/zquazo.html HTTP/1.0" 200 9874 "-" "Mozilla/5.0 (Linux; Android 6.0.1; Nexus 5X Build/MMB29P) AppleWebKit/537.36 (KHTML, like Gecko) Chrome/143.0.7499.192 Mobile Safari/537.36 (compatible; Googlebot/2.1; +http://www.google.com/bot.html)"
172.70.162.168 - - [10/Jan/2026:04:01:37 +0300] "GET /2210010876.shtm HTTP/1.0" 404 452 "-" "Mozilla/5.0 (compatible; AhrefsBot/7.0; +http://ahrefs.com/robot/)"
172.71.172.168 - - [10/Jan/2026:04:01:37 +0300] "GET / HTTP/1.0" 200 1407 "-" "Mozilla/5.0 (Windows NT 10.0; Win64; x64) AppleWebKit/537.36 (KHTML, like Gecko) Chrome/118.0.0.0 Safari/537.36"
172.68.26.72 - - [10/Jan/2026:04:02:44 +0300] "GET /?GameID=2026-01-02/tzumev.html HTTP/1.0" 200 10073 "-" "Mozilla/5.0 (compatible; Googlebot/2.1; +http://www.google.com/bot.html)"
172.70.39.144 - - [10/Jan/2026:04:03:32 +0300] "GET /?n=8015235713503 HTTP/1.0" 200 1418 "-" "Mozilla/5.0 AppleWebKit/537.36 (KHTML, like Gecko; compatible; bingbot/2.0; +http://www.bing.com/bingbot.htm) Chrome/116.0.1938.76 Safari/537.36"
172.70.39.144 - - [10/Jan/2026:04:03:33 +0300] "GET /2723174209.shtm HTTP/1.0" 404 456 "-" "Mozilla/5.0 AppleWebKit/537.36 (KHTML, like Gecko; compatible; bingbot/2.0; +http://www.bing.com/bingbot.htm) Chrome/116.0.1938.76 Safari/537.36"
172.70.94.72 - - [10/Jan/2026:04:04:05 +0300] "GET /?GameID=2389.html HTTP/1.0" 200 9973 "-" "Mozilla/5.0 (compatible; Googlebot/2.1; +http://www.google.com/bot.html)"
172.70.174.128 - - [10/Jan/2026:04:04:19 +0300] "GET /1950406678.shtm HTTP/1.0" 404 456 "-" "Mozilla/5.0 AppleWebKit/537.36 (KHTML, like Gecko; compatible; bingbot/2.0; +http://www.bing.com/bingbot.htm) Chrome/116.0.1938.76 Safari/537.36"
172.68.15.219 - - [10/Jan/2026:04:06:10 +0300] "GET /?n=82012286709003 HTTP/1.0" 200 1418 "-" "Mozilla/5.0 AppleWebKit/537.36 (KHTML, like Gecko; compatible; bingbot/2.0; +http://www.bing.com/bingbot.htm) Chrome/116.0.1938.76 Safari/537.36"
172.70.86.157 - - [10/Jan/2026:04:06:31 +0300] "GET /2162201836.shtm HTTP/1.0" 404 452 "-" "Mozilla/5.0 (compatible; AhrefsBot/7.0; +http://ahrefs.com/robot/)"
172.71.166.217 - - [10/Jan/2026:04:08:26 +0300] "GET /?ID=2047.html HTTP/1.0" 200 48852 "-" "Mozilla/5.0 (Linux; Android 6.0.1; Nexus 5X Build/MMB29P) AppleWebKit/537.36 (KHTML, like Gecko) Chrome/143.0.7499.192 Mobile Safari/537.36 (compatible; Googlebot/2.1; +http://www.google.com/bot.html)"
172.71.166.217 - - [10/Jan/2026:04:08:27 +0300] "GET /?ID=1421.html HTTP/1.0" 200 9390 "-" "Mozilla/5.0 (Linux; Android 6.0.1; Nexus 5X Build/MMB29P) AppleWebKit/537.36 (KHTML, like Gecko) Chrome/143.0.7499.192 Mobile Safari/537.36 (compatible; Googlebot/2.1; +http://www.google.com/bot.html)"
172.70.34.224 - - [10/Jan/2026:04:08:31 +0300] "GET /?n=88560128499900 HTTP/1.0" 200 1418 "-" "Mozilla/5.0 AppleWebKit/537.36 (KHTML, like Gecko; compatible; bingbot/2.0; +http://www.bing.com/bingbot.htm) Chrome/116.0.1938.76 Safari/537.36"
104.23.211.224 - - [10/Jan/2026:04:10:00 +0300] "GET /3013291539.shtm HTTP/1.0" 404 456 "-" "Mozilla/5.0 AppleWebKit/537.36 (KHTML, like Gecko; compatible; bingbot/2.0; +http://www.bing.com/bingbot.htm) Chrome/116.0.1938.76 Safari/537.36"
172.69.224.164 - - [10/Jan/2026:04:11:30 +0300] "GET /1988829069.shtm HTTP/1.0" 404 452 "-" "Mozilla/5.0 (compatible; AhrefsBot/7.0; +http://ahrefs.com/robot/)"
172.71.190.86 - - [10/Jan/2026:04:11:42 +0300] "GET /2966946565.shtm HTTP/1.0" 404 456 "-" "Mozilla/5.0 AppleWebKit/537.36 (KHTML, like Gecko; compatible; bingbot/2.0; +http://www.bing.com/bingbot.htm) Chrome/116.0.1938.76 Safari/537.36"
162.159.104.108 - - [10/Jan/2026:04:11:48 +0300] "GET /?GameID=2026-01-09/160.html HTTP/1.0" 200 10818 "-" "Mozilla/5.0 (compatible; Googlebot/2.1; +http://www.google.com/bot.html)"
172.71.194.99 - - [10/Jan/2026:04:12:22 +0300] "GET /2874720822.shtm HTTP/1.0" 404 456 "-" "Mozilla/5.0 AppleWebKit/537.36 (KHTML, like Gecko; compatible; bingbot/2.0; +http://www.bing.com/bingbot.htm) Chrome/116.0.1938.76 Safari/537.36"
172.71.194.99 - - [10/Jan/2026:04:12:52 +0300] "GET /?n=1765266885600 HTTP/1.0" 200 1418 "-" "Mozilla/5.0 AppleWebKit/537.36 (KHTML, like Gecko; compatible; bingbot/2.0; +http://www.bing.com/bingbot.htm) Chrome/116.0.1938.76 Safari/537.36"
172.69.65.119 - - [10/Jan/2026:04:13:02 +0300] "GET /?GameID=2026-01-09/6326.html HTTP/1.0" 200 9695 "-" "Mozilla/5.0 (Linux; Android 6.0.1; Nexus 5X Build/MMB29P) AppleWebKit/537.36 (KHTML, like Gecko) Chrome/143.0.7499.192 Mobile Safari/537.36 (compatible; Googlebot/2.1; +http://www.google.com/bot.html)"
172.70.42.78 - - [10/Jan/2026:04:13:13 +0300] "GET /830281319.shtm HTTP/1.0" 404 456 "-" "Mozilla/5.0 AppleWebKit/537.36 (KHTML, like Gecko; compatible; bingbot/2.0; +http://www.bing.com/bingbot.htm) Chrome/116.0.1938.76 Safari/537.36"
162.158.216.165 - - [10/Jan/2026:04:13:53 +0300] "GET /3206100228.shtm HTTP/1.0" 404 452 "-" "Mozilla/5.0 (compatible; AhrefsBot/7.0; +http://ahrefs.com/robot/)"
172.70.39.144 - - [10/Jan/2026:04:14:12 +0300] "GET /?n=97564250582710 HTTP/1.0" 200 1418 "-" "Mozilla/5.0 AppleWebKit/537.36 (KHTML, like Gecko; compatible; bingbot/2.0; +http://www.bing.com/bingbot.htm) Chrome/116.0.1938.76 Safari/537.36"
172.70.42.78 - - [10/Jan/2026:04:14:45 +0300] "GET /2263149480.shtm HTTP/1.0" 404 456 "-" "Mozilla/5.0 AppleWebKit/537.36 (KHTML, like Gecko; compatible; bingbot/2.0; +http://www.bing.com/bingbot.htm) Chrome/116.0.1938.76 Safari/537.36"
172.68.10.216 - - [10/Jan/2026:04:14:46 +0300] "GET /robots.txt HTTP/1.1" 404 173 "-" "Mozilla/5.0 (compatible; YandexBot/3.0; +http://yandex.com/bots)"
172.71.184.121 - - [10/Jan/2026:04:14:46 +0300] "GET /db0aws/anak-kecil-sex.html HTTP/1.0" 404 452 "-" "Mozilla/5.0 (compatible; YandexBot/3.0; +http://yandex.com/bots) AppleWebKit/537.36 (KHTML, like Gecko) Chrome/108.0.0.0"
172.70.86.157 - - [10/Jan/2026:04:16:21 +0300] "GET /2779958788.shtm HTTP/1.0" 404 452 "-" "Mozilla/5.0 (compatible; AhrefsBot/7.0; +http://ahrefs.com/robot/)"
172.71.190.86 - - [10/Jan/2026:04:16:42 +0300] "GET /1144408490.shtm HTTP/1.0" 404 456 "-" "Mozilla/5.0 AppleWebKit/537.36 (KHTML, like Gecko; compatible; bingbot/2.0; +http://www.bing.com/bingbot.htm) Chrome/116.0.1938.76 Safari/537.36"
172.70.39.144 - - [10/Jan/2026:04:17:20 +0300] "GET /?n=6783226486100 HTTP/1.0" 200 1418 "-" "Mozilla/5.0 AppleWebKit/537.36 (KHTML, like Gecko; compatible; bingbot/2.0; +http://www.bing.com/bingbot.htm) Chrome/116.0.1938.76 Safari/537.36"
172.68.245.206 - - [10/Jan/2026:04:18:03 +0300] "GET /?n=91383182709201 HTTP/1.0" 200 1418 "-" "Mozilla/5.0 AppleWebKit/537.36 (KHTML, like Gecko; compatible; bingbot/2.0; +http://www.bing.com/bingbot.htm) Chrome/116.0.1938.76 Safari/537.36"
104.23.211.224 - - [10/Jan/2026:04:18:09 +0300] "GET /?n=09778275206 HTTP/1.0" 200 1418 "-" "Mozilla/5.0 AppleWebKit/537.36 (KHTML, like Gecko; compatible; bingbot/2.0; +http://www.bing.com/bingbot.htm) Chrome/116.0.1938.76 Safari/537.36"
172.69.224.164 - - [10/Jan/2026:04:18:45 +0300] "GET /2117895030.shtm HTTP/1.0" 404 452 "-" "Mozilla/5.0 (compatible; AhrefsBot/7.0; +http://ahrefs.com/robot/)"
172.70.39.144 - - [10/Jan/2026:04:19:41 +0300] "GET /?n=8975521093303 HTTP/1.0" 200 1418 "-" "Mozilla/5.0 AppleWebKit/537.36 (KHTML, like Gecko; compatible; bingbot/2.0; +http://www.bing.com/bingbot.htm) Chrome/116.0.1938.76 Safari/537.36"
104.23.213.53 - - [10/Jan/2026:04:20:39 +0300] "GET /?n=86384112684102 HTTP/1.0" 200 1418 "-" "Mozilla/5.0 AppleWebKit/537.36 (KHTML, like Gecko; compatible; bingbot/2.0; +http://www.bing.com/bingbot.htm) Chrome/116.0.1938.76 Safari/537.36"
172.69.194.207 - - [10/Jan/2026:04:21:11 +0300] "GET /catalog/ HTTP/1.0" 200 1294 "-" "Mozilla/5.0 (compatible; AhrefsBot/7.0; +http://ahrefs.com/robot/)"
172.70.94.73 - - [10/Jan/2026:04:21:16 +0300] "GET /?ID=1619.html HTTP/1.0" 200 19093 "-" "Mozilla/5.0 (Linux; Android 6.0.1; Nexus 5X Build/MMB29P) AppleWebKit/537.36 (KHTML, like Gecko) Chrome/143.0.7499.192 Mobile Safari/537.36 (compatible; Googlebot/2.1; +http://www.google.com/bot.html)"
172.70.94.73 - - [10/Jan/2026:04:21:53 +0300] "GET /?GameID=2026-01-02/966.html HTTP/1.0" 200 20662 "-" "Mozilla/5.0 (Linux; Android 6.0.1; Nexus 5X Build/MMB29P) AppleWebKit/537.36 (KHTML, like Gecko) Chrome/143.0.7499.192 Mobile Safari/537.36 (compatible; Googlebot/2.1; +http://www.google.com/bot.html)"
172.70.94.73 - - [10/Jan/2026:04:22:04 +0300] "GET /?GameID=2026-01-02/9813.html HTTP/1.0" 200 10177 "-" "Mozilla/5.0 (Linux; Android 6.0.1; Nexus 5X Build/MMB29P) AppleWebKit/537.36 (KHTML, like Gecko) Chrome/143.0.7499.192 Mobile Safari/537.36 (compatible; Googlebot/2.1; +http://www.google.com/bot.html)"
172.68.15.218 - - [10/Jan/2026:04:22:45 +0300] "GET /3042879511.shtm HTTP/1.0" 404 456 "-" "Mozilla/5.0 AppleWebKit/537.36 (KHTML, like Gecko; compatible; bingbot/2.0; +http://www.bing.com/bingbot.htm) Chrome/116.0.1938.76 Safari/537.36"
172.70.39.143 - - [10/Jan/2026:04:23:07 +0300] "GET /2771928825.shtm HTTP/1.0" 404 456 "-" "Mozilla/5.0 AppleWebKit/537.36 (KHTML, like Gecko; compatible; bingbot/2.0; +http://www.bing.com/bingbot.htm) Chrome/116.0.1938.76 Safari/537.36"
172.71.194.98 - - [10/Jan/2026:04:23:41 +0300] "GET /?n=03969249475807 HTTP/1.0" 200 1418 "-" "Mozilla/5.0 AppleWebKit/537.36 (KHTML, like Gecko; compatible; bingbot/2.0; +http://www.bing.com/bingbot.htm) Chrome/116.0.1938.76 Safari/537.36"
172.71.178.32 - - [10/Jan/2026:04:23:48 +0300] "GET /1867163407.shtm HTTP/1.0" 404 452 "-" "Mozilla/5.0 (compatible; AhrefsBot/7.0; +http://ahrefs.com/robot/)"
172.70.42.79 - - [10/Jan/2026:04:23:52 +0300] "GET /?n=17627290931507 HTTP/1.0" 200 1418 "-" "Mozilla/5.0 AppleWebKit/537.36 (KHTML, like Gecko; compatible; bingbot/2.0; +http://www.bing.com/bingbot.htm) Chrome/116.0.1938.76 Safari/537.36"
172.70.42.79 - - [10/Jan/2026:04:23:52 +0300] "GET /1939820447.shtm HTTP/1.0" 404 456 "-" "Mozilla/5.0 AppleWebKit/537.36 (KHTML, like Gecko; compatible; bingbot/2.0; +http://www.bing.com/bingbot.htm) Chrome/116.0.1938.76 Safari/537.36"
172.68.245.206 - - [10/Jan/2026:04:24:14 +0300] "GET /?n=10626214116003 HTTP/1.0" 200 1418 "-" "Mozilla/5.0 AppleWebKit/537.36 (KHTML, like Gecko; compatible; bingbot/2.0; +http://www.bing.com/bingbot.htm) Chrome/116.0.1938.76 Safari/537.36"
162.159.106.78 - - [10/Jan/2026:04:24:57 +0300] "GET /?ID=6973.html HTTP/1.0" 200 11936 "-" "Mozilla/5.0 (Linux; Android 6.0.1; Nexus 5X Build/MMB29P) AppleWebKit/537.36 (KHTML, like Gecko) Chrome/143.0.7499.192 Mobile Safari/537.36 (compatible; Googlebot/2.1; +http://www.google.com/bot.html)"
172.71.190.87 - - [10/Jan/2026:04:25:20 +0300] "GET /?n=89530162778500 HTTP/1.0" 200 1418 "-" "Mozilla/5.0 AppleWebKit/537.36 (KHTML, like Gecko; compatible; bingbot/2.0; +http://www.bing.com/bingbot.htm) Chrome/116.0.1938.76 Safari/537.36"
162.159.106.78 - - [10/Jan/2026:04:25:55 +0300] "GET /?ID=%ED%86%A0%ED%86%A0%EB%A1%9C%20%EC%98%B7.html HTTP/1.0" 200 9714 "-" "Mozilla/5.0 (Linux; Android 6.0.1; Nexus 5X Build/MMB29P) AppleWebKit/537.36 (KHTML, like Gecko) Chrome/143.0.7499.192 Mobile Safari/537.36 (compatible; Googlebot/2.1; +http://www.google.com/bot.html)"
172.64.192.165 - - [10/Jan/2026:04:26:26 +0300] "GET /1710666085.shtm HTTP/1.0" 404 452 "-" "Mozilla/5.0 (compatible; AhrefsBot/7.0; +http://ahrefs.com/robot/)"
162.159.106.79 - - [10/Jan/2026:04:27:15 +0300] "GET /?ID=1943.html HTTP/1.0" 200 9618 "-" "Mozilla/5.0 (compatible; Googlebot/2.1; +http://www.google.com/bot.html)"
172.71.223.184 - - [10/Jan/2026:04:28:02 +0300] "GET /?n=19240104296002 HTTP/1.0" 200 1418 "-" "Mozilla/5.0 AppleWebKit/537.36 (KHTML, like Gecko; compatible; bingbot/2.0; +http://www.bing.com/bingbot.htm) Chrome/116.0.1938.76 Safari/537.36"
172.71.178.110 - - [10/Jan/2026:04:28:59 +0300] "GET / HTTP/1.0" 200 1407 "-" "Mozilla/5.0 (compatible; AhrefsBot/7.0; +http://ahrefs.com/robot/)"
172.71.166.216 - - [10/Jan/2026:04:30:20 +0300] "GET /?GameID=2026-01-06/4575.html HTTP/1.0" 200 8826 "-" "Mozilla/5.0 (compatible; Googlebot/2.1; +http://www.google.com/bot.html)"
172.70.42.78 - - [10/Jan/2026:04:30:54 +0300] "GET /1776052746.shtm HTTP/1.0" 404 456 "-" "Mozilla/5.0 AppleWebKit/537.36 (KHTML, like Gecko; compatible; bingbot/2.0; +http://www.bing.com/bingbot.htm) Chrome/116.0.1938.76 Safari/537.36"
172.71.190.86 - - [10/Jan/2026:04:31:55 +0300] "GET /2750105853.shtm HTTP/1.0" 404 456 "-" "Mozilla/5.0 AppleWebKit/537.36 (KHTML, like Gecko; compatible; bingbot/2.0; +http://www.bing.com/bingbot.htm) Chrome/116.0.1938.76 Safari/537.36"
172.71.190.86 - - [10/Jan/2026:04:32:03 +0300] "GET /?n=43717150393201 HTTP/1.0" 200 1418 "-" "Mozilla/5.0 AppleWebKit/537.36 (KHTML, like Gecko; compatible; bingbot/2.0; +http://www.bing.com/bingbot.htm) Chrome/116.0.1938.76 Safari/537.36"
162.158.216.165 - - [10/Jan/2026:04:32:53 +0300] "GET / HTTP/1.0" 200 1407 "-" "Mozilla/5.0 (compatible; AhrefsBot/7.0; +http://ahrefs.com/robot/)"
172.71.190.86 - - [10/Jan/2026:04:33:04 +0300] "GET /4201066139.shtm HTTP/1.0" 404 456 "-" "Mozilla/5.0 AppleWebKit/537.36 (KHTML, like Gecko; compatible; bingbot/2.0; +http://www.bing.com/bingbot.htm) Chrome/116.0.1938.76 Safari/537.36"
162.159.106.78 - - [10/Jan/2026:04:33:10 +0300] "GET /?GameID=2026-01-01/tyvlpv.html HTTP/1.0" 200 9605 "-" "Mozilla/5.0 (Linux; Android 6.0.1; Nexus 5X Build/MMB29P) AppleWebKit/537.36 (KHTML, like Gecko) Chrome/143.0.7499.192 Mobile Safari/537.36 (compatible; Googlebot/2.1; +http://www.google.com/bot.html)"
172.70.39.143 - - [10/Jan/2026:04:33:12 +0300] "GET /?n=95681195358301 HTTP/1.0" 200 1418 "-" "Mozilla/5.0 AppleWebKit/537.36 (KHTML, like Gecko; compatible; bingbot/2.0; +http://www.bing.com/bingbot.htm) Chrome/116.0.1938.76 Safari/537.36"
172.68.245.207 - - [10/Jan/2026:04:33:23 +0300] "GET /?n=94437175043108 HTTP/1.0" 200 1418 "-" "Mozilla/5.0 AppleWebKit/537.36 (KHTML, like Gecko; compatible; bingbot/2.0; +http://www.bing.com/bingbot.htm) Chrome/116.0.1938.76 Safari/537.36"
162.159.106.78 - - [10/Jan/2026:04:34:47 +0300] "GET /?GameID=2026-01-09/hloaar.html HTTP/1.0" 200 49257 "-" "Mozilla/5.0 (Linux; Android 6.0.1; Nexus 5X Build/MMB29P) AppleWebKit/537.36 (KHTML, like Gecko) Chrome/143.0.7499.192 Mobile Safari/537.36 (compatible; Googlebot/2.1; +http://www.google.com/bot.html)"
104.23.213.53 - - [10/Jan/2026:04:35:02 +0300] "GET /1977285961.shtm HTTP/1.0" 404 456 "-" "Mozilla/5.0 AppleWebKit/537.36 (KHTML, like Gecko; compatible; bingbot/2.0; +http://www.bing.com/bingbot.htm) Chrome/116.0.1938.76 Safari/537.36"
104.23.213.53 - - [10/Jan/2026:04:35:02 +0300] "GET /?n=92743253234802 HTTP/1.0" 200 1418 "-" "Mozilla/5.0 AppleWebKit/537.36 (KHTML, like Gecko; compatible; bingbot/2.0; +http://www.bing.com/bingbot.htm) Chrome/116.0.1938.76 Safari/537.36"
172.70.94.72 - - [10/Jan/2026:04:35:03 +0300] "GET /?GameID=2026-01-02/925.html HTTP/1.0" 200 10601 "-" "Mozilla/5.0 (Linux; Android 6.0.1; Nexus 5X Build/MMB29P) AppleWebKit/537.36 (KHTML, like Gecko) Chrome/143.0.7499.192 Mobile Safari/537.36 (compatible; Googlebot/2.1; +http://www.google.com/bot.html)"
172.70.94.72 - - [10/Jan/2026:04:35:16 +0300] "GET /?GameID=2026-01-08/651.html HTTP/1.0" 200 9391 "-" "Mozilla/5.0 (compatible; Googlebot/2.1; +http://www.google.com/bot.html)"
172.69.224.216 - - [10/Jan/2026:04:36:22 +0300] "GET /?ID=4989.html HTTP/1.0" 200 1407 "-" "Mozilla/5.0 (compatible; AhrefsBot/7.0; +http://ahrefs.com/robot/)"
162.159.106.78 - - [10/Jan/2026:04:36:42 +0300] "GET /?ID=6354.html HTTP/1.0" 200 35586 "-" "Mozilla/5.0 (Linux; Android 6.0.1; Nexus 5X Build/MMB29P) AppleWebKit/537.36 (KHTML, like Gecko) Chrome/143.0.7499.192 Mobile Safari/537.36 (compatible; Googlebot/2.1; +http://www.google.com/bot.html)"
172.68.26.72 - - [10/Jan/2026:04:36:46 +0300] "GET /?GameID=2026-01-10/yafvgc.html HTTP/1.0" 200 9386 "https://www.tkanika.ru/?ID=6354.html" "Mozilla/5.0 (Linux; Android 6.0.1; Nexus 5X Build/MMB29P) AppleWebKit/537.36 (KHTML, like Gecko) Chrome/143.0.7499.169 Mobile Safari/537.36 (compatible; Googlebot/2.1; +http://www.google.com/bot.html)"
172.70.94.73 - - [10/Jan/2026:04:36:47 +0300] "GET /?GameID=2026-01-10/untuhu.html HTTP/1.0" 200 19620 "https://www.tkanika.ru/?ID=6354.html" "Mozilla/5.0 (Linux; Android 6.0.1; Nexus 5X Build/MMB29P) AppleWebKit/537.36 (KHTML, like Gecko) Chrome/143.0.7499.169 Mobile Safari/537.36 (compatible; Googlebot/2.1; +http://www.google.com/bot.html)"
162.159.106.78 - - [10/Jan/2026:04:36:48 +0300] "GET /?GameID=2026-01-10/idmlue.html HTTP/1.0" 200 25608 "https://www.tkanika.ru/?ID=6354.html" "Mozilla/5.0 (Linux; Android 6.0.1; Nexus 5X Build/MMB29P) AppleWebKit/537.36 (KHTML, like Gecko) Chrome/143.0.7499.169 Mobile Safari/537.36 (compatible; Googlebot/2.1; +http://www.google.com/bot.html)"
172.71.190.86 - - [10/Jan/2026:04:38:06 +0300] "GET /238452642.shtm HTTP/1.0" 404 456 "-" "Mozilla/5.0 AppleWebKit/537.36 (KHTML, like Gecko; compatible; bingbot/2.0; +http://www.bing.com/bingbot.htm) Chrome/116.0.1938.76 Safari/537.36"
172.71.190.86 - - [10/Jan/2026:04:38:14 +0300] "GET /2507028139.shtm HTTP/1.0" 404 456 "-" "Mozilla/5.0 AppleWebKit/537.36 (KHTML, like Gecko; compatible; bingbot/2.0; +http://www.bing.com/bingbot.htm) Chrome/116.0.1938.76 Safari/537.36"
172.68.15.219 - - [10/Jan/2026:04:38:24 +0300] "GET /?n=807591555801 HTTP/1.0" 200 1418 "-" "Mozilla/5.0 AppleWebKit/537.36 (KHTML, like Gecko; compatible; bingbot/2.0; +http://www.bing.com/bingbot.htm) Chrome/116.0.1938.76 Safari/537.36"
104.23.213.53 - - [10/Jan/2026:04:38:52 +0300] "GET /123513360.shtm HTTP/1.0" 404 456 "-" "Mozilla/5.0 AppleWebKit/537.36 (KHTML, like Gecko; compatible; bingbot/2.0; +http://www.bing.com/bingbot.htm) Chrome/116.0.1938.76 Safari/537.36"
172.69.65.120 - - [10/Jan/2026:04:39:03 +0300] "GET /?ID=%EC%B9%B4%EB%93%9C%EA%B2%B0%EC%A0%9C%20%EC%98%A8%EB%9D%BC%EC%9D%B8%20%EC%B9%B4%EC%A7%80%EB%85%B8.html HTTP/1.0" 200 10957 "-" "Mozilla/5.0 (Linux; Android 6.0.1; Nexus 5X Build/MMB29P) AppleWebKit/537.36 (KHTML, like Gecko) Chrome/143.0.7499.192 Mobile Safari/537.36 (compatible; Googlebot/2.1; +http://www.google.com/bot.html)"
172.70.39.144 - - [10/Jan/2026:04:39:35 +0300] "GET /?n=481422862101 HTTP/1.0" 200 1418 "-" "Mozilla/5.0 AppleWebKit/537.36 (KHTML, like Gecko; compatible; bingbot/2.0; +http://www.bing.com/bingbot.htm) Chrome/116.0.1938.76 Safari/537.36"
172.70.90.185 - - [10/Jan/2026:04:39:50 +0300] "GET /489169611.shtm HTTP/1.0" 404 452 "-" "Mozilla/5.0 (compatible; AhrefsBot/7.0; +http://ahrefs.com/robot/)"
172.70.39.143 - - [10/Jan/2026:04:41:13 +0300] "GET /?n=98118234038202 HTTP/1.0" 200 1418 "-" "Mozilla/5.0 AppleWebKit/537.36 (KHTML, like Gecko; compatible; bingbot/2.0; +http://www.bing.com/bingbot.htm) Chrome/116.0.1938.76 Safari/537.36"
172.71.175.79 - - [10/Jan/2026:04:41:31 +0300] "GET /?ID=8395.html HTTP/1.0" 200 9778 "-" "Mozilla/5.0 (Linux; Android 6.0.1; Nexus 5X Build/MMB29P) AppleWebKit/537.36 (KHTML, like Gecko) Chrome/143.0.7499.192 Mobile Safari/537.36 (compatible; Googlebot/2.1; +http://www.google.com/bot.html)"
172.71.175.79 - - [10/Jan/2026:04:41:37 +0300] "GET /?GameID=2026-01-09/beobsp.html HTTP/1.0" 200 51134 "-" "Mozilla/5.0 (Linux; Android 6.0.1; Nexus 5X Build/MMB29P) AppleWebKit/537.36 (KHTML, like Gecko) Chrome/143.0.7499.192 Mobile Safari/537.36 (compatible; Googlebot/2.1; +http://www.google.com/bot.html)"
172.69.65.119 - - [10/Jan/2026:04:41:53 +0300] "GET /?ID=7951.html HTTP/1.0" 200 9193 "-" "Mozilla/5.0 (compatible; Googlebot/2.1; +http://www.google.com/bot.html)"
162.158.79.166 - - [10/Jan/2026:04:42:46 +0300] "GET /3461077244.shtm HTTP/1.0" 404 456 "-" "Mozilla/5.0 AppleWebKit/537.36 (KHTML, like Gecko; compatible; bingbot/2.0; +http://www.bing.com/bingbot.htm) Chrome/116.0.1938.76 Safari/537.36"
172.71.175.79 - - [10/Jan/2026:04:43:57 +0300] "GET /?GameID=2026-01-02/782.html HTTP/1.0" 200 18849 "-" "Mozilla/5.0 (Linux; Android 6.0.1; Nexus 5X Build/MMB29P) AppleWebKit/537.36 (KHTML, like Gecko) Chrome/143.0.7499.192 Mobile Safari/537.36 (compatible; Googlebot/2.1; +http://www.google.com/bot.html)"
162.158.175.65 - - [10/Jan/2026:04:45:04 +0300] "GET /?ID=7918.html HTTP/1.0" 200 9789 "-" "Mozilla/5.0 (Linux; Android 6.0.1; Nexus 5X Build/MMB29P) AppleWebKit/537.36 (KHTML, like Gecko) Chrome/143.0.7499.192 Mobile Safari/537.36 (compatible; Googlebot/2.1; +http://www.google.com/bot.html)"
162.158.175.65 - - [10/Jan/2026:04:46:55 +0300] "GET /?GameID=2026-01-02/2017.html HTTP/1.0" 200 34445 "-" "Mozilla/5.0 (Linux; Android 6.0.1; Nexus 5X Build/MMB29P) AppleWebKit/537.36 (KHTML, like Gecko) Chrome/143.0.7499.192 Mobile Safari/537.36 (compatible; Googlebot/2.1; +http://www.google.com/bot.html)"
198.41.227.153 - - [10/Jan/2026:04:46:59 +0300] "GET /?ID=2547.html HTTP/1.0" 200 36379 "https://www.tkanika.ru/?GameID=2026-01-02/2017.html" "Mozilla/5.0 (Linux; Android 6.0.1; Nexus 5X Build/MMB29P) AppleWebKit/537.36 (KHTML, like Gecko) Chrome/143.0.7499.169 Mobile Safari/537.36 (compatible; Googlebot/2.1; +http://www.google.com/bot.html)"
162.158.175.65 - - [10/Jan/2026:04:46:59 +0300] "GET /?ID=2855.html HTTP/1.0" 200 10347 "https://www.tkanika.ru/?GameID=2026-01-02/2017.html" "Mozilla/5.0 (Linux; Android 6.0.1; Nexus 5X Build/MMB29P) AppleWebKit/537.36 (KHTML, like Gecko) Chrome/143.0.7499.169 Mobile Safari/537.36 (compatible; Googlebot/2.1; +http://www.google.com/bot.html)"
172.70.94.73 - - [10/Jan/2026:04:47:01 +0300] "GET /?ID=2021.html HTTP/1.0" 200 49585 "https://www.tkanika.ru/?GameID=2026-01-02/2017.html" "Mozilla/5.0 (Linux; Android 6.0.1; Nexus 5X Build/MMB29P) AppleWebKit/537.36 (KHTML, like Gecko) Chrome/143.0.7499.169 Mobile Safari/537.36 (compatible; Googlebot/2.1; +http://www.google.com/bot.html)"
104.23.209.111 - - [10/Jan/2026:04:47:12 +0300] "GET /?n=73905194849501 HTTP/1.0" 200 1418 "-" "Mozilla/5.0 AppleWebKit/537.36 (KHTML, like Gecko; compatible; bingbot/2.0; +http://www.bing.com/bingbot.htm) Chrome/116.0.1938.76 Safari/537.36"
162.158.210.84 - - [10/Jan/2026:04:47:16 +0300] "GET /modx.tar.gz HTTP/1.0" 404 452 "-" "Mozilla/5.0 (Windows NT 10.0; Win64; x64) AppleWebKit/537.36 (KHTML, like Gecko) Chrome/101.0.4951.67 Safari/537.36"
172.70.86.158 - - [10/Jan/2026:04:47:36 +0300] "GET /3769644660.shtm HTTP/1.0" 404 452 "-" "Mozilla/5.0 (compatible; AhrefsBot/7.0; +http://ahrefs.com/robot/)"
172.69.65.119 - - [10/Jan/2026:04:50:33 +0300] "GET /?GameID=2026-01-10/3162.html HTTP/1.0" 200 8901 "-" "Mozilla/5.0 (Linux; Android 6.0.1; Nexus 5X Build/MMB29P) AppleWebKit/537.36 (KHTML, like Gecko) Chrome/143.0.7499.192 Mobile Safari/537.36 (compatible; Googlebot/2.1; +http://www.google.com/bot.html)"
172.68.138.134 - - [10/Jan/2026:04:51:36 +0300] "GET /shop/customer/entry.aspx HTTP/1.0" 404 452 "-" "Mozilla/5.0 AppleWebKit/537.36 (KHTML, like Gecko; compatible; bingbot/2.0; +http://www.bing.com/bingbot.htm) Chrome/116.0.1938.76 Safari/537.36"
172.70.34.224 - - [10/Jan/2026:04:51:55 +0300] "GET /1265020237.shtm HTTP/1.0" 404 456 "-" "Mozilla/5.0 AppleWebKit/537.36 (KHTML, like Gecko; compatible; bingbot/2.0; +http://www.bing.com/bingbot.htm) Chrome/116.0.1938.76 Safari/537.36"
104.23.211.224 - - [10/Jan/2026:04:54:15 +0300] "GET /?n=22929234211500 HTTP/1.0" 200 1418 "-" "Mozilla/5.0 AppleWebKit/537.36 (KHTML, like Gecko; compatible; bingbot/2.0; +http://www.bing.com/bingbot.htm) Chrome/116.0.1938.76 Safari/537.36"
172.71.178.33 - - [10/Jan/2026:04:54:49 +0300] "GET /3425299281.shtm HTTP/1.0" 404 452 "-" "Mozilla/5.0 (compatible; AhrefsBot/7.0; +http://ahrefs.com/robot/)"
198.41.227.152 - - [10/Jan/2026:04:55:17 +0300] "GET /?ID=3127.html HTTP/1.0" 200 9642 "-" "Mozilla/5.0 (Linux; Android 6.0.1; Nexus 5X Build/MMB29P) AppleWebKit/537.36 (KHTML, like Gecko) Chrome/143.0.7499.192 Mobile Safari/537.36 (compatible; Googlebot/2.1; +http://www.google.com/bot.html)"
104.23.211.224 - - [10/Jan/2026:04:55:33 +0300] "GET /2930056777.shtm HTTP/1.0" 404 456 "-" "Mozilla/5.0 AppleWebKit/537.36 (KHTML, like Gecko; compatible; bingbot/2.0; +http://www.bing.com/bingbot.htm) Chrome/116.0.1938.76 Safari/537.36"
172.68.245.206 - - [10/Jan/2026:04:55:46 +0300] "GET /?n=74110161180206 HTTP/1.0" 200 1418 "-" "Mozilla/5.0 AppleWebKit/537.36 (KHTML, like Gecko; compatible; bingbot/2.0; +http://www.bing.com/bingbot.htm) Chrome/116.0.1938.76 Safari/537.36"
172.68.245.206 - - [10/Jan/2026:04:55:46 +0300] "GET /?n=7521331616505 HTTP/1.0" 200 1418 "-" "Mozilla/5.0 AppleWebKit/537.36 (KHTML, like Gecko; compatible; bingbot/2.0; +http://www.bing.com/bingbot.htm) Chrome/116.0.1938.76 Safari/537.36"
172.69.65.119 - - [10/Jan/2026:04:56:42 +0300] "GET /?GameID=2026-01-01/9710.html HTTP/1.0" 200 9626 "-" "Mozilla/5.0 AppleWebKit/537.36 (KHTML, like Gecko; compatible; Googlebot/2.1; +http://www.google.com/bot.html) Chrome/143.0.7499.169 Safari/537.36"
162.159.104.108 - - [10/Jan/2026:04:57:01 +0300] "GET /?GameID=2026-01-02/6849.html HTTP/1.0" 200 9920 "-" "Mozilla/5.0 (Linux; Android 6.0.1; Nexus 5X Build/MMB29P) AppleWebKit/537.36 (KHTML, like Gecko) Chrome/143.0.7499.192 Mobile Safari/537.36 (compatible; Googlebot/2.1; +http://www.google.com/bot.html)"
172.71.194.99 - - [10/Jan/2026:04:57:06 +0300] "GET /2707818941.shtm HTTP/1.0" 404 456 "-" "Mozilla/5.0 AppleWebKit/537.36 (KHTML, like Gecko; compatible; bingbot/2.0; +http://www.bing.com/bingbot.htm) Chrome/116.0.1938.76 Safari/537.36"
172.71.194.99 - - [10/Jan/2026:04:57:07 +0300] "GET /2795558064.shtm HTTP/1.0" 404 456 "-" "Mozilla/5.0 AppleWebKit/537.36 (KHTML, like Gecko; compatible; bingbot/2.0; +http://www.bing.com/bingbot.htm) Chrome/116.0.1938.76 Safari/537.36"
172.70.39.144 - - [10/Jan/2026:04:57:17 +0300] "GET /?n=01191209996500 HTTP/1.0" 200 1418 "-" "Mozilla/5.0 AppleWebKit/537.36 (KHTML, like Gecko; compatible; bingbot/2.0; +http://www.bing.com/bingbot.htm) Chrome/116.0.1938.76 Safari/537.36"
172.70.39.144 - - [10/Jan/2026:04:57:26 +0300] "GET /659734672.shtm HTTP/1.0" 404 456 "-" "Mozilla/5.0 AppleWebKit/537.36 (KHTML, like Gecko; compatible; bingbot/2.0; +http://www.bing.com/bingbot.htm) Chrome/116.0.1938.76 Safari/537.36"
104.23.209.111 - - [10/Jan/2026:04:58:19 +0300] "GET /2509265802.shtm HTTP/1.0" 404 456 "-" "Mozilla/5.0 AppleWebKit/537.36 (KHTML, like Gecko; compatible; bingbot/2.0; +http://www.bing.com/bingbot.htm) Chrome/116.0.1938.76 Safari/537.36"
162.158.79.166 - - [10/Jan/2026:04:59:22 +0300] "GET /?n=00041214108501 HTTP/1.0" 200 1418 "-" "Mozilla/5.0 AppleWebKit/537.36 (KHTML, like Gecko; compatible; bingbot/2.0; +http://www.bing.com/bingbot.htm) Chrome/116.0.1938.76 Safari/537.36"
172.68.210.10 - - [10/Jan/2026:05:00:04 +0300] "GET /.tresh/index.php HTTP/1.0" 404 452 "https://www.yahoo.com/" "Mozilla/5.0 (iPhone; CPU iPhone OS 17_1_1 like Mac OS X) AppleWebKit/605.1.15 (KHTML, like Gecko) Version/17.1 Mobile/15E148 Safari/604.1"
172.68.210.10 - - [10/Jan/2026:05:00:04 +0300] "GET /.well-known/ HTTP/1.0" 404 452 "https://www.google.co.uk/" "Mozilla/5.0 (Linux; Android 12; 2201116SG) AppleWebKit/537.36 (KHTML, like Gecko) Chrome/116.0.0.0 Mobile Safari/537.36"
172.68.210.10 - - [10/Jan/2026:05:00:04 +0300] "GET /.well-known/acme-challenge/index.php HTTP/1.1" 404 576 "https://www.bing.com/" "Mozilla/5.0 (Linux; Android 13; SM-S908E) AppleWebKit/537.36 (KHTML, like Gecko) Chrome/116.0.0.0 Mobile Safari/537.36"
172.68.210.10 - - [10/Jan/2026:05:00:05 +0300] "GET /.well-known/error.php HTTP/1.0" 404 452 "https://www.yahoo.com/" "Mozilla/5.0 (iPhone; CPU iPhone OS 15_7_9 like Mac OS X) AppleWebKit/605.1.15 (KHTML, like Gecko) Version/15.6.5 Mobile/15E148 Safari/604.1"
172.68.210.10 - - [10/Jan/2026:05:00:05 +0300] "GET /.well-known/gecko-litespeed.php HTTP/1.0" 404 452 "https://duckduckgo.com/" "Mozilla/5.0 (Linux; Android 13; M2101K6G) AppleWebKit/537.36 (KHTML, like Gecko) Chrome/116.0.0.0 Mobile Safari/537.36"
172.68.210.10 - - [10/Jan/2026:05:00:05 +0300] "GET //wp-includes/fonts/ HTTP/1.0" 404 452 "https://www.bing.com/" "Mozilla/5.0 (Linux; Android 10; K) AppleWebKit/537.36 (KHTML, like Gecko) Chrome/117.0.0.0 Mobile Safari/537.36"
172.68.210.10 - - [10/Jan/2026:05:00:06 +0300] "GET /ALFA_DATA/alfacgiapi/ HTTP/1.0" 404 452 "https://www.google.fr/" "Mozilla/5.0 (Linux; Android 12; 2201116SG) AppleWebKit/537.36 (KHTML, like Gecko) Chrome/116.0.0.0 Mobile Safari/537.36"
172.68.210.10 - - [10/Jan/2026:05:00:06 +0300] "GET /about/function.php HTTP/1.0" 404 452 "https://www.google.de/" "Mozilla/5.0 (Linux; Android 14; Pixel 8 Pro) AppleWebKit/537.36 (KHTML, like Gecko) Chrome/119.0.0.0 Mobile Safari/537.36"
172.68.210.10 - - [10/Jan/2026:05:00:06 +0300] "GET /admin/controller/extension/extension/ HTTP/1.0" 404 452 "https://www.google.de/" "Mozilla/5.0 (iPhone; CPU iPhone OS 17_1 like Mac OS X) AppleWebKit/605.1.15 (KHTML, like Gecko) CriOS/119.0.6045.109 Mobile/15E148 Safari/604.1"
172.68.210.10 - - [10/Jan/2026:05:00:07 +0300] "GET /admin/controller/extension/extension/ultra.php HTTP/1.0" 404 452 "https://www.google.co.uk/" "Mozilla/5.0 (iPhone; CPU iPhone OS 15_7_9 like Mac OS X) AppleWebKit/605.1.15 (KHTML, like Gecko) Version/15.6.5 Mobile/15E148 Safari/604.1"
172.68.210.10 - - [10/Jan/2026:05:00:07 +0300] "GET /admin/controller/extension/extension/vx.php HTTP/1.0" 404 452 "https://www.google.de/" "Mozilla/5.0 (Linux; Android 10; LM-Q720) AppleWebKit/537.36 (KHTML, like Gecko) Chrome/116.0.0.0 Mobile Safari/537.36"
172.68.210.10 - - [10/Jan/2026:05:00:07 +0300] "GET /admin/function.php HTTP/1.0" 404 452 "https://www.bing.com/" "Mozilla/5.0 (Linux; Android 10; LM-Q720) AppleWebKit/537.36 (KHTML, like Gecko) Chrome/116.0.0.0 Mobile Safari/537.36"
172.68.210.10 - - [10/Jan/2026:05:00:08 +0300] "GET /adminfuns.php/.well-known/acme-challenge/file.php HTTP/1.0" 404 452 "https://www.google.fr/" "Mozilla/5.0 (Linux; Android 13; SM-S908E) AppleWebKit/537.36 (KHTML, like Gecko) Chrome/116.0.0.0 Mobile Safari/537.36"
172.68.210.10 - - [10/Jan/2026:05:00:08 +0300] "GET /assets/ HTTP/1.0" 403 455 "https://www.google.fr/" "Mozilla/5.g (Linux; Android 13; Pixel 7) AppleWebKit/537.36 (KHTML, like Gecko) Chrome/116.0.0.0 Mobile Safari/537.36"
