162.158.193.74 - - [10/Jan/2026:10:31:35 +0300] "GET /man.php HTTP/1.0" 404 452 "https://www.google.co.uk/" "Mozilla/5.0 (Linux; Android 10; K) AppleWebKit/537.36 (KHTML, like Gecko) Chrome/117.0.0.0 Mobile Safari/537.36"
162.158.193.74 - - [10/Jan/2026:10:31:35 +0300] "GET /bless.php HTTP/1.0" 404 452 "https://www.bing.com/" "Mozilla/5.0 (Linux; Android 13; SM-G991U) AppleWebKit/537.36 (KHTML, like Gecko) Chrome/117.0.0.0 Mobile Safari/537.36"
162.158.193.74 - - [10/Jan/2026:10:31:35 +0300] "GET /system.php HTTP/1.0" 404 452 "https://www.google.fr/" "Mozilla/5.0 (iPhone; CPU iPhone OS 17_1 like Mac OS X) AppleWebKit/605.1.15 (KHTML, like Gecko) CriOS/119.0.6045.109 Mobile/15E148 Safari/604.1"
162.158.193.74 - - [10/Jan/2026:10:31:36 +0300] "GET /about.php HTTP/1.0" 404 452 "https://duckduckgo.com/" "Mozilla/5.0 (iPhone; CPU iPhone OS 17_1 like Mac OS X) AppleWebKit/605.1.15 (KHTML, like Gecko) CriOS/119.0.6045.109 Mobile/15E148 Safari/604.1"
162.158.193.74 - - [10/Jan/2026:10:31:36 +0300] "GET /text.php HTTP/1.0" 404 452 "https://duckduckgo.com/" "Mozilla/5.0 (iPad; CPU OS 16_7_2 like Mac OS X) AppleWebKit/605.1.15 (KHTML, like Gecko) Version/16.6 Mobile/15E148 Safari/604.1"
162.158.193.74 - - [10/Jan/2026:10:31:37 +0300] "GET /abcd.php HTTP/1.0" 404 452 "https://duckduckgo.com/" "Mozilla/5.0 (iPhone; CPU iPhone OS 17_1_1 like Mac OS X) AppleWebKit/605.1.15 (KHTML, like Gecko) Version/17.1 Mobile/15E148 Safari/604.1"
162.158.193.74 - - [10/Jan/2026:10:31:37 +0300] "GET /admin.php HTTP/1.0" 404 452 "https://www.google.com/" "Mozilla/5.0 (iPhone; CPU iPhone OS 17_1_1 like Mac OS X) AppleWebKit/605.1.15 (KHTML, like Gecko) Version/17.1 Mobile/15E148 Safari/604.1"
162.158.193.74 - - [10/Jan/2026:10:31:37 +0300] "GET /files.php HTTP/1.0" 404 452 "https://www.google.com/" "Mozilla/5.0 (Linux; Android 11; CPH2251) AppleWebKit/537.36 (KHTML, like Gecko) Chrome/116.0.0.0 Mobile Safari/537.36"
162.158.193.74 - - [10/Jan/2026:10:31:37 +0300] "GET /file.php HTTP/1.0" 404 452 "https://www.google.co.uk/" "Mozilla/5.0 (iPhone; CPU iPhone OS 17_0_3 like Mac OS X) AppleWebKit/605.1.15 (KHTML, like Gecko) Version/17.0.1 Mobile/15E148 Safari/604.1"
162.158.193.74 - - [10/Jan/2026:10:31:37 +0300] "GET /moon.php HTTP/1.0" 404 452 "https://www.google.com/" "Mozilla/5.0 (Linux; Android 13; SM-G991U) AppleWebKit/537.36 (KHTML, like Gecko) Chrome/117.0.0.0 Mobile Safari/537.36"
162.158.193.74 - - [10/Jan/2026:10:31:38 +0300] "GET /akcc.php HTTP/1.0" 404 452 "https://www.google.fr/" "Mozilla/5.g (Linux; Android 13; Pixel 7) AppleWebKit/537.36 (KHTML, like Gecko) Chrome/116.0.0.0 Mobile Safari/537.36"
162.158.193.74 - - [10/Jan/2026:10:31:38 +0300] "GET /gecko-new.php HTTP/1.0" 404 452 "https://www.bing.com/" "Mozilla/5.0 (Linux; Android 12; SM-A525F) AppleWebKit/537.36 (KHTML, like Gecko) Chrome/117.0.0.0 Mobile Safari/537.36"
162.158.193.74 - - [10/Jan/2026:10:31:38 +0300] "GET /admin-header.php HTTP/1.0" 404 452 "https://duckduckgo.com/" "Mozilla/5.g (Linux; Android 13; Pixel 7) AppleWebKit/537.36 (KHTML, like Gecko) Chrome/116.0.0.0 Mobile Safari/537.36"
162.158.193.74 - - [10/Jan/2026:10:31:38 +0300] "GET /edit.php HTTP/1.0" 404 452 "https://www.yahoo.com/" "Mozilla/5.0 (Linux; Android 11; CPH2251) AppleWebKit/537.36 (KHTML, like Gecko) Chrome/116.0.0.0 Mobile Safari/537.36"
162.158.193.74 - - [10/Jan/2026:10:31:39 +0300] "GET /ioxi-o.php HTTP/1.0" 404 452 "https://www.google.de/" "Mozilla/5.0 (Linux; Android 12; V2134) AppleWebKit/537.36 (KHTML, like Gecko) Chrome/116.0.0.0 Mobile Safari/537.36"
162.158.193.74 - - [10/Jan/2026:10:31:39 +0300] "GET /info.php HTTP/1.0" 404 452 "https://duckduckgo.com/" "Mozilla/5.0 (iPhone; CPU iPhone OS 15_7_9 like Mac OS X) AppleWebKit/605.1.15 (KHTML, like Gecko) Version/15.6.5 Mobile/15E148 Safari/604.1"
162.158.193.74 - - [10/Jan/2026:10:31:39 +0300] "GET /lock360.php HTTP/1.0" 404 452 "https://duckduckgo.com/" "Mozilla/5.0 (iPhone; CPU iPhone OS 17_0_3 like Mac OS X) AppleWebKit/605.1.15 (KHTML, like Gecko) Version/17.0.1 Mobile/15E148 Safari/604.1"
162.158.193.74 - - [10/Jan/2026:10:31:39 +0300] "GET /ws.php HTTP/1.0" 404 452 "https://duckduckgo.com/" "Mozilla/5.0 (Linux; Android 12; V2134) AppleWebKit/537.36 (KHTML, like Gecko) Chrome/116.0.0.0 Mobile Safari/537.36"
162.158.193.74 - - [10/Jan/2026:10:31:40 +0300] "GET /file4.php HTTP/1.0" 404 452 "https://www.google.com/" "Mozilla/5.0 (iPad; CPU OS 16_7_2 like Mac OS X) AppleWebKit/605.1.15 (KHTML, like Gecko) Version/16.6 Mobile/15E148 Safari/604.1"
162.158.193.74 - - [10/Jan/2026:10:31:40 +0300] "GET /wp-good.php HTTP/1.0" 404 452 "https://duckduckgo.com/" "Mozilla/5.0 (Linux; Android 11; 21081111RG) AppleWebKit/537.36 (KHTML, like Gecko) Chrome/116.0.0.0 Mobile Safari/537.36"
162.158.193.74 - - [10/Jan/2026:10:31:40 +0300] "GET /content.php HTTP/1.0" 404 452 "https://www.google.com/" "Mozilla/5.0 (iPad; CPU OS 16_7_2 like Mac OS X) AppleWebKit/605.1.15 (KHTML, like Gecko) Version/16.6 Mobile/15E148 Safari/604.1"
162.158.193.74 - - [10/Jan/2026:10:31:40 +0300] "GET /wp-signup.php HTTP/1.0" 404 452 "https://www.google.fr/" "Mozilla/5.0 (Linux; Android 14; Pixel 8 Pro) AppleWebKit/537.36 (KHTML, like Gecko) Chrome/119.0.0.0 Mobile Safari/537.36"
162.158.193.74 - - [10/Jan/2026:10:31:41 +0300] "GET /log.php HTTP/1.0" 404 452 "https://www.google.com/" "Mozilla/5.0 (iPhone; CPU iPhone OS 15_7_9 like Mac OS X) AppleWebKit/605.1.15 (KHTML, like Gecko) Version/15.6.5 Mobile/15E148 Safari/604.1"
162.158.193.74 - - [10/Jan/2026:10:31:42 +0300] "GET /hplfuns.php HTTP/1.0" 404 452 "https://www.google.com/" "Mozilla/5.0 (iPad; CPU OS 17_0_3 like Mac OS X) AppleWebKit/605.1.15 (KHTML, like Gecko) Version/17.0.1 Mobile/15E148 Safari/604.1"
162.158.193.74 - - [10/Jan/2026:10:31:43 +0300] "GET /ahax.php HTTP/1.0" 404 452 "https://www.google.de/" "Mozilla/5.0 (iPhone; CPU iPhone OS 16_0 like Mac OS X) AppleWebKit/605.1.15 (KHTML, like Gecko) FxiOS/118.0 Mobile/15E148 Safari/605.1.15"
162.158.193.74 - - [10/Jan/2026:10:31:43 +0300] "GET /atomlib.php HTTP/1.0" 404 452 "https://www.google.co.uk/" "Mozilla/5.g (Linux; Android 13; Pixel 7) AppleWebKit/537.36 (KHTML, like Gecko) Chrome/116.0.0.0 Mobile Safari/537.36"
162.158.193.74 - - [10/Jan/2026:10:31:43 +0300] "GET /server.php HTTP/1.0" 404 452 "https://www.google.fr/" "Mozilla/5.0 (iPad; CPU OS 16_7_2 like Mac OS X) AppleWebKit/605.1.15 (KHTML, like Gecko) Version/16.6 Mobile/15E148 Safari/604.1"
162.158.193.74 - - [10/Jan/2026:10:31:43 +0300] "GET /wp-trackback.php HTTP/1.0" 404 452 "https://www.google.com/" "Mozilla/5.0 (Linux; Android 13; M2101K6G) AppleWebKit/537.36 (KHTML, like Gecko) Chrome/116.0.0.0 Mobile Safari/537.36"
162.158.193.74 - - [10/Jan/2026:10:31:44 +0300] "GET /radio.php HTTP/1.0" 404 452 "https://www.google.fr/" "Mozilla/5.0 (iPad; CPU OS 17_0_3 like Mac OS X) AppleWebKit/605.1.15 (KHTML, like Gecko) Version/17.0.1 Mobile/15E148 Safari/604.1"
162.158.193.74 - - [10/Jan/2026:10:31:44 +0300] "GET /wp-setup.php HTTP/1.0" 404 452 "https://www.google.de/" "Mozilla/5.0 (Linux; Android 14; Pixel 8 Pro) AppleWebKit/537.36 (KHTML, like Gecko) Chrome/119.0.0.0 Mobile Safari/537.36"
162.158.193.74 - - [10/Jan/2026:10:31:44 +0300] "GET /options.php HTTP/1.0" 404 452 "https://www.google.fr/" "Mozilla/5.0 (iPhone; CPU iPhone OS 17_1 like Mac OS X) AppleWebKit/605.1.15 (KHTML, like Gecko) CriOS/119.0.6045.109 Mobile/15E148 Safari/604.1"
172.70.39.143 - - [10/Jan/2026:10:31:44 +0300] "GET /?n=03291180998700 HTTP/1.0" 200 1418 "-" "Mozilla/5.0 AppleWebKit/537.36 (KHTML, like Gecko; compatible; bingbot/2.0; +http://www.bing.com/bingbot.htm) Chrome/116.0.1938.76 Safari/537.36"
162.158.193.74 - - [10/Jan/2026:10:31:44 +0300] "GET /wp-user.php HTTP/1.0" 404 452 "https://www.yahoo.com/" "Mozilla/5.0 (iPhone; CPU iPhone OS 15_7_9 like Mac OS X) AppleWebKit/605.1.15 (KHTML, like Gecko) Version/15.6.5 Mobile/15E148 Safari/604.1"
162.158.193.74 - - [10/Jan/2026:10:31:45 +0300] "GET /new.php HTTP/1.0" 404 452 "https://www.google.com/" "Mozilla/5.0 (Linux; Android 11; CPH2251) AppleWebKit/537.36 (KHTML, like Gecko) Chrome/116.0.0.0 Mobile Safari/537.36"
162.158.193.74 - - [10/Jan/2026:10:31:45 +0300] "GET /classwithtostring.php HTTP/1.0" 404 452 "https://www.google.de/" "Mozilla/5.0 (Linux; Android 10; K) AppleWebKit/537.36 (KHTML, like Gecko) Chrome/117.0.0.0 Mobile Safari/537.36"
162.158.193.74 - - [10/Jan/2026:10:31:45 +0300] "GET /bgymj.php HTTP/1.0" 404 452 "https://www.google.fr/" "Mozilla/5.0 (Linux; Android 12; SM-A525F) AppleWebKit/537.36 (KHTML, like Gecko) Chrome/117.0.0.0 Mobile Safari/537.36"
162.158.193.74 - - [10/Jan/2026:10:31:45 +0300] "GET /default.php HTTP/1.0" 404 452 "https://www.bing.com/" "Mozilla/5.0 (iPad; CPU OS 16_7_2 like Mac OS X) AppleWebKit/605.1.15 (KHTML, like Gecko) Version/16.6 Mobile/15E148 Safari/604.1"
162.158.193.74 - - [10/Jan/2026:10:31:46 +0300] "GET /root.php HTTP/1.0" 404 452 "https://www.google.de/" "Mozilla/5.0 (Linux; Android 12; 2201116SG) AppleWebKit/537.36 (KHTML, like Gecko) Chrome/116.0.0.0 Mobile Safari/537.36"
162.158.193.74 - - [10/Jan/2026:10:31:46 +0300] "GET /wp-file.php HTTP/1.0" 404 452 "https://www.google.de/" "Mozilla/5.0 (iPhone; CPU iPhone OS 17_1 like Mac OS X) AppleWebKit/605.1.15 (KHTML, like Gecko) CriOS/119.0.6045.109 Mobile/15E148 Safari/604.1"
162.158.193.74 - - [10/Jan/2026:10:31:46 +0300] "GET /themes.php HTTP/1.0" 404 452 "https://www.google.co.uk/" "Mozilla/5.0 (Linux; Android 13; M2101K6G) AppleWebKit/537.36 (KHTML, like Gecko) Chrome/116.0.0.0 Mobile Safari/537.36"
162.158.193.74 - - [10/Jan/2026:10:31:46 +0300] "GET /gmo.php HTTP/1.0" 404 452 "https://www.google.com/" "Mozilla/5.0 (Linux; Android 12; V2134) AppleWebKit/537.36 (KHTML, like Gecko) Chrome/116.0.0.0 Mobile Safari/537.36"
162.158.193.74 - - [10/Jan/2026:10:31:46 +0300] "GET /asasx.php HTTP/1.0" 404 452 "https://www.google.co.uk/" "Mozilla/5.0 (Linux; Android 10; LM-Q720) AppleWebKit/537.36 (KHTML, like Gecko) Chrome/116.0.0.0 Mobile Safari/537.36"
162.158.193.74 - - [10/Jan/2026:10:31:47 +0300] "GET /xleet.php HTTP/1.0" 404 452 "https://duckduckgo.com/" "Mozilla/5.g (Linux; Android 13; Pixel 7) AppleWebKit/537.36 (KHTML, like Gecko) Chrome/116.0.0.0 Mobile Safari/537.36"
162.158.193.74 - - [10/Jan/2026:10:31:47 +0300] "GET /wp-error.php HTTP/1.0" 404 452 "https://www.yahoo.com/" "Mozilla/5.0 (Linux; Android 13; SM-G991U) AppleWebKit/537.36 (KHTML, like Gecko) Chrome/117.0.0.0 Mobile Safari/537.36"
172.64.192.216 - - [10/Jan/2026:10:33:51 +0300] "GET / HTTP/1.0" 200 1407 "-" "Mozilla/5.0 (compatible; AhrefsBot/7.0; +http://ahrefs.com/robot/)"
162.158.79.165 - - [10/Jan/2026:10:34:27 +0300] "GET /3020228219.shtm HTTP/1.0" 404 456 "-" "Mozilla/5.0 AppleWebKit/537.36 (KHTML, like Gecko; compatible; bingbot/2.0; +http://www.bing.com/bingbot.htm) Chrome/116.0.1938.76 Safari/537.36"
172.69.65.120 - - [10/Jan/2026:10:34:36 +0300] "GET /?ID=4313.html HTTP/1.0" 200 11010 "-" "Mozilla/5.0 (Linux; Android 6.0.1; Nexus 5X Build/MMB29P) AppleWebKit/537.36 (KHTML, like Gecko) Chrome/143.0.7499.192 Mobile Safari/537.36 (compatible; Googlebot/2.1; +http://www.google.com/bot.html)"
172.71.223.183 - - [10/Jan/2026:10:34:58 +0300] "GET /3256833423.shtm HTTP/1.0" 404 456 "-" "Mozilla/5.0 AppleWebKit/537.36 (KHTML, like Gecko; compatible; bingbot/2.0; +http://www.bing.com/bingbot.htm) Chrome/116.0.1938.76 Safari/537.36"
162.159.106.79 - - [10/Jan/2026:10:35:11 +0300] "GET /?GameID=2026-01-01/9503.html HTTP/1.0" 200 9125 "-" "Mozilla/5.0 (Linux; Android 6.0.1; Nexus 5X Build/MMB29P) AppleWebKit/537.36 (KHTML, like Gecko) Chrome/143.0.7499.192 Mobile Safari/537.36 (compatible; Googlebot/2.1; +http://www.google.com/bot.html)"
172.71.166.217 - - [10/Jan/2026:10:36:05 +0300] "GET /?GameID=2026-01-09/3687.html HTTP/1.0" 200 9911 "-" "Mozilla/5.0 (Linux; Android 6.0.1; Nexus 5X Build/MMB29P) AppleWebKit/537.36 (KHTML, like Gecko) Chrome/143.0.7499.192 Mobile Safari/537.36 (compatible; Googlebot/2.1; +http://www.google.com/bot.html)"
172.71.166.217 - - [10/Jan/2026:10:36:23 +0300] "GET /?ID=7681.html HTTP/1.0" 200 9251 "-" "Mozilla/5.0 (Linux; Android 6.0.1; Nexus 5X Build/MMB29P) AppleWebKit/537.36 (KHTML, like Gecko) Chrome/143.0.7499.192 Mobile Safari/537.36 (compatible; Googlebot/2.1; +http://www.google.com/bot.html)"
172.68.15.218 - - [10/Jan/2026:10:38:20 +0300] "GET /?n=92421142405204 HTTP/1.0" 200 1418 "-" "Mozilla/5.0 AppleWebKit/537.36 (KHTML, like Gecko; compatible; bingbot/2.0; +http://www.bing.com/bingbot.htm) Chrome/116.0.1938.76 Safari/537.36"
162.158.210.16 - - [10/Jan/2026:10:38:57 +0300] "GET /1.tar.gz HTTP/1.0" 404 452 "-" "Mozilla/5.0 (Windows NT 10.0; Win64; x64) AppleWebKit/537.36 (KHTML, like Gecko) Chrome/101.0.4951.67 Safari/537.36"
162.159.106.79 - - [10/Jan/2026:10:39:05 +0300] "GET /?ID=1329.html HTTP/1.0" 200 9877 "-" "Mozilla/5.0 (Linux; Android 6.0.1; Nexus 5X Build/MMB29P) AppleWebKit/537.36 (KHTML, like Gecko) Chrome/143.0.7499.192 Mobile Safari/537.36 (compatible; Googlebot/2.1; +http://www.google.com/bot.html)"
162.159.106.79 - - [10/Jan/2026:10:39:06 +0300] "GET /?GameID=2026-01-09/5132.html HTTP/1.0" 200 18762 "-" "Mozilla/5.0 (Linux; Android 6.0.1; Nexus 5X Build/MMB29P) AppleWebKit/537.36 (KHTML, like Gecko) Chrome/143.0.7499.192 Mobile Safari/537.36 (compatible; Googlebot/2.1; +http://www.google.com/bot.html)"
162.159.106.79 - - [10/Jan/2026:10:40:43 +0300] "GET /?ID=8271.html HTTP/1.0" 200 9661 "-" "Mozilla/5.0 (Linux; Android 6.0.1; Nexus 5X Build/MMB29P) AppleWebKit/537.36 (KHTML, like Gecko) Chrome/143.0.7499.192 Mobile Safari/537.36 (compatible; Googlebot/2.1; +http://www.google.com/bot.html)"
172.70.34.224 - - [10/Jan/2026:10:41:26 +0300] "GET /2924110297.shtm HTTP/1.0" 404 456 "-" "Mozilla/5.0 AppleWebKit/537.36 (KHTML, like Gecko; compatible; bingbot/2.0; +http://www.bing.com/bingbot.htm) Chrome/116.0.1938.76 Safari/537.36"
172.71.166.216 - - [10/Jan/2026:10:41:39 +0300] "GET /?GameID=2026-01-09/184.html HTTP/1.0" 200 36107 "-" "Mozilla/5.0 (Linux; Android 6.0.1; Nexus 5X Build/MMB29P) AppleWebKit/537.36 (KHTML, like Gecko) Chrome/143.0.7499.192 Mobile Safari/537.36 (compatible; Googlebot/2.1; +http://www.google.com/bot.html)"
172.69.65.119 - - [10/Jan/2026:10:41:43 +0300] "GET /?GameID=1301.html HTTP/1.0" 200 49874 "https://www.tkanika.ru/?GameID=2026-01-09/184.html" "Mozilla/5.0 (Linux; Android 6.0.1; Nexus 5X Build/MMB29P) AppleWebKit/537.36 (KHTML, like Gecko) Chrome/143.0.7499.169 Mobile Safari/537.36 (compatible; Googlebot/2.1; +http://www.google.com/bot.html)"
172.71.166.216 - - [10/Jan/2026:10:41:45 +0300] "GET /?GameID=1143.html HTTP/1.0" 200 10925 "https://www.tkanika.ru/?GameID=2026-01-09/184.html" "Mozilla/5.0 (Linux; Android 6.0.1; Nexus 5X Build/MMB29P) AppleWebKit/537.36 (KHTML, like Gecko) Chrome/143.0.7499.169 Mobile Safari/537.36 (compatible; Googlebot/2.1; +http://www.google.com/bot.html)"
172.69.65.119 - - [10/Jan/2026:10:41:52 +0300] "GET /?ID=%EB%AC%B4%EB%A3%8C%20%EB%B0%94%EB%91%91%20%EC%B6%94%EC%B2%9C.html HTTP/1.0" 200 9602 "-" "Mozilla/5.0 (Linux; Android 6.0.1; Nexus 5X Build/MMB29P) AppleWebKit/537.36 (KHTML, like Gecko) Chrome/143.0.7499.192 Mobile Safari/537.36 (compatible; Googlebot/2.1; +http://www.google.com/bot.html)"
172.71.166.216 - - [10/Jan/2026:10:42:16 +0300] "GET /?GameID=3911.html HTTP/1.0" 200 10990 "-" "Mozilla/5.0 (compatible; Googlebot/2.1; +http://www.google.com/bot.html)"
172.69.65.119 - - [10/Jan/2026:10:42:17 +0300] "GET /?GameID=3911.html HTTP/1.0" 200 10990 "-" "Mozilla/5.0 (compatible; Googlebot/2.1; +http://www.google.com/bot.html)"
104.23.209.110 - - [10/Jan/2026:10:42:19 +0300] "GET /?n=77717117696004 HTTP/1.0" 200 1418 "-" "Mozilla/5.0 AppleWebKit/537.36 (KHTML, like Gecko; compatible; bingbot/2.0; +http://www.bing.com/bingbot.htm) Chrome/116.0.1938.76 Safari/537.36"
172.68.245.206 - - [10/Jan/2026:10:43:29 +0300] "GET /?n=03145279006200 HTTP/1.0" 200 1418 "-" "Mozilla/5.0 AppleWebKit/537.36 (KHTML, like Gecko; compatible; bingbot/2.0; +http://www.bing.com/bingbot.htm) Chrome/116.0.1938.76 Safari/537.36"
172.70.162.168 - - [10/Jan/2026:10:44:37 +0300] "GET / HTTP/1.0" 200 1407 "-" "Mozilla/5.0 (compatible; AhrefsBot/7.0; +http://ahrefs.com/robot/)"
172.71.166.217 - - [10/Jan/2026:10:44:43 +0300] "GET /?GameID=3419.html HTTP/1.0" 200 10513 "-" "Mozilla/5.0 (compatible; Googlebot/2.1; +http://www.google.com/bot.html)"
172.70.42.79 - - [10/Jan/2026:10:45:07 +0300] "GET / HTTP/1.0" 200 1407 "http://www.tkanika.ru" "Mozilla/5.0 (iPhone; CPU iPhone OS 13_2_3 like Mac OS X) AppleWebKit/605.1.15 (KHTML, like Gecko) Version/13.0.3 Mobile/15E148 Safari/604.1"
172.71.223.183 - - [10/Jan/2026:10:45:28 +0300] "GET /?n=04542292291500 HTTP/1.0" 200 1418 "-" "Mozilla/5.0 AppleWebKit/537.36 (KHTML, like Gecko; compatible; bingbot/2.0; +http://www.bing.com/bingbot.htm) Chrome/116.0.1938.76 Safari/537.36"
172.71.184.121 - - [10/Jan/2026:10:46:54 +0300] "GET / HTTP/1.0" 200 1407 "https://tkanika.ru/" "Mozilla/5.0 (Windows NT 10.0; Win64; x64) AppleWebKit/537.36 (KHTML, like Gecko) Chrome/131.0.0.0 Safari/537.36"
104.23.223.133 - - [10/Jan/2026:10:46:54 +0300] "GET /contacts/ HTTP/1.0" 200 1669 "https://tkanika.ru/contacts/" "Mozilla/5.0 (Windows NT 10.0; Win64; x64) AppleWebKit/537.36 (KHTML, like Gecko) Chrome/131.0.0.0 Safari/537.36"
172.70.174.128 - - [10/Jan/2026:10:47:17 +0300] "GET /?n=7794047481305 HTTP/1.0" 200 1418 "-" "Mozilla/5.0 AppleWebKit/537.36 (KHTML, like Gecko; compatible; bingbot/2.0; +http://www.bing.com/bingbot.htm) Chrome/116.0.1938.76 Safari/537.36"
172.70.39.144 - - [10/Jan/2026:10:50:30 +0300] "GET /3878471782.shtm HTTP/1.0" 404 456 "-" "Mozilla/5.0 AppleWebKit/537.36 (KHTML, like Gecko; compatible; bingbot/2.0; +http://www.bing.com/bingbot.htm) Chrome/116.0.1938.76 Safari/537.36"
172.68.26.73 - - [10/Jan/2026:10:52:26 +0300] "GET /?ID=5040.html HTTP/1.0" 200 9383 "-" "Mozilla/5.0 (compatible; Googlebot/2.1; +http://www.google.com/bot.html)"
172.70.42.78 - - [10/Jan/2026:10:52:31 +0300] "GET /?n=12938203286900 HTTP/1.0" 200 1418 "-" "Mozilla/5.0 AppleWebKit/537.36 (KHTML, like Gecko; compatible; bingbot/2.0; +http://www.bing.com/bingbot.htm) Chrome/116.0.1938.76 Safari/537.36"
162.158.79.165 - - [10/Jan/2026:10:53:50 +0300] "GET /?n=3529931717003 HTTP/1.0" 200 1418 "-" "Mozilla/5.0 AppleWebKit/537.36 (KHTML, like Gecko; compatible; bingbot/2.0; +http://www.bing.com/bingbot.htm) Chrome/116.0.1938.76 Safari/537.36"
172.70.39.144 - - [10/Jan/2026:10:54:02 +0300] "GET /3187137989.shtm HTTP/1.0" 404 456 "-" "Mozilla/5.0 AppleWebKit/537.36 (KHTML, like Gecko; compatible; bingbot/2.0; +http://www.bing.com/bingbot.htm) Chrome/116.0.1938.76 Safari/537.36"
172.68.26.73 - - [10/Jan/2026:10:54:25 +0300] "GET /?GameID=2026-01-08/wmnojm.html HTTP/1.0" 200 9802 "-" "Mozilla/5.0 (compatible; Googlebot/2.1; +http://www.google.com/bot.html)"
172.64.192.164 - - [10/Jan/2026:10:55:21 +0300] "GET /4224427039.shtm HTTP/1.0" 404 452 "-" "Mozilla/5.0 (compatible; AhrefsBot/7.0; +http://ahrefs.com/robot/)"
172.68.159.11 - - [10/Jan/2026:10:55:49 +0300] "GET /index.php/jk HTTP/1.0" 200 1407 "-" "Mozilla/5.0 (Windows NT 6.2; WOW64) AppleWebKit/535.24 (KHTML, like Gecko) Chrome/80.0.1055.1 Safari/535.24"
104.23.209.110 - - [10/Jan/2026:10:56:07 +0300] "GET /2492124919.shtm HTTP/1.0" 404 456 "-" "Mozilla/5.0 AppleWebKit/537.36 (KHTML, like Gecko; compatible; bingbot/2.0; +http://www.bing.com/bingbot.htm) Chrome/116.0.1938.76 Safari/537.36"
172.70.39.143 - - [10/Jan/2026:10:56:19 +0300] "GET /3011687306.shtm HTTP/1.0" 404 456 "-" "Mozilla/5.0 AppleWebKit/537.36 (KHTML, like Gecko; compatible; bingbot/2.0; +http://www.bing.com/bingbot.htm) Chrome/116.0.1938.76 Safari/537.36"
104.23.213.53 - - [10/Jan/2026:10:56:24 +0300] "GET /1979379211.shtm HTTP/1.0" 404 456 "-" "Mozilla/5.0 AppleWebKit/537.36 (KHTML, like Gecko; compatible; bingbot/2.0; +http://www.bing.com/bingbot.htm) Chrome/116.0.1938.76 Safari/537.36"
172.68.26.72 - - [10/Jan/2026:10:56:30 +0300] "GET /?GameID=2026-01-09/1963.html HTTP/1.0" 200 49857 "-" "Mozilla/5.0 (Linux; Android 6.0.1; Nexus 5X Build/MMB29P) AppleWebKit/537.36 (KHTML, like Gecko) Chrome/143.0.7499.192 Mobile Safari/537.36 (compatible; Googlebot/2.1; +http://www.google.com/bot.html)"
172.70.42.79 - - [10/Jan/2026:10:56:59 +0300] "GET /2575183493.shtm HTTP/1.0" 404 456 "-" "Mozilla/5.0 AppleWebKit/537.36 (KHTML, like Gecko; compatible; bingbot/2.0; +http://www.bing.com/bingbot.htm) Chrome/116.0.1938.76 Safari/537.36"
172.70.42.79 - - [10/Jan/2026:10:57:20 +0300] "GET /?n=5079328465505 HTTP/1.0" 200 1418 "-" "Mozilla/5.0 AppleWebKit/537.36 (KHTML, like Gecko; compatible; bingbot/2.0; +http://www.bing.com/bingbot.htm) Chrome/116.0.1938.76 Safari/537.36"
104.23.168.105 - - [10/Jan/2026:10:57:35 +0300] "GET /zhaljuzi/ HTTP/1.0" 200 1428 "-" "Mozilla/5.0 (Windows NT 10.0; WOW64) AppleWebKit/537.36 (KHTML, like Gecko) Chrome/48.0.2564.116 Safari/537.36"
172.70.206.123 - - [10/Jan/2026:10:57:45 +0300] "GET /js/jcarousellite.js HTTP/1.1" 200 13970 "https://tkanika.ru/zhaljuzi/" "Mozilla/5.0 (Windows NT 10.0; Win64; x64) AppleWebKit/537.36 (KHTML, like Gecko) Chrome/99.0.4844.51 Safari/537.36"
104.23.213.53 - - [10/Jan/2026:10:57:49 +0300] "GET /2466943594.shtm HTTP/1.0" 404 456 "-" "Mozilla/5.0 AppleWebKit/537.36 (KHTML, like Gecko; compatible; bingbot/2.0; +http://www.bing.com/bingbot.htm) Chrome/116.0.1938.76 Safari/537.36"
172.71.190.86 - - [10/Jan/2026:10:58:12 +0300] "GET /?n=23506248300801 HTTP/1.0" 200 1418 "-" "Mozilla/5.0 AppleWebKit/537.36 (KHTML, like Gecko; compatible; bingbot/2.0; +http://www.bing.com/bingbot.htm) Chrome/116.0.1938.76 Safari/537.36"
104.23.209.110 - - [10/Jan/2026:10:58:39 +0300] "GET /2768281875.shtm HTTP/1.0" 404 456 "-" "Mozilla/5.0 AppleWebKit/537.36 (KHTML, like Gecko; compatible; bingbot/2.0; +http://www.bing.com/bingbot.htm) Chrome/116.0.1938.76 Safari/537.36"
172.68.23.154 - - [10/Jan/2026:10:59:14 +0300] "GET /robots.txt HTTP/1.1" 404 173 "-" "Mozilla/5.0 (compatible; DotBot/1.2; +https://opensiteexplorer.org/dotbot; help@moz.com)"
198.41.227.153 - - [10/Jan/2026:10:59:14 +0300] "GET /?ID=7204.html HTTP/1.0" 200 10118 "-" "Mozilla/5.0 (Linux; Android 6.0.1; Nexus 5X Build/MMB29P) AppleWebKit/537.36 (KHTML, like Gecko) Chrome/143.0.7499.192 Mobile Safari/537.36 (compatible; Googlebot/2.1; +http://www.google.com/bot.html)"
172.71.194.99 - - [10/Jan/2026:10:59:18 +0300] "GET /1662138591.shtm HTTP/1.0" 404 456 "-" "Mozilla/5.0 AppleWebKit/537.36 (KHTML, like Gecko; compatible; bingbot/2.0; +http://www.bing.com/bingbot.htm) Chrome/116.0.1938.76 Safari/537.36"
162.159.104.109 - - [10/Jan/2026:11:00:16 +0300] "GET /?GameID=2026-01-01/ssyvwi.html HTTP/1.0" 200 37780 "-" "Mozilla/5.0 (Linux; Android 6.0.1; Nexus 5X Build/MMB29P) AppleWebKit/537.36 (KHTML, like Gecko) Chrome/143.0.7499.192 Mobile Safari/537.36 (compatible; Googlebot/2.1; +http://www.google.com/bot.html)"
162.159.104.109 - - [10/Jan/2026:11:00:24 +0300] "GET /?ID=3921.html HTTP/1.0" 200 9876 "https://www.tkanika.ru/?GameID=2026-01-01/ssyvwi.html" "Mozilla/5.0 (Linux; Android 6.0.1; Nexus 5X Build/MMB29P) AppleWebKit/537.36 (KHTML, like Gecko) Chrome/143.0.7499.169 Mobile Safari/537.36 (compatible; Googlebot/2.1; +http://www.google.com/bot.html)"
172.70.174.129 - - [10/Jan/2026:11:00:28 +0300] "GET /3579858567.shtm HTTP/1.0" 404 456 "-" "Mozilla/5.0 AppleWebKit/537.36 (KHTML, like Gecko; compatible; bingbot/2.0; +http://www.bing.com/bingbot.htm) Chrome/116.0.1938.76 Safari/537.36"
198.41.227.153 - - [10/Jan/2026:11:02:31 +0300] "GET /?GameID=2026-01-01/578.html HTTP/1.0" 200 11162 "-" "Mozilla/5.0 (Linux; Android 6.0.1; Nexus 5X Build/MMB29P) AppleWebKit/537.36 (KHTML, like Gecko) Chrome/143.0.7499.192 Mobile Safari/537.36 (compatible; Googlebot/2.1; +http://www.google.com/bot.html)"
172.71.190.87 - - [10/Jan/2026:11:02:41 +0300] "GET /2505665745.shtm HTTP/1.0" 404 456 "-" "Mozilla/5.0 AppleWebKit/537.36 (KHTML, like Gecko; compatible; bingbot/2.0; +http://www.bing.com/bingbot.htm) Chrome/116.0.1938.76 Safari/537.36"
172.71.190.87 - - [10/Jan/2026:11:02:48 +0300] "GET /4277085040.shtm HTTP/1.0" 404 456 "-" "Mozilla/5.0 AppleWebKit/537.36 (KHTML, like Gecko; compatible; bingbot/2.0; +http://www.bing.com/bingbot.htm) Chrome/116.0.1938.76 Safari/537.36"
104.23.209.111 - - [10/Jan/2026:11:04:10 +0300] "GET /?n=86998193543502 HTTP/1.0" 200 1418 "-" "Mozilla/5.0 AppleWebKit/537.36 (KHTML, like Gecko; compatible; bingbot/2.0; +http://www.bing.com/bingbot.htm) Chrome/116.0.1938.76 Safari/537.36"
198.41.227.153 - - [10/Jan/2026:11:04:33 +0300] "GET /?ID=5316.html HTTP/1.0" 200 19381 "-" "Mozilla/5.0 (Linux; Android 6.0.1; Nexus 5X Build/MMB29P) AppleWebKit/537.36 (KHTML, like Gecko) Chrome/143.0.7499.192 Mobile Safari/537.36 (compatible; Googlebot/2.1; +http://www.google.com/bot.html)"
172.70.86.157 - - [10/Jan/2026:11:05:23 +0300] "GET /3809452421.shtm HTTP/1.0" 404 452 "-" "Mozilla/5.0 (compatible; AhrefsBot/7.0; +http://ahrefs.com/robot/)"
172.70.42.78 - - [10/Jan/2026:11:06:58 +0300] "GET /?n=96327165660900 HTTP/1.0" 200 1418 "-" "Mozilla/5.0 AppleWebKit/537.36 (KHTML, like Gecko; compatible; bingbot/2.0; +http://www.bing.com/bingbot.htm) Chrome/116.0.1938.76 Safari/537.36"
172.71.194.98 - - [10/Jan/2026:11:07:31 +0300] "GET /545884276.shtm HTTP/1.0" 404 456 "-" "Mozilla/5.0 AppleWebKit/537.36 (KHTML, like Gecko; compatible; bingbot/2.0; +http://www.bing.com/bingbot.htm) Chrome/116.0.1938.76 Safari/537.36"
172.70.39.143 - - [10/Jan/2026:11:09:00 +0300] "GET /3803311444.shtm HTTP/1.0" 404 456 "-" "Mozilla/5.0 AppleWebKit/537.36 (KHTML, like Gecko; compatible; bingbot/2.0; +http://www.bing.com/bingbot.htm) Chrome/116.0.1938.76 Safari/537.36"
162.159.120.176 - - [10/Jan/2026:11:09:19 +0300] "GET /db0aws/child-care-cpr-classes-near-me.html HTTP/1.0" 404 452 "-" "Mozilla/5.0 (compatible; DotBot/1.2; +https://opensiteexplorer.org/dotbot; help@moz.com)"
162.159.104.109 - - [10/Jan/2026:11:10:01 +0300] "GET /?ID=8003.html HTTP/1.0" 200 10478 "-" "Mozilla/5.0 (Linux; Android 6.0.1; Nexus 5X Build/MMB29P) AppleWebKit/537.36 (KHTML, like Gecko) Chrome/143.0.7499.192 Mobile Safari/537.36 (compatible; Googlebot/2.1; +http://www.google.com/bot.html)"
172.71.223.184 - - [10/Jan/2026:11:10:31 +0300] "GET /3561817353.shtm HTTP/1.0" 404 456 "-" "Mozilla/5.0 AppleWebKit/537.36 (KHTML, like Gecko; compatible; bingbot/2.0; +http://www.bing.com/bingbot.htm) Chrome/116.0.1938.76 Safari/537.36"
172.70.34.224 - - [10/Jan/2026:11:11:13 +0300] "GET /?n=9948819304100 HTTP/1.0" 200 1418 "-" "Mozilla/5.0 AppleWebKit/537.36 (KHTML, like Gecko; compatible; bingbot/2.0; +http://www.bing.com/bingbot.htm) Chrome/116.0.1938.76 Safari/537.36"
172.70.39.143 - - [10/Jan/2026:11:13:44 +0300] "GET /?n=44424265748007 HTTP/1.0" 200 1418 "-" "Mozilla/5.0 AppleWebKit/537.36 (KHTML, like Gecko; compatible; bingbot/2.0; +http://www.bing.com/bingbot.htm) Chrome/116.0.1938.76 Safari/537.36"
198.41.227.153 - - [10/Jan/2026:11:14:25 +0300] "GET /?ID=4735.html HTTP/1.0" 200 10224 "-" "Mozilla/5.0 AppleWebKit/537.36 (KHTML, like Gecko; compatible; Googlebot/2.1; +http://www.google.com/bot.html) Chrome/143.0.7499.169 Safari/537.36"
172.71.190.87 - - [10/Jan/2026:11:14:34 +0300] "GET /541398951.shtm HTTP/1.0" 404 456 "-" "Mozilla/5.0 AppleWebKit/537.36 (KHTML, like Gecko; compatible; bingbot/2.0; +http://www.bing.com/bingbot.htm) Chrome/116.0.1938.76 Safari/537.36"
172.64.192.165 - - [10/Jan/2026:11:15:06 +0300] "GET /368492242.shtm HTTP/1.0" 404 452 "-" "Mozilla/5.0 (compatible; AhrefsBot/7.0; +http://ahrefs.com/robot/)"
162.159.104.109 - - [10/Jan/2026:11:15:29 +0300] "GET /?ID=8019.html HTTP/1.0" 200 36746 "-" "Mozilla/5.0 (Linux; Android 6.0.1; Nexus 5X Build/MMB29P) AppleWebKit/537.36 (KHTML, like Gecko) Chrome/143.0.7499.192 Mobile Safari/537.36 (compatible; Googlebot/2.1; +http://www.google.com/bot.html)"
172.69.65.119 - - [10/Jan/2026:11:15:33 +0300] "GET /?ID=8246.html HTTP/1.0" 200 50876 "https://www.tkanika.ru/?ID=8019.html" "Mozilla/5.0 (Linux; Android 6.0.1; Nexus 5X Build/MMB29P) AppleWebKit/537.36 (KHTML, like Gecko) Chrome/143.0.7499.192 Mobile Safari/537.36 (compatible; Googlebot/2.1; +http://www.google.com/bot.html)"
162.159.104.109 - - [10/Jan/2026:11:15:34 +0300] "GET /?ID=8419.html HTTP/1.0" 200 49523 "https://www.tkanika.ru/?ID=8019.html" "Mozilla/5.0 (Linux; Android 6.0.1; Nexus 5X Build/MMB29P) AppleWebKit/537.36 (KHTML, like Gecko) Chrome/143.0.7499.192 Mobile Safari/537.36 (compatible; Googlebot/2.1; +http://www.google.com/bot.html)"
162.158.110.156 - - [10/Jan/2026:11:16:09 +0300] "GET /wp-admin/css/ HTTP/1.0" 404 452 "binance.com" "Mozilla/5.0 (Windows NT 10.0; Win64; x64) AppleWebKit/537.36 (KHTML, like Gecko) Chrome/90.0.4430.85 Safari/537.36"
104.23.211.224 - - [10/Jan/2026:11:16:21 +0300] "GET /1422125695.shtm HTTP/1.0" 404 456 "-" "Mozilla/5.0 AppleWebKit/537.36 (KHTML, like Gecko; compatible; bingbot/2.0; +http://www.bing.com/bingbot.htm) Chrome/116.0.1938.76 Safari/537.36"
162.158.95.115 - - [10/Jan/2026:11:16:25 +0300] "GET /sites/default/files/ HTTP/1.0" 404 452 "binance.com" "Mozilla/5.0 (Windows NT 10.0; Win64; x64) AppleWebKit/537.36 (KHTML, like Gecko) Chrome/90.0.4430.85 Safari/537.36"
172.70.242.135 - - [10/Jan/2026:11:16:32 +0300] "GET /admin/controller/extension/extension/ HTTP/1.0" 404 452 "binance.com" "Mozilla/5.0 (Windows NT 10.0; Win64; x64) AppleWebKit/537.36 (KHTML, like Gecko) Chrome/90.0.4430.85 Safari/537.36"
104.23.211.224 - - [10/Jan/2026:11:16:34 +0300] "GET /3116261061.shtm HTTP/1.0" 404 456 "-" "Mozilla/5.0 AppleWebKit/537.36 (KHTML, like Gecko; compatible; bingbot/2.0; +http://www.bing.com/bingbot.htm) Chrome/116.0.1938.76 Safari/537.36"
172.70.240.61 - - [10/Jan/2026:11:16:38 +0300] "GET /uploads/ HTTP/1.0" 404 452 "binance.com" "Mozilla/5.0 (Windows NT 10.0; Win64; x64) AppleWebKit/537.36 (KHTML, like Gecko) Chrome/90.0.4430.85 Safari/537.36"
172.69.151.93 - - [10/Jan/2026:11:16:43 +0300] "GET /images/ HTTP/1.0" 200 1765 "binance.com" "Mozilla/5.0 (Windows NT 10.0; Win64; x64) AppleWebKit/537.36 (KHTML, like Gecko) Chrome/90.0.4430.85 Safari/537.36"
172.71.126.125 - - [10/Jan/2026:11:16:47 +0300] "GET /files/ HTTP/1.0" 404 452 "binance.com" "Mozilla/5.0 (Windows NT 10.0; Win64; x64) AppleWebKit/537.36 (KHTML, like Gecko) Chrome/90.0.4430.85 Safari/537.36"
162.159.104.108 - - [10/Jan/2026:11:17:56 +0300] "GET /?GameID=2026-01-09/yitdag.html HTTP/1.0" 200 50891 "-" "Mozilla/5.0 (Linux; Android 6.0.1; Nexus 5X Build/MMB29P) AppleWebKit/537.36 (KHTML, like Gecko) Chrome/143.0.7499.192 Mobile Safari/537.36 (compatible; Googlebot/2.1; +http://www.google.com/bot.html)"
104.23.211.225 - - [10/Jan/2026:11:18:43 +0300] "GET /2228056194.shtm HTTP/1.0" 404 456 "-" "Mozilla/5.0 AppleWebKit/537.36 (KHTML, like Gecko; compatible; bingbot/2.0; +http://www.bing.com/bingbot.htm) Chrome/116.0.1938.76 Safari/537.36"
162.158.175.66 - - [10/Jan/2026:11:18:59 +0300] "GET /?ID=%EB%A7%88%EC%9D%B8%ED%81%AC%EB%9E%98%ED%94%84%ED%8A%B8%20%EB%8F%84%EB%B0%95%20%EC%8A%A4%ED%81%AC%EB%A6%BD%ED%8A%B8.html HTTP/1.0" 200 18678 "-" "Mozilla/5.0 (Linux; Android 6.0.1; Nexus 5X Build/MMB29P) AppleWebKit/537.36 (KHTML, like Gecko) Chrome/143.0.7499.192 Mobile Safari/537.36 (compatible; Googlebot/2.1; +http://www.google.com/bot.html)"
162.158.175.66 - - [10/Jan/2026:11:19:01 +0300] "GET /?GameID=2026-01-02/oxvyzy.html HTTP/1.0" 200 19265 "-" "Mozilla/5.0 (Linux; Android 6.0.1; Nexus 5X Build/MMB29P) AppleWebKit/537.36 (KHTML, like Gecko) Chrome/143.0.7499.192 Mobile Safari/537.36 (compatible; Googlebot/2.1; +http://www.google.com/bot.html)"
162.159.104.108 - - [10/Jan/2026:11:19:03 +0300] "GET /?GameID=2026-01-01/twgsio.html HTTP/1.0" 200 49329 "-" "Mozilla/5.0 (Linux; Android 6.0.1; Nexus 5X Build/MMB29P) AppleWebKit/537.36 (KHTML, like Gecko) Chrome/143.0.7499.192 Mobile Safari/537.36 (compatible; Googlebot/2.1; +http://www.google.com/bot.html)"
162.159.104.108 - - [10/Jan/2026:11:19:05 +0300] "GET /?GameID=2026-01-02/aeechd.html HTTP/1.0" 200 9884 "-" "Mozilla/5.0 (Linux; Android 6.0.1; Nexus 5X Build/MMB29P) AppleWebKit/537.36 (KHTML, like Gecko) Chrome/143.0.7499.192 Mobile Safari/537.36 (compatible; Googlebot/2.1; +http://www.google.com/bot.html)"
162.159.104.108 - - [10/Jan/2026:11:19:07 +0300] "GET /?GameID=2026-01-02/2144.html HTTP/1.0" 200 19622 "-" "Mozilla/5.0 (Linux; Android 6.0.1; Nexus 5X Build/MMB29P) AppleWebKit/537.36 (KHTML, like Gecko) Chrome/143.0.7499.192 Mobile Safari/537.36 (compatible; Googlebot/2.1; +http://www.google.com/bot.html)"
162.158.175.66 - - [10/Jan/2026:11:19:08 +0300] "GET /?GameID=2026-01-01/7928.html HTTP/1.0" 200 35185 "-" "Mozilla/5.0 (Linux; Android 6.0.1; Nexus 5X Build/MMB29P) AppleWebKit/537.36 (KHTML, like Gecko) Chrome/143.0.7499.192 Mobile Safari/537.36 (compatible; Googlebot/2.1; +http://www.google.com/bot.html)"
172.69.65.198 - - [10/Jan/2026:11:19:10 +0300] "GET /shop/e/e009001044001/ HTTP/1.0" 404 452 "-" "Mozilla/5.0 (Linux; Android 6.0.1; Nexus 5X Build/MMB29P) AppleWebKit/537.36 (KHTML, like Gecko) Chrome/143.0.7499.192 Mobile Safari/537.36 (compatible; Googlebot/2.1; +http://www.google.com/bot.html)"
162.158.175.66 - - [10/Jan/2026:11:19:12 +0300] "GET /?ID=4756.html HTTP/1.0" 200 10762 "https://www.tkanika.ru/?GameID=2026-01-01/7928.html" "Mozilla/5.0 (Linux; Android 6.0.1; Nexus 5X Build/MMB29P) AppleWebKit/537.36 (KHTML, like Gecko) Chrome/143.0.7499.192 Mobile Safari/537.36 (compatible; Googlebot/2.1; +http://www.google.com/bot.html)"
172.69.65.198 - - [10/Jan/2026:11:19:14 +0300] "GET /651040612.shtm HTTP/1.0" 404 452 "-" "Mozilla/5.0 (Linux; Android 6.0.1; Nexus 5X Build/MMB29P) AppleWebKit/537.36 (KHTML, like Gecko) Chrome/143.0.7499.192 Mobile Safari/537.36 (compatible; Googlebot/2.1; +http://www.google.com/bot.html)"
162.158.175.66 - - [10/Jan/2026:11:19:16 +0300] "GET /?ID=4101.html HTTP/1.0" 200 36511 "https://www.tkanika.ru/?GameID=2026-01-01/7928.html" "Mozilla/5.0 (Linux; Android 6.0.1; Nexus 5X Build/MMB29P) AppleWebKit/537.36 (KHTML, like Gecko) Chrome/143.0.7499.192 Mobile Safari/537.36 (compatible; Googlebot/2.1; +http://www.google.com/bot.html)"
162.158.175.66 - - [10/Jan/2026:11:19:18 +0300] "GET /?ID=4517.html HTTP/1.0" 200 9992 "https://www.tkanika.ru/?GameID=2026-01-01/7928.html" "Mozilla/5.0 (Linux; Android 6.0.1; Nexus 5X Build/MMB29P) AppleWebKit/537.36 (KHTML, like Gecko) Chrome/143.0.7499.192 Mobile Safari/537.36 (compatible; Googlebot/2.1; +http://www.google.com/bot.html)"
162.158.175.66 - - [10/Jan/2026:11:19:22 +0300] "GET /?ID=1845.html HTTP/1.0" 200 34638 "-" "Mozilla/5.0 (Linux; Android 6.0.1; Nexus 5X Build/MMB29P) AppleWebKit/537.36 (KHTML, like Gecko) Chrome/143.0.7499.192 Mobile Safari/537.36 (compatible; Googlebot/2.1; +http://www.google.com/bot.html)"
162.158.175.66 - - [10/Jan/2026:11:19:23 +0300] "GET /?ID=1682.html HTTP/1.0" 200 51511 "https://www.tkanika.ru/?ID=1845.html" "Mozilla/5.0 (Linux; Android 6.0.1; Nexus 5X Build/MMB29P) AppleWebKit/537.36 (KHTML, like Gecko) Chrome/143.0.7499.169 Mobile Safari/537.36 (compatible; Googlebot/2.1; +http://www.google.com/bot.html)"
162.158.175.66 - - [10/Jan/2026:11:19:25 +0300] "GET /?ID=1992.html HTTP/1.0" 200 49204 "https://www.tkanika.ru/?ID=1845.html" "Mozilla/5.0 (Linux; Android 6.0.1; Nexus 5X Build/MMB29P) AppleWebKit/537.36 (KHTML, like Gecko) Chrome/143.0.7499.169 Mobile Safari/537.36 (compatible; Googlebot/2.1; +http://www.google.com/bot.html)"
162.158.175.66 - - [10/Jan/2026:11:19:27 +0300] "GET /?ID=1803.html HTTP/1.0" 200 37946 "https://www.tkanika.ru/?ID=1845.html" "Mozilla/5.0 (Linux; Android 6.0.1; Nexus 5X Build/MMB29P) AppleWebKit/537.36 (KHTML, like Gecko) Chrome/143.0.7499.169 Mobile Safari/537.36 (compatible; Googlebot/2.1; +http://www.google.com/bot.html)"
162.158.79.165 - - [10/Jan/2026:11:19:33 +0300] "GET /918213149.shtm HTTP/1.0" 404 456 "-" "Mozilla/5.0 AppleWebKit/537.36 (KHTML, like Gecko; compatible; bingbot/2.0; +http://www.bing.com/bingbot.htm) Chrome/116.0.1938.76 Safari/537.36"
172.69.65.120 - - [10/Jan/2026:11:20:21 +0300] "GET /?ID=%ED%95%9C%EA%B5%AD%20%EC%9D%B4%EB%9E%80%20%ED%86%A0%ED%86%A0.html HTTP/1.0" 200 10227 "-" "Mozilla/5.0 (Linux; Android 6.0.1; Nexus 5X Build/MMB29P) AppleWebKit/537.36 (KHTML, like Gecko) Chrome/143.0.7499.192 Mobile Safari/537.36 (compatible; Googlebot/2.1; +http://www.google.com/bot.html)"
172.69.65.120 - - [10/Jan/2026:11:21:07 +0300] "GET /?GameID=2026-01-04/mszjil.html HTTP/1.0" 200 9407 "-" "Mozilla/5.0 (Linux; Android 6.0.1; Nexus 5X Build/MMB29P) AppleWebKit/537.36 (KHTML, like Gecko) Chrome/143.0.7499.192 Mobile Safari/537.36 (compatible; Googlebot/2.1; +http://www.google.com/bot.html)"
104.23.213.53 - - [10/Jan/2026:11:21:10 +0300] "GET /?n=4415111262909 HTTP/1.0" 200 1418 "-" "Mozilla/5.0 AppleWebKit/537.36 (KHTML, like Gecko; compatible; bingbot/2.0; +http://www.bing.com/bingbot.htm) Chrome/116.0.1938.76 Safari/537.36"
172.70.39.144 - - [10/Jan/2026:11:21:33 +0300] "GET /3083749395.shtm HTTP/1.0" 404 456 "-" "Mozilla/5.0 AppleWebKit/537.36 (KHTML, like Gecko; compatible; bingbot/2.0; +http://www.bing.com/bingbot.htm) Chrome/116.0.1938.76 Safari/537.36"
172.71.170.120 - - [10/Jan/2026:11:21:42 +0300] "GET /?ID=7881.html HTTP/1.0" 200 35310 "-" "Mozilla/5.0 (Linux; Android 6.0.1; Nexus 5X Build/MMB29P) AppleWebKit/537.36 (KHTML, like Gecko) Chrome/143.0.7499.192 Mobile Safari/537.36 (compatible; Googlebot/2.1; +http://www.google.com/bot.html)"
172.71.170.120 - - [10/Jan/2026:11:21:43 +0300] "GET /?ID=%EB%B0%94%EC%B9%B4%EB%9D%BC%20%EC%B9%B4%EB%93%9C%20%EC%B9%B4%EC%9A%B4%ED%8C%85.html HTTP/1.0" 200 19163 "-" "Mozilla/5.0 (Linux; Android 6.0.1; Nexus 5X Build/MMB29P) AppleWebKit/537.36 (KHTML, like Gecko) Chrome/143.0.7499.192 Mobile Safari/537.36 (compatible; Googlebot/2.1; +http://www.google.com/bot.html)"
162.158.175.65 - - [10/Jan/2026:11:21:45 +0300] "GET /?ID=4515.html HTTP/1.0" 200 19585 "https://www.tkanika.ru/?ID=7881.html" "Mozilla/5.0 (Linux; Android 6.0.1; Nexus 5X Build/MMB29P) AppleWebKit/537.36 (KHTML, like Gecko) Chrome/143.0.7499.169 Mobile Safari/537.36 (compatible; Googlebot/2.1; +http://www.google.com/bot.html)"
162.158.175.65 - - [10/Jan/2026:11:21:46 +0300] "GET /?ID=4338.html HTTP/1.0" 200 34663 "https://www.tkanika.ru/?ID=7881.html" "Mozilla/5.0 (Linux; Android 6.0.1; Nexus 5X Build/MMB29P) AppleWebKit/537.36 (KHTML, like Gecko) Chrome/143.0.7499.169 Mobile Safari/537.36 (compatible; Googlebot/2.1; +http://www.google.com/bot.html)"
162.158.175.65 - - [10/Jan/2026:11:21:47 +0300] "GET /?ID=4139.html HTTP/1.0" 200 11762 "https://www.tkanika.ru/?ID=7881.html" "Mozilla/5.0 (Linux; Android 6.0.1; Nexus 5X Build/MMB29P) AppleWebKit/537.36 (KHTML, like Gecko) Chrome/143.0.7499.169 Mobile Safari/537.36 (compatible; Googlebot/2.1; +http://www.google.com/bot.html)"
172.70.174.128 - - [10/Jan/2026:11:22:22 +0300] "GET /?n=83187239538801 HTTP/1.0" 200 1418 "-" "Mozilla/5.0 AppleWebKit/537.36 (KHTML, like Gecko; compatible; bingbot/2.0; +http://www.bing.com/bingbot.htm) Chrome/116.0.1938.76 Safari/537.36"
162.158.175.65 - - [10/Jan/2026:11:23:05 +0300] "GET /?GameID=2026-01-10/ssoxqh.html HTTP/1.0" 200 20208 "-" "Mozilla/5.0 (Linux; Android 6.0.1; Nexus 5X Build/MMB29P) AppleWebKit/537.36 (KHTML, like Gecko) Chrome/143.0.7499.192 Mobile Safari/537.36 (compatible; Googlebot/2.1; +http://www.google.com/bot.html)"
141.101.99.70 - - [10/Jan/2026:11:25:18 +0300] "GET /3204664323.shtm HTTP/1.0" 404 452 "-" "Mozilla/5.0 (compatible; AhrefsBot/7.0; +http://ahrefs.com/robot/)"
172.71.166.217 - - [10/Jan/2026:11:25:27 +0300] "GET /?GameID=2026-01-10/1653.html HTTP/1.0" 200 18862 "-" "Mozilla/5.0 (Linux; Android 6.0.1; Nexus 5X Build/MMB29P) AppleWebKit/537.36 (KHTML, like Gecko) Chrome/143.0.7499.192 Mobile Safari/537.36 (compatible; Googlebot/2.1; +http://www.google.com/bot.html)"
172.70.39.143 - - [10/Jan/2026:11:25:54 +0300] "GET /167403630.shtm HTTP/1.0" 404 456 "-" "Mozilla/5.0 AppleWebKit/537.36 (KHTML, like Gecko; compatible; bingbot/2.0; +http://www.bing.com/bingbot.htm) Chrome/116.0.1938.76 Safari/537.36"
172.68.245.206 - - [10/Jan/2026:11:26:22 +0300] "GET /3498729496.shtm HTTP/1.0" 404 456 "-" "Mozilla/5.0 AppleWebKit/537.36 (KHTML, like Gecko; compatible; bingbot/2.0; +http://www.bing.com/bingbot.htm) Chrome/116.0.1938.76 Safari/537.36"
172.69.65.119 - - [10/Jan/2026:11:27:04 +0300] "GET /?GameID=2026-01-10/412.html HTTP/1.0" 200 35562 "-" "Mozilla/5.0 (Linux; Android 6.0.1; Nexus 5X Build/MMB29P) AppleWebKit/537.36 (KHTML, like Gecko) Chrome/143.0.7499.192 Mobile Safari/537.36 (compatible; Googlebot/2.1; +http://www.google.com/bot.html)"
162.158.175.65 - - [10/Jan/2026:11:27:07 +0300] "GET /?ID=7452.html HTTP/1.0" 200 50230 "https://www.tkanika.ru/?GameID=2026-01-10/412.html" "Mozilla/5.0 (Linux; Android 6.0.1; Nexus 5X Build/MMB29P) AppleWebKit/537.36 (KHTML, like Gecko) Chrome/143.0.7499.169 Mobile Safari/537.36 (compatible; Googlebot/2.1; +http://www.google.com/bot.html)"
172.71.166.216 - - [10/Jan/2026:11:27:09 +0300] "GET /?ID=7832.html HTTP/1.0" 200 49758 "https://www.tkanika.ru/?GameID=2026-01-10/412.html" "Mozilla/5.0 (Linux; Android 6.0.1; Nexus 5X Build/MMB29P) AppleWebKit/537.36 (KHTML, like Gecko) Chrome/143.0.7499.169 Mobile Safari/537.36 (compatible; Googlebot/2.1; +http://www.google.com/bot.html)"
172.71.166.216 - - [10/Jan/2026:11:28:26 +0300] "GET /?GameID=2026-01-10/bljqnd.html HTTP/1.0" 200 34385 "-" "Mozilla/5.0 (Linux; Android 6.0.1; Nexus 5X Build/MMB29P) AppleWebKit/537.36 (KHTML, like Gecko) Chrome/143.0.7499.192 Mobile Safari/537.36 (compatible; Googlebot/2.1; +http://www.google.com/bot.html)"
172.71.166.216 - - [10/Jan/2026:11:28:29 +0300] "GET /?GameID=3694.html HTTP/1.0" 200 19848 "https://www.tkanika.ru/?GameID=2026-01-10/bljqnd.html" "Mozilla/5.0 (Linux; Android 6.0.1; Nexus 5X Build/MMB29P) AppleWebKit/537.36 (KHTML, like Gecko) Chrome/143.0.7499.169 Mobile Safari/537.36 (compatible; Googlebot/2.1; +http://www.google.com/bot.html)"
172.71.166.216 - - [10/Jan/2026:11:28:30 +0300] "GET /?GameID=3901.html HTTP/1.0" 200 10682 "https://www.tkanika.ru/?GameID=2026-01-10/bljqnd.html" "Mozilla/5.0 (Linux; Android 6.0.1; Nexus 5X Build/MMB29P) AppleWebKit/537.36 (KHTML, like Gecko) Chrome/143.0.7499.169 Mobile Safari/537.36 (compatible; Googlebot/2.1; +http://www.google.com/bot.html)"
172.69.65.120 - - [10/Jan/2026:11:28:32 +0300] "GET /?GameID=3086.html HTTP/1.0" 200 35285 "https://www.tkanika.ru/?GameID=2026-01-10/bljqnd.html" "Mozilla/5.0 (Linux; Android 6.0.1; Nexus 5X Build/MMB29P) AppleWebKit/537.36 (KHTML, like Gecko) Chrome/143.0.7499.169 Mobile Safari/537.36 (compatible; Googlebot/2.1; +http://www.google.com/bot.html)"
104.23.213.52 - - [10/Jan/2026:11:28:44 +0300] "GET /?n=902971131004 HTTP/1.0" 200 1418 "-" "Mozilla/5.0 AppleWebKit/537.36 (KHTML, like Gecko; compatible; bingbot/2.0; +http://www.bing.com/bingbot.htm) Chrome/116.0.1938.76 Safari/537.36"
172.70.39.143 - - [10/Jan/2026:11:29:01 +0300] "GET /650046369.shtm HTTP/1.0" 404 456 "-" "Mozilla/5.0 AppleWebKit/537.36 (KHTML, like Gecko; compatible; bingbot/2.0; +http://www.bing.com/bingbot.htm) Chrome/116.0.1938.76 Safari/537.36"
172.68.15.218 - - [10/Jan/2026:11:29:14 +0300] "GET /?n=58482248450704 HTTP/1.0" 200 1418 "-" "Mozilla/5.0 AppleWebKit/537.36 (KHTML, like Gecko; compatible; bingbot/2.0; +http://www.bing.com/bingbot.htm) Chrome/116.0.1938.76 Safari/537.36"
172.71.166.217 - - [10/Jan/2026:11:29:54 +0300] "GET /?GameID=2026-01-10/997.html HTTP/1.0" 200 21170 "-" "Mozilla/5.0 (Linux; Android 6.0.1; Nexus 5X Build/MMB29P) AppleWebKit/537.36 (KHTML, like Gecko) Chrome/143.0.7499.192 Mobile Safari/537.36 (compatible; Googlebot/2.1; +http://www.google.com/bot.html)"
172.68.15.219 - - [10/Jan/2026:11:30:29 +0300] "GET /?n=2930810866001 HTTP/1.0" 200 1418 "-" "Mozilla/5.0 AppleWebKit/537.36 (KHTML, like Gecko; compatible; bingbot/2.0; +http://www.bing.com/bingbot.htm) Chrome/116.0.1938.76 Safari/537.36"
104.23.209.111 - - [10/Jan/2026:11:30:41 +0300] "GET /1690983166.shtm HTTP/1.0" 404 456 "-" "Mozilla/5.0 AppleWebKit/537.36 (KHTML, like Gecko; compatible; bingbot/2.0; +http://www.bing.com/bingbot.htm) Chrome/116.0.1938.76 Safari/537.36"
172.70.39.143 - - [10/Jan/2026:11:31:26 +0300] "GET /4287682320.shtm HTTP/1.0" 404 456 "-" "Mozilla/5.0 AppleWebKit/537.36 (KHTML, like Gecko; compatible; bingbot/2.0; +http://www.bing.com/bingbot.htm) Chrome/116.0.1938.76 Safari/537.36"
104.23.213.52 - - [10/Jan/2026:11:31:51 +0300] "GET /?n=73484216441503 HTTP/1.0" 200 1418 "-" "Mozilla/5.0 AppleWebKit/537.36 (KHTML, like Gecko; compatible; bingbot/2.0; +http://www.bing.com/bingbot.htm) Chrome/116.0.1938.76 Safari/537.36"
104.23.213.52 - - [10/Jan/2026:11:32:01 +0300] "GET /?n=0921915465000 HTTP/1.0" 200 1418 "-" "Mozilla/5.0 AppleWebKit/537.36 (KHTML, like Gecko; compatible; bingbot/2.0; +http://www.bing.com/bingbot.htm) Chrome/116.0.1938.76 Safari/537.36"
162.158.79.166 - - [10/Jan/2026:11:32:35 +0300] "GET /2424729581.shtm HTTP/1.0" 404 456 "-" "Mozilla/5.0 AppleWebKit/537.36 (KHTML, like Gecko; compatible; bingbot/2.0; +http://www.bing.com/bingbot.htm) Chrome/116.0.1938.76 Safari/537.36"
198.41.227.152 - - [10/Jan/2026:11:32:38 +0300] "GET /?GameID=2026-01-10/486.html HTTP/1.0" 200 10317 "-" "Mozilla/5.0 (Linux; Android 6.0.1; Nexus 5X Build/MMB29P) AppleWebKit/537.36 (KHTML, like Gecko) Chrome/143.0.7499.192 Mobile Safari/537.36 (compatible; Googlebot/2.1; +http://www.google.com/bot.html)"
172.71.166.216 - - [10/Jan/2026:11:33:21 +0300] "GET /?GameID=2026-01-10/rrusaj.html HTTP/1.0" 200 36683 "-" "Mozilla/5.0 (Linux; Android 6.0.1; Nexus 5X Build/MMB29P) AppleWebKit/537.36 (KHTML, like Gecko) Chrome/143.0.7499.192 Mobile Safari/537.36 (compatible; Googlebot/2.1; +http://www.google.com/bot.html)"
172.71.166.216 - - [10/Jan/2026:11:33:24 +0300] "GET /?ID=5521.html HTTP/1.0" 200 35368 "https://www.tkanika.ru/?GameID=2026-01-10/rrusaj.html" "Mozilla/5.0 (Linux; Android 6.0.1; Nexus 5X Build/MMB29P) AppleWebKit/537.36 (KHTML, like Gecko) Chrome/143.0.7499.192 Mobile Safari/537.36 (compatible; Googlebot/2.1; +http://www.google.com/bot.html)"
172.71.166.216 - - [10/Jan/2026:11:33:26 +0300] "GET /?ID=5670.html HTTP/1.0" 200 49245 "https://www.tkanika.ru/?GameID=2026-01-10/rrusaj.html" "Mozilla/5.0 (Linux; Android 6.0.1; Nexus 5X Build/MMB29P) AppleWebKit/537.36 (KHTML, like Gecko) Chrome/143.0.7499.192 Mobile Safari/537.36 (compatible; Googlebot/2.1; +http://www.google.com/bot.html)"
172.71.166.216 - - [10/Jan/2026:11:33:27 +0300] "GET /?ID=5392.html HTTP/1.0" 200 35361 "https://www.tkanika.ru/?GameID=2026-01-10/rrusaj.html" "Mozilla/5.0 (Linux; Android 6.0.1; Nexus 5X Build/MMB29P) AppleWebKit/537.36 (KHTML, like Gecko) Chrome/143.0.7499.192 Mobile Safari/537.36 (compatible; Googlebot/2.1; +http://www.google.com/bot.html)"
172.71.166.216 - - [10/Jan/2026:11:33:42 +0300] "GET /?ID=%ED%86%A0%ED%86%A0%20%EB%B0%B0%ED%8C%85%20%EC%82%AC%EC%9D%B4%ED%8A%B8%20%EB%B2%A0%EC%8A%A4%ED%8A%B8%20%EC%98%A8%EB%9D%BC%EC%9D%B8%20%EC%B9%B4%EC%A7%80%EB%85%B8.html HTTP/1.0" 200 10524 "-" "Mozilla/5.0 (compatible; Googlebot/2.1; +http://www.google.com/bot.html)"
172.71.166.216 - - [10/Jan/2026:11:33:57 +0300] "GET /?GameID=2026-01-01/4068.html HTTP/1.0" 200 9302 "-" "Mozilla/5.0 (compatible; Googlebot/2.1; +http://www.google.com/bot.html)"
104.23.175.33 - - [10/Jan/2026:11:34:33 +0300] "GET /noquemi/mailx-command-in-unix-shell-script.html HTTP/1.0" 404 452 "http://sushka-ufa.gramor.site/7hc1/honda-crv-door-parts.html" "Mozilla/5.0 (Linux; Android 7.0;) AppleWebKit/537.36 (KHTML, like Gecko) Mobile Safari/537.36 (compatible; PetalBot;+https://webmaster.petalsearch.com/site/petalbot)"
172.70.162.168 - - [10/Jan/2026:11:34:38 +0300] "GET /2325712128.shtm HTTP/1.0" 404 452 "-" "Mozilla/5.0 (compatible; AhrefsBot/7.0; +http://ahrefs.com/robot/)"
172.69.65.120 - - [10/Jan/2026:11:35:21 +0300] "GET /?GameID=2026-01-10/djgwlk.html HTTP/1.0" 200 49579 "-" "Mozilla/5.0 (Linux; Android 6.0.1; Nexus 5X Build/MMB29P) AppleWebKit/537.36 (KHTML, like Gecko) Chrome/143.0.7499.192 Mobile Safari/537.36 (compatible; Googlebot/2.1; +http://www.google.com/bot.html)"
172.71.124.192 - - [10/Jan/2026:11:35:55 +0300] "GET /noquemi/co...%3C/p HTTP/1.0" 404 452 "https://xn----7sbomqbjgihxd8c2g.xn--p1ai/fgyl/anativewindow-ndk.html" "Mozilla/5.0 (Linux; Android 7.0;) AppleWebKit/537.36 (KHTML, like Gecko) Mobile Safari/537.36 (compatible; PetalBot;+https://webmaster.petalsearch.com/site/petalbot)"
172.71.190.87 - - [10/Jan/2026:11:36:43 +0300] "GET /3992869278.shtm HTTP/1.0" 404 456 "-" "Mozilla/5.0 AppleWebKit/537.36 (KHTML, like Gecko; compatible; bingbot/2.0; +http://www.bing.com/bingbot.htm) Chrome/116.0.1938.76 Safari/537.36"
172.70.42.79 - - [10/Jan/2026:11:37:02 +0300] "GET /1210159383.shtm HTTP/1.0" 404 456 "-" "Mozilla/5.0 AppleWebKit/537.36 (KHTML, like Gecko; compatible; bingbot/2.0; +http://www.bing.com/bingbot.htm) Chrome/116.0.1938.76 Safari/537.36"
172.70.93.58 - - [10/Jan/2026:11:37:18 +0300] "GET /db0aws/transparent-touch-screen.html HTTP/1.0" 404 452 "http://moroz-pohoron.ru/jiiji/how-to-block-tiktok-on-android.html" "Mozilla/5.0 (Linux; Android 7.0;) AppleWebKit/537.36 (KHTML, like Gecko) Mobile Safari/537.36 (compatible; PetalBot;+https://webmaster.petalsearch.com/site/petalbot)"
172.69.65.120 - - [10/Jan/2026:11:37:45 +0300] "GET /?GameID=2026-01-01/roqqco.html HTTP/1.0" 200 9817 "-" "Mozilla/5.0 (Linux; Android 6.0.1; Nexus 5X Build/MMB29P) AppleWebKit/537.36 (KHTML, like Gecko) Chrome/143.0.7499.192 Mobile Safari/537.36 (compatible; Googlebot/2.1; +http://www.google.com/bot.html)"
172.69.65.120 - - [10/Jan/2026:11:37:46 +0300] "GET /?ID=1819.html HTTP/1.0" 200 19648 "-" "Mozilla/5.0 (Linux; Android 6.0.1; Nexus 5X Build/MMB29P) AppleWebKit/537.36 (KHTML, like Gecko) Chrome/143.0.7499.192 Mobile Safari/537.36 (compatible; Googlebot/2.1; +http://www.google.com/bot.html)"
