172.69.165.73 - - [11/Jan/2026:13:19:04 +0300] "GET /qlrlpe/japanese-sound-effects-list.html HTTP/1.0" 404 453 "http://ednied.com/eegx0/yale-forklift-parts-catalog.html" "Mozilla/5.0 (Linux; Android 7.0;) AppleWebKit/537.36 (KHTML, like Gecko) Mobile Safari/537.36 (compatible; PetalBot;+https://webmaster.petalsearch.com/site/petalbot)"
162.158.88.164 - - [11/Jan/2026:13:20:28 +0300] "GET /qlrlpe/globe-gazette-breaking-news.html HTTP/1.0" 404 453 "http://justinmariani.com.au/f8szfr/medeco-key-blank-identification.html" "Mozilla/5.0 (Linux; Android 7.0;) AppleWebKit/537.36 (KHTML, like Gecko) Mobile Safari/537.36 (compatible; PetalBot;+https://webmaster.petalsearch.com/site/petalbot)"
172.71.194.16 - - [11/Jan/2026:13:20:53 +0300] "GET /?l=0280562541901 HTTP/1.0" 200 884 "-" "Mozilla/5.0 AppleWebKit/537.36 (KHTML, like Gecko; compatible; bingbot/2.0; +http://www.bing.com/bingbot.htm) Chrome/116.0.1938.76 Safari/537.36"
172.71.82.29 - - [11/Jan/2026:13:21:52 +0300] "GET /qlrlpe/glencoe-geometry-chapter-1-test-form-2a-answer-key.html HTTP/1.0" 404 453 "http://demo2.webtm.ru/zrljl/brush-cutter-home-depot.html" "Mozilla/5.0 (Linux; Android 7.0;) AppleWebKit/537.36 (KHTML, like Gecko) Mobile Safari/537.36 (compatible; PetalBot;+https://webmaster.petalsearch.com/site/petalbot)"
172.68.164.75 - - [11/Jan/2026:13:23:16 +0300] "GET /qlrlpe/florida-llc-membership-interest-purchase-agreement.html HTTP/1.0" 404 453 "http://sushka-ufa.gramor.site/7hc1/who-owns-alpaca-chicken.html" "Mozilla/5.0 (Linux; Android 7.0;) AppleWebKit/537.36 (KHTML, like Gecko) Mobile Safari/537.36 (compatible; PetalBot;+https://webmaster.petalsearch.com/site/petalbot)"
104.23.175.203 - - [11/Jan/2026:13:24:40 +0300] "GET /qlrlpe/desks-for-sale.html HTTP/1.0" 404 453 "http://focusproperty.com.au/znfp4ih7w/how-to-telegram-group-link.html" "Mozilla/5.0 (Linux; Android 7.0;) AppleWebKit/537.36 (KHTML, like Gecko) Mobile Safari/537.36 (compatible; PetalBot;+https://webmaster.petalsearch.com/site/petalbot)"
172.70.175.99 - - [11/Jan/2026:13:25:53 +0300] "GET /?l=91739121908302 HTTP/1.0" 200 884 "-" "Mozilla/5.0 AppleWebKit/537.36 (KHTML, like Gecko; compatible; bingbot/2.0; +http://www.bing.com/bingbot.htm) Chrome/116.0.1938.76 Safari/537.36"
172.69.165.72 - - [11/Jan/2026:13:26:05 +0300] "GET /qlrlpe/dcra-business-license-renewal.html HTTP/1.0" 404 453 "http://adelaidestarbus.com.au/6cbz2/chocolate-city-meaning.html" "Mozilla/5.0 (Linux; Android 7.0;) AppleWebKit/537.36 (KHTML, like Gecko) Mobile Safari/537.36 (compatible; PetalBot;+https://webmaster.petalsearch.com/site/petalbot)"
172.70.93.3 - - [11/Jan/2026:13:27:27 +0300] "GET /qlrlpe/date-format-is-changing-in-csv.html HTTP/1.0" 404 453 "http://emmaspencer.com.au/z8ajhazi/arthritis-salve-recipe.html" "Mozilla/5.0 (Linux; Android 7.0;) AppleWebKit/537.36 (KHTML, like Gecko) Mobile Safari/537.36 (compatible; PetalBot;+https://webmaster.petalsearch.com/site/petalbot)"
172.70.208.128 - - [11/Jan/2026:13:28:50 +0300] "GET /qlrlpe/danforth-anchor-history.html HTTP/1.0" 404 453 "https://dacyprus.com/tufgt/is-thrifty-propane-still-in-business.html" "Mozilla/5.0 (Linux; Android 7.0;) AppleWebKit/537.36 (KHTML, like Gecko) Mobile Safari/537.36 (compatible; PetalBot;+https://webmaster.petalsearch.com/site/petalbot)"
162.158.88.165 - - [11/Jan/2026:13:30:14 +0300] "GET /qlrlpe/cypress-outlet-mall-map.html HTTP/1.0" 404 453 "http://sushka-ufa.gramor.site/7hc1/who-owns-alpaca-chicken.html" "Mozilla/5.0 (Linux; Android 7.0;) AppleWebKit/537.36 (KHTML, like Gecko) Mobile Safari/537.36 (compatible; PetalBot;+https://webmaster.petalsearch.com/site/petalbot)"
162.158.88.165 - - [11/Jan/2026:13:31:37 +0300] "GET /qlrlpe/cuckhold-husband-mature-wives.html HTTP/1.0" 404 453 "https://workshop1.towerent.ru/b2xhw9/ocb-rolling-machine.html" "Mozilla/5.0 (Linux; Android 7.0;) AppleWebKit/537.36 (KHTML, like Gecko) Mobile Safari/537.36 (compatible; PetalBot;+https://webmaster.petalsearch.com/site/petalbot)"
172.71.82.28 - - [11/Jan/2026:13:33:01 +0300] "GET /qlrlpe/ct-legal-aid-eviction.html HTTP/1.0" 404 453 "http://typescape.com.au/v1ch/randochat-login-pc.html" "Mozilla/5.0 (Linux; Android 7.0;) AppleWebKit/537.36 (KHTML, like Gecko) Mobile Safari/537.36 (compatible; PetalBot;+https://webmaster.petalsearch.com/site/petalbot)"
172.71.190.208 - - [11/Jan/2026:13:34:19 +0300] "GET /?l=01706135765002 HTTP/1.0" 200 884 "-" "Mozilla/5.0 AppleWebKit/537.36 (KHTML, like Gecko; compatible; bingbot/2.0; +http://www.bing.com/bingbot.htm) Chrome/116.0.1938.76 Safari/537.36"
162.158.88.165 - - [11/Jan/2026:13:34:26 +0300] "GET /qlrlpe/craigslist-cnc-machine.html HTTP/1.0" 404 453 "http://ednied.com/eegx0/yale-forklift-parts-catalog.html" "Mozilla/5.0 (Linux; Android 7.0;) AppleWebKit/537.36 (KHTML, like Gecko) Mobile Safari/537.36 (compatible; PetalBot;+https://webmaster.petalsearch.com/site/petalbot)"
172.70.208.129 - - [11/Jan/2026:13:35:49 +0300] "GET /qlrlpe/craigslist-boston-woman-seeking-man.html HTTP/1.0" 404 453 "https://sherbetdent.ru/mssqg/student-jobs-in-berlin-for-english-speakers.html" "Mozilla/5.0 (Linux; Android 7.0;) AppleWebKit/537.36 (KHTML, like Gecko) Mobile Safari/537.36 (compatible; PetalBot;+https://webmaster.petalsearch.com/site/petalbot)"
162.158.170.239 - - [11/Jan/2026:13:37:13 +0300] "GET /qlrlpe/country-dancing-dallas.html HTTP/1.0" 404 453 "https://dacyprus.com/tufgt/is-thrifty-propane-still-in-business.html" "Mozilla/5.0 (Linux; Android 7.0;) AppleWebKit/537.36 (KHTML, like Gecko) Mobile Safari/537.36 (compatible; PetalBot;+https://webmaster.petalsearch.com/site/petalbot)"
172.71.124.61 - - [11/Jan/2026:13:38:35 +0300] "GET /qlrlpe/communist-slow-jams-download.html HTTP/1.0" 404 453 "http://kaluga.munys.ru/om630/subiaco-school-of-early-learning.html" "Mozilla/5.0 (Linux; Android 7.0;) AppleWebKit/537.36 (KHTML, like Gecko) Mobile Safari/537.36 (compatible; PetalBot;+https://webmaster.petalsearch.com/site/petalbot)"
162.158.108.113 - - [11/Jan/2026:13:39:58 +0300] "GET /qlrlpe/commercial-rotisserie-machine.html HTTP/1.0" 404 453 "http://melexo.com/eujp/blox-fruit-selling-account.html" "Mozilla/5.0 (Linux; Android 7.0;) AppleWebKit/537.36 (KHTML, like Gecko) Mobile Safari/537.36 (compatible; PetalBot;+https://webmaster.petalsearch.com/site/petalbot)"
172.70.208.128 - - [11/Jan/2026:13:41:22 +0300] "GET /qlrlpe/clear-glaze-baking.html HTTP/1.0" 404 453 "https://yarlesmash.ru/s8vf8pkx/perl-regex-grouping.html" "Mozilla/5.0 (Linux; Android 7.0;) AppleWebKit/537.36 (KHTML, like Gecko) Mobile Safari/537.36 (compatible; PetalBot;+https://webmaster.petalsearch.com/site/petalbot)"
104.23.209.162 - - [11/Jan/2026:13:42:19 +0300] "GET /?l=27880297825000 HTTP/1.0" 200 884 "-" "Mozilla/5.0 AppleWebKit/537.36 (KHTML, like Gecko; compatible; bingbot/2.0; +http://www.bing.com/bingbot.htm) Chrome/116.0.1938.76 Safari/537.36"
172.70.208.129 - - [11/Jan/2026:13:42:46 +0300] "GET /qlrlpe/classic-wotlk-server-transfer.html HTTP/1.0" 404 453 "http://chlo.staino.ru/whbamp/how-to-become-a-transcriptionist-in-california.html" "Mozilla/5.0 (Linux; Android 7.0;) AppleWebKit/537.36 (KHTML, like Gecko) Mobile Safari/537.36 (compatible; PetalBot;+https://webmaster.petalsearch.com/site/petalbot)"
162.158.210.222 - - [11/Jan/2026:13:43:38 +0300] "GET /z.gz HTTP/1.0" 404 453 "-" "Mozilla/5.0 (Windows NT 10.0; Win64; x64) AppleWebKit/537.36 (KHTML, like Gecko) Chrome/101.0.4951.67 Safari/537.36"
172.71.194.17 - - [11/Jan/2026:13:43:56 +0300] "GET /?l=87249246444201 HTTP/1.0" 200 884 "-" "Mozilla/5.0 AppleWebKit/537.36 (KHTML, like Gecko; compatible; bingbot/2.0; +http://www.bing.com/bingbot.htm) Chrome/116.0.1938.76 Safari/537.36"
172.68.245.61 - - [11/Jan/2026:13:44:01 +0300] "GET /?l=8200270474500 HTTP/1.0" 200 884 "-" "Mozilla/5.0 AppleWebKit/537.36 (KHTML, like Gecko; compatible; bingbot/2.0; +http://www.bing.com/bingbot.htm) Chrome/116.0.1938.76 Safari/537.36"
172.71.82.29 - - [11/Jan/2026:13:44:10 +0300] "GET /rrf20np/what-is-carl-from-mike-and-molly-doing-now.html HTTP/1.0" 404 453 "https://avtovikup001.ru/unrgsw/ki-breathing-techniques.html" "Mozilla/5.0 (Linux; Android 7.0;) AppleWebKit/537.36 (KHTML, like Gecko) Mobile Safari/537.36 (compatible; PetalBot;+https://webmaster.petalsearch.com/site/petalbot)"
172.71.194.17 - - [11/Jan/2026:13:44:59 +0300] "GET /?l=78107126980001 HTTP/1.0" 200 884 "-" "Mozilla/5.0 AppleWebKit/537.36 (KHTML, like Gecko; compatible; bingbot/2.0; +http://www.bing.com/bingbot.htm) Chrome/116.0.1938.76 Safari/537.36"
104.23.175.202 - - [11/Jan/2026:13:45:34 +0300] "GET /rrf20np/what-is-a-motion-to-set-aside.html HTTP/1.0" 404 453 "https://kulgeyko.ru/j72ml/handsome-in-french.html" "Mozilla/5.0 (Linux; Android 7.0;) AppleWebKit/537.36 (KHTML, like Gecko) Mobile Safari/537.36 (compatible; PetalBot;+https://webmaster.petalsearch.com/site/petalbot)"
172.71.82.28 - - [11/Jan/2026:13:46:56 +0300] "GET /rrf20np/un-driver-vacancy-in-ethiopia.html HTTP/1.0" 404 453 "https://fstekrosgmu.ru/pofbp/best-attachment-for-dr-dabber-switch.html" "Mozilla/5.0 (Linux; Android 7.0;) AppleWebKit/537.36 (KHTML, like Gecko) Mobile Safari/537.36 (compatible; PetalBot;+https://webmaster.petalsearch.com/site/petalbot)"
108.162.226.249 - - [11/Jan/2026:13:48:20 +0300] "GET /rrf20np/ue4-grid-pathfinding.html HTTP/1.0" 404 453 "http://ohranatruda.maspk.ru/jq5rco/honda-hornet-250-sale-in-sri-lanka.html" "Mozilla/5.0 (Linux; Android 7.0;) AppleWebKit/537.36 (KHTML, like Gecko) Mobile Safari/537.36 (compatible; PetalBot;+https://webmaster.petalsearch.com/site/petalbot)"
172.68.164.75 - - [11/Jan/2026:13:49:44 +0300] "GET /rrf20np/tongues-of-fire-prayers.html HTTP/1.0" 404 453 "http://ohranatruda.maspk.ru/jq5rco/honda-hornet-250-sale-in-sri-lanka.html" "Mozilla/5.0 (Linux; Android 7.0;) AppleWebKit/537.36 (KHTML, like Gecko) Mobile Safari/537.36 (compatible; PetalBot;+https://webmaster.petalsearch.com/site/petalbot)"
172.70.93.2 - - [11/Jan/2026:13:51:08 +0300] "GET /rrf20np/the-primal-hunter-chapter-9.html HTTP/1.0" 404 453 "https://oboizhidkieshop.ru/fdpaud/meucci-carbon-fiber-break-shaft.html" "Mozilla/5.0 (Linux; Android 7.0;) AppleWebKit/537.36 (KHTML, like Gecko) Mobile Safari/537.36 (compatible; PetalBot;+https://webmaster.petalsearch.com/site/petalbot)"
172.71.82.28 - - [11/Jan/2026:13:52:31 +0300] "GET /rrf20np/rx7-302-swap-kit.html HTTP/1.0" 404 453 "https://aurums.ru/mcip86z/male-enhancement-reddit.html" "Mozilla/5.0 (Linux; Android 7.0;) AppleWebKit/537.36 (KHTML, like Gecko) Mobile Safari/537.36 (compatible; PetalBot;+https://webmaster.petalsearch.com/site/petalbot)"
104.23.254.17 - - [11/Jan/2026:13:53:49 +0300] "GET / HTTP/1.0" 200 873 "http://www.pavloman.ru" "Mozilla/5.0 (iPhone; CPU iPhone OS 13_2_3 like Mac OS X) AppleWebKit/605.1.15 (KHTML, like Gecko) Version/13.0.3 Mobile/15E148 Safari/604.1"
172.70.39.145 - - [11/Jan/2026:13:54:19 +0300] "GET /?l=02194193905601 HTTP/1.0" 200 884 "-" "Mozilla/5.0 AppleWebKit/537.36 (KHTML, like Gecko; compatible; bingbot/2.0; +http://www.bing.com/bingbot.htm) Chrome/116.0.1938.76 Safari/537.36"
162.158.88.165 - - [11/Jan/2026:13:55:19 +0300] "GET /rrf20np/how-much-does-it-cost-to-rent-a-crane-per-hour.html HTTP/1.0" 404 453 "http://thefinancesite.com.au/q9ljp/amador-county-car-accident-today.html" "Mozilla/5.0 (Linux; Android 7.0;) AppleWebKit/537.36 (KHTML, like Gecko) Mobile Safari/537.36 (compatible; PetalBot;+https://webmaster.petalsearch.com/site/petalbot)"
104.23.213.158 - - [11/Jan/2026:13:56:03 +0300] "GET /?l=89812423005 HTTP/1.0" 200 884 "-" "Mozilla/5.0 AppleWebKit/537.36 (KHTML, like Gecko; compatible; bingbot/2.0; +http://www.bing.com/bingbot.htm) Chrome/116.0.1938.76 Safari/537.36"
172.68.164.74 - - [11/Jan/2026:13:56:43 +0300] "GET /rrf20np/how-are-quadratic-equations-used-in-sports.html HTTP/1.0" 404 453 "https://florencewear.ru/olsuls/best-quran-app-for-beginners.html" "Mozilla/5.0 (Linux; Android 7.0;) AppleWebKit/537.36 (KHTML, like Gecko) Mobile Safari/537.36 (compatible; PetalBot;+https://webmaster.petalsearch.com/site/petalbot)"
172.71.194.17 - - [11/Jan/2026:13:56:53 +0300] "GET /?l=70691250517802 HTTP/1.0" 200 884 "-" "Mozilla/5.0 AppleWebKit/537.36 (KHTML, like Gecko; compatible; bingbot/2.0; +http://www.bing.com/bingbot.htm) Chrome/116.0.1938.76 Safari/537.36"
172.70.188.74 - - [11/Jan/2026:13:58:08 +0300] "GET /rrf20np/ford-3000-tractor-for-sale-craigslist-texas.html HTTP/1.0" 404 453 "http://lk.moriname.ru/yrzwls2u/the-art-of-strategic-leadership-pdf.html" "Mozilla/5.0 (Linux; Android 7.0;) AppleWebKit/537.36 (KHTML, like Gecko) Mobile Safari/537.36 (compatible; PetalBot;+https://webmaster.petalsearch.com/site/petalbot)"
172.70.208.128 - - [11/Jan/2026:13:59:32 +0300] "GET /rrf20np/asterisk-sip-registration.html HTTP/1.0" 404 453 "https://stomsklad.ru/imcjfsmk/how-to-respectfully-decline-an-assignment-email-sample.html" "Mozilla/5.0 (Linux; Android 7.0;) AppleWebKit/537.36 (KHTML, like Gecko) Mobile Safari/537.36 (compatible; PetalBot;+https://webmaster.petalsearch.com/site/petalbot)"
172.70.39.145 - - [11/Jan/2026:14:00:39 +0300] "GET /?l=3994239886800 HTTP/1.0" 200 884 "-" "Mozilla/5.0 AppleWebKit/537.36 (KHTML, like Gecko; compatible; bingbot/2.0; +http://www.bing.com/bingbot.htm) Chrome/116.0.1938.76 Safari/537.36"
108.162.226.249 - - [11/Jan/2026:14:00:55 +0300] "GET /rrf20np/1840-case-skid-steer-parts.html HTTP/1.0" 404 453 "https://test.atletika24.ru/siqm4e/regex-match-at-most-n-times.html" "Mozilla/5.0 (Linux; Android 7.0;) AppleWebKit/537.36 (KHTML, like Gecko) Mobile Safari/537.36 (compatible; PetalBot;+https://webmaster.petalsearch.com/site/petalbot)"
172.70.175.99 - - [11/Jan/2026:14:01:41 +0300] "GET /?l=12189177694816 HTTP/1.0" 200 884 "-" "Mozilla/5.0 AppleWebKit/537.36 (KHTML, like Gecko; compatible; bingbot/2.0; +http://www.bing.com/bingbot.htm) Chrome/116.0.1938.76 Safari/537.36"
172.69.176.111 - - [11/Jan/2026:14:02:17 +0300] "GET /qlrlpe/sto-boff-skill.html HTTP/1.0" 404 453 "https://just-born.ru/5vubp9/songs-with-numbers-in-the-title-2000s.html" "Mozilla/5.0 (Linux; Android 7.0;) AppleWebKit/537.36 (KHTML, like Gecko) Mobile Safari/537.36 (compatible; PetalBot;+https://webmaster.petalsearch.com/site/petalbot)"
172.70.143.179 - - [11/Jan/2026:14:03:40 +0300] "GET /qlrlpe/scroll-event-not-working-in-angular-6.html HTTP/1.0" 404 453 "https://gelioskarate.ru/sram/iitc-pogo-plugin.html" "Mozilla/5.0 (Linux; Android 7.0;) AppleWebKit/537.36 (KHTML, like Gecko) Mobile Safari/537.36 (compatible; PetalBot;+https://webmaster.petalsearch.com/site/petalbot)"
172.70.43.36 - - [11/Jan/2026:14:04:32 +0300] "GET /?l=9520530000401 HTTP/1.0" 200 884 "-" "Mozilla/5.0 AppleWebKit/537.36 (KHTML, like Gecko; compatible; bingbot/2.0; +http://www.bing.com/bingbot.htm) Chrome/116.0.1938.76 Safari/537.36"
172.71.195.96 - - [11/Jan/2026:14:04:37 +0300] "GET /?l=03520123645200 HTTP/1.0" 200 884 "-" "Mozilla/5.0 AppleWebKit/537.36 (KHTML, like Gecko; compatible; bingbot/2.0; +http://www.bing.com/bingbot.htm) Chrome/116.0.1938.76 Safari/537.36"
104.23.175.202 - - [11/Jan/2026:14:05:07 +0300] "GET /qlrlpe/richmond-gate-wheel.html HTTP/1.0" 404 453 "https://gelioskarate.ru/sram/url-shortener-qr-code-free.html" "Mozilla/5.0 (Linux; Android 7.0;) AppleWebKit/537.36 (KHTML, like Gecko) Mobile Safari/537.36 (compatible; PetalBot;+https://webmaster.petalsearch.com/site/petalbot)"
172.68.164.74 - - [11/Jan/2026:14:06:28 +0300] "GET /qlrlpe/onyx-club-locations.html HTTP/1.0" 404 453 "https://krt-krym.ru/apqlw/sound-booster-pc.html" "Mozilla/5.0 (Linux; Android 7.0;) AppleWebKit/537.36 (KHTML, like Gecko) Mobile Safari/537.36 (compatible; PetalBot;+https://webmaster.petalsearch.com/site/petalbot)"
104.23.175.202 - - [11/Jan/2026:14:07:51 +0300] "GET /qlrlpe/maya-pose-library.html HTTP/1.0" 404 453 "http://fastaekwondo.com/avac/carnegie-deli-closed.html" "Mozilla/5.0 (Linux; Android 7.0;) AppleWebKit/537.36 (KHTML, like Gecko) Mobile Safari/537.36 (compatible; PetalBot;+https://webmaster.petalsearch.com/site/petalbot)"
162.158.118.237 - - [11/Jan/2026:14:08:21 +0300] "GET /admin.php HTTP/1.0" 404 453 "https://www.google.co.uk/" "Mozilla/5.0 (Linux; Android 14; Pixel 8 Pro) AppleWebKit/537.36 (KHTML, like Gecko) Chrome/119.0.0.0 Mobile Safari/537.36"
162.158.119.122 - - [11/Jan/2026:14:08:22 +0300] "GET /file.php HTTP/1.0" 404 453 "https://www.yahoo.com/" "Mozilla/5.0 (Linux; Android 10; K) AppleWebKit/537.36 (KHTML, like Gecko) Chrome/117.0.0.0 Mobile Safari/537.36"
162.158.118.237 - - [11/Jan/2026:14:08:22 +0300] "GET /index.php HTTP/1.0" 200 873 "https://www.google.com/" "Mozilla/5.0 (iPhone; CPU iPhone OS 17_0_3 like Mac OS X) AppleWebKit/605.1.15 (KHTML, like Gecko) Version/17.0.1 Mobile/15E148 Safari/604.1"
162.158.118.237 - - [11/Jan/2026:14:08:22 +0300] "GET /about.php HTTP/1.0" 404 453 "https://duckduckgo.com/" "Mozilla/5.0 (Linux; Android 13; SM-S908E) AppleWebKit/537.36 (KHTML, like Gecko) Chrome/116.0.0.0 Mobile Safari/537.36"
162.158.118.237 - - [11/Jan/2026:14:08:23 +0300] "GET /ioxi-o.php HTTP/1.0" 404 453 "https://www.google.co.uk/" "Mozilla/5.0 (Linux; Android 11; CPH2251) AppleWebKit/537.36 (KHTML, like Gecko) Chrome/116.0.0.0 Mobile Safari/537.36"
162.158.118.237 - - [11/Jan/2026:14:08:23 +0300] "GET /adminfuns.php HTTP/1.0" 404 453 "https://www.google.co.uk/" "Mozilla/5.0 (iPhone; CPU iPhone OS 17_1_1 like Mac OS X) AppleWebKit/605.1.15 (KHTML, like Gecko) Version/17.1 Mobile/15E148 Safari/604.1"
162.158.118.237 - - [11/Jan/2026:14:08:23 +0300] "GET /defaults.php HTTP/1.0" 404 453 "https://www.bing.com/" "Mozilla/5.0 (Linux; Android 12; 2201116SG) AppleWebKit/537.36 (KHTML, like Gecko) Chrome/116.0.0.0 Mobile Safari/537.36"
162.158.118.237 - - [11/Jan/2026:14:08:23 +0300] "GET /chosen.php HTTP/1.0" 404 453 "https://www.google.co.uk/" "Mozilla/5.0 (Linux; Android 13; SM-G991U) AppleWebKit/537.36 (KHTML, like Gecko) Chrome/117.0.0.0 Mobile Safari/537.36"
162.158.118.237 - - [11/Jan/2026:14:08:24 +0300] "GET /wp-admin HTTP/1.0" 404 453 "https://www.yahoo.com/" "Mozilla/5.0 (iPad; CPU OS 17_0_3 like Mac OS X) AppleWebKit/605.1.15 (KHTML, like Gecko) Version/17.0.1 Mobile/15E148 Safari/604.1"
162.158.118.237 - - [11/Jan/2026:14:08:24 +0300] "GET /autoload_classmap.php HTTP/1.0" 404 453 "https://www.google.fr/" "Mozilla/5.0 (Linux; Android 12; SM-A525F) AppleWebKit/537.36 (KHTML, like Gecko) Chrome/117.0.0.0 Mobile Safari/537.36"
162.158.118.237 - - [11/Jan/2026:14:08:24 +0300] "GET /goods.php HTTP/1.0" 404 453 "https://www.bing.com/" "Mozilla/5.0 (Linux; Android 11; 21081111RG) AppleWebKit/537.36 (KHTML, like Gecko) Chrome/116.0.0.0 Mobile Safari/537.36"
162.158.118.237 - - [11/Jan/2026:14:08:25 +0300] "GET /wp-includes/Requests/about.php HTTP/1.0" 404 453 "https://www.google.de/" "Mozilla/5.0 (Linux; Android 14; Pixel 8 Pro) AppleWebKit/537.36 (KHTML, like Gecko) Chrome/119.0.0.0 Mobile Safari/537.36"
162.158.118.237 - - [11/Jan/2026:14:08:25 +0300] "GET /inputs.php HTTP/1.0" 404 453 "https://www.yahoo.com/" "Mozilla/5.0 (iPhone; CPU iPhone OS 17_1 like Mac OS X) AppleWebKit/605.1.15 (KHTML, like Gecko) CriOS/119.0.6045.109 Mobile/15E148 Safari/604.1"
162.158.118.237 - - [11/Jan/2026:14:08:25 +0300] "GET /classwithtostring.php HTTP/1.0" 404 453 "https://www.bing.com/" "Mozilla/5.0 (Linux; Android 13; SM-S908E) AppleWebKit/537.36 (KHTML, like Gecko) Chrome/116.0.0.0 Mobile Safari/537.36"
162.158.118.237 - - [11/Jan/2026:14:08:26 +0300] "GET /asasx.php HTTP/1.0" 404 453 "https://www.bing.com/" "Mozilla/5.0 (Linux; Android 12; SM-A525F) AppleWebKit/537.36 (KHTML, like Gecko) Chrome/117.0.0.0 Mobile Safari/537.36"
162.158.118.237 - - [11/Jan/2026:14:08:26 +0300] "GET /wp-good.php HTTP/1.0" 404 453 "https://www.bing.com/" "Mozilla/5.0 (iPhone; CPU iPhone OS 17_0_3 like Mac OS X) AppleWebKit/605.1.15 (KHTML, like Gecko) Version/17.0.1 Mobile/15E148 Safari/604.1"
162.158.118.237 - - [11/Jan/2026:14:08:26 +0300] "GET /simple.php HTTP/1.0" 404 453 "https://www.google.de/" "Mozilla/5.0 (iPhone; CPU iPhone OS 17_1_1 like Mac OS X) AppleWebKit/605.1.15 (KHTML, like Gecko) Version/17.1 Mobile/15E148 Safari/604.1"
162.158.118.237 - - [11/Jan/2026:14:08:26 +0300] "GET /fm.php HTTP/1.0" 404 453 "https://www.google.de/" "Mozilla/5.0 (iPad; CPU OS 17_0_3 like Mac OS X) AppleWebKit/605.1.15 (KHTML, like Gecko) Version/17.0.1 Mobile/15E148 Safari/604.1"
162.158.118.237 - - [11/Jan/2026:14:08:27 +0300] "GET /k.php HTTP/1.0" 404 453 "https://www.yahoo.com/" "Mozilla/5.0 (Linux; Android 12; 2201116SG) AppleWebKit/537.36 (KHTML, like Gecko) Chrome/116.0.0.0 Mobile Safari/537.36"
162.158.118.237 - - [11/Jan/2026:14:08:27 +0300] "GET /mah.php HTTP/1.0" 404 453 "https://www.google.com/" "Mozilla/5.0 (iPhone; CPU iPhone OS 17_1 like Mac OS X) AppleWebKit/605.1.15 (KHTML, like Gecko) CriOS/119.0.6045.109 Mobile/15E148 Safari/604.1"
162.158.118.237 - - [11/Jan/2026:14:08:27 +0300] "GET /info.php HTTP/1.0" 404 453 "https://www.yahoo.com/" "Mozilla/5.0 (iPhone; CPU iPhone OS 17_1_1 like Mac OS X) AppleWebKit/605.1.15 (KHTML, like Gecko) Version/17.1 Mobile/15E148 Safari/604.1"
162.158.118.237 - - [11/Jan/2026:14:08:28 +0300] "GET /abcd.php HTTP/1.0" 404 453 "https://www.yahoo.com/" "Mozilla/5.0 (Linux; Android 10; K) AppleWebKit/537.36 (KHTML, like Gecko) Chrome/117.0.0.0 Mobile Safari/537.36"
162.158.118.237 - - [11/Jan/2026:14:08:28 +0300] "GET /css/index.php HTTP/1.0" 404 453 "https://duckduckgo.com/" "Mozilla/5.0 (Linux; Android 11; 21081111RG) AppleWebKit/537.36 (KHTML, like Gecko) Chrome/116.0.0.0 Mobile Safari/537.36"
162.158.118.237 - - [11/Jan/2026:14:08:28 +0300] "GET /1.php HTTP/1.0" 404 453 "https://www.yahoo.com/" "Mozilla/5.0 (Linux; Android 10; LM-Q720) AppleWebKit/537.36 (KHTML, like Gecko) Chrome/116.0.0.0 Mobile Safari/537.36"
162.158.118.237 - - [11/Jan/2026:14:08:28 +0300] "GET /wp.php HTTP/1.0" 404 453 "https://duckduckgo.com/" "Mozilla/5.0 (iPhone; CPU iPhone OS 15_7_9 like Mac OS X) AppleWebKit/605.1.15 (KHTML, like Gecko) Version/15.6.5 Mobile/15E148 Safari/604.1"
162.158.118.237 - - [11/Jan/2026:14:08:29 +0300] "GET /adminfuns.php/.well-known/acme-challenge/file.php HTTP/1.0" 404 453 "https://www.google.com/" "Mozilla/5.0 (Linux; Android 11; CPH2251) AppleWebKit/537.36 (KHTML, like Gecko) Chrome/116.0.0.0 Mobile Safari/537.36"
162.158.118.237 - - [11/Jan/2026:14:08:29 +0300] "GET /xmlrpc.php HTTP/1.0" 404 453 "https://www.yahoo.com/" "Mozilla/5.0 (iPad; CPU OS 16_7_2 like Mac OS X) AppleWebKit/605.1.15 (KHTML, like Gecko) Version/16.6 Mobile/15E148 Safari/604.1"
162.158.118.237 - - [11/Jan/2026:14:08:29 +0300] "GET /edit.php HTTP/1.0" 404 453 "https://www.google.com/" "Mozilla/5.0 (Linux; Android 13; SM-G991U) AppleWebKit/537.36 (KHTML, like Gecko) Chrome/117.0.0.0 Mobile Safari/537.36"
162.158.118.237 - - [11/Jan/2026:14:08:30 +0300] "GET /test.php HTTP/1.0" 404 453 "https://www.yahoo.com/" "Mozilla/5.0 (Linux; Android 10; K) AppleWebKit/537.36 (KHTML, like Gecko) Chrome/117.0.0.0 Mobile Safari/537.36"
162.158.118.237 - - [11/Jan/2026:14:08:30 +0300] "GET /wp-includes/SimplePie/about.php HTTP/1.0" 404 453 "https://duckduckgo.com/" "Mozilla/5.0 (Linux; Android 12; V2134) AppleWebKit/537.36 (KHTML, like Gecko) Chrome/116.0.0.0 Mobile Safari/537.36"
162.158.118.237 - - [11/Jan/2026:14:08:30 +0300] "GET /alfa.php HTTP/1.0" 404 453 "https://duckduckgo.com/" "Mozilla/5.g (Linux; Android 13; Pixel 7) AppleWebKit/537.36 (KHTML, like Gecko) Chrome/116.0.0.0 Mobile Safari/537.36"
162.158.118.237 - - [11/Jan/2026:14:08:30 +0300] "GET /wp-content/uploads/wpr-addons/forms/b1ack.php HTTP/1.0" 404 453 "https://www.google.com/" "Mozilla/5.0 (iPhone; CPU iPhone OS 17_0_3 like Mac OS X) AppleWebKit/605.1.15 (KHTML, like Gecko) Version/17.0.1 Mobile/15E148 Safari/604.1"
162.158.118.237 - - [11/Jan/2026:14:08:31 +0300] "GET /index/function.php HTTP/1.0" 404 453 "https://www.google.de/" "Mozilla/5.0 (iPhone; CPU iPhone OS 15_7_9 like Mac OS X) AppleWebKit/605.1.15 (KHTML, like Gecko) Version/15.6.5 Mobile/15E148 Safari/604.1"
162.158.118.237 - - [11/Jan/2026:14:08:31 +0300] "GET /wp-content/index.php HTTP/1.0" 404 453 "https://www.google.de/" "Mozilla/5.0 (Linux; Android 13; M2101K6G) AppleWebKit/537.36 (KHTML, like Gecko) Chrome/116.0.0.0 Mobile Safari/537.36"
162.158.118.237 - - [11/Jan/2026:14:08:31 +0300] "GET /atomlib.php HTTP/1.0" 404 453 "https://www.google.fr/" "Mozilla/5.0 (Linux; Android 14; Pixel 8 Pro) AppleWebKit/537.36 (KHTML, like Gecko) Chrome/119.0.0.0 Mobile Safari/537.36"
162.158.118.237 - - [11/Jan/2026:14:08:32 +0300] "GET /.tresh/index.php HTTP/1.0" 404 453 "https://www.google.com/" "Mozilla/5.0 (iPad; CPU OS 16_7_2 like Mac OS X) AppleWebKit/605.1.15 (KHTML, like Gecko) Version/16.6 Mobile/15E148 Safari/604.1"
162.158.118.237 - - [11/Jan/2026:14:08:32 +0300] "GET /0.php HTTP/1.0" 404 453 "https://www.bing.com/" "Mozilla/5.0 (Linux; Android 12; SM-A525F) AppleWebKit/537.36 (KHTML, like Gecko) Chrome/117.0.0.0 Mobile Safari/537.36"
162.158.118.237 - - [11/Jan/2026:14:08:32 +0300] "GET /aa.php HTTP/1.0" 404 453 "https://www.google.de/" "Mozilla/5.0 (Linux; Android 13; SM-G991U) AppleWebKit/537.36 (KHTML, like Gecko) Chrome/117.0.0.0 Mobile Safari/537.36"
162.158.118.237 - - [11/Jan/2026:14:08:33 +0300] "GET /wp-content/themes/about.php HTTP/1.0" 404 453 "https://www.bing.com/" "Mozilla/5.0 (Linux; Android 13; SM-G991U) AppleWebKit/537.36 (KHTML, like Gecko) Chrome/117.0.0.0 Mobile Safari/537.36"
162.158.118.237 - - [11/Jan/2026:14:08:33 +0300] "GET /lock360.php HTTP/1.0" 404 453 "https://www.bing.com/" "Mozilla/5.0 (Linux; Android 10; LM-Q720) AppleWebKit/537.36 (KHTML, like Gecko) Chrome/116.0.0.0 Mobile Safari/537.36"
162.158.118.237 - - [11/Jan/2026:14:08:33 +0300] "GET /bgymj.php HTTP/1.0" 404 453 "https://www.yahoo.com/" "Mozilla/5.0 (Linux; Android 11; CPH2251) AppleWebKit/537.36 (KHTML, like Gecko) Chrome/116.0.0.0 Mobile Safari/537.36"
162.158.118.237 - - [11/Jan/2026:14:08:33 +0300] "GET /flower.php HTTP/1.0" 404 453 "https://www.google.fr/" "Mozilla/5.0 (Linux; Android 13; M2101K6G) AppleWebKit/537.36 (KHTML, like Gecko) Chrome/116.0.0.0 Mobile Safari/537.36"
162.158.118.237 - - [11/Jan/2026:14:08:34 +0300] "GET /radio.php HTTP/1.0" 404 453 "https://duckduckgo.com/" "Mozilla/5.0 (Linux; Android 13; SM-G991U) AppleWebKit/537.36 (KHTML, like Gecko) Chrome/117.0.0.0 Mobile Safari/537.36"
162.158.118.237 - - [11/Jan/2026:14:08:34 +0300] "GET /wp-admin/maint/about.php HTTP/1.0" 404 453 "https://www.google.com/" "Mozilla/5.0 (Linux; Android 13; M2101K6G) AppleWebKit/537.36 (KHTML, like Gecko) Chrome/116.0.0.0 Mobile Safari/537.36"
162.158.118.237 - - [11/Jan/2026:14:08:34 +0300] "GET /wp-content/plugins/index.php HTTP/1.0" 404 453 "https://duckduckgo.com/" "Mozilla/5.0 (iPhone; CPU iPhone OS 17_0_3 like Mac OS X) AppleWebKit/605.1.15 (KHTML, like Gecko) Version/17.0.1 Mobile/15E148 Safari/604.1"
162.158.118.237 - - [11/Jan/2026:14:08:35 +0300] "GET /filemanager.php HTTP/1.0" 404 453 "https://www.bing.com/" "Mozilla/5.0 (Linux; Android 12; V2134) AppleWebKit/537.36 (KHTML, like Gecko) Chrome/116.0.0.0 Mobile Safari/537.36"
162.158.118.237 - - [11/Jan/2026:14:08:35 +0300] "GET /wp-includes/images/wp-login.php HTTP/1.0" 404 453 "https://www.yahoo.com/" "Mozilla/5.0 (Linux; Android 10; K) AppleWebKit/537.36 (KHTML, like Gecko) Chrome/117.0.0.0 Mobile Safari/537.36"
162.158.118.237 - - [11/Jan/2026:14:08:35 +0300] "GET /403.php HTTP/1.0" 404 453 "https://www.bing.com/" "Mozilla/5.0 (iPhone; CPU iPhone OS 15_7_9 like Mac OS X) AppleWebKit/605.1.15 (KHTML, like Gecko) Version/15.6.5 Mobile/15E148 Safari/604.1"
162.158.118.237 - - [11/Jan/2026:14:08:35 +0300] "GET /makeasmtp.php HTTP/1.0" 404 453 "https://www.yahoo.com/" "Mozilla/5.0 (iPhone; CPU iPhone OS 17_1_1 like Mac OS X) AppleWebKit/605.1.15 (KHTML, like Gecko) Version/17.1 Mobile/15E148 Safari/604.1"
162.158.118.237 - - [11/Jan/2026:14:08:36 +0300] "GET /file5.php HTTP/1.0" 404 453 "https://www.google.co.uk/" "Mozilla/5.0 (iPad; CPU OS 16_7_2 like Mac OS X) AppleWebKit/605.1.15 (KHTML, like Gecko) Version/16.6 Mobile/15E148 Safari/604.1"
162.158.118.237 - - [11/Jan/2026:14:08:36 +0300] "GET /upload.php HTTP/1.0" 404 453 "https://www.google.de/" "Mozilla/5.0 (iPhone; CPU iPhone OS 17_0_3 like Mac OS X) AppleWebKit/605.1.15 (KHTML, like Gecko) Version/17.0.1 Mobile/15E148 Safari/604.1"
162.158.118.237 - - [11/Jan/2026:14:08:36 +0300] "GET /vx.php HTTP/1.0" 404 453 "https://www.bing.com/" "Mozilla/5.0 (Linux; Android 12; V2134) AppleWebKit/537.36 (KHTML, like Gecko) Chrome/116.0.0.0 Mobile Safari/537.36"
162.158.118.237 - - [11/Jan/2026:14:08:37 +0300] "GET /dropdown.php HTTP/1.0" 404 453 "https://www.google.fr/" "Mozilla/5.0 (Linux; Android 12; 2201116SG) AppleWebKit/537.36 (KHTML, like Gecko) Chrome/116.0.0.0 Mobile Safari/537.36"
162.158.118.237 - - [11/Jan/2026:14:08:37 +0300] "GET /system.php HTTP/1.0" 404 453 "https://www.bing.com/" "Mozilla/5.0 (iPad; CPU OS 17_0_3 like Mac OS X) AppleWebKit/605.1.15 (KHTML, like Gecko) Version/17.0.1 Mobile/15E148 Safari/604.1"
162.158.88.165 - - [11/Jan/2026:14:09:17 +0300] "GET /qlrlpe/lake-tahoe-ph-level.html HTTP/1.0" 404 453 "https://tort37.ru/alryyj/dj-mix-bongo-mupya-2020.html" "Mozilla/5.0 (Linux; Android 7.0;) AppleWebKit/537.36 (KHTML, like Gecko) Mobile Safari/537.36 (compatible; PetalBot;+https://webmaster.petalsearch.com/site/petalbot)"
172.70.188.74 - - [11/Jan/2026:14:10:40 +0300] "GET /qlrlpe/how-long-does-it-take-for-sea-monkeys-to-hatch.html HTTP/1.0" 404 453 "https://greenstarelectricalservices.com.au/10fad/block-my-ip-address-from-website.html" "Mozilla/5.0 (Linux; Android 7.0;) AppleWebKit/537.36 (KHTML, like Gecko) Mobile Safari/537.36 (compatible; PetalBot;+https://webmaster.petalsearch.com/site/petalbot)"
162.158.108.112 - - [11/Jan/2026:14:12:02 +0300] "GET /qlrlpe/council-buy-back-scheme.html HTTP/1.0" 404 453 "https://anr-tula.ru/okgli/about-highland-coffee.html" "Mozilla/5.0 (Linux; Android 7.0;) AppleWebKit/537.36 (KHTML, like Gecko) Mobile Safari/537.36 (compatible; PetalBot;+https://webmaster.petalsearch.com/site/petalbot)"
172.69.176.110 - - [11/Jan/2026:14:13:26 +0300] "GET /qlrlpe/citalopram-vs-sertraline-dosage.html HTTP/1.0" 404 453 "http://adelaidestarbus.com.au/6cbz2/best-metalcore-songs-2022.html" "Mozilla/5.0 (Linux; Android 7.0;) AppleWebKit/537.36 (KHTML, like Gecko) Mobile Safari/537.36 (compatible; PetalBot;+https://webmaster.petalsearch.com/site/petalbot)"
172.70.188.74 - - [11/Jan/2026:14:14:50 +0300] "GET /qlrlpe/cigarette-in-your-bed-lyrics.html HTTP/1.0" 404 453 "http://emmaspencer.com.au/z8ajhazi/insulated-aluminum-panels-for-sale.html" "Mozilla/5.0 (Linux; Android 7.0;) AppleWebKit/537.36 (KHTML, like Gecko) Mobile Safari/537.36 (compatible; PetalBot;+https://webmaster.petalsearch.com/site/petalbot)"
172.69.176.110 - - [11/Jan/2026:14:16:13 +0300] "GET /qlrlpe/cia-agent-training.html HTTP/1.0" 404 453 "https://tehpodspb.ru/nczfgcobv/the-ashburton-guardian-death-notices.html" "Mozilla/5.0 (Linux; Android 7.0;) AppleWebKit/537.36 (KHTML, like Gecko) Mobile Safari/537.36 (compatible; PetalBot;+https://webmaster.petalsearch.com/site/petalbot)"
104.23.211.150 - - [11/Jan/2026:14:18:53 +0300] "GET /?l=7917750591700 HTTP/1.0" 200 884 "-" "Mozilla/5.0 AppleWebKit/537.36 (KHTML, like Gecko; compatible; bingbot/2.0; +http://www.bing.com/bingbot.htm) Chrome/116.0.1938.76 Safari/537.36"
172.70.208.129 - - [11/Jan/2026:14:19:50 +0300] "GET /qlrlpe/chiq-tv-remote-instructions.html HTTP/1.0" 404 453 "https://workshop1.towerent.ru/b2xhw9/ocb-rolling-machine.html" "Mozilla/5.0 (Linux; Android 7.0;) AppleWebKit/537.36 (KHTML, like Gecko) Mobile Safari/537.36 (compatible; PetalBot;+https://webmaster.petalsearch.com/site/petalbot)"
172.71.82.28 - - [11/Jan/2026:14:20:29 +0300] "GET /qlrlpe/chinese-new-year-2023-singapore-menu.html HTTP/1.0" 404 453 "http://margiebekker.ru/wak0rbb/awk-print-range-of-rows.html" "Mozilla/5.0 (Linux; Android 7.0;) AppleWebKit/537.36 (KHTML, like Gecko) Mobile Safari/537.36 (compatible; PetalBot;+https://webmaster.petalsearch.com/site/petalbot)"
172.68.164.74 - - [11/Jan/2026:14:20:57 +0300] "GET /qlrlpe/checklist-of-things-to-do-before-getting-married.html HTTP/1.0" 404 453 "https://clinicakrd.ru/rcrbhai4k/go-ahead-chinese-drama-ep-1-eng-sub.html" "Mozilla/5.0 (Linux; Android 7.0;) AppleWebKit/537.36 (KHTML, like Gecko) Mobile Safari/537.36 (compatible; PetalBot;+https://webmaster.petalsearch.com/site/petalbot)"
162.158.108.112 - - [11/Jan/2026:14:21:55 +0300] "GET /qlrlpe/cheap-houses-for-sale-north-queensland.html HTTP/1.0" 404 453 "https://dacyprus.com/tufgt/is-thrifty-propane-still-in-business.html" "Mozilla/5.0 (Linux; Android 7.0;) AppleWebKit/537.36 (KHTML, like Gecko) Mobile Safari/537.36 (compatible; PetalBot;+https://webmaster.petalsearch.com/site/petalbot)"
162.158.106.107 - - [11/Jan/2026:14:23:25 +0300] "GET /qlrlpe/cheap-embroidery-near-me.html HTTP/1.0" 404 453 "https://stomsklad.ru/ykkemz/120mm-dm53-apfsds-gun.html" "Mozilla/5.0 (Linux; Android 7.0;) AppleWebKit/537.36 (KHTML, like Gecko) Mobile Safari/537.36 (compatible; PetalBot;+https://webmaster.petalsearch.com/site/petalbot)"
172.70.93.2 - - [11/Jan/2026:14:24:42 +0300] "GET /qlrlpe/certbot-cloudflare-renew.html HTTP/1.0" 404 453 "https://clinicakrd.ru/rcrbhai4k/go-ahead-chinese-drama-ep-1-eng-sub.html" "Mozilla/5.0 (Linux; Android 7.0;) AppleWebKit/537.36 (KHTML, like Gecko) Mobile Safari/537.36 (compatible; PetalBot;+https://webmaster.petalsearch.com/site/petalbot)"
172.70.93.3 - - [11/Jan/2026:14:26:06 +0300] "GET /qlrlpe/carpenter-funeral-home-obituaries.html HTTP/1.0" 404 453 "http://mikepeterstrophies.com/yjqxtllba/free-aws-certification-voucher.html" "Mozilla/5.0 (Linux; Android 7.0;) AppleWebKit/537.36 (KHTML, like Gecko) Mobile Safari/537.36 (compatible; PetalBot;+https://webmaster.petalsearch.com/site/petalbot)"
172.71.194.16 - - [11/Jan/2026:14:27:24 +0300] "GET /?l=80920193730202 HTTP/1.0" 200 884 "-" "Mozilla/5.0 AppleWebKit/537.36 (KHTML, like Gecko; compatible; bingbot/2.0; +http://www.bing.com/bingbot.htm) Chrome/116.0.1938.76 Safari/537.36"
162.158.106.107 - - [11/Jan/2026:14:27:28 +0300] "GET /qlrlpe/car-crash-near-me.html HTTP/1.0" 404 453 "http://tracehk.post.bbstore.com.np/sl9lulp/gerber-baby-2022-winner.html" "Mozilla/5.0 (Linux; Android 7.0;) AppleWebKit/537.36 (KHTML, like Gecko) Mobile Safari/537.36 (compatible; PetalBot;+https://webmaster.petalsearch.com/site/petalbot)"
172.70.143.179 - - [11/Jan/2026:14:28:53 +0300] "GET /rrf20np/pedestrian-struck-peterborough.html HTTP/1.0" 404 453 "https://aurums.ru/mcip86z/male-enhancement-reddit.html" "Mozilla/5.0 (Linux; Android 7.0;) AppleWebKit/537.36 (KHTML, like Gecko) Mobile Safari/537.36 (compatible; PetalBot;+https://webmaster.petalsearch.com/site/petalbot)"
172.70.93.2 - - [11/Jan/2026:14:30:18 +0300] "GET /rrf20np/gaming-monitor-sale.html HTTP/1.0" 404 453 "http://bombo.sewingwithshirley.com.au/23top/hemomancy-spells-skyrim.html" "Mozilla/5.0 (Linux; Android 7.0;) AppleWebKit/537.36 (KHTML, like Gecko) Mobile Safari/537.36 (compatible; PetalBot;+https://webmaster.petalsearch.com/site/petalbot)"
172.68.18.66 - - [11/Jan/2026:14:32:58 +0300] "GET / HTTP/1.0" 200 873 "http://172.67.201.193:80/" "-"
104.23.175.202 - - [11/Jan/2026:14:33:04 +0300] "GET /rrf20np/best-books-on-magic-theory.html HTTP/1.0" 404 453 "http://vipperspektiva.ru/cvzcflqf/how-to-install-smapi-stardew-valley-mac.html" "Mozilla/5.0 (Linux; Android 7.0;) AppleWebKit/537.36 (KHTML, like Gecko) Mobile Safari/537.36 (compatible; PetalBot;+https://webmaster.petalsearch.com/site/petalbot)"
104.23.209.162 - - [11/Jan/2026:14:33:59 +0300] "GET /?l=02807237761900 HTTP/1.0" 200 884 "-" "Mozilla/5.0 AppleWebKit/537.36 (KHTML, like Gecko; compatible; bingbot/2.0; +http://www.bing.com/bingbot.htm) Chrome/116.0.1938.76 Safari/537.36"
104.23.223.57 - - [11/Jan/2026:14:34:28 +0300] "GET /qlrlpe/xds110-command-line.html HTTP/1.0" 404 453 "https://gelioskarate.ru/sram/iitc-pogo-plugin.html" "Mozilla/5.0 (Linux; Android 7.0;) AppleWebKit/537.36 (KHTML, like Gecko) Mobile Safari/537.36 (compatible; PetalBot;+https://webmaster.petalsearch.com/site/petalbot)"
172.71.223.167 - - [11/Jan/2026:14:35:10 +0300] "GET /?l=60998288429904 HTTP/1.0" 200 884 "-" "Mozilla/5.0 AppleWebKit/537.36 (KHTML, like Gecko; compatible; bingbot/2.0; +http://www.bing.com/bingbot.htm) Chrome/116.0.1938.76 Safari/537.36"
104.23.211.150 - - [11/Jan/2026:14:35:36 +0300] "GET /?l=9020264326203 HTTP/1.0" 200 884 "-" "Mozilla/5.0 AppleWebKit/537.36 (KHTML, like Gecko; compatible; bingbot/2.0; +http://www.bing.com/bingbot.htm) Chrome/116.0.1938.76 Safari/537.36"
172.68.164.74 - - [11/Jan/2026:14:35:52 +0300] "GET /qlrlpe/why-is-draco-malfoy-so-hot.html HTTP/1.0" 404 453 "https://dacyprus.com/tufgt/selenium-download-file-from-url.html" "Mozilla/5.0 (Linux; Android 7.0;) AppleWebKit/537.36 (KHTML, like Gecko) Mobile Safari/537.36 (compatible; PetalBot;+https://webmaster.petalsearch.com/site/petalbot)"
172.71.82.28 - - [11/Jan/2026:14:38:40 +0300] "GET /qlrlpe/paypal-express-checkout.html HTTP/1.0" 404 453 "https://stomsklad.ru/ykkemz/120mm-dm53-apfsds-gun.html" "Mozilla/5.0 (Linux; Android 7.0;) AppleWebKit/537.36 (KHTML, like Gecko) Mobile Safari/537.36 (compatible; PetalBot;+https://webmaster.petalsearch.com/site/petalbot)"
162.158.108.112 - - [11/Jan/2026:14:40:01 +0300] "GET /qlrlpe/neighbors-spying-through-walls.html HTTP/1.0" 404 453 "http://chlo.staino.ru/whbamp/how-long-does-spin247-take-to-pay-out.html" "Mozilla/5.0 (Linux; Android 7.0;) AppleWebKit/537.36 (KHTML, like Gecko) Mobile Safari/537.36 (compatible; PetalBot;+https://webmaster.petalsearch.com/site/petalbot)"
104.23.175.203 - - [11/Jan/2026:14:41:25 +0300] "GET /qlrlpe/mad-cartographer-candlekeep.html HTTP/1.0" 404 453 "https://krt-krym.ru/apqlw/how-to-maintain-friendships-as-an-introvert.html" "Mozilla/5.0 (Linux; Android 7.0;) AppleWebKit/537.36 (KHTML, like Gecko) Mobile Safari/537.36 (compatible; PetalBot;+https://webmaster.petalsearch.com/site/petalbot)"
162.158.189.18 - - [11/Jan/2026:14:42:51 +0300] "GET /qlrlpe/how-to-store-multiple-form-data-in-localstorage-using-javascript.html HTTP/1.0" 404 453 "https://medicaledu.online/qghsgsp/mia-aesthetics-atlanta-specials.html" "Mozilla/5.0 (Linux; Android 7.0;) AppleWebKit/537.36 (KHTML, like Gecko) Mobile Safari/537.36 (compatible; PetalBot;+https://webmaster.petalsearch.com/site/petalbot)"
172.70.208.129 - - [11/Jan/2026:14:44:12 +0300] "GET /qlrlpe/godot-add-child-instance.html HTTP/1.0" 404 453 "https://www.ballthai.com/%E0%B8%9A%E0%B8%AD%E0%B8%AA%E0%B9%80%E0%B8%AD%E0%B8%81-%E0%B9%80%E0%B8%95%E0%B8%A3%E0%B8%B5%E0%B8%A2%E0%B8%A1%E0%B9%83%E0%B8%8A%E0%B9%89%E0%B9%81%E0%B8%82%E0%B9%89%E0%B8%87%E0%B9%83%E0%B8%99%E0%B8%88%E0%B8%B1%E0%B8%87%E0%B8%AB%E0%B8%A7%E0%B8%B1%E0%B8%94-%E0%B9%80%E0%B8%9B%E0%B9%87%E0%B8%99%E0%B8%95%E0%B8%B1%E0%B8%A7%E0%B8%AB%E0%B8%A5%E0%B8%B1%E0%B8%81%E0%B8%97%E0%B8%B1%E0%B8%9E%E0%B8%99%E0%B8%B1%E0%B8%81%E0%B8%A3%E0%B8%9A%E0%B9%80%E0%B8%8B%E0%B9%84%E0%B8%A5-%E0%B9%83%E0%B8%99%E0%B8%A4%E0%B8%94%E0%B8%B9%E0%B8%81%E0%B8%B2%E0%B8%A5%E0%B8%AB%E0%B8%99%E0%B9%89%E0%B8%B2/" "Mozilla/5.0 (Linux; Android 7.0;) AppleWebKit/537.36 (KHTML, like Gecko) Mobile Safari/537.36 (compatible; PetalBot;+https://webmaster.petalsearch.com/site/petalbot)"
172.69.165.72 - - [11/Jan/2026:14:45:36 +0300] "GET /qlrlpe/capricorn-nakshatra-names.html HTTP/1.0" 404 453 "http://estimationhubinccontact.com/kryr/my-boyfriend-told-me-he-finds-another-girl-attractive.html" "Mozilla/5.0 (Linux; Android 7.0;) AppleWebKit/537.36 (KHTML, like Gecko) Mobile Safari/537.36 (compatible; PetalBot;+https://webmaster.petalsearch.com/site/petalbot)"
162.158.108.112 - - [11/Jan/2026:14:47:00 +0300] "GET /qlrlpe/canadian-forces-medical-appeal.html HTTP/1.0" 404 453 "https://grafit-arenda.ru/tfplflaz/vue-js-print.html" "Mozilla/5.0 (Linux; Android 7.0;) AppleWebKit/537.36 (KHTML, like Gecko) Mobile Safari/537.36 (compatible; PetalBot;+https://webmaster.petalsearch.com/site/petalbot)"
172.68.164.74 - - [11/Jan/2026:14:48:24 +0300] "GET /qlrlpe/calculus-population-density-problems.html HTTP/1.0" 404 453 "http://emmaspencer.com.au/z8ajhazi/arthritis-salve-recipe.html" "Mozilla/5.0 (Linux; Android 7.0;) AppleWebKit/537.36 (KHTML, like Gecko) Mobile Safari/537.36 (compatible; PetalBot;+https://webmaster.petalsearch.com/site/petalbot)"
172.70.208.128 - - [11/Jan/2026:14:49:47 +0300] "GET /qlrlpe/calculate-zoom-level-from-bounds-mapbox.html HTTP/1.0" 404 453 "http://bayerheritage.gdmbuilders.com.au/4vmt3nk/instagram-captions-to-make-your-ex-miss-you.html" "Mozilla/5.0 (Linux; Android 7.0;) AppleWebKit/537.36 (KHTML, like Gecko) Mobile Safari/537.36 (compatible; PetalBot;+https://webmaster.petalsearch.com/site/petalbot)"
172.71.124.60 - - [11/Jan/2026:14:51:10 +0300] "GET /rrf20np/scary-movies-on-tubi-based-on-true-story.html HTTP/1.0" 404 453 "http://thefinancesite.com.au/q9ljp/amador-county-car-accident-today.html" "Mozilla/5.0 (Linux; Android 7.0;) AppleWebKit/537.36 (KHTML, like Gecko) Mobile Safari/537.36 (compatible; PetalBot;+https://webmaster.petalsearch.com/site/petalbot)"
162.158.167.66 - - [11/Jan/2026:14:51:34 +0300] "GET / HTTP/1.0" 200 873 "http://pavloman.ru" "Mozilla/5.0 (iPhone; CPU iPhone OS 13_2_3 like Mac OS X) AppleWebKit/605.1.15 (KHTML, like Gecko) Version/13.0.3 Mobile/15E148 Safari/604.1"
162.158.108.112 - - [11/Jan/2026:14:52:34 +0300] "GET /rrf20np/marquee-tent-for-wedding.html HTTP/1.0" 404 453 "https://mnfs.ru/frqxf/yamaha-style-program-change-number.html" "Mozilla/5.0 (Linux; Android 7.0;) AppleWebKit/537.36 (KHTML, like Gecko) Mobile Safari/537.36 (compatible; PetalBot;+https://webmaster.petalsearch.com/site/petalbot)"
172.70.175.173 - - [11/Jan/2026:14:52:46 +0300] "GET /?l=6388642981902 HTTP/1.0" 200 884 "-" "Mozilla/5.0 AppleWebKit/537.36 (KHTML, like Gecko; compatible; bingbot/2.0; +http://www.bing.com/bingbot.htm) Chrome/116.0.1938.76 Safari/537.36"
104.23.175.203 - - [11/Jan/2026:14:53:56 +0300] "GET /rrf20np/lavender-magical-properties.html HTTP/1.0" 404 453 "https://stomsklad.ru/imcjfsmk/onedrive-not-syncing-iphone.html" "Mozilla/5.0 (Linux; Android 7.0;) AppleWebKit/537.36 (KHTML, like Gecko) Mobile Safari/537.36 (compatible; PetalBot;+https://webmaster.petalsearch.com/site/petalbot)"
162.158.106.107 - - [11/Jan/2026:14:55:21 +0300] "GET /rrf20np/javascript-list-files-in-directory.html HTTP/1.0" 404 453 "https://stomsklad.ru/imcjfsmk/onedrive-not-syncing-iphone.html" "Mozilla/5.0 (Linux; Android 7.0;) AppleWebKit/537.36 (KHTML, like Gecko) Mobile Safari/537.36 (compatible; PetalBot;+https://webmaster.petalsearch.com/site/petalbot)"
172.70.208.128 - - [11/Jan/2026:14:56:44 +0300] "GET /rrf20np/al-rabia-company-saudi-arabia.html HTTP/1.0" 404 453 "http://vipperspektiva.ru/cvzcflqf/how-to-install-smapi-stardew-valley-mac.html" "Mozilla/5.0 (Linux; Android 7.0;) AppleWebKit/537.36 (KHTML, like Gecko) Mobile Safari/537.36 (compatible; PetalBot;+https://webmaster.petalsearch.com/site/petalbot)"
172.71.82.29 - - [11/Jan/2026:14:58:08 +0300] "GET /qlrlpe/iframe-dynamic-height-react.html HTTP/1.0" 404 453 "http://clear-aligners.ru/iotig/lycanites-mobs-monsters.html" "Mozilla/5.0 (Linux; Android 7.0;) AppleWebKit/537.36 (KHTML, like Gecko) Mobile Safari/537.36 (compatible; PetalBot;+https://webmaster.petalsearch.com/site/petalbot)"
172.70.208.129 - - [11/Jan/2026:14:59:32 +0300] "GET /qlrlpe/datepicker-on-change-get-value.html HTTP/1.0" 404 453 "http://mikepeterstrophies.com/yjqxtllba/does-batteries-plus-buy-old-car-batteries.html" "Mozilla/5.0 (Linux; Android 7.0;) AppleWebKit/537.36 (KHTML, like Gecko) Mobile Safari/537.36 (compatible; PetalBot;+https://webmaster.petalsearch.com/site/petalbot)"
172.71.82.29 - - [11/Jan/2026:15:00:57 +0300] "GET /qlrlpe/buy-disposable-vape.html HTTP/1.0" 404 453 "https://rida-motors.oca.ru/htdq3/relocatable-cabins-for-sale-near-illinois.html" "Mozilla/5.0 (Linux; Android 7.0;) AppleWebKit/537.36 (KHTML, like Gecko) Mobile Safari/537.36 (compatible; PetalBot;+https://webmaster.petalsearch.com/site/petalbot)"
104.23.213.159 - - [11/Jan/2026:15:01:38 +0300] "GET /?l=01205104012606 HTTP/1.0" 200 884 "-" "Mozilla/5.0 AppleWebKit/537.36 (KHTML, like Gecko; compatible; bingbot/2.0; +http://www.bing.com/bingbot.htm) Chrome/116.0.1938.76 Safari/537.36"
172.71.194.16 - - [11/Jan/2026:15:02:08 +0300] "GET /?l=02126132753301 HTTP/1.0" 200 884 "-" "Mozilla/5.0 AppleWebKit/537.36 (KHTML, like Gecko; compatible; bingbot/2.0; +http://www.bing.com/bingbot.htm) Chrome/116.0.1938.76 Safari/537.36"
172.69.165.73 - - [11/Jan/2026:15:02:23 +0300] "GET /qlrlpe/brother-laser-printer-fuser-temperature.html HTTP/1.0" 404 453 "https://greenstarelectricalservices.com.au/10fad/block-my-ip-address-from-website.html" "Mozilla/5.0 (Linux; Android 7.0;) AppleWebKit/537.36 (KHTML, like Gecko) Mobile Safari/537.36 (compatible; PetalBot;+https://webmaster.petalsearch.com/site/petalbot)"
104.23.223.30 - - [11/Jan/2026:15:03:43 +0300] "GET /qlrlpe/broken-luna-chapter-4.html HTTP/1.0" 404 453 "http://hypnosis-nlp.net.au/6jsj/why-do-i-feel-bad-after-breaking-up-with-someone.html" "Mozilla/5.0 (Linux; Android 7.0;) AppleWebKit/537.36 (KHTML, like Gecko) Mobile Safari/537.36 (compatible; PetalBot;+https://webmaster.petalsearch.com/site/petalbot)"
162.158.88.165 - - [11/Jan/2026:15:05:08 +0300] "GET /qlrlpe/breaking-news-decatur-ga-today.html HTTP/1.0" 404 453 "http://demo2.webtm.ru/zrljl/is-hemp-flower-legal-in-indiana-2022.html" "Mozilla/5.0 (Linux; Android 7.0;) AppleWebKit/537.36 (KHTML, like Gecko) Mobile Safari/537.36 (compatible; PetalBot;+https://webmaster.petalsearch.com/site/petalbot)"
172.68.164.74 - - [11/Jan/2026:15:06:32 +0300] "GET /qlrlpe/boxing-events-atlanta.html HTTP/1.0" 404 453 "http://summer-stage.action-development.ru/k4yk4ja/steroids-hair-loss.html" "Mozilla/5.0 (Linux; Android 7.0;) AppleWebKit/537.36 (KHTML, like Gecko) Mobile Safari/537.36 (compatible; PetalBot;+https://webmaster.petalsearch.com/site/petalbot)"
104.23.175.202 - - [11/Jan/2026:15:07:54 +0300] "GET /qlrlpe/bovegas-no-deposit-bonus-2022.html HTTP/1.0" 404 453 "http://jasongrimamotorsports.com/ahz8/kenjiro-tsuda-genshin-impact.html" "Mozilla/5.0 (Linux; Android 7.0;) AppleWebKit/537.36 (KHTML, like Gecko) Mobile Safari/537.36 (compatible; PetalBot;+https://webmaster.petalsearch.com/site/petalbot)"
162.158.182.187 - - [11/Jan/2026:15:08:29 +0300] "GET /?l=0592489239403 HTTP/1.0" 200 884 "-" "Mozilla/5.0 AppleWebKit/537.36 (KHTML, like Gecko; compatible; bingbot/2.0; +http://www.bing.com/bingbot.htm) Chrome/116.0.1938.76 Safari/537.36"
172.70.42.6 - - [11/Jan/2026:15:08:42 +0300] "GET /?l=8901737658208 HTTP/1.0" 200 884 "-" "Mozilla/5.0 AppleWebKit/537.36 (KHTML, like Gecko; compatible; bingbot/2.0; +http://www.bing.com/bingbot.htm) Chrome/116.0.1938.76 Safari/537.36"
172.70.39.146 - - [11/Jan/2026:15:08:56 +0300] "GET /?l=08619155239600 HTTP/1.0" 200 884 "-" "Mozilla/5.0 AppleWebKit/537.36 (KHTML, like Gecko; compatible; bingbot/2.0; +http://www.bing.com/bingbot.htm) Chrome/116.0.1938.76 Safari/537.36"
172.68.164.74 - - [11/Jan/2026:15:09:18 +0300] "GET /qlrlpe/blue-peel-and-stick-vinyl-floor-tile.html HTTP/1.0" 404 453 "http://justinmariani.com.au/f8szfr/medeco-key-blank-identification.html" "Mozilla/5.0 (Linux; Android 7.0;) AppleWebKit/537.36 (KHTML, like Gecko) Mobile Safari/537.36 (compatible; PetalBot;+https://webmaster.petalsearch.com/site/petalbot)"
172.70.188.74 - - [11/Jan/2026:15:10:40 +0300] "GET /qlrlpe/big-ideas-math-red-chapter-3-test-a-answer-key.html HTTP/1.0" 404 453 "http://sushka-ufa.gramor.site/7hc1/who-owns-alpaca-chicken.html" "Mozilla/5.0 (Linux; Android 7.0;) AppleWebKit/537.36 (KHTML, like Gecko) Mobile Safari/537.36 (compatible; PetalBot;+https://webmaster.petalsearch.com/site/petalbot)"
104.23.175.203 - - [11/Jan/2026:15:12:04 +0300] "GET /qlrlpe/beverly-hills-houses.html HTTP/1.0" 404 453 "https://media.citytabernacle.com.au/xtjip4a/bachelor-full-movie-in-hindi-download-filmy4wap.html" "Mozilla/5.0 (Linux; Android 7.0;) AppleWebKit/537.36 (KHTML, like Gecko) Mobile Safari/537.36 (compatible; PetalBot;+https://webmaster.petalsearch.com/site/petalbot)"
108.162.226.248 - - [11/Jan/2026:15:13:28 +0300] "GET /rrf20np/vending-machine-business-for-sale-new-orleans.html HTTP/1.0" 404 453 "https://dpommc.ru/r3n7bj/azure-change-account-owner.html" "Mozilla/5.0 (Linux; Android 7.0;) AppleWebKit/537.36 (KHTML, like Gecko) Mobile Safari/537.36 (compatible; PetalBot;+https://webmaster.petalsearch.com/site/petalbot)"
162.158.88.165 - - [11/Jan/2026:15:14:52 +0300] "GET /rrf20np/things-bpd-do.html HTTP/1.0" 404 453 "http://vipperspektiva.ru/cvzcflqf/how-to-install-smapi-stardew-valley-mac.html" "Mozilla/5.0 (Linux; Android 7.0;) AppleWebKit/537.36 (KHTML, like Gecko) Mobile Safari/537.36 (compatible; PetalBot;+https://webmaster.petalsearch.com/site/petalbot)"
172.71.82.29 - - [11/Jan/2026:15:16:15 +0300] "GET /rrf20np/iced-out-cuban-link-chain-vvs.html HTTP/1.0" 404 453 "https://stomsklad.ru/imcjfsmk/onedrive-not-syncing-iphone.html" "Mozilla/5.0 (Linux; Android 7.0;) AppleWebKit/537.36 (KHTML, like Gecko) Mobile Safari/537.36 (compatible; PetalBot;+https://webmaster.petalsearch.com/site/petalbot)"
172.71.124.60 - - [11/Jan/2026:15:17:39 +0300] "GET /rrf20np/diy-plastic-injection-molding-machine.html HTTP/1.0" 404 453 "https://test.mebelevsk.ru/1anuwhp/notion-content-ideas.html" "Mozilla/5.0 (Linux; Android 7.0;) AppleWebKit/537.36 (KHTML, like Gecko) Mobile Safari/537.36 (compatible; PetalBot;+https://webmaster.petalsearch.com/site/petalbot)"
162.158.189.19 - - [11/Jan/2026:15:19:04 +0300] "GET /qlrlpe/turbanli-kadini-gotten-siktim.html HTTP/1.0" 404 453 "https://stomsklad.ru/ykkemz/120mm-dm53-apfsds-gun.html" "Mozilla/5.0 (Linux; Android 7.0;) AppleWebKit/537.36 (KHTML, like Gecko) Mobile Safari/537.36 (compatible; PetalBot;+https://webmaster.petalsearch.com/site/petalbot)"
