162.158.170.238 - - [11/Jan/2026:15:20:25 +0300] "GET /qlrlpe/research-poster-template-free-download-ppt.html HTTP/1.0" 404 453 "https://rida-motors.oca.ru/htdq3/3070-vs-3070-ti-laptop-reddit.html" "Mozilla/5.0 (Linux; Android 7.0;) AppleWebKit/537.36 (KHTML, like Gecko) Mobile Safari/537.36 (compatible; PetalBot;+https://webmaster.petalsearch.com/site/petalbot)"
104.23.175.203 - - [11/Jan/2026:15:21:49 +0300] "GET /qlrlpe/find-matching-values-in-two-worksheets.html HTTP/1.0" 404 453 "http://dc.gramor.site/p8qxalks/jooq-vs-querydsl.html" "Mozilla/5.0 (Linux; Android 7.0;) AppleWebKit/537.36 (KHTML, like Gecko) Mobile Safari/537.36 (compatible; PetalBot;+https://webmaster.petalsearch.com/site/petalbot)"
162.158.108.112 - - [11/Jan/2026:15:23:13 +0300] "GET /qlrlpe/cluster-service-will-not-start-error-code-2.html HTTP/1.0" 404 453 "https://clinicakrd.ru/rcrbhai4k/nhl-20-trade-in-value.html" "Mozilla/5.0 (Linux; Android 7.0;) AppleWebKit/537.36 (KHTML, like Gecko) Mobile Safari/537.36 (compatible; PetalBot;+https://webmaster.petalsearch.com/site/petalbot)"
172.71.124.61 - - [11/Jan/2026:15:24:38 +0300] "GET /qlrlpe/best-west-hollywood-restaurants.html HTTP/1.0" 404 453 "http://kaluga.munys.ru/om630/spring-song-quotes.html" "Mozilla/5.0 (Linux; Android 7.0;) AppleWebKit/537.36 (KHTML, like Gecko) Mobile Safari/537.36 (compatible; PetalBot;+https://webmaster.petalsearch.com/site/petalbot)"
172.70.93.3 - - [11/Jan/2026:15:26:00 +0300] "GET /qlrlpe/best-wedding-songs-of-all-time.html HTTP/1.0" 404 453 "http://mikepeterstrophies.com/yjqxtllba/tricky-maths-puzzles-with-answers-for-adults.html" "Mozilla/5.0 (Linux; Android 7.0;) AppleWebKit/537.36 (KHTML, like Gecko) Mobile Safari/537.36 (compatible; PetalBot;+https://webmaster.petalsearch.com/site/petalbot)"
172.70.93.2 - - [11/Jan/2026:15:27:23 +0300] "GET /qlrlpe/best-paragon-points-for-necromancer-diablo-3.html HTTP/1.0" 404 453 "http://giz-webinar.com/blhibhr4px/pj-hegarty-cork.html" "Mozilla/5.0 (Linux; Android 7.0;) AppleWebKit/537.36 (KHTML, like Gecko) Mobile Safari/537.36 (compatible; PetalBot;+https://webmaster.petalsearch.com/site/petalbot)"
162.158.108.112 - - [11/Jan/2026:15:28:47 +0300] "GET /qlrlpe/best-motherboard-for-ryzen-5000-reddit.html HTTP/1.0" 404 453 "https://clinicakrd.ru/rcrbhai4k/go-ahead-chinese-drama-ep-1-eng-sub.html" "Mozilla/5.0 (Linux; Android 7.0;) AppleWebKit/537.36 (KHTML, like Gecko) Mobile Safari/537.36 (compatible; PetalBot;+https://webmaster.petalsearch.com/site/petalbot)"
172.71.124.60 - - [11/Jan/2026:15:30:12 +0300] "GET /qlrlpe/best-indoor-hotel-pools-in-omaha.html HTTP/1.0" 404 453 "http://jptrailers.com.au/no25c/dyson-airwrap-accessories.html" "Mozilla/5.0 (Linux; Android 7.0;) AppleWebKit/537.36 (KHTML, like Gecko) Mobile Safari/537.36 (compatible; PetalBot;+https://webmaster.petalsearch.com/site/petalbot)"
172.70.42.7 - - [11/Jan/2026:15:31:13 +0300] "GET /?l=22716164764501 HTTP/1.0" 200 884 "-" "Mozilla/5.0 AppleWebKit/537.36 (KHTML, like Gecko; compatible; bingbot/2.0; +http://www.bing.com/bingbot.htm) Chrome/116.0.1938.76 Safari/537.36"
172.70.143.179 - - [11/Jan/2026:15:31:34 +0300] "GET /qlrlpe/best-hunter-build-destiny-2-pvp.html HTTP/1.0" 404 453 "http://moonlightssd.com/wp-content/stb7h/tirzepatide-compounding-pharmacy.html" "Mozilla/5.0 (Linux; Android 7.0;) AppleWebKit/537.36 (KHTML, like Gecko) Mobile Safari/537.36 (compatible; PetalBot;+https://webmaster.petalsearch.com/site/petalbot)"
172.71.223.168 - - [11/Jan/2026:15:32:11 +0300] "GET /reserve/tool/ HTTP/1.0" 404 457 "-" "Mozilla/5.0 AppleWebKit/537.36 (KHTML, like Gecko; compatible; bingbot/2.0; +http://www.bing.com/bingbot.htm) Chrome/116.0.1938.76 Safari/537.36"
162.158.170.238 - - [11/Jan/2026:15:32:59 +0300] "GET /qlrlpe/best-gpu-for-wayland.html HTTP/1.0" 404 453 "http://sushka-ufa.gramor.site/7hc1/who-owns-alpaca-chicken.html" "Mozilla/5.0 (Linux; Android 7.0;) AppleWebKit/537.36 (KHTML, like Gecko) Mobile Safari/537.36 (compatible; PetalBot;+https://webmaster.petalsearch.com/site/petalbot)"
162.158.88.164 - - [11/Jan/2026:15:34:21 +0300] "GET /qlrlpe/best-gpu-for-1080p-240hz-2022.html HTTP/1.0" 404 453 "http://any.bsq.com.au/bnzo4y/restaurants-with-private-rooms.html" "Mozilla/5.0 (Linux; Android 7.0;) AppleWebKit/537.36 (KHTML, like Gecko) Mobile Safari/537.36 (compatible; PetalBot;+https://webmaster.petalsearch.com/site/petalbot)"
162.158.88.165 - - [11/Jan/2026:15:35:45 +0300] "GET /rrf20np/ucsc-withdrawal-from-class.html HTTP/1.0" 404 453 "https://gelioskarate.ru/3gm7s/Rashin-amfanin-Soyayyar-karya.html" "Mozilla/5.0 (Linux; Android 7.0;) AppleWebKit/537.36 (KHTML, like Gecko) Mobile Safari/537.36 (compatible; PetalBot;+https://webmaster.petalsearch.com/site/petalbot)"
104.23.175.203 - - [11/Jan/2026:15:37:09 +0300] "GET /rrf20np/rotation-control-pro-cracked-apk.html HTTP/1.0" 404 453 "http://st-deluxe.ru/f2vgh/samsung-s22-diagnostic-mode.html" "Mozilla/5.0 (Linux; Android 7.0;) AppleWebKit/537.36 (KHTML, like Gecko) Mobile Safari/537.36 (compatible; PetalBot;+https://webmaster.petalsearch.com/site/petalbot)"
104.23.209.162 - - [11/Jan/2026:15:37:29 +0300] "GET /?l=3920723063003 HTTP/1.0" 200 884 "-" "Mozilla/5.0 AppleWebKit/537.36 (KHTML, like Gecko; compatible; bingbot/2.0; +http://www.bing.com/bingbot.htm) Chrome/116.0.1938.76 Safari/537.36"
172.71.82.28 - - [11/Jan/2026:15:38:32 +0300] "GET /rrf20np/psychology-1-final-exam-answers.html HTTP/1.0" 404 453 "http://bluestoneimages.com.au/acind/yandere-popular-girl-x-reader.html" "Mozilla/5.0 (Linux; Android 7.0;) AppleWebKit/537.36 (KHTML, like Gecko) Mobile Safari/537.36 (compatible; PetalBot;+https://webmaster.petalsearch.com/site/petalbot)"
172.70.39.145 - - [11/Jan/2026:15:39:30 +0300] "GET /?l=5062746223812 HTTP/1.0" 200 884 "-" "Mozilla/5.0 AppleWebKit/537.36 (KHTML, like Gecko; compatible; bingbot/2.0; +http://www.bing.com/bingbot.htm) Chrome/116.0.1938.76 Safari/537.36"
172.70.208.128 - - [11/Jan/2026:15:39:56 +0300] "GET /rrf20np/live-nation-media-pass.html HTTP/1.0" 404 453 "https://aurums.ru/mcip86z/male-enhancement-reddit.html" "Mozilla/5.0 (Linux; Android 7.0;) AppleWebKit/537.36 (KHTML, like Gecko) Mobile Safari/537.36 (compatible; PetalBot;+https://webmaster.petalsearch.com/site/petalbot)"
162.158.210.48 - - [11/Jan/2026:15:41:13 +0300] "GET /evolution.gz HTTP/1.0" 404 453 "-" "Mozilla/5.0 (Windows NT 10.0; Win64; x64) AppleWebKit/537.36 (KHTML, like Gecko) Chrome/101.0.4951.67 Safari/537.36"
162.158.108.112 - - [11/Jan/2026:15:41:48 +0300] "GET /qlrlpe/best-english-china.html HTTP/1.0" 404 453 "http://ednied.com/eegx0/best-stainless-steel-dish-rack.html" "Mozilla/5.0 (Linux; Android 7.0;) AppleWebKit/537.36 (KHTML, like Gecko) Mobile Safari/537.36 (compatible; PetalBot;+https://webmaster.petalsearch.com/site/petalbot)"
162.158.88.165 - - [11/Jan/2026:15:42:43 +0300] "GET /qlrlpe/best-cars-under-20k-reddit.html HTTP/1.0" 404 453 "https://grafit-arenda.ru/tfplflaz/instagram-engagement-groups-telegram-2022-reddit.html" "Mozilla/5.0 (Linux; Android 7.0;) AppleWebKit/537.36 (KHTML, like Gecko) Mobile Safari/537.36 (compatible; PetalBot;+https://webmaster.petalsearch.com/site/petalbot)"
162.158.106.106 - - [11/Jan/2026:15:44:07 +0300] "GET /qlrlpe/beretta-vittoria-20-ga.html HTTP/1.0" 404 453 "http://chlo.staino.ru/whbamp/how-to-become-a-transcriptionist-in-california.html" "Mozilla/5.0 (Linux; Android 7.0;) AppleWebKit/537.36 (KHTML, like Gecko) Mobile Safari/537.36 (compatible; PetalBot;+https://webmaster.petalsearch.com/site/petalbot)"
172.70.143.179 - - [11/Jan/2026:15:45:30 +0300] "GET /qlrlpe/benzoin-tincture-vs-betadine.html HTTP/1.0" 404 453 "https://spartak-msk.ru/xuxoj/the-four-programs-of-study-available-in-the-inframen-are.html" "Mozilla/5.0 (Linux; Android 7.0;) AppleWebKit/537.36 (KHTML, like Gecko) Mobile Safari/537.36 (compatible; PetalBot;+https://webmaster.petalsearch.com/site/petalbot)"
172.70.93.2 - - [11/Jan/2026:15:46:56 +0300] "GET /qlrlpe/bella-script-font.html HTTP/1.0" 404 453 "http://typescape.com.au/v1ch/who-buys-crystal-glassware-near-me.html" "Mozilla/5.0 (Linux; Android 7.0;) AppleWebKit/537.36 (KHTML, like Gecko) Mobile Safari/537.36 (compatible; PetalBot;+https://webmaster.petalsearch.com/site/petalbot)"
172.70.93.3 - - [11/Jan/2026:15:48:18 +0300] "GET /qlrlpe/behind-the-trees-novel-summer-read-online.html HTTP/1.0" 404 453 "https://yasussalon.com.au/57d6yqkkt/morgan-stanley-conferences-2022.html" "Mozilla/5.0 (Linux; Android 7.0;) AppleWebKit/537.36 (KHTML, like Gecko) Mobile Safari/537.36 (compatible; PetalBot;+https://webmaster.petalsearch.com/site/petalbot)"
172.70.208.128 - - [11/Jan/2026:15:49:40 +0300] "GET /qlrlpe/barclays-india-careers.html HTTP/1.0" 404 453 "https://grafit-arenda.ru/tfplflaz/instagram-engagement-groups-telegram-2022-reddit.html" "Mozilla/5.0 (Linux; Android 7.0;) AppleWebKit/537.36 (KHTML, like Gecko) Mobile Safari/537.36 (compatible; PetalBot;+https://webmaster.petalsearch.com/site/petalbot)"
104.23.209.162 - - [11/Jan/2026:15:52:23 +0300] "GET /?l=03728140417107 HTTP/1.0" 200 884 "-" "Mozilla/5.0 AppleWebKit/537.36 (KHTML, like Gecko; compatible; bingbot/2.0; +http://www.bing.com/bingbot.htm) Chrome/116.0.1938.76 Safari/537.36"
172.69.176.110 - - [11/Jan/2026:15:52:31 +0300] "GET /qlrlpe/baby-hazel-cinderella-story.html HTTP/1.0" 404 453 "http://dc.gramor.site/p8qxalks/yuzu-not-responding-reddit.html" "Mozilla/5.0 (Linux; Android 7.0;) AppleWebKit/537.36 (KHTML, like Gecko) Mobile Safari/537.36 (compatible; PetalBot;+https://webmaster.petalsearch.com/site/petalbot)"
162.158.79.15 - - [11/Jan/2026:15:52:31 +0300] "GET /?l=08803258033301 HTTP/1.0" 200 884 "-" "Mozilla/5.0 AppleWebKit/537.36 (KHTML, like Gecko; compatible; bingbot/2.0; +http://www.bing.com/bingbot.htm) Chrome/116.0.1938.76 Safari/537.36"
172.70.43.36 - - [11/Jan/2026:15:52:35 +0300] "GET /?l=4816833401102 HTTP/1.0" 200 884 "-" "Mozilla/5.0 AppleWebKit/537.36 (KHTML, like Gecko; compatible; bingbot/2.0; +http://www.bing.com/bingbot.htm) Chrome/116.0.1938.76 Safari/537.36"
172.69.176.110 - - [11/Jan/2026:15:53:53 +0300] "GET /qlrlpe/babhi-chut-xxnx-mp4-moti-gori.html HTTP/1.0" 404 453 "https://pechnoetoplivo.com/zyuelhrno/program-f150-key-with-only-1-key.html" "Mozilla/5.0 (Linux; Android 7.0;) AppleWebKit/537.36 (KHTML, like Gecko) Mobile Safari/537.36 (compatible; PetalBot;+https://webmaster.petalsearch.com/site/petalbot)"
162.159.106.168 - - [11/Jan/2026:15:55:02 +0300] "GET /robots.txt HTTP/1.1" 404 576 "-" "Mozilla/5.0 (Macintosh; Intel Mac OS X 10_15_7) AppleWebKit/537.36 (KHTML, like Gecko) Chrome/131.0.0.0 Safari/537.36; compatible; OAI-SearchBot/1.0; +https://openai.com/searchbot"
172.71.82.28 - - [11/Jan/2026:15:55:17 +0300] "GET /rrf20np/why-do-you-want-to-work-with-us-answer.html HTTP/1.0" 404 453 "https://www.maxman.ru/stimy/pure-javascript-datepicker-codepen.html" "Mozilla/5.0 (Linux; Android 7.0;) AppleWebKit/537.36 (KHTML, like Gecko) Mobile Safari/537.36 (compatible; PetalBot;+https://webmaster.petalsearch.com/site/petalbot)"
104.23.175.203 - - [11/Jan/2026:15:56:40 +0300] "GET /rrf20np/qatar-landline-number-directory.html HTTP/1.0" 404 453 "https://stomsklad.ru/imcjfsmk/onedrive-not-syncing-iphone.html" "Mozilla/5.0 (Linux; Android 7.0;) AppleWebKit/537.36 (KHTML, like Gecko) Mobile Safari/537.36 (compatible; PetalBot;+https://webmaster.petalsearch.com/site/petalbot)"
172.71.124.60 - - [11/Jan/2026:15:58:03 +0300] "GET /rrf20np/malleable-cast-iron-composition.html HTTP/1.0" 404 453 "https://avtovikup001.ru/unrgsw/ki-breathing-techniques.html" "Mozilla/5.0 (Linux; Android 7.0;) AppleWebKit/537.36 (KHTML, like Gecko) Mobile Safari/537.36 (compatible; PetalBot;+https://webmaster.petalsearch.com/site/petalbot)"
172.70.93.2 - - [11/Jan/2026:15:59:29 +0300] "GET /rrf20np/lost-silver-fanart.html HTTP/1.0" 404 453 "https://remaksgsm.ru/qanp/the-babysitter-3-netflix-trailer.html" "Mozilla/5.0 (Linux; Android 7.0;) AppleWebKit/537.36 (KHTML, like Gecko) Mobile Safari/537.36 (compatible; PetalBot;+https://webmaster.petalsearch.com/site/petalbot)"
172.71.124.60 - - [11/Jan/2026:16:00:52 +0300] "GET /rrf20np/kinematic-model-matlab.html HTTP/1.0" 404 453 "http://dev.recigar.ru/1tzs/super-sentai-changers.html" "Mozilla/5.0 (Linux; Android 7.0;) AppleWebKit/537.36 (KHTML, like Gecko) Mobile Safari/537.36 (compatible; PetalBot;+https://webmaster.petalsearch.com/site/petalbot)"
172.70.175.99 - - [11/Jan/2026:16:01:07 +0300] "GET /?l=24011276450704 HTTP/1.0" 200 884 "-" "Mozilla/5.0 AppleWebKit/537.36 (KHTML, like Gecko; compatible; bingbot/2.0; +http://www.bing.com/bingbot.htm) Chrome/116.0.1938.76 Safari/537.36"
172.71.190.227 - - [11/Jan/2026:16:01:30 +0300] "GET /?l=4134069043600 HTTP/1.0" 200 884 "-" "Mozilla/5.0 AppleWebKit/537.36 (KHTML, like Gecko; compatible; bingbot/2.0; +http://www.bing.com/bingbot.htm) Chrome/116.0.1938.76 Safari/537.36"
172.69.176.110 - - [11/Jan/2026:16:02:16 +0300] "GET /rrf20np/how-to-get-mobile-notary-jobs.html HTTP/1.0" 404 453 "https://advancespinetherapy.com/tdcu8msa/naiba-meaning-in-urdu.html" "Mozilla/5.0 (Linux; Android 7.0;) AppleWebKit/537.36 (KHTML, like Gecko) Mobile Safari/537.36 (compatible; PetalBot;+https://webmaster.petalsearch.com/site/petalbot)"
172.70.135.38 - - [11/Jan/2026:16:02:52 +0300] "GET /?l=78879141540605 HTTP/1.0" 200 884 "-" "Mozilla/5.0 AppleWebKit/537.36 (KHTML, like Gecko; compatible; bingbot/2.0; +http://www.bing.com/bingbot.htm) Chrome/116.0.1938.76 Safari/537.36"
162.158.108.112 - - [11/Jan/2026:16:03:38 +0300] "GET /rrf20np/harpies-greek-mythology.html HTTP/1.0" 404 453 "http://restauranttram.ru/vyx0b/one-word-sunrise-captions-for-instagram.html" "Mozilla/5.0 (Linux; Android 7.0;) AppleWebKit/537.36 (KHTML, like Gecko) Mobile Safari/537.36 (compatible; PetalBot;+https://webmaster.petalsearch.com/site/petalbot)"
172.70.43.36 - - [11/Jan/2026:16:04:19 +0300] "GET /?l=18067228741300 HTTP/1.0" 200 884 "-" "Mozilla/5.0 AppleWebKit/537.36 (KHTML, like Gecko; compatible; bingbot/2.0; +http://www.bing.com/bingbot.htm) Chrome/116.0.1938.76 Safari/537.36"
104.23.175.203 - - [11/Jan/2026:16:05:01 +0300] "GET /qlrlpe/how-to-setup-ipsec-vpn-on-centos-7.html HTTP/1.0" 404 453 "http://bank.navicongroup.ru/idp6nz/jewish-arranged-marriage-word.html" "Mozilla/5.0 (Linux; Android 7.0;) AppleWebKit/537.36 (KHTML, like Gecko) Mobile Safari/537.36 (compatible; PetalBot;+https://webmaster.petalsearch.com/site/petalbot)"
172.68.210.181 - - [11/Jan/2026:16:06:09 +0300] "GET /.well-known/acme-challenge/file.php HTTP/1.1" 404 576 "https://www.google.fr/" "Mozilla/5.0 (Linux; Android 14; Pixel 8 Pro) AppleWebKit/537.36 (KHTML, like Gecko) Chrome/119.0.0.0 Mobile Safari/537.36"
172.68.210.181 - - [11/Jan/2026:16:06:09 +0300] "GET /bk/index.php HTTP/1.0" 404 453 "https://duckduckgo.com/" "Mozilla/5.0 (Linux; Android 13; SM-G991U) AppleWebKit/537.36 (KHTML, like Gecko) Chrome/117.0.0.0 Mobile Safari/537.36"
172.68.210.181 - - [11/Jan/2026:16:06:09 +0300] "GET /byp8.php HTTP/1.0" 404 453 "https://www.bing.com/" "Mozilla/5.0 (iPhone; CPU iPhone OS 16_0 like Mac OS X) AppleWebKit/605.1.15 (KHTML, like Gecko) FxiOS/118.0 Mobile/15E148 Safari/605.1.15"
172.68.210.178 - - [11/Jan/2026:16:06:12 +0300] "GET /mini.php HTTP/1.0" 404 453 "https://duckduckgo.com/" "Mozilla/5.0 (Linux; Android 12; 2201116SG) AppleWebKit/537.36 (KHTML, like Gecko) Chrome/116.0.0.0 Mobile Safari/537.36"
172.68.210.178 - - [11/Jan/2026:16:06:12 +0300] "GET /wp-admin/css/colors/blue/atomlib.php HTTP/1.0" 404 453 "https://www.google.co.uk/" "Mozilla/5.0 (Linux; Android 13; M2101K6G) AppleWebKit/537.36 (KHTML, like Gecko) Chrome/116.0.0.0 Mobile Safari/537.36"
172.68.210.178 - - [11/Jan/2026:16:06:13 +0300] "GET /wp-admin/css/colors/coffee HTTP/1.0" 404 453 "https://www.google.de/" "Mozilla/5.0 (Linux; Android 10; K) AppleWebKit/537.36 (KHTML, like Gecko) Chrome/117.0.0.0 Mobile Safari/537.36"
172.68.210.178 - - [11/Jan/2026:16:06:14 +0300] "GET /wp-content/themes/twentytwentyfive/functions.php HTTP/1.0" 404 453 "https://www.google.fr/" "Mozilla/5.0 (Linux; Android 11; CPH2251) AppleWebKit/537.36 (KHTML, like Gecko) Chrome/116.0.0.0 Mobile Safari/537.36"
172.68.210.178 - - [11/Jan/2026:16:06:14 +0300] "GET /wp-content/upgrade HTTP/1.0" 404 453 "https://www.google.fr/" "Mozilla/5.g (Linux; Android 13; Pixel 7) AppleWebKit/537.36 (KHTML, like Gecko) Chrome/116.0.0.0 Mobile Safari/537.36"
172.68.210.181 - - [11/Jan/2026:16:06:14 +0300] "GET /wp-content/uploads/de_fb_uploads/b.php HTTP/1.0" 404 453 "https://www.google.fr/" "Mozilla/5.0 (Linux; Android 11; 21081111RG) AppleWebKit/537.36 (KHTML, like Gecko) Chrome/116.0.0.0 Mobile Safari/537.36"
172.68.210.181 - - [11/Jan/2026:16:06:15 +0300] "GET /wp-includes/Requests HTTP/1.0" 404 453 "https://www.bing.com/" "Mozilla/5.0 (Linux; Android 12; 2201116SG) AppleWebKit/537.36 (KHTML, like Gecko) Chrome/116.0.0.0 Mobile Safari/537.36"
172.68.210.181 - - [11/Jan/2026:16:06:15 +0300] "GET /wp-includes/Text/Diff/Engine/about.php HTTP/1.0" 404 453 "https://www.bing.com/" "Mozilla/5.0 (Linux; Android 14; Pixel 8 Pro) AppleWebKit/537.36 (KHTML, like Gecko) Chrome/119.0.0.0 Mobile Safari/537.36"
172.68.210.181 - - [11/Jan/2026:16:06:15 +0300] "GET /wp-includes/block-bindings/index.php HTTP/1.0" 404 453 "https://www.google.de/" "Mozilla/5.0 (iPhone; CPU iPhone OS 17_1 like Mac OS X) AppleWebKit/605.1.15 (KHTML, like Gecko) CriOS/119.0.6045.109 Mobile/15E148 Safari/604.1"
172.68.210.181 - - [11/Jan/2026:16:06:16 +0300] "GET /ws28.php HTTP/1.0" 404 453 "https://www.google.de/" "Mozilla/5.0 (iPad; CPU OS 16_7_2 like Mac OS X) AppleWebKit/605.1.15 (KHTML, like Gecko) Version/16.6 Mobile/15E148 Safari/604.1"
172.68.210.181 - - [11/Jan/2026:16:06:17 +0300] "GET /admin-header.php HTTP/1.0" 404 453 "https://www.google.de/" "Mozilla/5.0 (iPhone; CPU iPhone OS 16_0 like Mac OS X) AppleWebKit/605.1.15 (KHTML, like Gecko) FxiOS/118.0 Mobile/15E148 Safari/605.1.15"
172.68.210.181 - - [11/Jan/2026:16:06:17 +0300] "GET /c.php HTTP/1.0" 404 453 "https://www.google.com/" "Mozilla/5.0 (Linux; Android 13; SM-S908E) AppleWebKit/537.36 (KHTML, like Gecko) Chrome/116.0.0.0 Mobile Safari/537.36"
172.68.210.181 - - [11/Jan/2026:16:06:18 +0300] "GET /edit-tags.php HTTP/1.0" 404 453 "https://www.google.co.uk/" "Mozilla/5.0 (iPhone; CPU iPhone OS 17_1 like Mac OS X) AppleWebKit/605.1.15 (KHTML, like Gecko) CriOS/119.0.6045.109 Mobile/15E148 Safari/604.1"
172.68.210.181 - - [11/Jan/2026:16:06:18 +0300] "GET /ee.php HTTP/1.0" 404 453 "https://www.bing.com/" "Mozilla/5.g (Linux; Android 13; Pixel 7) AppleWebKit/537.36 (KHTML, like Gecko) Chrome/116.0.0.0 Mobile Safari/537.36"
172.68.210.181 - - [11/Jan/2026:16:06:19 +0300] "GET /filemanager/dialog.php HTTP/1.0" 404 453 "https://www.google.fr/" "Mozilla/5.0 (Linux; Android 12; V2134) AppleWebKit/537.36 (KHTML, like Gecko) Chrome/116.0.0.0 Mobile Safari/537.36"
172.68.210.181 - - [11/Jan/2026:16:06:19 +0300] "GET /lu4.php HTTP/1.0" 404 453 "https://duckduckgo.com/" "Mozilla/5.0 (iPhone; CPU iPhone OS 17_0_3 like Mac OS X) AppleWebKit/605.1.15 (KHTML, like Gecko) Version/17.0.1 Mobile/15E148 Safari/604.1"
172.68.210.181 - - [11/Jan/2026:16:06:20 +0300] "GET /wp-configs.php HTTP/1.0" 404 453 "https://www.google.co.uk/" "Mozilla/5.0 (Linux; Android 14; Pixel 8 Pro) AppleWebKit/537.36 (KHTML, like Gecko) Chrome/119.0.0.0 Mobile Safari/537.36"
172.68.210.181 - - [11/Jan/2026:16:06:20 +0300] "GET /wp-content/admin-header.php HTTP/1.0" 404 453 "https://www.google.fr/" "Mozilla/5.0 (iPhone; CPU iPhone OS 17_0_3 like Mac OS X) AppleWebKit/605.1.15 (KHTML, like Gecko) Version/17.0.1 Mobile/15E148 Safari/604.1"
172.68.210.181 - - [11/Jan/2026:16:06:20 +0300] "GET /wp-content/themes/x/bypass.php HTTP/1.0" 404 453 "https://www.yahoo.com/" "Mozilla/5.0 (Linux; Android 12; 2201116SG) AppleWebKit/537.36 (KHTML, like Gecko) Chrome/116.0.0.0 Mobile Safari/537.36"
172.68.210.181 - - [11/Jan/2026:16:06:21 +0300] "GET /wp-includes/Text/Diff/Renderer HTTP/1.0" 404 453 "https://www.google.fr/" "Mozilla/5.0 (Linux; Android 12; SM-A525F) AppleWebKit/537.36 (KHTML, like Gecko) Chrome/117.0.0.0 Mobile Safari/537.36"
172.68.210.181 - - [11/Jan/2026:16:06:21 +0300] "GET /wp-includes/blocks/gallery/index.php HTTP/1.0" 404 453 "https://www.bing.com/" "Mozilla/5.0 (Linux; Android 13; SM-G991U) AppleWebKit/537.36 (KHTML, like Gecko) Chrome/117.0.0.0 Mobile Safari/537.36"
172.68.210.181 - - [11/Jan/2026:16:06:21 +0300] "GET /wp-includes/header.php HTTP/1.0" 404 453 "https://www.google.com/" "Mozilla/5.0 (Linux; Android 13; SM-S908E) AppleWebKit/537.36 (KHTML, like Gecko) Chrome/116.0.0.0 Mobile Safari/537.36"
172.68.210.181 - - [11/Jan/2026:16:06:22 +0300] "GET /xleet.php HTTP/1.0" 404 453 "https://www.yahoo.com/" "Mozilla/5.0 (Linux; Android 10; K) AppleWebKit/537.36 (KHTML, like Gecko) Chrome/117.0.0.0 Mobile Safari/537.36"
172.68.210.181 - - [11/Jan/2026:16:06:22 +0300] "GET /.well-known/fierzashell.php HTTP/1.0" 404 453 "https://www.google.com/" "Mozilla/5.0 (Linux; Android 13; M2101K6G) AppleWebKit/537.36 (KHTML, like Gecko) Chrome/116.0.0.0 Mobile Safari/537.36"
172.68.210.181 - - [11/Jan/2026:16:06:22 +0300] "GET /0x.php HTTP/1.0" 404 453 "https://www.google.fr/" "Mozilla/5.0 (Linux; Android 10; LM-Q720) AppleWebKit/537.36 (KHTML, like Gecko) Chrome/116.0.0.0 Mobile Safari/537.36"
172.68.210.181 - - [11/Jan/2026:16:06:23 +0300] "GET /akc.php HTTP/1.0" 404 453 "https://www.google.co.uk/" "Mozilla/5.0 (iPad; CPU OS 16_7_2 like Mac OS X) AppleWebKit/605.1.15 (KHTML, like Gecko) Version/16.6 Mobile/15E148 Safari/604.1"
172.68.210.181 - - [11/Jan/2026:16:06:24 +0300] "GET /files HTTP/1.0" 404 453 "https://www.google.co.uk/" "Mozilla/5.0 (iPhone; CPU iPhone OS 17_0_3 like Mac OS X) AppleWebKit/605.1.15 (KHTML, like Gecko) Version/17.0.1 Mobile/15E148 Safari/604.1"
172.68.210.181 - - [11/Jan/2026:16:06:24 +0300] "GET /jga.php HTTP/1.0" 404 453 "https://duckduckgo.com/" "Mozilla/5.0 (Linux; Android 11; 21081111RG) AppleWebKit/537.36 (KHTML, like Gecko) Chrome/116.0.0.0 Mobile Safari/537.36"
172.68.210.181 - - [11/Jan/2026:16:06:24 +0300] "GET /mini HTTP/1.0" 404 453 "https://www.google.de/" "Mozilla/5.0 (iPhone; CPU iPhone OS 15_7_9 like Mac OS X) AppleWebKit/605.1.15 (KHTML, like Gecko) Version/15.6.5 Mobile/15E148 Safari/604.1"
172.68.210.181 - - [11/Jan/2026:16:06:25 +0300] "GET /nc4.php HTTP/1.0" 404 453 "https://www.google.co.uk/" "Mozilla/5.0 (iPhone; CPU iPhone OS 17_1_1 like Mac OS X) AppleWebKit/605.1.15 (KHTML, like Gecko) Version/17.1 Mobile/15E148 Safari/604.1"
172.68.210.181 - - [11/Jan/2026:16:06:25 +0300] "GET /s.php HTTP/1.0" 404 453 "https://www.google.com/" "Mozilla/5.0 (Linux; Android 11; 21081111RG) AppleWebKit/537.36 (KHTML, like Gecko) Chrome/116.0.0.0 Mobile Safari/537.36"
172.68.210.181 - - [11/Jan/2026:16:06:25 +0300] "GET /style.php HTTP/1.0" 404 453 "https://www.google.com/" "Mozilla/5.0 (iPhone; CPU iPhone OS 17_0_3 like Mac OS X) AppleWebKit/605.1.15 (KHTML, like Gecko) Version/17.0.1 Mobile/15E148 Safari/604.1"
162.158.189.18 - - [11/Jan/2026:16:06:25 +0300] "GET /qlrlpe/british-slang-for-alcohol.html HTTP/1.0" 404 453 "http://justinmariani.com.au/f8szfr/special-education-school-houston.html" "Mozilla/5.0 (Linux; Android 7.0;) AppleWebKit/537.36 (KHTML, like Gecko) Mobile Safari/537.36 (compatible; PetalBot;+https://webmaster.petalsearch.com/site/petalbot)"
172.68.210.181 - - [11/Jan/2026:16:06:26 +0300] "GET /t.php HTTP/1.0" 404 453 "https://www.google.de/" "Mozilla/5.0 (Linux; Android 10; K) AppleWebKit/537.36 (KHTML, like Gecko) Chrome/117.0.0.0 Mobile Safari/537.36"
172.68.210.181 - - [11/Jan/2026:16:06:26 +0300] "GET /wp-admin/includes/about.php HTTP/1.0" 404 453 "https://www.google.fr/" "Mozilla/5.0 (Linux; Android 10; LM-Q720) AppleWebKit/537.36 (KHTML, like Gecko) Chrome/116.0.0.0 Mobile Safari/537.36"
172.68.210.181 - - [11/Jan/2026:16:06:26 +0300] "GET /wp-admin/radio.php HTTP/1.0" 404 453 "https://www.google.de/" "Mozilla/5.0 (Linux; Android 11; 21081111RG) AppleWebKit/537.36 (KHTML, like Gecko) Chrome/116.0.0.0 Mobile Safari/537.36"
172.68.210.181 - - [11/Jan/2026:16:06:27 +0300] "GET /wp-content/autoload_classmap.php HTTP/1.0" 404 453 "https://www.bing.com/" "Mozilla/5.0 (iPhone; CPU iPhone OS 17_0_3 like Mac OS X) AppleWebKit/605.1.15 (KHTML, like Gecko) Version/17.0.1 Mobile/15E148 Safari/604.1"
172.68.210.181 - - [11/Jan/2026:16:06:27 +0300] "GET /wp-content/classwithtostring.php HTTP/1.0" 404 453 "https://www.bing.com/" "Mozilla/5.0 (Linux; Android 12; 2201116SG) AppleWebKit/537.36 (KHTML, like Gecko) Chrome/116.0.0.0 Mobile Safari/537.36"
172.68.210.181 - - [11/Jan/2026:16:06:27 +0300] "GET /wp-content/plugins/phpad/as.php HTTP/1.0" 404 453 "https://www.google.co.uk/" "Mozilla/5.0 (Linux; Android 11; 21081111RG) AppleWebKit/537.36 (KHTML, like Gecko) Chrome/116.0.0.0 Mobile Safari/537.36"
172.68.210.181 - - [11/Jan/2026:16:06:28 +0300] "GET /wp-content/themes/twentytwentyfour/index.php HTTP/1.0" 404 453 "https://www.google.fr/" "Mozilla/5.0 (iPhone; CPU iPhone OS 16_6_1 like Mac OS X) AppleWebKit/605.1.15 (KHTML, like Gecko) Version/16.6 Mobile/15E148 Safari/604.1"
172.68.210.181 - - [11/Jan/2026:16:06:28 +0300] "GET /wp-includes/assets HTTP/1.0" 404 453 "https://www.google.fr/" "Mozilla/5.0 (iPhone; CPU iPhone OS 17_1_1 like Mac OS X) AppleWebKit/605.1.15 (KHTML, like Gecko) Version/17.1 Mobile/15E148 Safari/604.1"
172.68.210.181 - - [11/Jan/2026:16:06:28 +0300] "GET /wp-includes/images/media HTTP/1.0" 404 453 "https://www.bing.com/" "Mozilla/5.0 (Linux; Android 11; 21081111RG) AppleWebKit/537.36 (KHTML, like Gecko) Chrome/116.0.0.0 Mobile Safari/537.36"
172.68.210.181 - - [11/Jan/2026:16:06:29 +0300] "GET /wp-includes/pomo HTTP/1.0" 404 453 "https://www.google.com/" "Mozilla/5.0 (iPhone; CPU iPhone OS 15_7_9 like Mac OS X) AppleWebKit/605.1.15 (KHTML, like Gecko) Version/15.6.5 Mobile/15E148 Safari/604.1"
172.68.210.181 - - [11/Jan/2026:16:06:29 +0300] "GET /wp-info.php HTTP/1.0" 404 453 "https://www.bing.com/" "Mozilla/5.0 (Linux; Android 10; K) AppleWebKit/537.36 (KHTML, like Gecko) Chrome/117.0.0.0 Mobile Safari/537.36"
172.68.210.181 - - [11/Jan/2026:16:06:29 +0300] "GET /wp-links-opml.php HTTP/1.0" 404 453 "https://duckduckgo.com/" "Mozilla/5.0 (Linux; Android 12; SM-A525F) AppleWebKit/537.36 (KHTML, like Gecko) Chrome/117.0.0.0 Mobile Safari/537.36"
172.68.210.181 - - [11/Jan/2026:16:06:30 +0300] "GET /xmrlpc.php HTTP/1.0" 404 453 "https://www.google.co.uk/" "Mozilla/5.0 (iPhone; CPU iPhone OS 16_0 like Mac OS X) AppleWebKit/605.1.15 (KHTML, like Gecko) FxiOS/118.0 Mobile/15E148 Safari/605.1.15"
172.68.210.181 - - [11/Jan/2026:16:06:30 +0300] "GET /ynz.PhP7 HTTP/1.0" 404 453 "https://www.google.de/" "Mozilla/5.g (Linux; Android 13; Pixel 7) AppleWebKit/537.36 (KHTML, like Gecko) Chrome/116.0.0.0 Mobile Safari/537.36"
172.68.210.181 - - [11/Jan/2026:16:06:30 +0300] "GET /.trash7206/index.php HTTP/1.0" 404 453 "https://duckduckgo.com/" "Mozilla/5.0 (Linux; Android 11; 21081111RG) AppleWebKit/537.36 (KHTML, like Gecko) Chrome/116.0.0.0 Mobile Safari/537.36"
172.68.210.181 - - [11/Jan/2026:16:06:31 +0300] "GET /admin/controller/extension/extension HTTP/1.0" 404 453 "https://www.google.fr/" "Mozilla/5.0 (iPhone; CPU iPhone OS 17_0_3 like Mac OS X) AppleWebKit/605.1.15 (KHTML, like Gecko) Version/17.0.1 Mobile/15E148 Safari/604.1"
172.68.210.181 - - [11/Jan/2026:16:06:31 +0300] "GET /api.php HTTP/1.0" 404 453 "https://www.google.fr/" "Mozilla/5.0 (Linux; Android 14; Pixel 8 Pro) AppleWebKit/537.36 (KHTML, like Gecko) Chrome/119.0.0.0 Mobile Safari/537.36"
172.68.210.181 - - [11/Jan/2026:16:06:31 +0300] "GET /cgi-bin/about.php HTTP/1.0" 404 453 "https://www.bing.com/" "Mozilla/5.0 (iPhone; CPU iPhone OS 16_0 like Mac OS X) AppleWebKit/605.1.15 (KHTML, like Gecko) FxiOS/118.0 Mobile/15E148 Safari/605.1.15"
172.68.210.181 - - [11/Jan/2026:16:06:32 +0300] "GET /cgi-bin/index.php HTTP/1.0" 404 453 "https://www.bing.com/" "Mozilla/5.0 (iPad; CPU OS 16_7_2 like Mac OS X) AppleWebKit/605.1.15 (KHTML, like Gecko) Version/16.6 Mobile/15E148 Safari/604.1"
172.71.124.60 - - [11/Jan/2026:16:07:49 +0300] "GET /rrf20np/what-makes-an-actor-a-famous-movie-star-ielts.html HTTP/1.0" 404 453 "https://mini-toys.ru/ysr1g/select-fire-sig-mpx.html" "Mozilla/5.0 (Linux; Android 7.0;) AppleWebKit/537.36 (KHTML, like Gecko) Mobile Safari/537.36 (compatible; PetalBot;+https://webmaster.petalsearch.com/site/petalbot)"
172.70.143.178 - - [11/Jan/2026:16:09:13 +0300] "GET /rrf20np/my-ex-is-so-happy-with-his-new-girlfriend.html HTTP/1.0" 404 453 "https://test.mebelevsk.ru/1anuwhp/notion-content-ideas.html" "Mozilla/5.0 (Linux; Android 7.0;) AppleWebKit/537.36 (KHTML, like Gecko) Mobile Safari/537.36 (compatible; PetalBot;+https://webmaster.petalsearch.com/site/petalbot)"
172.71.82.28 - - [11/Jan/2026:16:10:37 +0300] "GET /rrf20np/gourmet-cheese-gifts.html HTTP/1.0" 404 453 "https://hygge-dukon.ru/cvvwdqiu/motion-platform-v3-ps4.html" "Mozilla/5.0 (Linux; Android 7.0;) AppleWebKit/537.36 (KHTML, like Gecko) Mobile Safari/537.36 (compatible; PetalBot;+https://webmaster.petalsearch.com/site/petalbot)"
104.23.160.219 - - [11/Jan/2026:16:10:41 +0300] "GET / HTTP/1.0" 200 873 "-" "Mozilla/5.0 (Macintosh; Intel Mac OS X 10_15_7) AppleWebKit/537.36 (KHTML, like Gecko) Chrome/134.0.0.0 Safari/537.36"
172.68.15.167 - - [11/Jan/2026:16:11:22 +0300] "GET /?l=00372176894005 HTTP/1.0" 200 884 "-" "Mozilla/5.0 AppleWebKit/537.36 (KHTML, like Gecko; compatible; bingbot/2.0; +http://www.bing.com/bingbot.htm) Chrome/116.0.1938.76 Safari/537.36"
172.70.39.145 - - [11/Jan/2026:16:11:49 +0300] "GET /?l=89964216950403 HTTP/1.0" 200 884 "-" "Mozilla/5.0 AppleWebKit/537.36 (KHTML, like Gecko; compatible; bingbot/2.0; +http://www.bing.com/bingbot.htm) Chrome/116.0.1938.76 Safari/537.36"
172.71.124.61 - - [11/Jan/2026:16:12:00 +0300] "GET /rrf20np/image-gallery-jquery.html HTTP/1.0" 404 453 "https://drpolyaev.com/dzvefzv/printable-short-stories-for-grade-6.html" "Mozilla/5.0 (Linux; Android 7.0;) AppleWebKit/537.36 (KHTML, like Gecko) Mobile Safari/537.36 (compatible; PetalBot;+https://webmaster.petalsearch.com/site/petalbot)"
172.70.143.179 - - [11/Jan/2026:16:13:28 +0300] "GET /rrf20np/cyberpunk-mask-girl.html HTTP/1.0" 404 453 "https://test.mebelevsk.ru/1anuwhp/notion-content-ideas.html" "Mozilla/5.0 (Linux; Android 7.0;) AppleWebKit/537.36 (KHTML, like Gecko) Mobile Safari/537.36 (compatible; PetalBot;+https://webmaster.petalsearch.com/site/petalbot)"
172.70.39.164 - - [11/Jan/2026:16:14:19 +0300] "GET /?l=21130175794009 HTTP/1.0" 200 884 "-" "Mozilla/5.0 AppleWebKit/537.36 (KHTML, like Gecko; compatible; bingbot/2.0; +http://www.bing.com/bingbot.htm) Chrome/116.0.1938.76 Safari/537.36"
172.69.165.72 - - [11/Jan/2026:16:14:48 +0300] "GET /rrf20np/android-mirror-link.html HTTP/1.0" 404 453 "https://advancespinetherapy.com/tdcu8msa/naiba-meaning-in-urdu.html" "Mozilla/5.0 (Linux; Android 7.0;) AppleWebKit/537.36 (KHTML, like Gecko) Mobile Safari/537.36 (compatible; PetalBot;+https://webmaster.petalsearch.com/site/petalbot)"
172.69.176.111 - - [11/Jan/2026:16:16:11 +0300] "GET /qlrlpe/axios-get-dynamic-url.html HTTP/1.0" 404 453 "https://rida-motors.oca.ru/htdq3/relocatable-cabins-for-sale-near-illinois.html" "Mozilla/5.0 (Linux; Android 7.0;) AppleWebKit/537.36 (KHTML, like Gecko) Mobile Safari/537.36 (compatible; PetalBot;+https://webmaster.petalsearch.com/site/petalbot)"
104.23.223.138 - - [11/Jan/2026:16:18:57 +0300] "GET /qlrlpe/audi-a4-retractable-towbar.html HTTP/1.0" 404 453 "http://bilet.perevozchik11.ru/cdrl/scan-to-verify-certificate.html" "Mozilla/5.0 (Linux; Android 7.0;) AppleWebKit/537.36 (KHTML, like Gecko) Mobile Safari/537.36 (compatible; PetalBot;+https://webmaster.petalsearch.com/site/petalbot)"
172.68.245.61 - - [11/Jan/2026:16:19:55 +0300] "GET /?l=7092961409601 HTTP/1.0" 200 884 "-" "Mozilla/5.0 AppleWebKit/537.36 (KHTML, like Gecko; compatible; bingbot/2.0; +http://www.bing.com/bingbot.htm) Chrome/116.0.1938.76 Safari/537.36"
104.23.175.202 - - [11/Jan/2026:16:20:24 +0300] "GET /qlrlpe/astro-a40-audio-cutting-out-xbox-one.html HTTP/1.0" 404 453 "http://bilet.perevozchik11.ru/cdrl/scan-to-verify-certificate.html" "Mozilla/5.0 (Linux; Android 7.0;) AppleWebKit/537.36 (KHTML, like Gecko) Mobile Safari/537.36 (compatible; PetalBot;+https://webmaster.petalsearch.com/site/petalbot)"
172.70.188.74 - - [11/Jan/2026:16:21:48 +0300] "GET /qlrlpe/aspen-events-calendar.html HTTP/1.0" 404 453 "https://spartak-msk.ru/xuxoj/the-four-programs-of-study-available-in-the-inframen-are.html" "Mozilla/5.0 (Linux; Android 7.0;) AppleWebKit/537.36 (KHTML, like Gecko) Mobile Safari/537.36 (compatible; PetalBot;+https://webmaster.petalsearch.com/site/petalbot)"
172.71.82.28 - - [11/Jan/2026:16:23:08 +0300] "GET /qlrlpe/ark-dedicated-server-reddit.html HTTP/1.0" 404 453 "https://media.citytabernacle.com.au/xtjip4a/spicy-fae-books.html" "Mozilla/5.0 (Linux; Android 7.0;) AppleWebKit/537.36 (KHTML, like Gecko) Mobile Safari/537.36 (compatible; PetalBot;+https://webmaster.petalsearch.com/site/petalbot)"
172.68.15.167 - - [11/Jan/2026:16:23:53 +0300] "GET /?l=68092251334603 HTTP/1.0" 200 884 "-" "Mozilla/5.0 AppleWebKit/537.36 (KHTML, like Gecko; compatible; bingbot/2.0; +http://www.bing.com/bingbot.htm) Chrome/116.0.1938.76 Safari/537.36"
172.69.165.73 - - [11/Jan/2026:16:24:32 +0300] "GET /rrf20np/pixel-lights-unity.html HTTP/1.0" 404 453 "http://amtel.com.au/skoued/when-a-sagittarius-woman-is-done-with-you.html" "Mozilla/5.0 (Linux; Android 7.0;) AppleWebKit/537.36 (KHTML, like Gecko) Mobile Safari/537.36 (compatible; PetalBot;+https://webmaster.petalsearch.com/site/petalbot)"
162.158.189.18 - - [11/Jan/2026:16:25:56 +0300] "GET /rrf20np/a-little-bit-of-meaning.html HTTP/1.0" 404 453 "http://www.vsevokna.ru/vljc/hisense-u8h-vs-tcl-r655.html" "Mozilla/5.0 (Linux; Android 7.0;) AppleWebKit/537.36 (KHTML, like Gecko) Mobile Safari/537.36 (compatible; PetalBot;+https://webmaster.petalsearch.com/site/petalbot)"
172.70.93.3 - - [11/Jan/2026:16:27:20 +0300] "GET /rrf20np/cannot-change-permissions-on-hard-drive.html HTTP/1.0" 404 453 "https://estetikashop.ru/0za86/power-bi-crashing.html" "Mozilla/5.0 (Linux; Android 7.0;) AppleWebKit/537.36 (KHTML, like Gecko) Mobile Safari/537.36 (compatible; PetalBot;+https://webmaster.petalsearch.com/site/petalbot)"
162.158.106.107 - - [11/Jan/2026:16:28:43 +0300] "GET /qlrlpe/arc-curve-calculator.html HTTP/1.0" 404 453 "https://clinicakrd.ru/rcrbhai4k/nhl-20-trade-in-value.html" "Mozilla/5.0 (Linux; Android 7.0;) AppleWebKit/537.36 (KHTML, like Gecko) Mobile Safari/537.36 (compatible; PetalBot;+https://webmaster.petalsearch.com/site/petalbot)"
172.69.165.73 - - [11/Jan/2026:16:30:06 +0300] "GET /qlrlpe/aqa-english-language-paper-1-pdf.html HTTP/1.0" 404 453 "http://jasongrimamotorsports.com/ahz8/kenjiro-tsuda-genshin-impact.html" "Mozilla/5.0 (Linux; Android 7.0;) AppleWebKit/537.36 (KHTML, like Gecko) Mobile Safari/537.36 (compatible; PetalBot;+https://webmaster.petalsearch.com/site/petalbot)"
172.70.188.75 - - [11/Jan/2026:16:31:30 +0300] "GET /qlrlpe/anomaly-detection-dataset.html HTTP/1.0" 404 453 "http://summer-stage.action-development.ru/k4yk4ja/pytorch-lightning-trainer-gpus.html" "Mozilla/5.0 (Linux; Android 7.0;) AppleWebKit/537.36 (KHTML, like Gecko) Mobile Safari/537.36 (compatible; PetalBot;+https://webmaster.petalsearch.com/site/petalbot)"
162.158.189.18 - - [11/Jan/2026:16:32:53 +0300] "GET /qlrlpe/aniqa-nisar-birthday.html HTTP/1.0" 404 453 "http://grigoryan-school.gramor.site/d0gw/the-art-journal-1880.html" "Mozilla/5.0 (Linux; Android 7.0;) AppleWebKit/537.36 (KHTML, like Gecko) Mobile Safari/537.36 (compatible; PetalBot;+https://webmaster.petalsearch.com/site/petalbot)"
104.23.175.202 - - [11/Jan/2026:16:34:17 +0300] "GET /qlrlpe/anime-with-cold-female-lead.html HTTP/1.0" 404 453 "http://hypnosis-nlp.net.au/6jsj/why-do-i-feel-bad-after-breaking-up-with-someone.html" "Mozilla/5.0 (Linux; Android 7.0;) AppleWebKit/537.36 (KHTML, like Gecko) Mobile Safari/537.36 (compatible; PetalBot;+https://webmaster.petalsearch.com/site/petalbot)"
172.68.164.74 - - [11/Jan/2026:16:35:41 +0300] "GET /qlrlpe/american-river-flows.html HTTP/1.0" 404 453 "http://grigoryan-school.gramor.site/d0gw/the-art-journal-1880.html" "Mozilla/5.0 (Linux; Android 7.0;) AppleWebKit/537.36 (KHTML, like Gecko) Mobile Safari/537.36 (compatible; PetalBot;+https://webmaster.petalsearch.com/site/petalbot)"
162.158.88.165 - - [11/Jan/2026:16:37:05 +0300] "GET /qlrlpe/alpaca-farm-st-louis.html HTTP/1.0" 404 453 "http://emmaspencer.com.au/z8ajhazi/vw-pcv-valve-recall.html" "Mozilla/5.0 (Linux; Android 7.0;) AppleWebKit/537.36 (KHTML, like Gecko) Mobile Safari/537.36 (compatible; PetalBot;+https://webmaster.petalsearch.com/site/petalbot)"
104.23.211.150 - - [11/Jan/2026:16:37:55 +0300] "GET /?l=0782922435204 HTTP/1.0" 200 884 "-" "Mozilla/5.0 AppleWebKit/537.36 (KHTML, like Gecko; compatible; bingbot/2.0; +http://www.bing.com/bingbot.htm) Chrome/116.0.1938.76 Safari/537.36"
172.71.82.29 - - [11/Jan/2026:16:38:28 +0300] "GET /qlrlpe/alabama-state-university-acceptance-rate.html HTTP/1.0" 404 453 "http://adelaidestarbus.com.au/6cbz2/horse-farms-for-sale-near-independence-mn.html" "Mozilla/5.0 (Linux; Android 7.0;) AppleWebKit/537.36 (KHTML, like Gecko) Mobile Safari/537.36 (compatible; PetalBot;+https://webmaster.petalsearch.com/site/petalbot)"
172.71.158.54 - - [11/Jan/2026:16:39:20 +0300] "GET / HTTP/1.0" 200 873 "-" "Mozilla/5.0 (Windows NT 10.0; Win64; x64) AppleWebKit/537.36 (KHTML, like Gecko) Chrome/80.0.3987.149 Safari/537.36"
172.71.158.54 - - [11/Jan/2026:16:39:21 +0300] "GET //wp-includes/wlwmanifest.xml HTTP/1.0" 404 453 "-" "Mozilla/5.0 (Windows NT 10.0; Win64; x64) AppleWebKit/537.36 (KHTML, like Gecko) Chrome/80.0.3987.149 Safari/537.36"
172.71.158.54 - - [11/Jan/2026:16:39:21 +0300] "GET //xmlrpc.php?rsd HTTP/1.0" 404 453 "-" "Mozilla/5.0 (Windows NT 10.0; Win64; x64) AppleWebKit/537.36 (KHTML, like Gecko) Chrome/80.0.3987.149 Safari/537.36"
172.71.158.54 - - [11/Jan/2026:16:39:21 +0300] "GET / HTTP/1.0" 200 873 "-" "Mozilla/5.0 (Windows NT 10.0; Win64; x64) AppleWebKit/537.36 (KHTML, like Gecko) Chrome/80.0.3987.149 Safari/537.36"
172.71.158.54 - - [11/Jan/2026:16:39:21 +0300] "GET //blog/wp-includes/wlwmanifest.xml HTTP/1.0" 404 453 "-" "Mozilla/5.0 (Windows NT 10.0; Win64; x64) AppleWebKit/537.36 (KHTML, like Gecko) Chrome/80.0.3987.149 Safari/537.36"
172.71.158.54 - - [11/Jan/2026:16:39:21 +0300] "GET //web/wp-includes/wlwmanifest.xml HTTP/1.0" 404 453 "-" "Mozilla/5.0 (Windows NT 10.0; Win64; x64) AppleWebKit/537.36 (KHTML, like Gecko) Chrome/80.0.3987.149 Safari/537.36"
172.71.158.54 - - [11/Jan/2026:16:39:22 +0300] "GET //wordpress/wp-includes/wlwmanifest.xml HTTP/1.0" 404 453 "-" "Mozilla/5.0 (Windows NT 10.0; Win64; x64) AppleWebKit/537.36 (KHTML, like Gecko) Chrome/80.0.3987.149 Safari/537.36"
172.71.158.54 - - [11/Jan/2026:16:39:22 +0300] "GET //website/wp-includes/wlwmanifest.xml HTTP/1.0" 404 453 "-" "Mozilla/5.0 (Windows NT 10.0; Win64; x64) AppleWebKit/537.36 (KHTML, like Gecko) Chrome/80.0.3987.149 Safari/537.36"
172.71.158.54 - - [11/Jan/2026:16:39:22 +0300] "GET //wp/wp-includes/wlwmanifest.xml HTTP/1.0" 404 453 "-" "Mozilla/5.0 (Windows NT 10.0; Win64; x64) AppleWebKit/537.36 (KHTML, like Gecko) Chrome/80.0.3987.149 Safari/537.36"
172.71.158.54 - - [11/Jan/2026:16:39:22 +0300] "GET //news/wp-includes/wlwmanifest.xml HTTP/1.0" 404 453 "-" "Mozilla/5.0 (Windows NT 10.0; Win64; x64) AppleWebKit/537.36 (KHTML, like Gecko) Chrome/80.0.3987.149 Safari/537.36"
172.71.158.54 - - [11/Jan/2026:16:39:22 +0300] "GET //2018/wp-includes/wlwmanifest.xml HTTP/1.0" 404 453 "-" "Mozilla/5.0 (Windows NT 10.0; Win64; x64) AppleWebKit/537.36 (KHTML, like Gecko) Chrome/80.0.3987.149 Safari/537.36"
172.71.158.54 - - [11/Jan/2026:16:39:23 +0300] "GET //2019/wp-includes/wlwmanifest.xml HTTP/1.0" 404 453 "-" "Mozilla/5.0 (Windows NT 10.0; Win64; x64) AppleWebKit/537.36 (KHTML, like Gecko) Chrome/80.0.3987.149 Safari/537.36"
172.71.158.54 - - [11/Jan/2026:16:39:23 +0300] "GET //shop/wp-includes/wlwmanifest.xml HTTP/1.0" 404 453 "-" "Mozilla/5.0 (Windows NT 10.0; Win64; x64) AppleWebKit/537.36 (KHTML, like Gecko) Chrome/80.0.3987.149 Safari/537.36"
172.71.158.54 - - [11/Jan/2026:16:39:23 +0300] "GET //wp1/wp-includes/wlwmanifest.xml HTTP/1.0" 404 453 "-" "Mozilla/5.0 (Windows NT 10.0; Win64; x64) AppleWebKit/537.36 (KHTML, like Gecko) Chrome/80.0.3987.149 Safari/537.36"
172.71.158.54 - - [11/Jan/2026:16:39:23 +0300] "GET //test/wp-includes/wlwmanifest.xml HTTP/1.0" 404 453 "-" "Mozilla/5.0 (Windows NT 10.0; Win64; x64) AppleWebKit/537.36 (KHTML, like Gecko) Chrome/80.0.3987.149 Safari/537.36"
172.71.158.54 - - [11/Jan/2026:16:39:23 +0300] "GET //media/wp-includes/wlwmanifest.xml HTTP/1.0" 404 453 "-" "Mozilla/5.0 (Windows NT 10.0; Win64; x64) AppleWebKit/537.36 (KHTML, like Gecko) Chrome/80.0.3987.149 Safari/537.36"
172.71.158.54 - - [11/Jan/2026:16:39:24 +0300] "GET //wp2/wp-includes/wlwmanifest.xml HTTP/1.0" 404 453 "-" "Mozilla/5.0 (Windows NT 10.0; Win64; x64) AppleWebKit/537.36 (KHTML, like Gecko) Chrome/80.0.3987.149 Safari/537.36"
172.71.158.54 - - [11/Jan/2026:16:39:24 +0300] "GET //site/wp-includes/wlwmanifest.xml HTTP/1.0" 404 453 "-" "Mozilla/5.0 (Windows NT 10.0; Win64; x64) AppleWebKit/537.36 (KHTML, like Gecko) Chrome/80.0.3987.149 Safari/537.36"
172.71.158.54 - - [11/Jan/2026:16:39:24 +0300] "GET //cms/wp-includes/wlwmanifest.xml HTTP/1.0" 404 453 "-" "Mozilla/5.0 (Windows NT 10.0; Win64; x64) AppleWebKit/537.36 (KHTML, like Gecko) Chrome/80.0.3987.149 Safari/537.36"
172.71.158.54 - - [11/Jan/2026:16:39:24 +0300] "GET //sito/wp-includes/wlwmanifest.xml HTTP/1.0" 404 453 "-" "Mozilla/5.0 (Windows NT 10.0; Win64; x64) AppleWebKit/537.36 (KHTML, like Gecko) Chrome/80.0.3987.149 Safari/537.36"
172.70.143.178 - - [11/Jan/2026:16:39:52 +0300] "GET /qlrlpe/airbnb-for-sale-near-me.html HTTP/1.0" 404 453 "http://justinmariani.com.au/f8szfr/medeco-key-blank-identification.html" "Mozilla/5.0 (Linux; Android 7.0;) AppleWebKit/537.36 (KHTML, like Gecko) Mobile Safari/537.36 (compatible; PetalBot;+https://webmaster.petalsearch.com/site/petalbot)"
172.71.124.60 - - [11/Jan/2026:16:41:15 +0300] "GET /qlrlpe/airbag-reset-tool.html HTTP/1.0" 404 453 "https://stomsklad.ru/ykkemz/120mm-dm53-apfsds-gun.html" "Mozilla/5.0 (Linux; Android 7.0;) AppleWebKit/537.36 (KHTML, like Gecko) Mobile Safari/537.36 (compatible; PetalBot;+https://webmaster.petalsearch.com/site/petalbot)"
172.68.164.74 - - [11/Jan/2026:16:42:39 +0300] "GET /qlrlpe/air-bar-mango.html HTTP/1.0" 404 453 "https://gelioskarate.ru/sram/url-shortener-qr-code-free.html" "Mozilla/5.0 (Linux; Android 7.0;) AppleWebKit/537.36 (KHTML, like Gecko) Mobile Safari/537.36 (compatible; PetalBot;+https://webmaster.petalsearch.com/site/petalbot)"
172.69.165.72 - - [11/Jan/2026:16:44:02 +0300] "GET /qlrlpe/acoustic-grand-piano-price.html HTTP/1.0" 404 453 "https://rida-motors.oca.ru/htdq3/relocatable-cabins-for-sale-near-illinois.html" "Mozilla/5.0 (Linux; Android 7.0;) AppleWebKit/537.36 (KHTML, like Gecko) Mobile Safari/537.36 (compatible; PetalBot;+https://webmaster.petalsearch.com/site/petalbot)"
172.71.194.17 - - [11/Jan/2026:16:44:38 +0300] "GET /?l=77974134835900 HTTP/1.0" 200 884 "-" "Mozilla/5.0 AppleWebKit/537.36 (KHTML, like Gecko; compatible; bingbot/2.0; +http://www.bing.com/bingbot.htm) Chrome/116.0.1938.76 Safari/537.36"
172.70.143.178 - - [11/Jan/2026:16:45:25 +0300] "GET /qlrlpe/accounting-exam-quizlet.html HTTP/1.0" 404 453 "http://huntingfieldlodge.com.au/d4zji/what-is-a-bachelorette-party-for-bride.html" "Mozilla/5.0 (Linux; Android 7.0;) AppleWebKit/537.36 (KHTML, like Gecko) Mobile Safari/537.36 (compatible; PetalBot;+https://webmaster.petalsearch.com/site/petalbot)"
172.71.124.61 - - [11/Jan/2026:16:46:48 +0300] "GET /qlrlpe/account-now-refer-a-friend.html HTTP/1.0" 404 453 "https://clinicakrd.ru/rcrbhai4k/go-ahead-chinese-drama-ep-1-eng-sub.html" "Mozilla/5.0 (Linux; Android 7.0;) AppleWebKit/537.36 (KHTML, like Gecko) Mobile Safari/537.36 (compatible; PetalBot;+https://webmaster.petalsearch.com/site/petalbot)"
172.70.143.178 - - [11/Jan/2026:16:48:13 +0300] "GET /qlrlpe/aboriginal-creation-story-rainbow-serpent.html HTTP/1.0" 404 453 "https://pechnoetoplivo.com/zyuelhrno/program-f150-key-with-only-1-key.html" "Mozilla/5.0 (Linux; Android 7.0;) AppleWebKit/537.36 (KHTML, like Gecko) Mobile Safari/537.36 (compatible; PetalBot;+https://webmaster.petalsearch.com/site/petalbot)"
172.70.143.178 - - [11/Jan/2026:16:49:36 +0300] "GET /qlrlpe/9h-goodman-code.html HTTP/1.0" 404 453 "http://belingva.ru/ikt6/record-ridgway-tools.html" "Mozilla/5.0 (Linux; Android 7.0;) AppleWebKit/537.36 (KHTML, like Gecko) Mobile Safari/537.36 (compatible; PetalBot;+https://webmaster.petalsearch.com/site/petalbot)"
162.158.88.164 - - [11/Jan/2026:16:51:00 +0300] "GET /qlrlpe/90s-black-gangster-movies.html HTTP/1.0" 404 453 "http://kaluga.munys.ru/om630/spring-song-quotes.html" "Mozilla/5.0 (Linux; Android 7.0;) AppleWebKit/537.36 (KHTML, like Gecko) Mobile Safari/537.36 (compatible; PetalBot;+https://webmaster.petalsearch.com/site/petalbot)"
172.70.188.74 - - [11/Jan/2026:16:52:24 +0300] "GET /qlrlpe/60-kg-thrust-brushless-motor.html HTTP/1.0" 404 453 "http://pmd-spb.ru/sqlwnjy/main-tank-vs-off-tank-ffxiv.html" "Mozilla/5.0 (Linux; Android 7.0;) AppleWebKit/537.36 (KHTML, like Gecko) Mobile Safari/537.36 (compatible; PetalBot;+https://webmaster.petalsearch.com/site/petalbot)"
172.71.82.28 - - [11/Jan/2026:16:53:47 +0300] "GET /qlrlpe/5th-anniversary-wood-gifts.html HTTP/1.0" 404 453 "https://media.citytabernacle.com.au/xtjip4a/spicy-fae-books.html" "Mozilla/5.0 (Linux; Android 7.0;) AppleWebKit/537.36 (KHTML, like Gecko) Mobile Safari/537.36 (compatible; PetalBot;+https://webmaster.petalsearch.com/site/petalbot)"
162.158.88.164 - - [11/Jan/2026:16:55:10 +0300] "GET /qlrlpe/5-themes-of-geography-assignment.html HTTP/1.0" 404 453 "http://grigoryan-school.gramor.site/d0gw/the-art-journal-1880.html" "Mozilla/5.0 (Linux; Android 7.0;) AppleWebKit/537.36 (KHTML, like Gecko) Mobile Safari/537.36 (compatible; PetalBot;+https://webmaster.petalsearch.com/site/petalbot)"
172.68.15.167 - - [11/Jan/2026:16:55:50 +0300] "GET /?l=08279117880000 HTTP/1.0" 200 884 "-" "Mozilla/5.0 AppleWebKit/537.36 (KHTML, like Gecko; compatible; bingbot/2.0; +http://www.bing.com/bingbot.htm) Chrome/116.0.1938.76 Safari/537.36"
162.158.170.239 - - [11/Jan/2026:16:56:33 +0300] "GET /qlrlpe/4twr4036g1000aa-specs.html HTTP/1.0" 404 453 "http://expertiza40.ru/qmjpubilz/discord-bot-lobbies.html" "Mozilla/5.0 (Linux; Android 7.0;) AppleWebKit/537.36 (KHTML, like Gecko) Mobile Safari/537.36 (compatible; PetalBot;+https://webmaster.petalsearch.com/site/petalbot)"
172.70.143.178 - - [11/Jan/2026:16:57:57 +0300] "GET /qlrlpe/2005-forest-river-rockwood-fifth-wheel.html HTTP/1.0" 404 453 "http://diallove.ru/udmhacb/cheap-flat-for-sale-near-me.html" "Mozilla/5.0 (Linux; Android 7.0;) AppleWebKit/537.36 (KHTML, like Gecko) Mobile Safari/537.36 (compatible; PetalBot;+https://webmaster.petalsearch.com/site/petalbot)"
162.159.120.214 - - [11/Jan/2026:16:58:11 +0300] "GET /robots.txt HTTP/1.1" 404 576 "-" "Mozilla/5.0 AppleWebKit/537.36 (KHTML, like Gecko; compatible; bingbot/2.0; +http://www.bing.com/bingbot.htm) Chrome/116.0.1938.76 Safari/537.36"
172.70.43.36 - - [11/Jan/2026:16:58:16 +0300] "GET /?l=9378197070001 HTTP/1.0" 200 884 "-" "Mozilla/5.0 AppleWebKit/537.36 (KHTML, like Gecko; compatible; bingbot/2.0; +http://www.bing.com/bingbot.htm) Chrome/116.0.1938.76 Safari/537.36"
104.23.211.150 - - [11/Jan/2026:16:58:43 +0300] "GET /?l=76218134039601 HTTP/1.0" 200 884 "-" "Mozilla/5.0 AppleWebKit/537.36 (KHTML, like Gecko; compatible; bingbot/2.0; +http://www.bing.com/bingbot.htm) Chrome/116.0.1938.76 Safari/537.36"
172.70.93.2 - - [11/Jan/2026:16:59:21 +0300] "GET /qlrlpe/2001-telugu-dubbed-movies-download.html HTTP/1.0" 404 453 "http://kaluga.munys.ru/om630/spring-song-quotes.html" "Mozilla/5.0 (Linux; Android 7.0;) AppleWebKit/537.36 (KHTML, like Gecko) Mobile Safari/537.36 (compatible; PetalBot;+https://webmaster.petalsearch.com/site/petalbot)"
172.70.39.145 - - [11/Jan/2026:17:00:08 +0300] "GET /?l=05216225281303 HTTP/1.0" 200 884 "-" "Mozilla/5.0 AppleWebKit/537.36 (KHTML, like Gecko; compatible; bingbot/2.0; +http://www.bing.com/bingbot.htm) Chrome/116.0.1938.76 Safari/537.36"
108.162.246.28 - - [11/Jan/2026:17:00:09 +0300] "GET /?l=22182110753702 HTTP/1.0" 200 873 "-" "Mozilla/5.0 (X11; Linux x86_64) AppleWebKit/537.36 (KHTML, like Gecko) Chrome/143.0.7499.169 Safari/537.36"
172.71.124.61 - - [11/Jan/2026:17:00:44 +0300] "GET /qlrlpe/1987-p-dime-value.html HTTP/1.0" 404 453 "http://vladimir.munys.ru/wvhvt/15-inch-5-lug-ford-rims.html" "Mozilla/5.0 (Linux; Android 7.0;) AppleWebKit/537.36 (KHTML, like Gecko) Mobile Safari/537.36 (compatible; PetalBot;+https://webmaster.petalsearch.com/site/petalbot)"
172.71.124.61 - - [11/Jan/2026:17:02:08 +0300] "GET /qlrlpe/1978-trans-am-for-sale-autotrader.html HTTP/1.0" 404 453 "https://grafit-arenda.ru/tfplflaz/how-to-avoid-overlapping-ip-addresses.html" "Mozilla/5.0 (Linux; Android 7.0;) AppleWebKit/537.36 (KHTML, like Gecko) Mobile Safari/537.36 (compatible; PetalBot;+https://webmaster.petalsearch.com/site/petalbot)"
172.68.164.75 - - [11/Jan/2026:17:03:33 +0300] "GET /qlrlpe/1957-pontiac-for-sale.html HTTP/1.0" 404 453 "http://vladimir.munys.ru/wvhvt/15-inch-5-lug-ford-rims.html" "Mozilla/5.0 (Linux; Android 7.0;) AppleWebKit/537.36 (KHTML, like Gecko) Mobile Safari/537.36 (compatible; PetalBot;+https://webmaster.petalsearch.com/site/petalbot)"
172.70.39.163 - - [11/Jan/2026:17:03:54 +0300] "GET /?l=5785748089000 HTTP/1.0" 200 884 "-" "Mozilla/5.0 AppleWebKit/537.36 (KHTML, like Gecko; compatible; bingbot/2.0; +http://www.bing.com/bingbot.htm) Chrome/116.0.1938.76 Safari/537.36"
