172.70.208.162 - - [11/Jan/2026:08:24:18 +0300] "GET /0l5j4wrf/javascript-in-pdf-example.html HTTP/1.0" 404 456 "http://fluoroplastic.ru/wwa5bi/thymeleaf-href-not-working.html" "Mozilla/5.0 (Linux; Android 7.0;) AppleWebKit/537.36 (KHTML, like Gecko) Mobile Safari/537.36 (compatible; PetalBot;+https://webmaster.petalsearch.com/site/petalbot)"
172.69.67.81 - - [11/Jan/2026:08:24:38 +0300] "GET /?r=08994213a82340 HTTP/1.0" 200 5836 "-" "Mozilla/5.0 (Linux; Android 6.0.1; Nexus 5X Build/MMB29P) AppleWebKit/537.36 (KHTML, like Gecko) Chrome/143.0.7499.192 Mobile Safari/537.36 (compatible; Googlebot/2.1; +http://www.google.com/bot.html)"
172.70.93.5 - - [11/Jan/2026:08:25:42 +0300] "GET /0l5j4wrf/jabra-charging-case-replacement.html HTTP/1.0" 404 456 "https://krasnoyarsk.rusogni.ru/d3mby0/gemini-and-libra-celebrity-couples.html" "Mozilla/5.0 (Linux; Android 7.0;) AppleWebKit/537.36 (KHTML, like Gecko) Mobile Safari/537.36 (compatible; PetalBot;+https://webmaster.petalsearch.com/site/petalbot)"
172.69.176.86 - - [11/Jan/2026:08:27:06 +0300] "GET /0l5j4wrf/institution-for-savings-cd-rates.html HTTP/1.0" 404 456 "https://xn--80aegenruum.xn--p1ai/cyo3pu/cooling-water-energy-calculation.html" "Mozilla/5.0 (Linux; Android 7.0;) AppleWebKit/537.36 (KHTML, like Gecko) Mobile Safari/537.36 (compatible; PetalBot;+https://webmaster.petalsearch.com/site/petalbot)"
172.70.94.114 - - [11/Jan/2026:08:27:46 +0300] "GET /?r=001798097097535 HTTP/1.0" 200 5889 "-" "Mozilla/5.0 (Linux; Android 6.0.1; Nexus 5X Build/MMB29P) AppleWebKit/537.36 (KHTML, like Gecko) Chrome/143.0.7499.192 Mobile Safari/537.36 (compatible; Googlebot/2.1; +http://www.google.com/bot.html)"
162.158.88.96 - - [11/Jan/2026:08:28:29 +0300] "GET /0l5j4wrf/inner-primary-seal-replacement.html HTTP/1.0" 404 456 "https://mamiki-papiki.ru/t3wz/kalman-filter-github.html" "Mozilla/5.0 (Linux; Android 7.0;) AppleWebKit/537.36 (KHTML, like Gecko) Mobile Safari/537.36 (compatible; PetalBot;+https://webmaster.petalsearch.com/site/petalbot)"
172.69.176.86 - - [11/Jan/2026:08:29:53 +0300] "GET /0l5j4wrf/i-love-you-3000-chords-ukulele.html HTTP/1.0" 404 456 "http://adplastics.com.au/hw1goev/how-do-i-know-if-my-husband-loves-me.html" "Mozilla/5.0 (Linux; Android 7.0;) AppleWebKit/537.36 (KHTML, like Gecko) Mobile Safari/537.36 (compatible; PetalBot;+https://webmaster.petalsearch.com/site/petalbot)"
172.69.67.80 - - [11/Jan/2026:08:30:53 +0300] "GET /?r=03191666934e971 HTTP/1.0" 200 5855 "-" "Mozilla/5.0 (Linux; Android 6.0.1; Nexus 5X Build/MMB29P) AppleWebKit/537.36 (KHTML, like Gecko) Chrome/143.0.7499.192 Mobile Safari/537.36 (compatible; Googlebot/2.1; +http://www.google.com/bot.html)"
162.158.88.96 - - [11/Jan/2026:08:31:17 +0300] "GET /0l5j4wrf/i-love-u-in-malayalam.html HTTP/1.0" 404 456 "https://clinicakrd.ru/rcrbhai4k/diarrhea-that-wakes-you-up-from-sleep.html" "Mozilla/5.0 (Linux; Android 7.0;) AppleWebKit/537.36 (KHTML, like Gecko) Mobile Safari/537.36 (compatible; PetalBot;+https://webmaster.petalsearch.com/site/petalbot)"
172.70.189.41 - - [11/Jan/2026:08:32:44 +0300] "GET /0l5j4wrf/how-to-write-a-complex-sentence-examples.html HTTP/1.0" 404 456 "https://clinicakrd.ru/rcrbhai4k/roblox-support-reference-number.html" "Mozilla/5.0 (Linux; Android 7.0;) AppleWebKit/537.36 (KHTML, like Gecko) Mobile Safari/537.36 (compatible; PetalBot;+https://webmaster.petalsearch.com/site/petalbot)"
172.71.167.223 - - [11/Jan/2026:08:34:02 +0300] "GET /?r=077737286288a9 HTTP/1.0" 200 5898 "-" "Mozilla/5.0 (Linux; Android 6.0.1; Nexus 5X Build/MMB29P) AppleWebKit/537.36 (KHTML, like Gecko) Chrome/143.0.7499.192 Mobile Safari/537.36 (compatible; Googlebot/2.1; +http://www.google.com/bot.html)"
172.70.93.4 - - [11/Jan/2026:08:34:04 +0300] "GET /0l5j4wrf/how-to-view-source-code-in-chrome-android.html HTTP/1.0" 404 456 "http://chlo.staino.ru/whbamp/mobile-pet-grooming-san-jose.html" "Mozilla/5.0 (Linux; Android 7.0;) AppleWebKit/537.36 (KHTML, like Gecko) Mobile Safari/537.36 (compatible; PetalBot;+https://webmaster.petalsearch.com/site/petalbot)"
162.158.108.86 - - [11/Jan/2026:08:35:27 +0300] "GET /0l5j4wrf/how-to-sum-time-in-power-bi.html HTTP/1.0" 404 456 "http://ems-isoliertueren.ru/pdnvde/delaware-state-police-incident-reports.html" "Mozilla/5.0 (Linux; Android 7.0;) AppleWebKit/537.36 (KHTML, like Gecko) Mobile Safari/537.36 (compatible; PetalBot;+https://webmaster.petalsearch.com/site/petalbot)"
162.158.163.191 - - [11/Jan/2026:08:36:51 +0300] "GET /hwa41y/telegram-join-channel.html HTTP/1.0" 404 456 "http://smmart-pro.ru/m7s9u/meredith-moon-today.html" "Mozilla/5.0 (Linux; Android 7.0;) AppleWebKit/537.36 (KHTML, like Gecko) Mobile Safari/537.36 (compatible; PetalBot;+https://webmaster.petalsearch.com/site/petalbot)"
172.69.67.80 - - [11/Jan/2026:08:37:08 +0300] "GET /?r=0619152743b6ef8 HTTP/1.0" 200 5840 "-" "Mozilla/5.0 (Linux; Android 6.0.1; Nexus 5X Build/MMB29P) AppleWebKit/537.36 (KHTML, like Gecko) Chrome/143.0.7499.192 Mobile Safari/537.36 (compatible; Googlebot/2.1; +http://www.google.com/bot.html)"
172.70.142.111 - - [11/Jan/2026:08:38:14 +0300] "GET /hwa41y/reddit-why-are-actors-paid-so-much.html HTTP/1.0" 404 456 "https://kannenberg.ru/kghts/classic-car-rental-new-york.html" "Mozilla/5.0 (Linux; Android 7.0;) AppleWebKit/537.36 (KHTML, like Gecko) Mobile Safari/537.36 (compatible; PetalBot;+https://webmaster.petalsearch.com/site/petalbot)"
104.23.175.40 - - [11/Jan/2026:08:39:38 +0300] "GET /hwa41y/polaris-rmk-800-performance-parts.html HTTP/1.0" 404 456 "http://swanfashion.ru/tkzp4u/orange-beach-pedestrian-killed.html" "Mozilla/5.0 (Linux; Android 7.0;) AppleWebKit/537.36 (KHTML, like Gecko) Mobile Safari/537.36 (compatible; PetalBot;+https://webmaster.petalsearch.com/site/petalbot)"
172.68.27.165 - - [11/Jan/2026:08:40:16 +0300] "GET /?r=1119146669ac8c0 HTTP/1.0" 200 5861 "-" "Mozilla/5.0 (Linux; Android 6.0.1; Nexus 5X Build/MMB29P) AppleWebKit/537.36 (KHTML, like Gecko) Chrome/143.0.7499.192 Mobile Safari/537.36 (compatible; Googlebot/2.1; +http://www.google.com/bot.html)"
172.71.82.70 - - [11/Jan/2026:08:41:02 +0300] "GET /hwa41y/honda-accord-2005-mugen-body-kit.html HTTP/1.0" 404 456 "https://hygge-dukon.ru/cvvwdqiu/moon-rabbit-cookie-toppings.html" "Mozilla/5.0 (Linux; Android 7.0;) AppleWebKit/537.36 (KHTML, like Gecko) Mobile Safari/537.36 (compatible; PetalBot;+https://webmaster.petalsearch.com/site/petalbot)"
162.158.108.86 - - [11/Jan/2026:08:42:26 +0300] "GET /hwa41y/guess-the-football-player-by-face.html HTTP/1.0" 404 456 "https://knd25.ru/za74olp/survival-hunter-stats.html" "Mozilla/5.0 (Linux; Android 7.0;) AppleWebKit/537.36 (KHTML, like Gecko) Mobile Safari/537.36 (compatible; PetalBot;+https://webmaster.petalsearch.com/site/petalbot)"
162.158.163.191 - - [11/Jan/2026:08:43:50 +0300] "GET /hwa41y/fusarium-wilt-prevention.html HTTP/1.0" 404 456 "http://itttubetesting.com/2zcajv/aquarius-woman-daily-love-horoscope.html" "Mozilla/5.0 (Linux; Android 7.0;) AppleWebKit/537.36 (KHTML, like Gecko) Mobile Safari/537.36 (compatible; PetalBot;+https://webmaster.petalsearch.com/site/petalbot)"
172.71.167.223 - - [11/Jan/2026:08:44:23 +0300] "GET /?r=0563376ed1c8a HTTP/1.0" 200 5818 "-" "Mozilla/5.0 (Linux; Android 6.0.1; Nexus 5X Build/MMB29P) AppleWebKit/537.36 (KHTML, like Gecko) Chrome/143.0.7499.192 Mobile Safari/537.36 (compatible; Googlebot/2.1; +http://www.google.com/bot.html)"
104.23.211.57 - - [11/Jan/2026:08:46:23 +0300] "GET /robots.txt HTTP/1.1" 404 576 "-" "Mozilla/5.0 AppleWebKit/537.36 (KHTML, like Gecko; compatible; Amazonbot/0.1; +https://developer.amazon.com/support/amazonbot) Chrome/119.0.6045.214 Safari/537.36"
172.71.167.223 - - [11/Jan/2026:08:46:31 +0300] "GET /?r=101419190e33dd5 HTTP/1.0" 200 5920 "-" "Mozilla/5.0 (Linux; Android 6.0.1; Nexus 5X Build/MMB29P) AppleWebKit/537.36 (KHTML, like Gecko) Chrome/143.0.7499.192 Mobile Safari/537.36 (compatible; Googlebot/2.1; +http://www.google.com/bot.html)"
162.158.88.96 - - [11/Jan/2026:08:47:27 +0300] "GET /hwa41y/fort-lauderdale-beach-events-this-weekend.html HTTP/1.0" 404 456 "https://temmoroz.ru/knkgpd/40-pin-lvds-connector-pinout-pdf.html" "Mozilla/5.0 (Linux; Android 7.0;) AppleWebKit/537.36 (KHTML, like Gecko) Mobile Safari/537.36 (compatible; PetalBot;+https://webmaster.petalsearch.com/site/petalbot)"
162.158.108.86 - - [11/Jan/2026:08:47:55 +0300] "GET /hwa41y/first-read-marigolds-quiz-answers.html HTTP/1.0" 404 456 "https://dacyprus.com/j8upgo3/harrison-ford-on-anne-heche-death.html" "Mozilla/5.0 (Linux; Android 7.0;) AppleWebKit/537.36 (KHTML, like Gecko) Mobile Safari/537.36 (compatible; PetalBot;+https://webmaster.petalsearch.com/site/petalbot)"
108.162.226.239 - - [11/Jan/2026:08:48:22 +0300] "GET /hwa41y/federal-duck-stamp-2023.html HTTP/1.0" 404 456 "http://wexpert.ru/n9f8pexw/unity-hollow-collider-2d.html" "Mozilla/5.0 (Linux; Android 7.0;) AppleWebKit/537.36 (KHTML, like Gecko) Mobile Safari/537.36 (compatible; PetalBot;+https://webmaster.petalsearch.com/site/petalbot)"
162.158.170.169 - - [11/Jan/2026:08:50:10 +0300] "GET /0l5j4wrf/the-view-returned-from-was-not-retrieved-by-calling.html HTTP/1.0" 404 456 "http://chlo.staino.ru/whbamp/balenciaga-track-led-white.html" "Mozilla/5.0 (Linux; Android 7.0;) AppleWebKit/537.36 (KHTML, like Gecko) Mobile Safari/537.36 (compatible; PetalBot;+https://webmaster.petalsearch.com/site/petalbot)"
162.159.106.98 - - [11/Jan/2026:08:50:38 +0300] "GET /?r=0498397465b836 HTTP/1.0" 200 5869 "-" "Mozilla/5.0 (Linux; Android 6.0.1; Nexus 5X Build/MMB29P) AppleWebKit/537.36 (KHTML, like Gecko) Chrome/143.0.7499.192 Mobile Safari/537.36 (compatible; Googlebot/2.1; +http://www.google.com/bot.html)"
172.70.208.162 - - [11/Jan/2026:08:50:59 +0300] "GET /0l5j4wrf/tab-animation-css-codepen.html HTTP/1.0" 404 456 "http://sbar.ru/qgxs6b/momentum-trading-reddit.html" "Mozilla/5.0 (Linux; Android 7.0;) AppleWebKit/537.36 (KHTML, like Gecko) Mobile Safari/537.36 (compatible; PetalBot;+https://webmaster.petalsearch.com/site/petalbot)"
162.158.106.107 - - [11/Jan/2026:08:52:22 +0300] "GET /0l5j4wrf/spotting-before-period-pregnant-reddit.html HTTP/1.0" 404 456 "http://emmaspencer.com.au/z8ajhazi/can-my-employer-pay-me-late-due-to-bank-holiday.html" "Mozilla/5.0 (Linux; Android 7.0;) AppleWebKit/537.36 (KHTML, like Gecko) Mobile Safari/537.36 (compatible; PetalBot;+https://webmaster.petalsearch.com/site/petalbot)"
162.159.106.99 - - [11/Jan/2026:08:52:46 +0300] "GET /?r=03983270581c50 HTTP/1.0" 200 5903 "-" "Mozilla/5.0 (Linux; Android 6.0.1; Nexus 5X Build/MMB29P) AppleWebKit/537.36 (KHTML, like Gecko) Chrome/143.0.7499.192 Mobile Safari/537.36 (compatible; Googlebot/2.1; +http://www.google.com/bot.html)"
104.23.175.41 - - [11/Jan/2026:08:53:45 +0300] "GET /0l5j4wrf/no-module-named-pandas-vscode.html HTTP/1.0" 404 456 "http://adelaidestarbus.com.au/6cbz2/free-rm10-new-member.html" "Mozilla/5.0 (Linux; Android 7.0;) AppleWebKit/537.36 (KHTML, like Gecko) Mobile Safari/537.36 (compatible; PetalBot;+https://webmaster.petalsearch.com/site/petalbot)"
162.158.138.98 - - [11/Jan/2026:08:53:49 +0300] "GET /images/index.php HTTP/1.0" 200 166 "https://www.yahoo.com/" "Mozilla/5.0 (iPhone; CPU iPhone OS 16_0 like Mac OS X) AppleWebKit/605.1.15 (KHTML, like Gecko) FxiOS/118.0 Mobile/15E148 Safari/605.1.15"
162.158.138.2 - - [11/Jan/2026:08:53:50 +0300] "GET /fonts/index.php HTTP/1.0" 404 456 "https://www.yahoo.com/" "Mozilla/5.0 (Linux; Android 12; V2134) AppleWebKit/537.36 (KHTML, like Gecko) Chrome/116.0.0.0 Mobile Safari/537.36"
162.158.138.2 - - [11/Jan/2026:08:53:51 +0300] "GET /test/index.php HTTP/1.0" 404 456 "https://www.google.com/" "Mozilla/5.0 (iPhone; CPU iPhone OS 17_1 like Mac OS X) AppleWebKit/605.1.15 (KHTML, like Gecko) CriOS/119.0.6045.109 Mobile/15E148 Safari/604.1"
162.158.138.2 - - [11/Jan/2026:08:53:51 +0300] "GET /css/index.php HTTP/1.0" 404 456 "https://www.google.com/" "Mozilla/5.0 (Linux; Android 13; M2101K6G) AppleWebKit/537.36 (KHTML, like Gecko) Chrome/116.0.0.0 Mobile Safari/537.36"
162.158.138.2 - - [11/Jan/2026:08:53:52 +0300] "GET /css/smoothness/images/index.php HTTP/1.0" 404 456 "https://www.bing.com/" "Mozilla/5.0 (Linux; Android 11; CPH2251) AppleWebKit/537.36 (KHTML, like Gecko) Chrome/116.0.0.0 Mobile Safari/537.36"
162.158.138.2 - - [11/Jan/2026:08:53:52 +0300] "GET /uploads/index.php HTTP/1.0" 404 456 "https://www.yahoo.com/" "Mozilla/5.0 (Linux; Android 13; SM-G991U) AppleWebKit/537.36 (KHTML, like Gecko) Chrome/117.0.0.0 Mobile Safari/537.36"
162.158.138.98 - - [11/Jan/2026:08:53:54 +0300] "GET /wp-admin/css/colors/coffee/index.php HTTP/1.0" 404 456 "https://www.google.co.uk/" "Mozilla/5.0 (iPhone; CPU iPhone OS 16_0 like Mac OS X) AppleWebKit/605.1.15 (KHTML, like Gecko) FxiOS/118.0 Mobile/15E148 Safari/605.1.15"
162.158.138.98 - - [11/Jan/2026:08:53:54 +0300] "GET /wp-admin/network/index.php HTTP/1.0" 404 456 "https://www.google.fr/" "Mozilla/5.0 (iPhone; CPU iPhone OS 17_1_1 like Mac OS X) AppleWebKit/605.1.15 (KHTML, like Gecko) Version/17.1 Mobile/15E148 Safari/604.1"
162.158.138.98 - - [11/Jan/2026:08:53:55 +0300] "GET /wp-admin/js/index.php HTTP/1.0" 404 456 "https://www.google.de/" "Mozilla/5.0 (Linux; Android 13; SM-G991U) AppleWebKit/537.36 (KHTML, like Gecko) Chrome/117.0.0.0 Mobile Safari/537.36"
162.158.138.98 - - [11/Jan/2026:08:53:55 +0300] "GET /wp-admin/maint/index.php HTTP/1.0" 404 456 "https://www.bing.com/" "Mozilla/5.0 (Linux; Android 12; V2134) AppleWebKit/537.36 (KHTML, like Gecko) Chrome/116.0.0.0 Mobile Safari/537.36"
162.158.138.98 - - [11/Jan/2026:08:53:55 +0300] "GET /wp-content/index.php HTTP/1.0" 404 456 "https://www.bing.com/" "Mozilla/5.0 (iPhone; CPU iPhone OS 17_1 like Mac OS X) AppleWebKit/605.1.15 (KHTML, like Gecko) CriOS/119.0.6045.109 Mobile/15E148 Safari/604.1"
162.158.138.98 - - [11/Jan/2026:08:53:56 +0300] "GET /wp-content/themes/index.php HTTP/1.0" 404 456 "https://www.google.co.uk/" "Mozilla/5.0 (Linux; Android 12; 2201116SG) AppleWebKit/537.36 (KHTML, like Gecko) Chrome/116.0.0.0 Mobile Safari/537.36"
162.158.138.98 - - [11/Jan/2026:08:53:56 +0300] "GET /wp-content/plugins/index.php HTTP/1.0" 404 456 "https://www.google.de/" "Mozilla/5.0 (iPhone; CPU iPhone OS 17_1_1 like Mac OS X) AppleWebKit/605.1.15 (KHTML, like Gecko) Version/17.1 Mobile/15E148 Safari/604.1"
162.158.138.98 - - [11/Jan/2026:08:53:56 +0300] "GET /wp-content/upgrade/index.php HTTP/1.0" 404 456 "https://www.google.de/" "Mozilla/5.0 (Linux; Android 12; 2201116SG) AppleWebKit/537.36 (KHTML, like Gecko) Chrome/116.0.0.0 Mobile Safari/537.36"
162.158.138.98 - - [11/Jan/2026:08:53:57 +0300] "GET /wp-includes/bk/index.php HTTP/1.0" 404 456 "https://www.google.co.uk/" "Mozilla/5.0 (Linux; Android 10; LM-Q720) AppleWebKit/537.36 (KHTML, like Gecko) Chrome/116.0.0.0 Mobile Safari/537.36"
162.158.138.98 - - [11/Jan/2026:08:53:57 +0300] "GET /wp-includes/ID3/index.php HTTP/1.0" 404 456 "https://www.google.fr/" "Mozilla/5.0 (iPhone; CPU iPhone OS 17_1 like Mac OS X) AppleWebKit/605.1.15 (KHTML, like Gecko) CriOS/119.0.6045.109 Mobile/15E148 Safari/604.1"
162.158.138.98 - - [11/Jan/2026:08:53:57 +0300] "GET /wp-includes/blocks/list-item/index.php HTTP/1.0" 404 456 "https://www.google.fr/" "Mozilla/5.0 (Linux; Android 13; SM-G991U) AppleWebKit/537.36 (KHTML, like Gecko) Chrome/117.0.0.0 Mobile Safari/537.36"
162.158.138.98 - - [11/Jan/2026:08:53:57 +0300] "GET /wp-includes/style-engine/index.php HTTP/1.0" 404 456 "https://www.google.fr/" "Mozilla/5.0 (iPhone; CPU iPhone OS 16_6_1 like Mac OS X) AppleWebKit/605.1.15 (KHTML, like Gecko) Version/16.6 Mobile/15E148 Safari/604.1"
162.158.138.98 - - [11/Jan/2026:08:53:58 +0300] "GET /wp-includes/rest-api/fields/index.php HTTP/1.0" 404 456 "https://www.google.de/" "Mozilla/5.0 (Linux; Android 12; 2201116SG) AppleWebKit/537.36 (KHTML, like Gecko) Chrome/116.0.0.0 Mobile Safari/537.36"
162.158.138.98 - - [11/Jan/2026:08:53:58 +0300] "GET /wp-includes/PHPMailer/index.php HTTP/1.0" 404 456 "https://www.google.co.uk/" "Mozilla/5.0 (Linux; Android 10; LM-Q720) AppleWebKit/537.36 (KHTML, like Gecko) Chrome/116.0.0.0 Mobile Safari/537.36"
162.158.138.98 - - [11/Jan/2026:08:53:58 +0300] "GET /wp-includes/html-api/index.php HTTP/1.0" 404 456 "https://www.google.de/" "Mozilla/5.0 (Linux; Android 12; 2201116SG) AppleWebKit/537.36 (KHTML, like Gecko) Chrome/116.0.0.0 Mobile Safari/537.36"
162.158.138.98 - - [11/Jan/2026:08:53:59 +0300] "GET /wp-includes/Text/index.php HTTP/1.0" 404 456 "https://www.google.com/" "Mozilla/5.0 (Linux; Android 13; SM-S908E) AppleWebKit/537.36 (KHTML, like Gecko) Chrome/116.0.0.0 Mobile Safari/537.36"
162.158.138.98 - - [11/Jan/2026:08:53:59 +0300] "GET /wp-includes/blocks/gallery/index.php HTTP/1.0" 404 456 "https://www.google.de/" "Mozilla/5.0 (Linux; Android 12; SM-A525F) AppleWebKit/537.36 (KHTML, like Gecko) Chrome/117.0.0.0 Mobile Safari/537.36"
162.158.138.98 - - [11/Jan/2026:08:53:59 +0300] "GET /wp-includes/blocks/media-text/index.php HTTP/1.0" 404 456 "https://www.bing.com/" "Mozilla/5.0 (Linux; Android 12; V2134) AppleWebKit/537.36 (KHTML, like Gecko) Chrome/116.0.0.0 Mobile Safari/537.36"
162.158.138.98 - - [11/Jan/2026:08:54:00 +0300] "GET /wp-includes/blocks/nextpage/index.php HTTP/1.0" 404 456 "https://www.google.co.uk/" "Mozilla/5.0 (iPhone; CPU iPhone OS 17_1 like Mac OS X) AppleWebKit/605.1.15 (KHTML, like Gecko) CriOS/119.0.6045.109 Mobile/15E148 Safari/604.1"
162.158.138.98 - - [11/Jan/2026:08:54:00 +0300] "GET /wp-includes/block-patterns/index.php HTTP/1.0" 404 456 "https://www.google.fr/" "Mozilla/5.0 (iPad; CPU OS 16_7_2 like Mac OS X) AppleWebKit/605.1.15 (KHTML, like Gecko) Version/16.6 Mobile/15E148 Safari/604.1"
162.158.138.98 - - [11/Jan/2026:08:54:00 +0300] "GET /wp-includes/blocks/buttons/index.php HTTP/1.0" 404 456 "https://www.yahoo.com/" "Mozilla/5.0 (Linux; Android 10; LM-Q720) AppleWebKit/537.36 (KHTML, like Gecko) Chrome/116.0.0.0 Mobile Safari/537.36"
162.158.138.98 - - [11/Jan/2026:08:54:01 +0300] "GET /wp-includes/blocks/details/index.php HTTP/1.0" 404 456 "https://www.yahoo.com/" "Mozilla/5.0 (iPhone; CPU iPhone OS 15_7_9 like Mac OS X) AppleWebKit/605.1.15 (KHTML, like Gecko) Version/15.6.5 Mobile/15E148 Safari/604.1"
162.158.138.98 - - [11/Jan/2026:08:54:01 +0300] "GET /wp-includes/blocks/file/index.php HTTP/1.0" 404 456 "https://www.google.co.uk/" "Mozilla/5.0 (Linux; Android 10; K) AppleWebKit/537.36 (KHTML, like Gecko) Chrome/117.0.0.0 Mobile Safari/537.36"
162.158.138.98 - - [11/Jan/2026:08:54:01 +0300] "GET /wp-includes/blocks/freeform/index.php HTTP/1.0" 404 456 "https://www.google.fr/" "Mozilla/5.0 (Linux; Android 12; 2201116SG) AppleWebKit/537.36 (KHTML, like Gecko) Chrome/116.0.0.0 Mobile Safari/537.36"
162.158.138.98 - - [11/Jan/2026:08:54:02 +0300] "GET /wp-includes/blocks/missing/index.php HTTP/1.0" 404 456 "https://www.google.fr/" "Mozilla/5.0 (iPhone; CPU iPhone OS 17_1 like Mac OS X) AppleWebKit/605.1.15 (KHTML, like Gecko) CriOS/119.0.6045.109 Mobile/15E148 Safari/604.1"
162.158.138.98 - - [11/Jan/2026:08:54:02 +0300] "GET /wp-includes/blocks/post-comments-form/index.php HTTP/1.0" 404 456 "https://www.google.com/" "Mozilla/5.0 (iPhone; CPU iPhone OS 16_6_1 like Mac OS X) AppleWebKit/605.1.15 (KHTML, like Gecko) Version/16.6 Mobile/15E148 Safari/604.1"
162.158.138.98 - - [11/Jan/2026:08:54:02 +0300] "GET /wp-includes/blocks/post-terms/index.php HTTP/1.0" 404 456 "https://www.google.co.uk/" "Mozilla/5.0 (iPhone; CPU iPhone OS 17_0_3 like Mac OS X) AppleWebKit/605.1.15 (KHTML, like Gecko) Version/17.0.1 Mobile/15E148 Safari/604.1"
162.158.138.98 - - [11/Jan/2026:08:54:03 +0300] "GET /wp-includes/blocks/read-more/index.php HTTP/1.0" 404 456 "https://duckduckgo.com/" "Mozilla/5.0 (iPhone; CPU iPhone OS 16_0 like Mac OS X) AppleWebKit/605.1.15 (KHTML, like Gecko) FxiOS/118.0 Mobile/15E148 Safari/605.1.15"
162.158.138.98 - - [11/Jan/2026:08:54:03 +0300] "GET /wp-includes/blocks/search/index.php HTTP/1.0" 404 456 "https://www.google.fr/" "Mozilla/5.0 (iPhone; CPU iPhone OS 17_1_1 like Mac OS X) AppleWebKit/605.1.15 (KHTML, like Gecko) Version/17.1 Mobile/15E148 Safari/604.1"
162.158.138.98 - - [11/Jan/2026:08:54:03 +0300] "GET /wp-includes/blocks/shortcode/index.php HTTP/1.0" 404 456 "https://www.google.de/" "Mozilla/5.0 (iPhone; CPU iPhone OS 17_1_1 like Mac OS X) AppleWebKit/605.1.15 (KHTML, like Gecko) Version/17.1 Mobile/15E148 Safari/604.1"
162.158.138.98 - - [11/Jan/2026:08:54:04 +0300] "GET /wp-includes/blocks/social-link/index.php HTTP/1.0" 404 456 "https://duckduckgo.com/" "Mozilla/5.0 (Linux; Android 11; CPH2251) AppleWebKit/537.36 (KHTML, like Gecko) Chrome/116.0.0.0 Mobile Safari/537.36"
162.158.138.98 - - [11/Jan/2026:08:54:04 +0300] "GET /wp-includes/Requests/library/index.php HTTP/1.0" 404 456 "https://www.google.com/" "Mozilla/5.0 (Linux; Android 12; V2134) AppleWebKit/537.36 (KHTML, like Gecko) Chrome/116.0.0.0 Mobile Safari/537.36"
162.158.138.98 - - [11/Jan/2026:08:54:04 +0300] "GET /wp-includes/SimplePie/index.php HTTP/1.0" 404 456 "https://www.google.co.uk/" "Mozilla/5.0 (Linux; Android 13; M2101K6G) AppleWebKit/537.36 (KHTML, like Gecko) Chrome/116.0.0.0 Mobile Safari/537.36"
162.158.138.98 - - [11/Jan/2026:08:54:05 +0300] "GET /wp-includes/certificates/index.php HTTP/1.0" 404 456 "https://www.google.com/" "Mozilla/5.0 (Linux; Android 11; 21081111RG) AppleWebKit/537.36 (KHTML, like Gecko) Chrome/116.0.0.0 Mobile Safari/537.36"
162.158.138.98 - - [11/Jan/2026:08:54:05 +0300] "GET /wp-includes/images/media/index.php HTTP/1.0" 404 456 "https://www.google.com/" "Mozilla/5.0 (Linux; Android 10; K) AppleWebKit/537.36 (KHTML, like Gecko) Chrome/117.0.0.0 Mobile Safari/537.36"
162.158.138.98 - - [11/Jan/2026:08:54:05 +0300] "GET /wp-includes/interactivity-api/index.php HTTP/1.0" 404 456 "https://duckduckgo.com/" "Mozilla/5.0 (iPhone; CPU iPhone OS 17_1 like Mac OS X) AppleWebKit/605.1.15 (KHTML, like Gecko) CriOS/119.0.6045.109 Mobile/15E148 Safari/604.1"
162.158.138.98 - - [11/Jan/2026:08:54:06 +0300] "GET /wp-includes/js/plupload/index.php HTTP/1.0" 404 456 "https://www.google.co.uk/" "Mozilla/5.g (Linux; Android 13; Pixel 7) AppleWebKit/537.36 (KHTML, like Gecko) Chrome/116.0.0.0 Mobile Safari/537.36"
162.158.138.98 - - [11/Jan/2026:08:54:06 +0300] "GET /wp-includes/js/thickbox/index.php HTTP/1.0" 404 456 "https://www.google.fr/" "Mozilla/5.0 (Linux; Android 11; CPH2251) AppleWebKit/537.36 (KHTML, like Gecko) Chrome/116.0.0.0 Mobile Safari/537.36"
162.158.138.98 - - [11/Jan/2026:08:54:06 +0300] "GET /wp-includes/js/tinymce/index.php HTTP/1.0" 404 456 "https://www.google.fr/" "Mozilla/5.0 (iPhone; CPU iPhone OS 15_7_9 like Mac OS X) AppleWebKit/605.1.15 (KHTML, like Gecko) Version/15.6.5 Mobile/15E148 Safari/604.1"
162.158.138.98 - - [11/Jan/2026:08:54:07 +0300] "GET /wp-includes/pomo/index.php HTTP/1.0" 404 456 "https://www.google.com/" "Mozilla/5.0 (Linux; Android 13; M2101K6G) AppleWebKit/537.36 (KHTML, like Gecko) Chrome/116.0.0.0 Mobile Safari/537.36"
162.158.138.98 - - [11/Jan/2026:08:54:07 +0300] "GET /wp-includes/theme-compat/index.php HTTP/1.0" 404 456 "https://www.google.com/" "Mozilla/5.0 (Linux; Android 13; SM-S908E) AppleWebKit/537.36 (KHTML, like Gecko) Chrome/116.0.0.0 Mobile Safari/537.36"
162.158.138.98 - - [11/Jan/2026:08:54:07 +0300] "GET /wp-includes/widgets/index.php HTTP/1.0" 404 456 "https://duckduckgo.com/" "Mozilla/5.0 (Linux; Android 13; M2101K6G) AppleWebKit/537.36 (KHTML, like Gecko) Chrome/116.0.0.0 Mobile Safari/537.36"
162.158.138.98 - - [11/Jan/2026:08:54:08 +0300] "GET /wp-content/themes/twentytwentytwo/index.php HTTP/1.0" 404 456 "https://duckduckgo.com/" "Mozilla/5.0 (Linux; Android 14; Pixel 8 Pro) AppleWebKit/537.36 (KHTML, like Gecko) Chrome/119.0.0.0 Mobile Safari/537.36"
162.158.138.98 - - [11/Jan/2026:08:54:08 +0300] "GET /wp-content/themes/twentytwentyfour/index.php HTTP/1.0" 404 456 "https://duckduckgo.com/" "Mozilla/5.0 (Linux; Android 13; M2101K6G) AppleWebKit/537.36 (KHTML, like Gecko) Chrome/116.0.0.0 Mobile Safari/537.36"
162.158.138.98 - - [11/Jan/2026:08:54:08 +0300] "GET /well-known/acme-challenge/e/index.php HTTP/1.0" 404 456 "https://www.bing.com/" "Mozilla/5.0 (Linux; Android 12; 2201116SG) AppleWebKit/537.36 (KHTML, like Gecko) Chrome/116.0.0.0 Mobile Safari/537.36"
172.68.164.83 - - [11/Jan/2026:08:55:10 +0300] "GET /0l5j4wrf/my-contact-except-meaning.html HTTP/1.0" 404 456 "http://jptrailers.com.au/no25c/home-remedies-for-dust-allergy-in-eyes.html" "Mozilla/5.0 (Linux; Android 7.0;) AppleWebKit/537.36 (KHTML, like Gecko) Mobile Safari/537.36 (compatible; PetalBot;+https://webmaster.petalsearch.com/site/petalbot)"
162.158.106.106 - - [11/Jan/2026:08:56:34 +0300] "GET /0l5j4wrf/mr-suit-for-sale.html HTTP/1.0" 404 456 "https://kazan-oil.ru/wxlqmpy/mickey-mouse-clubhouse-season-3.html" "Mozilla/5.0 (Linux; Android 7.0;) AppleWebKit/537.36 (KHTML, like Gecko) Mobile Safari/537.36 (compatible; PetalBot;+https://webmaster.petalsearch.com/site/petalbot)"
172.68.27.165 - - [11/Jan/2026:08:56:53 +0300] "GET /?r=00179717f1825d HTTP/1.0" 200 5936 "-" "Mozilla/5.0 (Linux; Android 6.0.1; Nexus 5X Build/MMB29P) AppleWebKit/537.36 (KHTML, like Gecko) Chrome/143.0.7499.192 Mobile Safari/537.36 (compatible; Googlebot/2.1; +http://www.google.com/bot.html)"
172.69.176.86 - - [11/Jan/2026:08:58:00 +0300] "GET /0l5j4wrf/macbeth-act-1-assignment.html HTTP/1.0" 404 456 "https://buh-rost.ru/b6qs/bali-furniture-online.html" "Mozilla/5.0 (Linux; Android 7.0;) AppleWebKit/537.36 (KHTML, like Gecko) Mobile Safari/537.36 (compatible; PetalBot;+https://webmaster.petalsearch.com/site/petalbot)"
172.70.142.111 - - [11/Jan/2026:08:59:20 +0300] "GET /hwa41y/name-of-woman-who-jumped-off-cruise-ship.html HTTP/1.0" 404 456 "http://factory-rostov.ru/gmqlp/should-i-go-under-for-wisdom-teeth-reddit.html" "Mozilla/5.0 (Linux; Android 7.0;) AppleWebKit/537.36 (KHTML, like Gecko) Mobile Safari/537.36 (compatible; PetalBot;+https://webmaster.petalsearch.com/site/petalbot)"
172.70.142.110 - - [11/Jan/2026:09:00:44 +0300] "GET /hwa41y/home-depot-2x4-price.html HTTP/1.0" 404 456 "https://panaceya-clinic.ru/ntmycrm/university-of-toronto-winter-intake-2023.html" "Mozilla/5.0 (Linux; Android 7.0;) AppleWebKit/537.36 (KHTML, like Gecko) Mobile Safari/537.36 (compatible; PetalBot;+https://webmaster.petalsearch.com/site/petalbot)"
162.159.104.145 - - [11/Jan/2026:09:01:01 +0300] "GET /?r=16984726d433d7 HTTP/1.0" 200 5867 "-" "Mozilla/5.0 (Linux; Android 6.0.1; Nexus 5X Build/MMB29P) AppleWebKit/537.36 (KHTML, like Gecko) Chrome/143.0.7499.192 Mobile Safari/537.36 (compatible; Googlebot/2.1; +http://www.google.com/bot.html)"
172.68.164.82 - - [11/Jan/2026:09:02:11 +0300] "GET /hwa41y/cursor-changer-online.html HTTP/1.0" 404 456 "https://www.complexconstruction.ru/vtqel/how-much-does-it-cost-to-rent-a-motorized-wheelchair.html" "Mozilla/5.0 (Linux; Android 7.0;) AppleWebKit/537.36 (KHTML, like Gecko) Mobile Safari/537.36 (compatible; PetalBot;+https://webmaster.petalsearch.com/site/petalbot)"
162.159.104.145 - - [11/Jan/2026:09:02:34 +0300] "GET /?r=0314212664359d0 HTTP/1.0" 200 5936 "-" "Mozilla/5.0 (Linux; Android 6.0.1; Nexus 5X Build/MMB29P) AppleWebKit/537.36 (KHTML, like Gecko) Chrome/143.0.7499.192 Mobile Safari/537.36 (compatible; Googlebot/2.1; +http://www.google.com/bot.html)"
172.71.178.164 - - [11/Jan/2026:09:03:24 +0300] "GET /index-3.html HTTP/1.0" 200 3362 "-" "Mozilla/5.0 (compatible; AhrefsBot/7.0; +http://ahrefs.com/robot/)"
172.68.164.83 - - [11/Jan/2026:09:03:33 +0300] "GET /0l5j4wrf/silver-range-rover-sport-for-sale.html HTTP/1.0" 404 456 "http://justinmariani.com.au/f8szfr/d3-athlete-meaning.html" "Mozilla/5.0 (Linux; Android 7.0;) AppleWebKit/537.36 (KHTML, like Gecko) Mobile Safari/537.36 (compatible; PetalBot;+https://webmaster.petalsearch.com/site/petalbot)"
162.158.88.97 - - [11/Jan/2026:09:04:55 +0300] "GET /0l5j4wrf/louis-tomlinson-siblings-doris-and-ernest.html HTTP/1.0" 404 456 "https://just-born.ru/5vubp9/football-player-test.html" "Mozilla/5.0 (Linux; Android 7.0;) AppleWebKit/537.36 (KHTML, like Gecko) Mobile Safari/537.36 (compatible; PetalBot;+https://webmaster.petalsearch.com/site/petalbot)"
162.159.104.145 - - [11/Jan/2026:09:06:14 +0300] "GET /?r=14577552c8e31c HTTP/1.0" 200 5890 "-" "Mozilla/5.0 (Linux; Android 6.0.1; Nexus 5X Build/MMB29P) AppleWebKit/537.36 (KHTML, like Gecko) Chrome/143.0.7499.192 Mobile Safari/537.36 (compatible; Googlebot/2.1; +http://www.google.com/bot.html)"
172.71.223.75 - - [11/Jan/2026:09:06:16 +0300] "GET / HTTP/1.0" 200 4549 "-" "Mozilla/5.0 AppleWebKit/537.36 (KHTML, like Gecko; compatible; Amazonbot/0.1; +https://developer.amazon.com/support/amazonbot) Chrome/119.0.6045.214 Safari/537.36"
172.70.142.111 - - [11/Jan/2026:09:06:19 +0300] "GET /0l5j4wrf/journal-entry-practice-exercises.html HTTP/1.0" 404 456 "https://gelioskarate.ru/sram/uninstall-cask-app.html" "Mozilla/5.0 (Linux; Android 7.0;) AppleWebKit/537.36 (KHTML, like Gecko) Mobile Safari/537.36 (compatible; PetalBot;+https://webmaster.petalsearch.com/site/petalbot)"
172.70.142.111 - - [11/Jan/2026:09:07:43 +0300] "GET /0l5j4wrf/how-to-report-instagram-account-to-cyber-crime.html HTTP/1.0" 404 456 "http://bank.navicongroup.ru/idp6nz/hornady-190-sub-x-load-data.html" "Mozilla/5.0 (Linux; Android 7.0;) AppleWebKit/537.36 (KHTML, like Gecko) Mobile Safari/537.36 (compatible; PetalBot;+https://webmaster.petalsearch.com/site/petalbot)"
108.162.226.238 - - [11/Jan/2026:09:09:09 +0300] "GET /0l5j4wrf/how-to-make-reels-on-instagram-with-photos.html HTTP/1.0" 404 456 "https://sherbetdent.ru/mssqg/ipoe-warrants-terms.html" "Mozilla/5.0 (Linux; Android 7.0;) AppleWebKit/537.36 (KHTML, like Gecko) Mobile Safari/537.36 (compatible; PetalBot;+https://webmaster.petalsearch.com/site/petalbot)"
172.68.27.165 - - [11/Jan/2026:09:09:15 +0300] "GET /?r=0017336003427df HTTP/1.0" 200 5909 "-" "Mozilla/5.0 (Linux; Android 6.0.1; Nexus 5X Build/MMB29P) AppleWebKit/537.36 (KHTML, like Gecko) Chrome/143.0.7499.192 Mobile Safari/537.36 (compatible; Googlebot/2.1; +http://www.google.com/bot.html)"
104.23.175.40 - - [11/Jan/2026:09:10:29 +0300] "GET /0l5j4wrf/how-to-make-jewelry-with-loose-gemstones.html HTTP/1.0" 404 456 "http://sbar.ru/qgxs6b/momentum-trading-reddit.html" "Mozilla/5.0 (Linux; Android 7.0;) AppleWebKit/537.36 (KHTML, like Gecko) Mobile Safari/537.36 (compatible; PetalBot;+https://webmaster.petalsearch.com/site/petalbot)"
172.70.93.4 - - [11/Jan/2026:09:11:53 +0300] "GET /0l5j4wrf/how-to-create-a-virus-in-python.html HTTP/1.0" 404 456 "https://clinicakrd.ru/rcrbhai4k/roblox-support-reference-number.html" "Mozilla/5.0 (Linux; Android 7.0;) AppleWebKit/537.36 (KHTML, like Gecko) Mobile Safari/537.36 (compatible; PetalBot;+https://webmaster.petalsearch.com/site/petalbot)"
172.68.27.165 - - [11/Jan/2026:09:12:16 +0300] "GET /?r=12122165313355e HTTP/1.0" 200 5949 "-" "Mozilla/5.0 (Linux; Android 6.0.1; Nexus 5X Build/MMB29P) AppleWebKit/537.36 (KHTML, like Gecko) Chrome/143.0.7499.192 Mobile Safari/537.36 (compatible; Googlebot/2.1; +http://www.google.com/bot.html)"
162.158.106.107 - - [11/Jan/2026:09:13:16 +0300] "GET /0l5j4wrf/how-to-beat-the-curve-in-law-school.html HTTP/1.0" 404 456 "http://grigoryan-school.gramor.site/d0gw/how-much-is-a-semi-load-of-firewood.html" "Mozilla/5.0 (Linux; Android 7.0;) AppleWebKit/537.36 (KHTML, like Gecko) Mobile Safari/537.36 (compatible; PetalBot;+https://webmaster.petalsearch.com/site/petalbot)"
162.158.88.97 - - [11/Jan/2026:09:14:41 +0300] "GET /0l5j4wrf/how-much-does-non-emergency-medical-transportation-cost.html HTTP/1.0" 404 456 "http://restauranttram.ru/hjjvs4rj/pandas-drop-keyerror.html" "Mozilla/5.0 (Linux; Android 7.0;) AppleWebKit/537.36 (KHTML, like Gecko) Mobile Safari/537.36 (compatible; PetalBot;+https://webmaster.petalsearch.com/site/petalbot)"
162.158.163.192 - - [11/Jan/2026:09:16:04 +0300] "GET /0l5j4wrf/how-much-does-a-7-panel-drug-test-cost.html HTTP/1.0" 404 456 "http://lk.moriname.ru/urtfpvw/online-video-editor.html" "Mozilla/5.0 (Linux; Android 7.0;) AppleWebKit/537.36 (KHTML, like Gecko) Mobile Safari/537.36 (compatible; PetalBot;+https://webmaster.petalsearch.com/site/petalbot)"
172.71.124.216 - - [11/Jan/2026:09:17:28 +0300] "GET /0l5j4wrf/houses-to-rent-in-swindon.html HTTP/1.0" 404 456 "http://adelaidestarbus.com.au/6cbz2/free-rm10-new-member.html" "Mozilla/5.0 (Linux; Android 7.0;) AppleWebKit/537.36 (KHTML, like Gecko) Mobile Safari/537.36 (compatible; PetalBot;+https://webmaster.petalsearch.com/site/petalbot)"
172.71.82.70 - - [11/Jan/2026:09:18:52 +0300] "GET /0l5j4wrf/houses-for-sale-inverness-purplebricks.html HTTP/1.0" 404 456 "http://thefinancesite.com.au/phzvdtw/dumpster-business-for-sale-michigan.html" "Mozilla/5.0 (Linux; Android 7.0;) AppleWebKit/537.36 (KHTML, like Gecko) Mobile Safari/537.36 (compatible; PetalBot;+https://webmaster.petalsearch.com/site/petalbot)"
104.23.175.41 - - [11/Jan/2026:09:20:16 +0300] "GET /0l5j4wrf/houses-for-sale-by-owner-tappahannock.html HTTP/1.0" 404 456 "http://restauranttram.ru/hjjvs4rj/pandas-drop-keyerror.html" "Mozilla/5.0 (Linux; Android 7.0;) AppleWebKit/537.36 (KHTML, like Gecko) Mobile Safari/537.36 (compatible; PetalBot;+https://webmaster.petalsearch.com/site/petalbot)"
172.70.142.110 - - [11/Jan/2026:09:21:40 +0300] "GET /hwa41y/syrian-girl-for-marriage-in-pakistan.html HTTP/1.0" 404 456 "http://clear-aligners.ru/cb0eo/figma-feather-edges.html" "Mozilla/5.0 (Linux; Android 7.0;) AppleWebKit/537.36 (KHTML, like Gecko) Mobile Safari/537.36 (compatible; PetalBot;+https://webmaster.petalsearch.com/site/petalbot)"
172.70.142.110 - - [11/Jan/2026:09:23:04 +0300] "GET /hwa41y/salesforce-record-count-for-all-objects.html HTTP/1.0" 404 456 "http://factory-rostov.ru/gmqlp/should-i-go-under-for-wisdom-teeth-reddit.html" "Mozilla/5.0 (Linux; Android 7.0;) AppleWebKit/537.36 (KHTML, like Gecko) Mobile Safari/537.36 (compatible; PetalBot;+https://webmaster.petalsearch.com/site/petalbot)"
172.69.50.142 - - [11/Jan/2026:09:23:32 +0300] "GET /robots.txt HTTP/1.1" 404 173 "-" "Mozilla/5.0 (compatible; YandexBot/3.0; +http://yandex.com/bots)"
172.71.184.156 - - [11/Jan/2026:09:23:32 +0300] "GET /hwa41y/why-do-narcissists-have-so-many-girlfriends.html HTTP/1.0" 404 456 "-" "Mozilla/5.0 (compatible; YandexBot/3.0; +http://yandex.com/bots)"
172.70.142.111 - - [11/Jan/2026:09:24:26 +0300] "GET /hwa41y/hijri-date-to-gregorian.html HTTP/1.0" 404 456 "http://remontvmyatin.ru/7nrwbbn/busd-contract-address-testnet.html" "Mozilla/5.0 (Linux; Android 7.0;) AppleWebKit/537.36 (KHTML, like Gecko) Mobile Safari/537.36 (compatible; PetalBot;+https://webmaster.petalsearch.com/site/petalbot)"
162.158.170.168 - - [11/Jan/2026:09:25:49 +0300] "GET /hwa41y/garden-of-life-raw-calcium-grow-bone.html HTTP/1.0" 404 456 "https://base-code.ru/3h0j7/mason-campbell-read-online.html" "Mozilla/5.0 (Linux; Android 7.0;) AppleWebKit/537.36 (KHTML, like Gecko) Mobile Safari/537.36 (compatible; PetalBot;+https://webmaster.petalsearch.com/site/petalbot)"
162.158.163.191 - - [11/Jan/2026:09:27:13 +0300] "GET /0l5j4wrf/vermont-statutes-title-23.html HTTP/1.0" 404 456 "http://justinmariani.com.au/f8szfr/lectures-in-systematic-theology-pdf.html" "Mozilla/5.0 (Linux; Android 7.0;) AppleWebKit/537.36 (KHTML, like Gecko) Mobile Safari/537.36 (compatible; PetalBot;+https://webmaster.petalsearch.com/site/petalbot)"
104.23.175.41 - - [11/Jan/2026:09:28:39 +0300] "GET /0l5j4wrf/v2ray-node.html HTTP/1.0" 404 456 "http://www.wash-remont.ru/crwiba/how-to-make-nano-edibles.html" "Mozilla/5.0 (Linux; Android 7.0;) AppleWebKit/537.36 (KHTML, like Gecko) Mobile Safari/537.36 (compatible; PetalBot;+https://webmaster.petalsearch.com/site/petalbot)"
172.70.208.162 - - [11/Jan/2026:09:30:00 +0300] "GET /0l5j4wrf/tv-tuning-not-finding-channels.html HTTP/1.0" 404 456 "http://fastaekwondo.com/avac/how-to-find-the-nasty-girls-of-snapchat.html" "Mozilla/5.0 (Linux; Android 7.0;) AppleWebKit/537.36 (KHTML, like Gecko) Mobile Safari/537.36 (compatible; PetalBot;+https://webmaster.petalsearch.com/site/petalbot)"
172.69.109.201 - - [11/Jan/2026:09:30:05 +0300] "GET /robots.txt HTTP/1.1" 404 576 "-" "Mozilla/5.0 (Windows NT 10.0; Win64; x64) AppleWebKit/537.36 (KHTML, like Gecko) Chrome/103.0.5060.134 Safari/537.36"
172.70.208.162 - - [11/Jan/2026:09:31:25 +0300] "GET /0l5j4wrf/power-eagles-fake-or-real.html HTTP/1.0" 404 456 "http://mypadna.co.uk/zifjyd/evaluate-the-extent-to-which-christian-missionary-efforts-motivated-european-imperial-expansion-dbq.html" "Mozilla/5.0 (Linux; Android 7.0;) AppleWebKit/537.36 (KHTML, like Gecko) Mobile Safari/537.36 (compatible; PetalBot;+https://webmaster.petalsearch.com/site/petalbot)"
172.70.189.42 - - [11/Jan/2026:09:32:47 +0300] "GET /0l5j4wrf/land-rover-carplay-no-sound.html HTTP/1.0" 404 456 "http://emmaspencer.com.au/z8ajhazi/can-my-employer-pay-me-late-due-to-bank-holiday.html" "Mozilla/5.0 (Linux; Android 7.0;) AppleWebKit/537.36 (KHTML, like Gecko) Mobile Safari/537.36 (compatible; PetalBot;+https://webmaster.petalsearch.com/site/petalbot)"
162.158.88.96 - - [11/Jan/2026:09:34:11 +0300] "GET /0l5j4wrf/hormonal-weight-gain-supplements.html HTTP/1.0" 404 456 "http://ednied.com/eegx0/machine-learning-with-python-ibm.html" "Mozilla/5.0 (Linux; Android 7.0;) AppleWebKit/537.36 (KHTML, like Gecko) Mobile Safari/537.36 (compatible; PetalBot;+https://webmaster.petalsearch.com/site/petalbot)"
172.68.164.82 - - [11/Jan/2026:09:35:36 +0300] "GET /0l5j4wrf/holding-baby-boy-in-dream-islam.html HTTP/1.0" 404 456 "http://bank.navicongroup.ru/idp6nz/hornady-190-sub-x-load-data.html" "Mozilla/5.0 (Linux; Android 7.0;) AppleWebKit/537.36 (KHTML, like Gecko) Mobile Safari/537.36 (compatible; PetalBot;+https://webmaster.petalsearch.com/site/petalbot)"
172.70.93.5 - - [11/Jan/2026:09:37:00 +0300] "GET /0l5j4wrf/highway-casino-bonus-codes.html HTTP/1.0" 404 456 "http://justinmariani.com.au/f8szfr/benefits-of-parking-garages-on-campus.html" "Mozilla/5.0 (Linux; Android 7.0;) AppleWebKit/537.36 (KHTML, like Gecko) Mobile Safari/537.36 (compatible; PetalBot;+https://webmaster.petalsearch.com/site/petalbot)"
162.158.163.191 - - [11/Jan/2026:09:38:23 +0300] "GET /0l5j4wrf/he-just-got-out-of-a-relationship-reddit.html HTTP/1.0" 404 456 "https://dev.cntu-consulting.ru/dd3hxrd/numerical-methods-book-by-kandasamy-pdf.html" "Mozilla/5.0 (Linux; Android 7.0;) AppleWebKit/537.36 (KHTML, like Gecko) Mobile Safari/537.36 (compatible; PetalBot;+https://webmaster.petalsearch.com/site/petalbot)"