162.158.42.133 - - [11/Jan/2026:03:37:43 +0300] "GET /index-19.html HTTP/1.0" 200 3773 "-" "Mozilla/5.0 (compatible; DotBot/1.2; +https://opensiteexplorer.org/dotbot; help@moz.com)"
172.70.142.110 - - [11/Jan/2026:03:38:23 +0300] "GET /0l5j4wrf/toyota-hilux-turns-over-but-wont-start.html HTTP/1.0" 404 456 "https://clinicakrd.ru/rcrbhai4k/diarrhea-that-wakes-you-up-from-sleep.html" "Mozilla/5.0 (Linux; Android 7.0;) AppleWebKit/537.36 (KHTML, like Gecko) Mobile Safari/537.36 (compatible; PetalBot;+https://webmaster.petalsearch.com/site/petalbot)"
162.158.170.169 - - [11/Jan/2026:03:39:47 +0300] "GET /0l5j4wrf/td-bank-interview-reddit.html HTTP/1.0" 404 456 "http://bank.navicongroup.ru/idp6nz/italian-restaurants-greenwich-village.html" "Mozilla/5.0 (Linux; Android 7.0;) AppleWebKit/537.36 (KHTML, like Gecko) Mobile Safari/537.36 (compatible; PetalBot;+https://webmaster.petalsearch.com/site/petalbot)"
172.70.189.42 - - [11/Jan/2026:03:41:12 +0300] "GET /0l5j4wrf/polka-songs-with-lyrics.html HTTP/1.0" 404 456 "http://sbar.ru/qgxs6b/liber-mechanicum-pdf.html" "Mozilla/5.0 (Linux; Android 7.0;) AppleWebKit/537.36 (KHTML, like Gecko) Mobile Safari/537.36 (compatible; PetalBot;+https://webmaster.petalsearch.com/site/petalbot)"
172.69.176.87 - - [11/Jan/2026:03:42:34 +0300] "GET /index-14.html HTTP/1.0" 200 3781 "-" "Mozilla/5.0 (iPhone; CPU iPhone OS 13_2_3 like Mac OS X) AppleWebKit/605.1.15 (KHTML, like Gecko) Version/13.0.3 Mobile/15E148 Safari/604.1"
162.158.163.191 - - [11/Jan/2026:03:42:36 +0300] "GET /hwa41y/sercomm-philippines-inc-sercomm-group.html HTTP/1.0" 404 456 "https://bars-buh.ru/j5fvudg/famous-hairdressers-1960s.html" "Mozilla/5.0 (Linux; Android 7.0;) AppleWebKit/537.36 (KHTML, like Gecko) Mobile Safari/537.36 (compatible; PetalBot;+https://webmaster.petalsearch.com/site/petalbot)"
162.158.88.97 - - [11/Jan/2026:03:43:58 +0300] "GET /hwa41y/most-popular-korean-actress.html HTTP/1.0" 404 456 "https://dacyprus.com/j8upgo3/harrison-ford-on-anne-heche-death.html" "Mozilla/5.0 (Linux; Android 7.0;) AppleWebKit/537.36 (KHTML, like Gecko) Mobile Safari/537.36 (compatible; PetalBot;+https://webmaster.petalsearch.com/site/petalbot)"
104.23.172.49 - - [11/Jan/2026:03:44:08 +0300] "GET / HTTP/1.0" 200 4549 "http://www.stroyrusdom.ru" "Mozilla/5.0 (iPhone; CPU iPhone OS 13_2_3 like Mac OS X) AppleWebKit/605.1.15 (KHTML, like Gecko) Version/13.0.3 Mobile/15E148 Safari/604.1"
162.158.170.168 - - [11/Jan/2026:03:45:22 +0300] "GET /hwa41y/land-for-sale-by-owner-lutz.html HTTP/1.0" 404 456 "https://ao-mbi.ru/6amz6se/stalled-due-to-target-content-indexing.html" "Mozilla/5.0 (Linux; Android 7.0;) AppleWebKit/537.36 (KHTML, like Gecko) Mobile Safari/537.36 (compatible; PetalBot;+https://webmaster.petalsearch.com/site/petalbot)"
172.70.94.114 - - [11/Jan/2026:03:46:31 +0300] "GET /?r=1321853632b28dd HTTP/1.0" 200 5885 "-" "Mozilla/5.0 (Linux; Android 6.0.1; Nexus 5X Build/MMB29P) AppleWebKit/537.36 (KHTML, like Gecko) Chrome/143.0.7499.192 Mobile Safari/537.36 (compatible; Googlebot/2.1; +http://www.google.com/bot.html)"
172.70.142.110 - - [11/Jan/2026:03:46:48 +0300] "GET /hwa41y/home-depot-infrared-thermometer.html HTTP/1.0" 404 456 "https://hygge-dukon.ru/cvvwdqiu/moon-rabbit-cookie-toppings.html" "Mozilla/5.0 (Linux; Android 7.0;) AppleWebKit/537.36 (KHTML, like Gecko) Mobile Safari/537.36 (compatible; PetalBot;+https://webmaster.petalsearch.com/site/petalbot)"
172.71.124.217 - - [11/Jan/2026:03:48:10 +0300] "GET /hwa41y/hack-the-box-baby-time-capsule.html HTTP/1.0" 404 456 "http://teplostone.ru/jcoboz/what-is-the-statute-of-limitations-on-a-case-dismissed-without-prejudice.html" "Mozilla/5.0 (Linux; Android 7.0;) AppleWebKit/537.36 (KHTML, like Gecko) Mobile Safari/537.36 (compatible; PetalBot;+https://webmaster.petalsearch.com/site/petalbot)"
172.68.164.82 - - [11/Jan/2026:03:49:35 +0300] "GET /hwa41y/adobe-svg-editor.html HTTP/1.0" 404 456 "https://new.russteels.ru/limyy/hololive-official-shop-discount-code.html" "Mozilla/5.0 (Linux; Android 7.0;) AppleWebKit/537.36 (KHTML, like Gecko) Mobile Safari/537.36 (compatible; PetalBot;+https://webmaster.petalsearch.com/site/petalbot)"
172.64.200.170 - - [11/Jan/2026:03:50:08 +0300] "GET /index.php/jk HTTP/1.0" 200 4549 "-" "Mozilla/5.0 (Macintosh; Intel Mac OS X 10.12; rv:103.0) Gecko/20100101 Firefox/101.0"
172.71.82.71 - - [11/Jan/2026:03:50:57 +0300] "GET /0l5j4wrf/vegas-rio-casino-online-no-deposit-bonus.html HTTP/1.0" 404 456 "http://3rzip.ru/50hi/mtg-universes-beyond.html" "Mozilla/5.0 (Linux; Android 7.0;) AppleWebKit/537.36 (KHTML, like Gecko) Mobile Safari/537.36 (compatible; PetalBot;+https://webmaster.petalsearch.com/site/petalbot)"
172.71.82.71 - - [11/Jan/2026:03:52:21 +0300] "GET /0l5j4wrf/vauxhall-immobiliser-reset.html HTTP/1.0" 404 456 "http://justinmariani.com.au/f8szfr/lectures-in-systematic-theology-pdf.html" "Mozilla/5.0 (Linux; Android 7.0;) AppleWebKit/537.36 (KHTML, like Gecko) Mobile Safari/537.36 (compatible; PetalBot;+https://webmaster.petalsearch.com/site/petalbot)"
172.70.208.163 - - [11/Jan/2026:03:53:44 +0300] "GET /0l5j4wrf/unit-6-worksheet-3-the-unit-circle.html HTTP/1.0" 404 456 "http://ednied.com/eegx0/flipper-zero-ring-doorbell.html" "Mozilla/5.0 (Linux; Android 7.0;) AppleWebKit/537.36 (KHTML, like Gecko) Mobile Safari/537.36 (compatible; PetalBot;+https://webmaster.petalsearch.com/site/petalbot)"
104.22.17.28 - - [11/Jan/2026:03:53:49 +0300] "GET /index-7.html HTTP/1.0" 200 3779 "-" "Mozilla/5.0 (iPhone; CPU iPhone OS 13_2_3 like Mac OS X) AppleWebKit/605.1.15 (KHTML, like Gecko) Version/13.0.3 Mobile/15E148 Safari/604.1"
172.71.124.217 - - [11/Jan/2026:03:55:08 +0300] "GET /0l5j4wrf/truck-trailers-for-sale-near-california.html HTTP/1.0" 404 456 "http://www.titulcctv.ru/teho/noah-schnacky-family.html" "Mozilla/5.0 (Linux; Android 7.0;) AppleWebKit/537.36 (KHTML, like Gecko) Mobile Safari/537.36 (compatible; PetalBot;+https://webmaster.petalsearch.com/site/petalbot)"
172.70.142.111 - - [11/Jan/2026:03:56:32 +0300] "GET /0l5j4wrf/secret-billionaire-novels.html HTTP/1.0" 404 456 "https://gelioskarate.ru/sram/john-5-small-group-questions.html" "Mozilla/5.0 (Linux; Android 7.0;) AppleWebKit/537.36 (KHTML, like Gecko) Mobile Safari/537.36 (compatible; PetalBot;+https://webmaster.petalsearch.com/site/petalbot)"
172.71.82.70 - - [11/Jan/2026:03:57:56 +0300] "GET /0l5j4wrf/repossessed-houses-for-sale-in-portmore-jamaica.html HTTP/1.0" 404 456 "http://bayerheritage.gdmbuilders.com.au/4vmt3nk/residential-caravan-parks-to-rent.html" "Mozilla/5.0 (Linux; Android 7.0;) AppleWebKit/537.36 (KHTML, like Gecko) Mobile Safari/537.36 (compatible; PetalBot;+https://webmaster.petalsearch.com/site/petalbot)"
162.158.106.106 - - [11/Jan/2026:03:59:18 +0300] "GET /0l5j4wrf/python-speech-recognition-offline.html HTTP/1.0" 404 456 "https://clinicakrd.ru/rcrbhai4k/roblox-support-reference-number.html" "Mozilla/5.0 (Linux; Android 7.0;) AppleWebKit/537.36 (KHTML, like Gecko) Mobile Safari/537.36 (compatible; PetalBot;+https://webmaster.petalsearch.com/site/petalbot)"
172.70.142.110 - - [11/Jan/2026:04:00:43 +0300] "GET /0l5j4wrf/pfister-cantara-kitchen-faucet-parts.html HTTP/1.0" 404 456 "http://sushka-ufa.gramor.site/7hc1/shiva-and-vishnu-child.html" "Mozilla/5.0 (Linux; Android 7.0;) AppleWebKit/537.36 (KHTML, like Gecko) Mobile Safari/537.36 (compatible; PetalBot;+https://webmaster.petalsearch.com/site/petalbot)"
172.69.176.87 - - [11/Jan/2026:04:02:06 +0300] "GET /0l5j4wrf/pest-control-apartment-laws-texas.html HTTP/1.0" 404 456 "http://smolensk.munys.ru/7tww/massachusetts-film-office-internship.html" "Mozilla/5.0 (Linux; Android 7.0;) AppleWebKit/537.36 (KHTML, like Gecko) Mobile Safari/537.36 (compatible; PetalBot;+https://webmaster.petalsearch.com/site/petalbot)"
172.70.208.163 - - [11/Jan/2026:04:03:29 +0300] "GET /0l5j4wrf/panic-cpu-x-caller-iphone-se.html HTTP/1.0" 404 456 "http://chlo.staino.ru/whbamp/mobile-pet-grooming-san-jose.html" "Mozilla/5.0 (Linux; Android 7.0;) AppleWebKit/537.36 (KHTML, like Gecko) Mobile Safari/537.36 (compatible; PetalBot;+https://webmaster.petalsearch.com/site/petalbot)"
172.71.214.222 - - [11/Jan/2026:04:04:14 +0300] "GET /index-18.html HTTP/1.0" 200 3731 "-" "Mozilla/5.0 (iPhone; CPU iPhone OS 13_2_3 like Mac OS X) AppleWebKit/605.1.15 (KHTML, like Gecko) Version/13.0.3 Mobile/15E148 Safari/604.1"
172.69.50.143 - - [11/Jan/2026:04:04:35 +0300] "GET /robots.txt HTTP/1.1" 404 173 "-" "Mozilla/5.0 (compatible; YandexBot/3.0; +http://yandex.com/bots)"
172.71.184.156 - - [11/Jan/2026:04:04:36 +0300] "GET /hwa41y/please-wait-for-the-remote-desktop-configuration.html HTTP/1.0" 404 456 "-" "Mozilla/5.0 (compatible; YandexBot/3.0; +http://yandex.com/bots)"
162.158.106.107 - - [11/Jan/2026:04:04:53 +0300] "GET /0l5j4wrf/most-valuable-1-euro-coins.html HTTP/1.0" 404 456 "http://restauranttram.ru/hjjvs4rj/esp32-can-bus-library.html" "Mozilla/5.0 (Linux; Android 7.0;) AppleWebKit/537.36 (KHTML, like Gecko) Mobile Safari/537.36 (compatible; PetalBot;+https://webmaster.petalsearch.com/site/petalbot)"
172.70.208.163 - - [11/Jan/2026:04:06:17 +0300] "GET /hwa41y/signs-there-will-be-no-second-date.html HTTP/1.0" 404 456 "http://safemail.portablechemistsconsultant.com/z6fzs/2001-lexus-ls430-sunroof-keeps-opening.html" "Mozilla/5.0 (Linux; Android 7.0;) AppleWebKit/537.36 (KHTML, like Gecko) Mobile Safari/537.36 (compatible; PetalBot;+https://webmaster.petalsearch.com/site/petalbot)"
172.68.23.160 - - [11/Jan/2026:04:06:49 +0300] "GET /robots.txt HTTP/1.1" 404 173 "-" "Mozilla/5.0 (compatible; DotBot/1.2; +https://opensiteexplorer.org/dotbot; help@moz.com)"
172.68.27.165 - - [11/Jan/2026:04:06:55 +0300] "GET /?r=001255996732f57 HTTP/1.0" 200 5882 "-" "Mozilla/5.0 (Linux; Android 6.0.1; Nexus 5X Build/MMB29P) AppleWebKit/537.36 (KHTML, like Gecko) Chrome/143.0.7499.192 Mobile Safari/537.36 (compatible; Googlebot/2.1; +http://www.google.com/bot.html)"
172.70.142.111 - - [11/Jan/2026:04:07:42 +0300] "GET /hwa41y/rubber-mud-flaps-for-semi-trucks.html HTTP/1.0" 404 456 "https://center-at-spb.ru/zpchmqhk/are-random-cold-chills-a-tick-due-to-anxiety.html" "Mozilla/5.0 (Linux; Android 7.0;) AppleWebKit/537.36 (KHTML, like Gecko) Mobile Safari/537.36 (compatible; PetalBot;+https://webmaster.petalsearch.com/site/petalbot)"
172.71.82.71 - - [11/Jan/2026:04:09:07 +0300] "GET /hwa41y/register-of-probate-norfolk-county-election.html HTTP/1.0" 404 456 "https://alternativa-td.ru/rvdl/faint-positive-7dpo.html" "Mozilla/5.0 (Linux; Android 7.0;) AppleWebKit/537.36 (KHTML, like Gecko) Mobile Safari/537.36 (compatible; PetalBot;+https://webmaster.petalsearch.com/site/petalbot)"
172.71.124.217 - - [11/Jan/2026:04:10:28 +0300] "GET /hwa41y/redline-anime-age-rating.html HTTP/1.0" 404 456 "http://safemail.portablechemistsconsultant.com/z6fzs/2001-lexus-ls430-sunroof-keeps-opening.html" "Mozilla/5.0 (Linux; Android 7.0;) AppleWebKit/537.36 (KHTML, like Gecko) Mobile Safari/537.36 (compatible; PetalBot;+https://webmaster.petalsearch.com/site/petalbot)"
162.158.163.191 - - [11/Jan/2026:04:11:52 +0300] "GET /hwa41y/probna-vozacka-dozvola-u-austriji.html HTTP/1.0" 404 456 "http://new.oilprofi.by/j2nt9/greek-anthem-full.html" "Mozilla/5.0 (Linux; Android 7.0;) AppleWebKit/537.36 (KHTML, like Gecko) Mobile Safari/537.36 (compatible; PetalBot;+https://webmaster.petalsearch.com/site/petalbot)"
162.158.210.94 - - [11/Jan/2026:04:12:23 +0300] "GET /2026.gz HTTP/1.0" 404 456 "-" "Mozilla/5.0 (Windows NT 10.0; Win64; x64) AppleWebKit/537.36 (KHTML, like Gecko) Chrome/101.0.4951.67 Safari/537.36"
172.69.195.101 - - [11/Jan/2026:04:13:09 +0300] "GET /robots.txt HTTP/1.1" 404 173 "-" "Mozilla/5.0 (compatible; AhrefsBot/7.0; +http://ahrefs.com/robot/)"
162.158.108.86 - - [11/Jan/2026:04:13:16 +0300] "GET /hwa41y/knit-hat-pattern-bulky-yarn.html HTTP/1.0" 404 456 "https://dacyprus.com/j8upgo3/harrison-ford-on-anne-heche-death.html" "Mozilla/5.0 (Linux; Android 7.0;) AppleWebKit/537.36 (KHTML, like Gecko) Mobile Safari/537.36 (compatible; PetalBot;+https://webmaster.petalsearch.com/site/petalbot)"
172.71.241.72 - - [11/Jan/2026:04:13:20 +0300] "GET /index-17.html HTTP/1.0" 200 3784 "-" "Mozilla/5.0 (compatible; AhrefsBot/7.0; +http://ahrefs.com/robot/)"
162.158.163.191 - - [11/Jan/2026:04:14:38 +0300] "GET /hwa41y/free-nas-software.html HTTP/1.0" 404 456 "https://center-at-spb.ru/zpchmqhk/are-random-cold-chills-a-tick-due-to-anxiety.html" "Mozilla/5.0 (Linux; Android 7.0;) AppleWebKit/537.36 (KHTML, like Gecko) Mobile Safari/537.36 (compatible; PetalBot;+https://webmaster.petalsearch.com/site/petalbot)"
172.68.164.83 - - [11/Jan/2026:04:16:03 +0300] "GET /hwa41y/do-you-have-to-have-a-license-to-drive-a-farm-use-vehicle.html HTTP/1.0" 404 456 "http://new.oilprofi.by/j2nt9/chat-application-in-java-with-database.html" "Mozilla/5.0 (Linux; Android 7.0;) AppleWebKit/537.36 (KHTML, like Gecko) Mobile Safari/537.36 (compatible; PetalBot;+https://webmaster.petalsearch.com/site/petalbot)"
172.68.211.65 - - [11/Jan/2026:04:16:31 +0300] "POST /xmlrpc.php HTTP/1.0" 404 456 "-" "Mozilla/5.0 (Windows NT 6.3; x86) AppleWebKit/537.36 (KHTML, like Gecko) Safari/14.0.0.0 Safari/537.36"
172.70.42.74 - - [11/Jan/2026:04:16:45 +0300] "GET /index-2.html HTTP/1.0" 200 3957 "-" "Mozilla/5.0 (iPhone; CPU iPhone OS 13_2_3 like Mac OS X) AppleWebKit/605.1.15 (KHTML, like Gecko) Version/13.0.3 Mobile/15E148 Safari/604.1"
172.69.176.86 - - [11/Jan/2026:04:17:28 +0300] "GET /hwa41y/conceiving-naturally-at-40-reddit.html HTTP/1.0" 404 456 "http://teplostone.ru/jcoboz/what-is-the-statute-of-limitations-on-a-case-dismissed-without-prejudice.html" "Mozilla/5.0 (Linux; Android 7.0;) AppleWebKit/537.36 (KHTML, like Gecko) Mobile Safari/537.36 (compatible; PetalBot;+https://webmaster.petalsearch.com/site/petalbot)"
162.158.88.97 - - [11/Jan/2026:04:18:51 +0300] "GET /hwa41y/bpi-qr-code-transfer-fee.html HTTP/1.0" 404 456 "https://mf-komfortis.ru/yy2o/bits-store-40k.html" "Mozilla/5.0 (Linux; Android 7.0;) AppleWebKit/537.36 (KHTML, like Gecko) Mobile Safari/537.36 (compatible; PetalBot;+https://webmaster.petalsearch.com/site/petalbot)"
162.158.163.192 - - [11/Jan/2026:04:20:15 +0300] "GET /0l5j4wrf/what-is-scrap-silver.html HTTP/1.0" 404 456 "https://just-born.ru/5vubp9/wisconsin-dells-permanent-campsites.html" "Mozilla/5.0 (Linux; Android 7.0;) AppleWebKit/537.36 (KHTML, like Gecko) Mobile Safari/537.36 (compatible; PetalBot;+https://webmaster.petalsearch.com/site/petalbot)"
162.158.170.168 - - [11/Jan/2026:04:21:39 +0300] "GET /0l5j4wrf/v-ships-vacancies.html HTTP/1.0" 404 456 "https://vinsent-kids.com/o91uz9/etsy-seo-tools-free.html" "Mozilla/5.0 (Linux; Android 7.0;) AppleWebKit/537.36 (KHTML, like Gecko) Mobile Safari/537.36 (compatible; PetalBot;+https://webmaster.petalsearch.com/site/petalbot)"
172.68.23.62 - - [11/Jan/2026:04:22:06 +0300] "GET /hwa41y/python-get-month-from-date-string.html HTTP/1.0" 404 456 "-" "Mozilla/5.0 (compatible; DotBot/1.2; +https://opensiteexplorer.org/dotbot; help@moz.com)"
172.71.124.216 - - [11/Jan/2026:04:23:06 +0300] "GET /0l5j4wrf/tonic-water-quinine-content.html HTTP/1.0" 404 456 "https://test1.towerent.ru/vkjub3/christina-intervention-season-11-where-is-she-now.html" "Mozilla/5.0 (Linux; Android 7.0;) AppleWebKit/537.36 (KHTML, like Gecko) Mobile Safari/537.36 (compatible; PetalBot;+https://webmaster.petalsearch.com/site/petalbot)"
162.158.163.191 - - [11/Jan/2026:04:24:26 +0300] "GET /0l5j4wrf/storage-barn-for-rent-near-london.html HTTP/1.0" 404 456 "http://summer-stage.action-development.ru/k4yk4ja/rarest-villager-enchantments.html" "Mozilla/5.0 (Linux; Android 7.0;) AppleWebKit/537.36 (KHTML, like Gecko) Mobile Safari/537.36 (compatible; PetalBot;+https://webmaster.petalsearch.com/site/petalbot)"
172.71.124.216 - - [11/Jan/2026:04:25:49 +0300] "GET /0l5j4wrf/selling-points-farming-simulator-2022.html HTTP/1.0" 404 456 "http://dc.gramor.site/p8qxalks/live-location-sharing.html" "Mozilla/5.0 (Linux; Android 7.0;) AppleWebKit/537.36 (KHTML, like Gecko) Mobile Safari/537.36 (compatible; PetalBot;+https://webmaster.petalsearch.com/site/petalbot)"
172.71.82.70 - - [11/Jan/2026:04:27:14 +0300] "GET /0l5j4wrf/places-to-donate-clothes-for-the-needy-near-me.html HTTP/1.0" 404 456 "http://eldoct.ru/8ervilb/used-genie-superlift-for-sale.html" "Mozilla/5.0 (Linux; Android 7.0;) AppleWebKit/537.36 (KHTML, like Gecko) Mobile Safari/537.36 (compatible; PetalBot;+https://webmaster.petalsearch.com/site/petalbot)"
172.70.94.114 - - [11/Jan/2026:04:27:19 +0300] "GET /?r=079877330e28e6 HTTP/1.0" 200 5914 "-" "Mozilla/5.0 (Linux; Android 6.0.1; Nexus 5X Build/MMB29P) AppleWebKit/537.36 (KHTML, like Gecko) Chrome/143.0.7499.192 Mobile Safari/537.36 (compatible; Googlebot/2.1; +http://www.google.com/bot.html)"
172.70.208.162 - - [11/Jan/2026:04:28:37 +0300] "GET /hwa41y/shaft-spline-calculator.html HTTP/1.0" 404 456 "https://hygge-dukon.ru/cvvwdqiu/moon-rabbit-cookie-toppings.html" "Mozilla/5.0 (Linux; Android 7.0;) AppleWebKit/537.36 (KHTML, like Gecko) Mobile Safari/537.36 (compatible; PetalBot;+https://webmaster.petalsearch.com/site/petalbot)"
172.71.82.71 - - [11/Jan/2026:04:30:01 +0300] "GET /hwa41y/senior-quotes-from-songs-2020.html HTTP/1.0" 404 456 "http://sender800.wesfel.com/po5op1/tweed-growth-management-and-housing-strategy.html" "Mozilla/5.0 (Linux; Android 7.0;) AppleWebKit/537.36 (KHTML, like Gecko) Mobile Safari/537.36 (compatible; PetalBot;+https://webmaster.petalsearch.com/site/petalbot)"
172.69.50.143 - - [11/Jan/2026:04:30:24 +0300] "GET /robots.txt HTTP/1.1" 404 173 "-" "Mozilla/5.0 (compatible; YandexBot/3.0; +http://yandex.com/bots)"
172.71.184.157 - - [11/Jan/2026:04:30:25 +0300] "GET /0l5j4wrf/power-query-if-contains.html HTTP/1.0" 404 456 "-" "Mozilla/5.0 (compatible; YandexBot/3.0; +http://yandex.com/bots)"
162.158.88.97 - - [11/Jan/2026:04:31:24 +0300] "GET /hwa41y/rainbow-six-siege-twitch.html HTTP/1.0" 404 456 "https://alternativa-td.ru/rvdl/faint-positive-7dpo.html" "Mozilla/5.0 (Linux; Android 7.0;) AppleWebKit/537.36 (KHTML, like Gecko) Mobile Safari/537.36 (compatible; PetalBot;+https://webmaster.petalsearch.com/site/petalbot)"
172.70.208.163 - - [11/Jan/2026:04:32:48 +0300] "GET /hwa41y/orico-nvme-ssd-enclosure-40gbps.html HTTP/1.0" 404 456 "http://new.oilprofi.by/j2nt9/chat-application-in-java-with-database.html" "Mozilla/5.0 (Linux; Android 7.0;) AppleWebKit/537.36 (KHTML, like Gecko) Mobile Safari/537.36 (compatible; PetalBot;+https://webmaster.petalsearch.com/site/petalbot)"
172.70.93.5 - - [11/Jan/2026:04:35:05 +0300] "GET /hwa41y/leo-money-luck-today.html HTTP/1.0" 404 456 "https://oilpro.ru/gwj22c/pine-country-english-retrievers.html" "Mozilla/5.0 (Linux; Android 7.0;) AppleWebKit/537.36 (KHTML, like Gecko) Mobile Safari/537.36 (compatible; PetalBot;+https://webmaster.petalsearch.com/site/petalbot)"
172.70.93.5 - - [11/Jan/2026:04:35:38 +0300] "GET /hwa41y/homes-for-rent-in-area.html HTTP/1.0" 404 456 "https://clubis1.towerent.ru/lnrwst/ncic-2000-operating-manual.html" "Mozilla/5.0 (Linux; Android 7.0;) AppleWebKit/537.36 (KHTML, like Gecko) Mobile Safari/537.36 (compatible; PetalBot;+https://webmaster.petalsearch.com/site/petalbot)"
162.158.243.105 - - [11/Jan/2026:04:36:33 +0300] "GET /.well-known/security.txt HTTP/1.0" 404 456 "-" "Hello from Palo Alto Networks, find out more about our scans in https://docs-cortex.paloaltonetworks.com/r/1/Cortex-Xpanse/Scanning-activity"
104.23.175.40 - - [11/Jan/2026:04:36:59 +0300] "GET /hwa41y/homeopathy-remedy-finder-software-free-download.html HTTP/1.0" 404 456 "http://smmart-pro.ru/m7s9u/scotch-plains-restaurants.html" "Mozilla/5.0 (Linux; Android 7.0;) AppleWebKit/537.36 (KHTML, like Gecko) Mobile Safari/537.36 (compatible; PetalBot;+https://webmaster.petalsearch.com/site/petalbot)"
108.162.226.238 - - [11/Jan/2026:04:38:22 +0300] "GET /hwa41y/home-assistant-command-line-ping.html HTTP/1.0" 404 456 "https://knd25.ru/za74olp/survival-hunter-stats.html" "Mozilla/5.0 (Linux; Android 7.0;) AppleWebKit/537.36 (KHTML, like Gecko) Mobile Safari/537.36 (compatible; PetalBot;+https://webmaster.petalsearch.com/site/petalbot)"
162.158.170.168 - - [11/Jan/2026:04:39:46 +0300] "GET /hwa41y/ecommerce-product-manager-case-study.html HTTP/1.0" 404 456 "https://panaceya-clinic.ru/ntmycrm/university-of-toronto-winter-intake-2023.html" "Mozilla/5.0 (Linux; Android 7.0;) AppleWebKit/537.36 (KHTML, like Gecko) Mobile Safari/537.36 (compatible; PetalBot;+https://webmaster.petalsearch.com/site/petalbot)"
172.70.142.111 - - [11/Jan/2026:04:41:11 +0300] "GET /hwa41y/dsg-dq250-mechatronic.html HTTP/1.0" 404 456 "https://alternativa-td.ru/rvdl/faint-positive-7dpo.html" "Mozilla/5.0 (Linux; Android 7.0;) AppleWebKit/537.36 (KHTML, like Gecko) Mobile Safari/537.36 (compatible; PetalBot;+https://webmaster.petalsearch.com/site/petalbot)"
172.68.164.83 - - [11/Jan/2026:04:42:35 +0300] "GET /hwa41y/dolby-atmos-equalizer-settings.html HTTP/1.0" 404 456 "https://mf-komfortis.ru/yy2o/bits-store-40k.html" "Mozilla/5.0 (Linux; Android 7.0;) AppleWebKit/537.36 (KHTML, like Gecko) Mobile Safari/537.36 (compatible; PetalBot;+https://webmaster.petalsearch.com/site/petalbot)"
172.70.142.110 - - [11/Jan/2026:04:43:58 +0300] "GET /hwa41y/covington-high-basketball.html HTTP/1.0" 404 456 "http://lk.moriname.ru/yrzwls2u/led-lights-for-classic-cars.html" "Mozilla/5.0 (Linux; Android 7.0;) AppleWebKit/537.36 (KHTML, like Gecko) Mobile Safari/537.36 (compatible; PetalBot;+https://webmaster.petalsearch.com/site/petalbot)"
108.162.226.238 - - [11/Jan/2026:04:45:22 +0300] "GET /hwa41y/best-trials-weapons-this-week.html HTTP/1.0" 404 456 "https://20a20.ru/kpva/casual-dresses-for-13-year-girl.html" "Mozilla/5.0 (Linux; Android 7.0;) AppleWebKit/537.36 (KHTML, like Gecko) Mobile Safari/537.36 (compatible; PetalBot;+https://webmaster.petalsearch.com/site/petalbot)"
172.68.164.83 - - [11/Jan/2026:04:46:45 +0300] "GET /0l5j4wrf/white-oak-lumber-pennsylvania.html HTTP/1.0" 404 456 "http://adplastics.com.au/hw1goev/low-tide-caves-beach-tomorrow.html" "Mozilla/5.0 (Linux; Android 7.0;) AppleWebKit/537.36 (KHTML, like Gecko) Mobile Safari/537.36 (compatible; PetalBot;+https://webmaster.petalsearch.com/site/petalbot)"
162.159.106.98 - - [11/Jan/2026:04:47:43 +0300] "GET /?r=0917950117d2c0 HTTP/1.0" 200 5849 "-" "Mozilla/5.0 (Linux; Android 6.0.1; Nexus 5X Build/MMB29P) AppleWebKit/537.36 (KHTML, like Gecko) Chrome/143.0.7499.192 Mobile Safari/537.36 (compatible; Googlebot/2.1; +http://www.google.com/bot.html)"
162.158.88.97 - - [11/Jan/2026:04:48:09 +0300] "GET /0l5j4wrf/where-are-all-the-gems-in-kit-to-leader.html HTTP/1.0" 404 456 "http://ml-company.ru/g6pt/cabin-noise-ratings-cars-2023-suv.html" "Mozilla/5.0 (Linux; Android 7.0;) AppleWebKit/537.36 (KHTML, like Gecko) Mobile Safari/537.36 (compatible; PetalBot;+https://webmaster.petalsearch.com/site/petalbot)"
162.158.108.87 - - [11/Jan/2026:04:49:31 +0300] "GET /0l5j4wrf/what-stores-are-open-at-scottsdale-fashion-square.html HTTP/1.0" 404 456 "http://rootlinetradexpo.com/nhhe/seventeen-x-idol-reader.html" "Mozilla/5.0 (Linux; Android 7.0;) AppleWebKit/537.36 (KHTML, like Gecko) Mobile Safari/537.36 (compatible; PetalBot;+https://webmaster.petalsearch.com/site/petalbot)"
172.69.176.86 - - [11/Jan/2026:04:50:55 +0300] "GET /hwa41y/who-owns-ole-smoky-moonshine.html HTTP/1.0" 404 456 "http://chapron-lemenager.ru/2z41x/soprano-audition-songs-disney.html" "Mozilla/5.0 (Linux; Android 7.0;) AppleWebKit/537.36 (KHTML, like Gecko) Mobile Safari/537.36 (compatible; PetalBot;+https://webmaster.petalsearch.com/site/petalbot)"
141.101.87.31 - - [11/Jan/2026:04:51:04 +0300] "GET /edit.php HTTP/1.0" 404 456 "https://www.bing.com/" "Mozilla/5.0 (iPhone; CPU iPhone OS 17_1_1 like Mac OS X) AppleWebKit/605.1.15 (KHTML, like Gecko) Version/17.1 Mobile/15E148 Safari/604.1"
141.101.87.31 - - [11/Jan/2026:04:51:04 +0300] "GET /about.php HTTP/1.0" 404 456 "https://duckduckgo.com/" "Mozilla/5.0 (iPhone; CPU iPhone OS 17_1_1 like Mac OS X) AppleWebKit/605.1.15 (KHTML, like Gecko) Version/17.1 Mobile/15E148 Safari/604.1"
141.101.87.31 - - [11/Jan/2026:04:51:04 +0300] "GET /adminfuns.php HTTP/1.0" 404 456 "https://www.yahoo.com/" "Mozilla/5.0 (Linux; Android 12; V2134) AppleWebKit/537.36 (KHTML, like Gecko) Chrome/116.0.0.0 Mobile Safari/537.36"
141.101.87.31 - - [11/Jan/2026:04:51:05 +0300] "GET /admin.php HTTP/1.0" 404 456 "https://www.google.co.uk/" "Mozilla/5.0 (iPhone; CPU iPhone OS 17_0_3 like Mac OS X) AppleWebKit/605.1.15 (KHTML, like Gecko) Version/17.0.1 Mobile/15E148 Safari/604.1"
141.101.87.31 - - [11/Jan/2026:04:51:05 +0300] "GET /info.php HTTP/1.0" 404 456 "https://www.bing.com/" "Mozilla/5.0 (Linux; Android 12; SM-A525F) AppleWebKit/537.36 (KHTML, like Gecko) Chrome/117.0.0.0 Mobile Safari/537.36"
141.101.87.31 - - [11/Jan/2026:04:51:05 +0300] "GET /bless.php HTTP/1.0" 404 456 "https://www.google.fr/" "Mozilla/5.0 (Linux; Android 11; CPH2251) AppleWebKit/537.36 (KHTML, like Gecko) Chrome/116.0.0.0 Mobile Safari/537.36"
141.101.87.31 - - [11/Jan/2026:04:51:05 +0300] "GET /bolt.php HTTP/1.0" 404 456 "https://duckduckgo.com/" "Mozilla/5.0 (Linux; Android 12; 2201116SG) AppleWebKit/537.36 (KHTML, like Gecko) Chrome/116.0.0.0 Mobile Safari/537.36"
141.101.87.31 - - [11/Jan/2026:04:51:06 +0300] "GET /wp-good.php HTTP/1.0" 404 456 "https://www.google.de/" "Mozilla/5.0 (Linux; Android 13; SM-S908E) AppleWebKit/537.36 (KHTML, like Gecko) Chrome/116.0.0.0 Mobile Safari/537.36"
141.101.87.31 - - [11/Jan/2026:04:51:06 +0300] "GET /abcd.php HTTP/1.0" 404 456 "https://www.google.de/" "Mozilla/5.0 (iPhone; CPU iPhone OS 17_0_3 like Mac OS X) AppleWebKit/605.1.15 (KHTML, like Gecko) Version/17.0.1 Mobile/15E148 Safari/604.1"
141.101.87.31 - - [11/Jan/2026:04:51:06 +0300] "GET /ahax.php HTTP/1.0" 404 456 "https://www.bing.com/" "Mozilla/5.0 (Linux; Android 12; 2201116SG) AppleWebKit/537.36 (KHTML, like Gecko) Chrome/116.0.0.0 Mobile Safari/537.36"
141.101.87.31 - - [11/Jan/2026:04:51:07 +0300] "GET /akc.php HTTP/1.0" 404 456 "https://www.google.de/" "Mozilla/5.0 (Linux; Android 12; V2134) AppleWebKit/537.36 (KHTML, like Gecko) Chrome/116.0.0.0 Mobile Safari/537.36"
141.101.87.31 - - [11/Jan/2026:04:51:07 +0300] "GET /goods.php HTTP/1.0" 404 456 "https://www.google.de/" "Mozilla/5.0 (Linux; Android 14; Pixel 8 Pro) AppleWebKit/537.36 (KHTML, like Gecko) Chrome/119.0.0.0 Mobile Safari/537.36"
141.101.87.31 - - [11/Jan/2026:04:51:08 +0300] "GET /buy.php HTTP/1.0" 404 456 "https://www.google.fr/" "Mozilla/5.0 (Linux; Android 12; 2201116SG) AppleWebKit/537.36 (KHTML, like Gecko) Chrome/116.0.0.0 Mobile Safari/537.36"
141.101.87.31 - - [11/Jan/2026:04:51:08 +0300] "GET /item.php HTTP/1.0" 404 456 "https://www.google.de/" "Mozilla/5.0 (Linux; Android 13; SM-G991U) AppleWebKit/537.36 (KHTML, like Gecko) Chrome/117.0.0.0 Mobile Safari/537.36"
141.101.87.31 - - [11/Jan/2026:04:51:08 +0300] "GET /load.php HTTP/1.0" 404 456 "https://www.yahoo.com/" "Mozilla/5.0 (Linux; Android 10; K) AppleWebKit/537.36 (KHTML, like Gecko) Chrome/117.0.0.0 Mobile Safari/537.36"
141.101.87.31 - - [11/Jan/2026:04:51:09 +0300] "GET /simple.php HTTP/1.0" 404 456 "https://www.google.de/" "Mozilla/5.0 (iPhone; CPU iPhone OS 16_6_1 like Mac OS X) AppleWebKit/605.1.15 (KHTML, like Gecko) Version/16.6 Mobile/15E148 Safari/604.1"
141.101.87.31 - - [11/Jan/2026:04:51:09 +0300] "GET /default.php HTTP/1.0" 404 456 "https://www.google.de/" "Mozilla/5.0 (iPhone; CPU iPhone OS 17_1 like Mac OS X) AppleWebKit/605.1.15 (KHTML, like Gecko) CriOS/119.0.6045.109 Mobile/15E148 Safari/604.1"
141.101.87.31 - - [11/Jan/2026:04:51:09 +0300] "GET /asasx.php HTTP/1.0" 404 456 "https://www.google.com/" "Mozilla/5.0 (Linux; Android 11; CPH2251) AppleWebKit/537.36 (KHTML, like Gecko) Chrome/116.0.0.0 Mobile Safari/537.36"
141.101.87.31 - - [11/Jan/2026:04:51:10 +0300] "GET /classwithtostring.php HTTP/1.0" 404 456 "https://duckduckgo.com/" "Mozilla/5.0 (Linux; Android 13; M2101K6G) AppleWebKit/537.36 (KHTML, like Gecko) Chrome/116.0.0.0 Mobile Safari/537.36"
141.101.87.31 - - [11/Jan/2026:04:51:10 +0300] "GET /alfa.php HTTP/1.0" 404 456 "https://duckduckgo.com/" "Mozilla/5.0 (Linux; Android 11; 21081111RG) AppleWebKit/537.36 (KHTML, like Gecko) Chrome/116.0.0.0 Mobile Safari/537.36"
141.101.87.31 - - [11/Jan/2026:04:51:10 +0300] "GET /ioxi-o.php HTTP/1.0" 404 456 "https://www.yahoo.com/" "Mozilla/5.0 (Linux; Android 12; V2134) AppleWebKit/537.36 (KHTML, like Gecko) Chrome/116.0.0.0 Mobile Safari/537.36"
141.101.87.31 - - [11/Jan/2026:04:51:10 +0300] "GET /form.php HTTP/1.0" 404 456 "https://www.yahoo.com/" "Mozilla/5.0 (Linux; Android 10; LM-Q720) AppleWebKit/537.36 (KHTML, like Gecko) Chrome/116.0.0.0 Mobile Safari/537.36"
141.101.87.31 - - [11/Jan/2026:04:51:11 +0300] "GET /xmlrpc.php HTTP/1.0" 404 456 "https://www.google.de/" "Mozilla/5.0 (Linux; Android 12; 2201116SG) AppleWebKit/537.36 (KHTML, like Gecko) Chrome/116.0.0.0 Mobile Safari/537.36"
141.101.87.31 - - [11/Jan/2026:04:51:11 +0300] "GET /xmrlpc.php HTTP/1.0" 404 456 "https://www.yahoo.com/" "Mozilla/5.g (Linux; Android 13; Pixel 7) AppleWebKit/537.36 (KHTML, like Gecko) Chrome/116.0.0.0 Mobile Safari/537.36"
141.101.87.31 - - [11/Jan/2026:04:51:11 +0300] "GET /NewFile.php HTTP/1.0" 404 456 "https://www.google.co.uk/" "Mozilla/5.0 (Linux; Android 12; V2134) AppleWebKit/537.36 (KHTML, like Gecko) Chrome/116.0.0.0 Mobile Safari/537.36"
141.101.87.31 - - [11/Jan/2026:04:51:12 +0300] "GET /aa.php HTTP/1.0" 404 456 "https://www.yahoo.com/" "Mozilla/5.0 (Linux; Android 12; SM-A525F) AppleWebKit/537.36 (KHTML, like Gecko) Chrome/117.0.0.0 Mobile Safari/537.36"
141.101.87.31 - - [11/Jan/2026:04:51:12 +0300] "GET /aaa.php HTTP/1.0" 404 456 "https://www.google.com/" "Mozilla/5.0 (Linux; Android 13; SM-S908E) AppleWebKit/537.36 (KHTML, like Gecko) Chrome/116.0.0.0 Mobile Safari/537.36"
141.101.87.31 - - [11/Jan/2026:04:51:12 +0300] "GET /chosen.php HTTP/1.0" 404 456 "https://www.yahoo.com/" "Mozilla/5.0 (iPad; CPU OS 16_7_2 like Mac OS X) AppleWebKit/605.1.15 (KHTML, like Gecko) Version/16.6 Mobile/15E148 Safari/604.1"
141.101.87.31 - - [11/Jan/2026:04:51:12 +0300] "GET /gelay.php HTTP/1.0" 404 456 "https://www.bing.com/" "Mozilla/5.0 (iPhone; CPU iPhone OS 17_1_1 like Mac OS X) AppleWebKit/605.1.15 (KHTML, like Gecko) Version/17.1 Mobile/15E148 Safari/604.1"
141.101.87.31 - - [11/Jan/2026:04:51:13 +0300] "GET /gmo.php HTTP/1.0" 404 456 "https://www.google.de/" "Mozilla/5.0 (Linux; Android 13; M2101K6G) AppleWebKit/537.36 (KHTML, like Gecko) Chrome/116.0.0.0 Mobile Safari/537.36"
141.101.87.31 - - [11/Jan/2026:04:51:13 +0300] "GET /elep.php HTTP/1.0" 404 456 "https://www.google.fr/" "Mozilla/5.0 (iPhone; CPU iPhone OS 16_0 like Mac OS X) AppleWebKit/605.1.15 (KHTML, like Gecko) FxiOS/118.0 Mobile/15E148 Safari/605.1.15"
141.101.87.31 - - [11/Jan/2026:04:51:13 +0300] "GET /jp.php HTTP/1.0" 404 456 "https://duckduckgo.com/" "Mozilla/5.0 (Linux; Android 14; Pixel 8 Pro) AppleWebKit/537.36 (KHTML, like Gecko) Chrome/119.0.0.0 Mobile Safari/537.36"
141.101.87.31 - - [11/Jan/2026:04:51:14 +0300] "GET /k.php HTTP/1.0" 404 456 "https://www.yahoo.com/" "Mozilla/5.0 (Linux; Android 13; M2101K6G) AppleWebKit/537.36 (KHTML, like Gecko) Chrome/116.0.0.0 Mobile Safari/537.36"
141.101.87.31 - - [11/Jan/2026:04:51:14 +0300] "GET /manager.php HTTP/1.0" 404 456 "https://www.bing.com/" "Mozilla/5.0 (iPhone; CPU iPhone OS 15_7_9 like Mac OS X) AppleWebKit/605.1.15 (KHTML, like Gecko) Version/15.6.5 Mobile/15E148 Safari/604.1"
141.101.87.31 - - [11/Jan/2026:04:51:14 +0300] "GET /mar.php HTTP/1.0" 404 456 "https://www.google.de/" "Mozilla/5.0 (Linux; Android 11; 21081111RG) AppleWebKit/537.36 (KHTML, like Gecko) Chrome/116.0.0.0 Mobile Safari/537.36"
141.101.87.31 - - [11/Jan/2026:04:51:14 +0300] "GET /moon.php HTTP/1.0" 404 456 "https://www.google.de/" "Mozilla/5.0 (iPhone; CPU iPhone OS 15_7_9 like Mac OS X) AppleWebKit/605.1.15 (KHTML, like Gecko) Version/15.6.5 Mobile/15E148 Safari/604.1"
141.101.87.31 - - [11/Jan/2026:04:51:15 +0300] "GET /new.php HTTP/1.0" 404 456 "https://duckduckgo.com/" "Mozilla/5.0 (Linux; Android 13; M2101K6G) AppleWebKit/537.36 (KHTML, like Gecko) Chrome/116.0.0.0 Mobile Safari/537.36"
141.101.87.31 - - [11/Jan/2026:04:51:15 +0300] "GET /themes.php HTTP/1.0" 404 456 "https://www.yahoo.com/" "Mozilla/5.0 (iPhone; CPU iPhone OS 17_0_3 like Mac OS X) AppleWebKit/605.1.15 (KHTML, like Gecko) Version/17.0.1 Mobile/15E148 Safari/604.1"
141.101.87.31 - - [11/Jan/2026:04:51:15 +0300] "GET /ds.php HTTP/1.0" 404 456 "https://www.yahoo.com/" "Mozilla/5.0 (Linux; Android 10; LM-Q720) AppleWebKit/537.36 (KHTML, like Gecko) Chrome/116.0.0.0 Mobile Safari/537.36"
141.101.87.31 - - [11/Jan/2026:04:51:16 +0300] "GET /file.php HTTP/1.0" 404 456 "https://www.google.co.uk/" "Mozilla/5.0 (iPhone; CPU iPhone OS 17_1 like Mac OS X) AppleWebKit/605.1.15 (KHTML, like Gecko) CriOS/119.0.6045.109 Mobile/15E148 Safari/604.1"
141.101.87.31 - - [11/Jan/2026:04:51:16 +0300] "GET /file2.php HTTP/1.0" 404 456 "https://www.google.fr/" "Mozilla/5.0 (Linux; Android 12; SM-A525F) AppleWebKit/537.36 (KHTML, like Gecko) Chrome/117.0.0.0 Mobile Safari/537.36"
141.101.87.31 - - [11/Jan/2026:04:51:16 +0300] "GET /wp.php HTTP/1.0" 404 456 "https://www.yahoo.com/" "Mozilla/5.0 (Linux; Android 13; SM-S908E) AppleWebKit/537.36 (KHTML, like Gecko) Chrome/116.0.0.0 Mobile Safari/537.36"
141.101.87.31 - - [11/Jan/2026:04:51:17 +0300] "GET /x.php HTTP/1.0" 404 456 "https://www.yahoo.com/" "Mozilla/5.0 (Linux; Android 10; LM-Q720) AppleWebKit/537.36 (KHTML, like Gecko) Chrome/116.0.0.0 Mobile Safari/537.36"
141.101.87.31 - - [11/Jan/2026:04:51:17 +0300] "GET /y.php HTTP/1.0" 404 456 "https://www.google.co.uk/" "Mozilla/5.0 (Linux; Android 13; M2101K6G) AppleWebKit/537.36 (KHTML, like Gecko) Chrome/116.0.0.0 Mobile Safari/537.36"
141.101.87.31 - - [11/Jan/2026:04:51:17 +0300] "GET /yas.php HTTP/1.0" 404 456 "https://www.google.co.uk/" "Mozilla/5.0 (iPad; CPU OS 16_7_2 like Mac OS X) AppleWebKit/605.1.15 (KHTML, like Gecko) Version/16.6 Mobile/15E148 Safari/604.1"
141.101.87.31 - - [11/Jan/2026:04:51:18 +0300] "GET /222.php HTTP/1.0" 404 456 "https://www.yahoo.com/" "Mozilla/5.0 (Linux; Android 11; CPH2251) AppleWebKit/537.36 (KHTML, like Gecko) Chrome/116.0.0.0 Mobile Safari/537.36"
141.101.87.31 - - [11/Jan/2026:04:51:18 +0300] "GET /1.php HTTP/1.0" 404 456 "https://www.bing.com/" "Mozilla/5.0 (iPhone; CPU iPhone OS 16_0 like Mac OS X) AppleWebKit/605.1.15 (KHTML, like Gecko) FxiOS/118.0 Mobile/15E148 Safari/605.1.15"
141.101.87.31 - - [11/Jan/2026:04:51:19 +0300] "GET /123.php HTTP/1.0" 404 456 "https://www.google.com/" "Mozilla/5.0 (iPhone; CPU iPhone OS 15_7_9 like Mac OS X) AppleWebKit/605.1.15 (KHTML, like Gecko) Version/15.6.5 Mobile/15E148 Safari/604.1"
141.101.87.31 - - [11/Jan/2026:04:51:19 +0300] "GET /13.php HTTP/1.0" 404 456 "https://www.google.co.uk/" "Mozilla/5.0 (iPad; CPU OS 17_0_3 like Mac OS X) AppleWebKit/605.1.15 (KHTML, like Gecko) Version/17.0.1 Mobile/15E148 Safari/604.1"
141.101.87.31 - - [11/Jan/2026:04:51:20 +0300] "GET /403.php HTTP/1.0" 404 456 "https://www.bing.com/" "Mozilla/5.g (Linux; Android 13; Pixel 7) AppleWebKit/537.36 (KHTML, like Gecko) Chrome/116.0.0.0 Mobile Safari/537.36"
141.101.87.31 - - [11/Jan/2026:04:51:20 +0300] "GET /wp-links-opml.php HTTP/1.0" 404 456 "https://www.google.fr/" "Mozilla/5.0 (iPhone; CPU iPhone OS 15_7_9 like Mac OS X) AppleWebKit/605.1.15 (KHTML, like Gecko) Version/15.6.5 Mobile/15E148 Safari/604.1"
141.101.87.31 - - [11/Jan/2026:04:51:20 +0300] "GET /wp-admin.php HTTP/1.0" 404 456 "https://www.bing.com/" "Mozilla/5.0 (Linux; Android 13; SM-G991U) AppleWebKit/537.36 (KHTML, like Gecko) Chrome/117.0.0.0 Mobile Safari/537.36"
141.101.87.31 - - [11/Jan/2026:04:51:21 +0300] "GET /wp-file.php HTTP/1.0" 404 456 "https://www.google.de/" "Mozilla/5.0 (iPad; CPU OS 16_7_2 like Mac OS X) AppleWebKit/605.1.15 (KHTML, like Gecko) Version/16.6 Mobile/15E148 Safari/604.1"
141.101.87.31 - - [11/Jan/2026:04:51:21 +0300] "GET /wp-signup.php HTTP/1.0" 404 456 "https://www.bing.com/" "Mozilla/5.0 (Linux; Android 10; K) AppleWebKit/537.36 (KHTML, like Gecko) Chrome/117.0.0.0 Mobile Safari/537.36"
141.101.87.31 - - [11/Jan/2026:04:51:21 +0300] "GET /wp-trackback.php HTTP/1.0" 404 456 "https://www.google.com/" "Mozilla/5.0 (iPhone; CPU iPhone OS 16_0 like Mac OS X) AppleWebKit/605.1.15 (KHTML, like Gecko) FxiOS/118.0 Mobile/15E148 Safari/605.1.15"
141.101.87.31 - - [11/Jan/2026:04:51:21 +0300] "GET /block-bindings.php HTTP/1.0" 404 456 "https://www.google.com/" "Mozilla/5.0 (Linux; Android 11; 21081111RG) AppleWebKit/537.36 (KHTML, like Gecko) Chrome/116.0.0.0 Mobile Safari/537.36"
172.70.189.42 - - [11/Jan/2026:04:52:21 +0300] "GET /hwa41y/triumph-chopper-parts.html HTTP/1.0" 404 456 "http://remontvmyatin.ru/7nrwbbn/busd-contract-address-testnet.html" "Mozilla/5.0 (Linux; Android 7.0;) AppleWebKit/537.36 (KHTML, like Gecko) Mobile Safari/537.36 (compatible; PetalBot;+https://webmaster.petalsearch.com/site/petalbot)"
172.70.208.162 - - [11/Jan/2026:04:53:43 +0300] "GET /hwa41y/selenium-grid-4-tutorial.html HTTP/1.0" 404 456 "https://bars-buh.ru/j5fvudg/famous-hairdressers-1960s.html" "Mozilla/5.0 (Linux; Android 7.0;) AppleWebKit/537.36 (KHTML, like Gecko) Mobile Safari/537.36 (compatible; PetalBot;+https://webmaster.petalsearch.com/site/petalbot)"
104.23.175.40 - - [11/Jan/2026:04:55:09 +0300] "GET /hwa41y/sda-church-manual-pdf-2019.html HTTP/1.0" 404 456 "https://a-climatica.ru/s1vcs/mobile-flashlight-wall-projector-screen-app-download.html" "Mozilla/5.0 (Linux; Android 7.0;) AppleWebKit/537.36 (KHTML, like Gecko) Mobile Safari/537.36 (compatible; PetalBot;+https://webmaster.petalsearch.com/site/petalbot)"
172.69.50.142 - - [11/Jan/2026:04:56:15 +0300] "GET /robots.txt HTTP/1.1" 404 173 "-" "Mozilla/5.0 (compatible; YandexBot/3.0; +http://yandex.com/bots)"
172.68.10.212 - - [11/Jan/2026:04:56:16 +0300] "GET /0l5j4wrf/netsuite-duplicate-customers.html HTTP/1.0" 404 456 "-" "Mozilla/5.0 (compatible; YandexBot/3.0; +http://yandex.com/bots)"
162.158.108.87 - - [11/Jan/2026:04:56:30 +0300] "GET /hwa41y/safest-neighborhoods-in-maryland.html HTTP/1.0" 404 456 "http://new.oilprofi.by/j2nt9/greek-anthem-full.html" "Mozilla/5.0 (Linux; Android 7.0;) AppleWebKit/537.36 (KHTML, like Gecko) Mobile Safari/537.36 (compatible; PetalBot;+https://webmaster.petalsearch.com/site/petalbot)"
162.158.163.191 - - [11/Jan/2026:04:57:56 +0300] "GET /hwa41y/ffmpeg-convert-jpg-to-yuv.html HTTP/1.0" 404 456 "http://factory-rostov.ru/gmqlp/should-i-go-under-for-wisdom-teeth-reddit.html" "Mozilla/5.0 (Linux; Android 7.0;) AppleWebKit/537.36 (KHTML, like Gecko) Mobile Safari/537.36 (compatible; PetalBot;+https://webmaster.petalsearch.com/site/petalbot)"
172.70.189.41 - - [11/Jan/2026:04:59:20 +0300] "GET /hwa41y/ebay-schwinn-airdyne.html HTTP/1.0" 404 456 "https://new.russteels.ru/limyy/hololive-official-shop-discount-code.html" "Mozilla/5.0 (Linux; Android 7.0;) AppleWebKit/537.36 (KHTML, like Gecko) Mobile Safari/537.36 (compatible; PetalBot;+https://webmaster.petalsearch.com/site/petalbot)"
104.23.175.40 - - [11/Jan/2026:05:00:44 +0300] "GET /hwa41y/clanton-courthouse-hours.html HTTP/1.0" 404 456 "https://a-climatica.ru/s1vcs/mobile-flashlight-wall-projector-screen-app-download.html" "Mozilla/5.0 (Linux; Android 7.0;) AppleWebKit/537.36 (KHTML, like Gecko) Mobile Safari/537.36 (compatible; PetalBot;+https://webmaster.petalsearch.com/site/petalbot)"
172.71.124.216 - - [11/Jan/2026:05:02:05 +0300] "GET /hwa41y/canna-lean-100mg.html HTTP/1.0" 404 456 "http://testshop.moriname.ru/p01ud1a/generate-xml-from-xsd-visual-studio-code.html" "Mozilla/5.0 (Linux; Android 7.0;) AppleWebKit/537.36 (KHTML, like Gecko) Mobile Safari/537.36 (compatible; PetalBot;+https://webmaster.petalsearch.com/site/petalbot)"
172.70.93.5 - - [11/Jan/2026:05:03:29 +0300] "GET /hwa41y/6-train-stops-express.html HTTP/1.0" 404 456 "https://clubis1.towerent.ru/lnrwst/ncic-2000-operating-manual.html" "Mozilla/5.0 (Linux; Android 7.0;) AppleWebKit/537.36 (KHTML, like Gecko) Mobile Safari/537.36 (compatible; PetalBot;+https://webmaster.petalsearch.com/site/petalbot)"
172.69.176.87 - - [11/Jan/2026:05:04:53 +0300] "GET /0l5j4wrf/what-does-qadr-mean-in-islam.html HTTP/1.0" 404 456 "http://talmans.com/qdbjyl/groaning-meaning-in-english.html" "Mozilla/5.0 (Linux; Android 7.0;) AppleWebKit/537.36 (KHTML, like Gecko) Mobile Safari/537.36 (compatible; PetalBot;+https://webmaster.petalsearch.com/site/petalbot)"
172.69.176.87 - - [11/Jan/2026:05:06:15 +0300] "GET /0l5j4wrf/trenton-accident-today.html HTTP/1.0" 404 456 "http://grigoryan-school.gramor.site/d0gw/christian-songs-telegram-channel.html" "Mozilla/5.0 (Linux; Android 7.0;) AppleWebKit/537.36 (KHTML, like Gecko) Mobile Safari/537.36 (compatible; PetalBot;+https://webmaster.petalsearch.com/site/petalbot)"
172.70.189.41 - - [11/Jan/2026:05:07:38 +0300] "GET /0l5j4wrf/tracked-packet-usa-air.html HTTP/1.0" 404 456 "http://typescape.com.au/v1ch/dua-to-get-what-you-want-from-allah-immediately.html" "Mozilla/5.0 (Linux; Android 7.0;) AppleWebKit/537.36 (KHTML, like Gecko) Mobile Safari/537.36 (compatible; PetalBot;+https://webmaster.petalsearch.com/site/petalbot)"
162.159.106.99 - - [11/Jan/2026:05:08:07 +0300] "GET /?r=121995362a1f5be HTTP/1.0" 200 5941 "-" "Mozilla/5.0 (Linux; Android 6.0.1; Nexus 5X Build/MMB29P) AppleWebKit/537.36 (KHTML, like Gecko) Chrome/143.0.7499.192 Mobile Safari/537.36 (compatible; Googlebot/2.1; +http://www.google.com/bot.html)"
172.70.189.41 - - [11/Jan/2026:05:09:03 +0300] "GET /0l5j4wrf/the-secret-stories-health.html HTTP/1.0" 404 456 "http://ml-company.ru/g6pt/kitchenaid-mixer-bowl.html" "Mozilla/5.0 (Linux; Android 7.0;) AppleWebKit/537.36 (KHTML, like Gecko) Mobile Safari/537.36 (compatible; PetalBot;+https://webmaster.petalsearch.com/site/petalbot)"
162.158.88.96 - - [11/Jan/2026:05:10:29 +0300] "GET /0l5j4wrf/tailwind-loading-overlay.html HTTP/1.0" 404 456 "https://terminus-shop.ru/iflaz8dk/best-free-3d-modeling-software-for-mac.html" "Mozilla/5.0 (Linux; Android 7.0;) AppleWebKit/537.36 (KHTML, like Gecko) Mobile Safari/537.36 (compatible; PetalBot;+https://webmaster.petalsearch.com/site/petalbot)"
172.71.124.216 - - [11/Jan/2026:05:13:15 +0300] "GET /hwa41y/wsl-docker-daemon.html HTTP/1.0" 404 456 "https://vpskov.ru/wwdmve/lenovo-tiny-esxi.html" "Mozilla/5.0 (Linux; Android 7.0;) AppleWebKit/537.36 (KHTML, like Gecko) Mobile Safari/537.36 (compatible; PetalBot;+https://webmaster.petalsearch.com/site/petalbot)"
172.70.142.110 - - [11/Jan/2026:05:14:36 +0300] "GET /hwa41y/twitch-faker-settings.html HTTP/1.0" 404 456 "http://moroz-pohoron.ru/jiiji/pry-bar-images.html" "Mozilla/5.0 (Linux; Android 7.0;) AppleWebKit/537.36 (KHTML, like Gecko) Mobile Safari/537.36 (compatible; PetalBot;+https://webmaster.petalsearch.com/site/petalbot)"
104.23.175.41 - - [11/Jan/2026:05:16:02 +0300] "GET /hwa41y/twin-flame-synastry.html HTTP/1.0" 404 456 "https://panaceya-clinic.ru/ntmycrm/university-of-toronto-winter-intake-2023.html" "Mozilla/5.0 (Linux; Android 7.0;) AppleWebKit/537.36 (KHTML, like Gecko) Mobile Safari/537.36 (compatible; PetalBot;+https://webmaster.petalsearch.com/site/petalbot)"
162.158.163.191 - - [11/Jan/2026:05:17:25 +0300] "GET /hwa41y/shorkie-puppies-hypoallergenic.html HTTP/1.0" 404 456 "https://center-at-spb.ru/zpchmqhk/are-random-cold-chills-a-tick-due-to-anxiety.html" "Mozilla/5.0 (Linux; Android 7.0;) AppleWebKit/537.36 (KHTML, like Gecko) Mobile Safari/537.36 (compatible; PetalBot;+https://webmaster.petalsearch.com/site/petalbot)"
172.71.124.217 - - [11/Jan/2026:05:18:47 +0300] "GET /hwa41y/saint-sierra-simone-summary.html HTTP/1.0" 404 456 "https://sibcopco.ru/wfwfutpr/thermo-king-reefer-manual.html" "Mozilla/5.0 (Linux; Android 7.0;) AppleWebKit/537.36 (KHTML, like Gecko) Mobile Safari/537.36 (compatible; PetalBot;+https://webmaster.petalsearch.com/site/petalbot)"
162.158.88.97 - - [11/Jan/2026:05:20:12 +0300] "GET /hwa41y/psychological-thriller-romance-kdrama.html HTTP/1.0" 404 456 "http://futur.ru/izshz0/coastal-forest-resources-company-hunting-leases-near-georgia.html" "Mozilla/5.0 (Linux; Android 7.0;) AppleWebKit/537.36 (KHTML, like Gecko) Mobile Safari/537.36 (compatible; PetalBot;+https://webmaster.petalsearch.com/site/petalbot)"
162.158.170.169 - - [11/Jan/2026:05:21:35 +0300] "GET /hwa41y/noom-vs-ww.html HTTP/1.0" 404 456 "https://panaceya-clinic.ru/ntmycrm/university-of-toronto-winter-intake-2023.html" "Mozilla/5.0 (Linux; Android 7.0;) AppleWebKit/537.36 (KHTML, like Gecko) Mobile Safari/537.36 (compatible; PetalBot;+https://webmaster.petalsearch.com/site/petalbot)"
172.70.208.163 - - [11/Jan/2026:05:23:07 +0300] "GET /hwa41y/japanese-and-americans-reddit.html HTTP/1.0" 404 456 "http://teplostone.ru/jcoboz/what-is-the-statute-of-limitations-on-a-case-dismissed-without-prejudice.html" "Mozilla/5.0 (Linux; Android 7.0;) AppleWebKit/537.36 (KHTML, like Gecko) Mobile Safari/537.36 (compatible; PetalBot;+https://webmaster.petalsearch.com/site/petalbot)"
162.158.108.87 - - [11/Jan/2026:05:24:23 +0300] "GET /hwa41y/how-to-deal-with-a-selfish-man-in-a-relationship.html HTTP/1.0" 404 456 "https://dacyprus.com/j8upgo3/harrison-ford-on-anne-heche-death.html" "Mozilla/5.0 (Linux; Android 7.0;) AppleWebKit/537.36 (KHTML, like Gecko) Mobile Safari/537.36 (compatible; PetalBot;+https://webmaster.petalsearch.com/site/petalbot)"
172.69.176.86 - - [11/Jan/2026:05:25:46 +0300] "GET /hwa41y/ford-au-performance-mods.html HTTP/1.0" 404 456 "https://new.russteels.ru/limyy/hololive-official-shop-discount-code.html" "Mozilla/5.0 (Linux; Android 7.0;) AppleWebKit/537.36 (KHTML, like Gecko) Mobile Safari/537.36 (compatible; PetalBot;+https://webmaster.petalsearch.com/site/petalbot)"
162.159.106.99 - - [11/Jan/2026:05:26:08 +0300] "GET /?r=047749901998d1 HTTP/1.0" 200 5870 "-" "Mozilla/5.0 (Linux; Android 6.0.1; Nexus 5X Build/MMB29P) AppleWebKit/537.36 (KHTML, like Gecko) Chrome/143.0.7499.192 Mobile Safari/537.36 (compatible; Googlebot/2.1; +http://www.google.com/bot.html)"
162.158.108.87 - - [11/Jan/2026:05:27:09 +0300] "GET /hwa41y/dynamic-qr-code-generator-software.html HTTP/1.0" 404 456 "http://smmart-pro.ru/m7s9u/meredith-moon-today.html" "Mozilla/5.0 (Linux; Android 7.0;) AppleWebKit/537.36 (KHTML, like Gecko) Mobile Safari/537.36 (compatible; PetalBot;+https://webmaster.petalsearch.com/site/petalbot)"
172.68.164.82 - - [11/Jan/2026:05:28:33 +0300] "GET /hwa41y/chiyoda-corporation-contact-number.html HTTP/1.0" 404 456 "https://20a20.ru/kpva/casual-dresses-for-13-year-girl.html" "Mozilla/5.0 (Linux; Android 7.0;) AppleWebKit/537.36 (KHTML, like Gecko) Mobile Safari/537.36 (compatible; PetalBot;+https://webmaster.petalsearch.com/site/petalbot)"
172.71.167.223 - - [11/Jan/2026:05:28:54 +0300] "GET /?r=05795723d8a583 HTTP/1.0" 200 5875 "-" "Mozilla/5.0 (Linux; Android 6.0.1; Nexus 5X Build/MMB29P) AppleWebKit/537.36 (KHTML, like Gecko) Chrome/143.0.7499.192 Mobile Safari/537.36 (compatible; Googlebot/2.1; +http://www.google.com/bot.html)"
172.70.208.163 - - [11/Jan/2026:05:29:57 +0300] "GET /hwa41y/can-you-appeal-a-restraining-order-in-california.html HTTP/1.0" 404 456 "https://lir24.ru/nlki/how-to-remove-wax-from-cured-gelcoat.html" "Mozilla/5.0 (Linux; Android 7.0;) AppleWebKit/537.36 (KHTML, like Gecko) Mobile Safari/537.36 (compatible; PetalBot;+https://webmaster.petalsearch.com/site/petalbot)"
172.71.124.216 - - [11/Jan/2026:05:31:21 +0300] "GET /hwa41y/arduino-code-to-move-forward-and-backward.html HTTP/1.0" 404 456 "http://swanfashion.ru/tkzp4u/orange-beach-pedestrian-killed.html" "Mozilla/5.0 (Linux; Android 7.0;) AppleWebKit/537.36 (KHTML, like Gecko) Mobile Safari/537.36 (compatible; PetalBot;+https://webmaster.petalsearch.com/site/petalbot)"
172.68.27.166 - - [11/Jan/2026:05:31:41 +0300] "GET /?r=0721836791494c8 HTTP/1.0" 200 5842 "-" "Mozilla/5.0 (Linux; Android 6.0.1; Nexus 5X Build/MMB29P) AppleWebKit/537.36 (KHTML, like Gecko) Chrome/143.0.7499.192 Mobile Safari/537.36 (compatible; Googlebot/2.1; +http://www.google.com/bot.html)"
172.70.93.5 - - [11/Jan/2026:05:32:44 +0300] "GET /hwa41y/android-emulator-cold-boot-vs-quick-boot.html HTTP/1.0" 404 456 "https://vpskov.ru/wwdmve/lenovo-tiny-esxi.html" "Mozilla/5.0 (Linux; Android 7.0;) AppleWebKit/537.36 (KHTML, like Gecko) Mobile Safari/537.36 (compatible; PetalBot;+https://webmaster.petalsearch.com/site/petalbot)"
172.71.124.216 - - [11/Jan/2026:05:34:10 +0300] "GET /hwa41y/ages-the-signs-will-get-pregnant.html HTTP/1.0" 404 456 "http://eco.xshop.pro/9bp175/google-fi-countries.html" "Mozilla/5.0 (Linux; Android 7.0;) AppleWebKit/537.36 (KHTML, like Gecko) Mobile Safari/537.36 (compatible; PetalBot;+https://webmaster.petalsearch.com/site/petalbot)"
172.71.167.224 - - [11/Jan/2026:05:34:27 +0300] "GET /?r=072183900e8f39b HTTP/1.0" 200 5848 "-" "Mozilla/5.0 (Linux; Android 6.0.1; Nexus 5X Build/MMB29P) AppleWebKit/537.36 (KHTML, like Gecko) Chrome/143.0.7499.192 Mobile Safari/537.36 (compatible; Googlebot/2.1; +http://www.google.com/bot.html)"
172.70.208.162 - - [11/Jan/2026:05:35:32 +0300] "GET /hwa41y/ranger-opord-shell.html HTTP/1.0" 404 456 "https://center-at-spb.ru/zpchmqhk/are-random-cold-chills-a-tick-due-to-anxiety.html" "Mozilla/5.0 (Linux; Android 7.0;) AppleWebKit/537.36 (KHTML, like Gecko) Mobile Safari/537.36 (compatible; PetalBot;+https://webmaster.petalsearch.com/site/petalbot)"
162.158.108.86 - - [11/Jan/2026:05:36:57 +0300] "GET /hwa41y/nifi-listfile-listing-strategy.html HTTP/1.0" 404 456 "https://amikids.ru/72rxa/she-fell-in-love-with-the-bully-korean-drama.html" "Mozilla/5.0 (Linux; Android 7.0;) AppleWebKit/537.36 (KHTML, like Gecko) Mobile Safari/537.36 (compatible; PetalBot;+https://webmaster.petalsearch.com/site/petalbot)"
