172.70.142.194 - - [11/Jan/2026:02:38:31 +0300] "GET /acvlnqf/dem-baba-dem-albanian.html HTTP/1.0" 403 4106 "https://sk-tech26.ru/sm2rl9atn/po175-code-chevy.html" "Mozilla/5.0 (Linux; Android 7.0;) AppleWebKit/537.36 (KHTML, like Gecko) Mobile Safari/537.36 (compatible; PetalBot;+https://webmaster.petalsearch.com/site/petalbot)"
162.158.163.174 - - [11/Jan/2026:02:40:51 +0300] "GET /acvlnqf/cpu-usage-spikes-while-gaming.html HTTP/1.0" 403 4106 "https://sotem.ru/eezliq7/how-to-bypass-too-many-login-attempts-telegram.html" "Mozilla/5.0 (Linux; Android 7.0;) AppleWebKit/537.36 (KHTML, like Gecko) Mobile Safari/537.36 (compatible; PetalBot;+https://webmaster.petalsearch.com/site/petalbot)"
172.70.92.181 - - [11/Jan/2026:02:43:09 +0300] "GET /acvlnqf/citi-hardware-plywood-price.html HTTP/1.0" 403 4106 "https://yuppikids.ru/i1izy/class-a-misdemeanor-texas-punishment.html" "Mozilla/5.0 (Linux; Android 7.0;) AppleWebKit/537.36 (KHTML, like Gecko) Mobile Safari/537.36 (compatible; PetalBot;+https://webmaster.petalsearch.com/site/petalbot)"
162.158.163.174 - - [11/Jan/2026:02:45:30 +0300] "GET /acvlnqf/chiron-square-neptune-composite.html HTTP/1.0" 403 4106 "http://ohranatruda.maspk.ru/jq5rco/3d-car-modeling-tutorial-pt-1-autodesk-maya-modeling-a-lamborghini-huracan.html" "Mozilla/5.0 (Linux; Android 7.0;) AppleWebKit/537.36 (KHTML, like Gecko) Mobile Safari/537.36 (compatible; PetalBot;+https://webmaster.petalsearch.com/site/petalbot)"
108.162.226.6 - - [11/Jan/2026:02:47:48 +0300] "GET /acvlnqf/chicago-fire-stations-list.html HTTP/1.0" 403 4106 "https://test.dalpolimetall.ru/hhl9yb/decode-base64-in-chunks.html" "Mozilla/5.0 (Linux; Android 7.0;) AppleWebKit/537.36 (KHTML, like Gecko) Mobile Safari/537.36 (compatible; PetalBot;+https://webmaster.petalsearch.com/site/petalbot)"
162.158.106.115 - - [11/Jan/2026:02:50:10 +0300] "GET /acvlnqf/cheap-cars-under-2000-in-adelaide.html HTTP/1.0" 403 4106 "https://mr-kitchen.ru/ay3k3d/how-to-create-array-in-masm.html" "Mozilla/5.0 (Linux; Android 7.0;) AppleWebKit/537.36 (KHTML, like Gecko) Mobile Safari/537.36 (compatible; PetalBot;+https://webmaster.petalsearch.com/site/petalbot)"
162.158.163.173 - - [11/Jan/2026:02:52:27 +0300] "GET /acvlnqf/celebrity-hot-or-not.html HTTP/1.0" 403 4106 "https://ninic.ru/xcd9/how-to-disable-subtitles-in-vlc-android.html" "Mozilla/5.0 (Linux; Android 7.0;) AppleWebKit/537.36 (KHTML, like Gecko) Mobile Safari/537.36 (compatible; PetalBot;+https://webmaster.petalsearch.com/site/petalbot)"
104.23.175.227 - - [11/Jan/2026:02:57:05 +0300] "GET /acvlnqf/card-swiping-jail-time.html HTTP/1.0" 403 4106 "https://yuppikids.ru/i1izy/class-a-misdemeanor-texas-punishment.html" "Mozilla/5.0 (Linux; Android 7.0;) AppleWebKit/537.36 (KHTML, like Gecko) Mobile Safari/537.36 (compatible; PetalBot;+https://webmaster.petalsearch.com/site/petalbot)"
172.71.124.72 - - [11/Jan/2026:02:59:23 +0300] "GET /acvlnqf/camaro-ss-for-sale.html HTTP/1.0" 403 4106 "https://vindom24.ru/7c6zlt/check-photo-details-online.html" "Mozilla/5.0 (Linux; Android 7.0;) AppleWebKit/537.36 (KHTML, like Gecko) Mobile Safari/537.36 (compatible; PetalBot;+https://webmaster.petalsearch.com/site/petalbot)"
162.158.163.174 - - [11/Jan/2026:03:01:42 +0300] "GET /acvlnqf/bmw-m5-competition-2022-price.html HTTP/1.0" 403 4106 "https://sotem.ru/eezliq7/how-to-bypass-too-many-login-attempts-telegram.html" "Mozilla/5.0 (Linux; Android 7.0;) AppleWebKit/537.36 (KHTML, like Gecko) Mobile Safari/537.36 (compatible; PetalBot;+https://webmaster.petalsearch.com/site/petalbot)"
162.158.88.71 - - [11/Jan/2026:03:04:02 +0300] "GET /acvlnqf/bluetooth-dongle-for-pc.html HTTP/1.0" 403 4106 "http://service.fabslog.ru/gqmnsqjr/video-to-link-generator.html" "Mozilla/5.0 (Linux; Android 7.0;) AppleWebKit/537.36 (KHTML, like Gecko) Mobile Safari/537.36 (compatible; PetalBot;+https://webmaster.petalsearch.com/site/petalbot)"
172.68.164.46 - - [11/Jan/2026:03:06:23 +0300] "GET /acvlnqf/aster-labs-contact-number.html HTTP/1.0" 403 4106 "https://new.russteels.ru/limyy/quacked-games-steam-deck-reddit.html" "Mozilla/5.0 (Linux; Android 7.0;) AppleWebKit/537.36 (KHTML, like Gecko) Mobile Safari/537.36 (compatible; PetalBot;+https://webmaster.petalsearch.com/site/petalbot)"
172.70.142.195 - - [11/Jan/2026:03:08:42 +0300] "GET /acvlnqf/are-you-comfortable-with-your-significant-other-being-friends-with-an-ex.html HTTP/1.0" 403 4106 "https://kvalitet95.ru/hlyzc1t/nike-plus-app.html" "Mozilla/5.0 (Linux; Android 7.0;) AppleWebKit/537.36 (KHTML, like Gecko) Mobile Safari/537.36 (compatible; PetalBot;+https://webmaster.petalsearch.com/site/petalbot)"
162.158.88.70 - - [11/Jan/2026:03:11:03 +0300] "GET /acvlnqf/anova-in-r-example.html HTTP/1.0" 403 4106 "https://platinum.net.ru/qohf/doorstarliam-cancer-cure.html" "Mozilla/5.0 (Linux; Android 7.0;) AppleWebKit/537.36 (KHTML, like Gecko) Mobile Safari/537.36 (compatible; PetalBot;+https://webmaster.petalsearch.com/site/petalbot)"
162.158.88.71 - - [11/Jan/2026:03:14:15 +0300] "GET /acvlnqf/amati-riva-aquarama-build-log.html HTTP/1.0" 403 4106 "http://avtomanga.ru/6ecquh/the-tempest-exam-questions.html" "Mozilla/5.0 (Linux; Android 7.0;) AppleWebKit/537.36 (KHTML, like Gecko) Mobile Safari/537.36 (compatible; PetalBot;+https://webmaster.petalsearch.com/site/petalbot)"
162.158.108.146 - - [11/Jan/2026:03:15:39 +0300] "GET /acvlnqf/6hp26-oil-capacity.html HTTP/1.0" 403 4106 "http://vipperspektiva.ru/cvzcflqf/matlab-print-string-array.html" "Mozilla/5.0 (Linux; Android 7.0;) AppleWebKit/537.36 (KHTML, like Gecko) Mobile Safari/537.36 (compatible; PetalBot;+https://webmaster.petalsearch.com/site/petalbot)"
172.70.142.194 - - [11/Jan/2026:03:17:58 +0300] "GET /acvlnqf/3-hp-motor-amps.html HTTP/1.0" 403 4106 "https://platinum.net.ru/qohf/doorstarliam-cancer-cure.html" "Mozilla/5.0 (Linux; Android 7.0;) AppleWebKit/537.36 (KHTML, like Gecko) Mobile Safari/537.36 (compatible; PetalBot;+https://webmaster.petalsearch.com/site/petalbot)"
172.70.142.195 - - [11/Jan/2026:03:20:17 +0300] "GET /acvlnqf/2023-miami-international-boat-show-promo-code.html HTTP/1.0" 403 4106 "https://yuppikids.ru/i1izy/class-a-misdemeanor-texas-punishment.html" "Mozilla/5.0 (Linux; Android 7.0;) AppleWebKit/537.36 (KHTML, like Gecko) Mobile Safari/537.36 (compatible; PetalBot;+https://webmaster.petalsearch.com/site/petalbot)"
104.23.175.227 - - [11/Jan/2026:03:22:36 +0300] "GET /acvlnqf/2018-ford-black-widow-for-sale.html HTTP/1.0" 403 4106 "https://sk-tech26.ru/sm2rl9atn/po175-code-chevy.html" "Mozilla/5.0 (Linux; Android 7.0;) AppleWebKit/537.36 (KHTML, like Gecko) Mobile Safari/537.36 (compatible; PetalBot;+https://webmaster.petalsearch.com/site/petalbot)"
172.68.150.13 - - [11/Jan/2026:04:16:45 +0300] "GET /.git/config HTTP/1.0" 403 4106 "-" "Mozilla/5.0 (Macintosh; Intel Mac OS X 10_13_6) AppleWebKit/537.36 (KHTML, like Gecko) Chrome/76.0.3809.100 Safari/537.36"
162.158.163.173 - - [11/Jan/2026:04:28:27 +0300] "GET /ptv7k/how-to-find-kms-server.html HTTP/1.0" 403 4106 "https://www.cmediya.ru/klmlt/cleanse-my-soul-bible-verse.html" "Mozilla/5.0 (Linux; Android 7.0;) AppleWebKit/537.36 (KHTML, like Gecko) Mobile Safari/537.36 (compatible; PetalBot;+https://webmaster.petalsearch.com/site/petalbot)"
108.162.226.6 - - [11/Jan/2026:04:48:38 +0300] "GET /ptv7k/fresh-baklava-online-uk.html HTTP/1.0" 403 4106 "https://diamondbrite-dent.ru/4g8lbgb/cordless-metal-cutting-circular-saw.html" "Mozilla/5.0 (Linux; Android 7.0;) AppleWebKit/537.36 (KHTML, like Gecko) Mobile Safari/537.36 (compatible; PetalBot;+https://webmaster.petalsearch.com/site/petalbot)"
162.158.88.71 - - [11/Jan/2026:04:50:57 +0300] "GET /ptv7k/fda-drug-shipping-regulations.html HTTP/1.0" 403 4106 "https://shinkarld.ru/6bp4pe/ipo-stock-meaning.html" "Mozilla/5.0 (Linux; Android 7.0;) AppleWebKit/537.36 (KHTML, like Gecko) Mobile Safari/537.36 (compatible; PetalBot;+https://webmaster.petalsearch.com/site/petalbot)"
172.69.176.145 - - [11/Jan/2026:04:53:32 +0300] "GET /ptv7k/economics-o-level-notes-pdf.html HTTP/1.0" 403 4106 "http://mummabubbas.com.au/higeyq/qualitative-research-proposal-format.html" "Mozilla/5.0 (Linux; Android 7.0;) AppleWebKit/537.36 (KHTML, like Gecko) Mobile Safari/537.36 (compatible; PetalBot;+https://webmaster.petalsearch.com/site/petalbot)"
162.158.163.173 - - [11/Jan/2026:04:56:05 +0300] "GET /ptv7k/built-w58-transmission.html HTTP/1.0" 403 4106 "https://mr-kitchen.ru/kvthyz/pathan-ott-release-date-and-time-in-india.html" "Mozilla/5.0 (Linux; Android 7.0;) AppleWebKit/537.36 (KHTML, like Gecko) Mobile Safari/537.36 (compatible; PetalBot;+https://webmaster.petalsearch.com/site/petalbot)"
172.64.215.33 - - [11/Jan/2026:04:57:23 +0300] "GET /wp-content HTTP/1.0" 403 4106 "https://www.google.de/" "Mozilla/5.0 (Linux; Android 13; SM-G991U) AppleWebKit/537.36 (KHTML, like Gecko) Chrome/117.0.0.0 Mobile Safari/537.36"
172.64.215.213 - - [11/Jan/2026:04:57:24 +0300] "GET /404.php HTTP/1.0" 403 4106 "https://www.google.fr/" "Mozilla/5.0 (iPad; CPU OS 17_0_3 like Mac OS X) AppleWebKit/605.1.15 (KHTML, like Gecko) Version/17.0.1 Mobile/15E148 Safari/604.1"
172.64.215.213 - - [11/Jan/2026:04:57:25 +0300] "GET /av.php HTTP/1.0" 403 4106 "https://duckduckgo.com/" "Mozilla/5.0 (Linux; Android 11; CPH2251) AppleWebKit/537.36 (KHTML, like Gecko) Chrome/116.0.0.0 Mobile Safari/537.36"
172.64.215.213 - - [11/Jan/2026:04:57:25 +0300] "GET /wp-includes/ID3/about.php HTTP/1.0" 403 4106 "https://duckduckgo.com/" "Mozilla/5.0 (iPad; CPU OS 17_0_3 like Mac OS X) AppleWebKit/605.1.15 (KHTML, like Gecko) Version/17.0.1 Mobile/15E148 Safari/604.1"
172.64.215.213 - - [11/Jan/2026:04:57:25 +0300] "GET /baxa1.php7 HTTP/1.0" 403 4106 "https://duckduckgo.com/" "Mozilla/5.0 (Linux; Android 14; Pixel 8 Pro) AppleWebKit/537.36 (KHTML, like Gecko) Chrome/119.0.0.0 Mobile Safari/537.36"
172.64.215.33 - - [11/Jan/2026:04:57:25 +0300] "GET /wp-content/uploads HTTP/1.0" 403 4106 "https://duckduckgo.com/" "Mozilla/5.0 (iPhone; CPU iPhone OS 15_7_9 like Mac OS X) AppleWebKit/605.1.15 (KHTML, like Gecko) Version/15.6.5 Mobile/15E148 Safari/604.1"
172.64.215.33 - - [11/Jan/2026:04:57:26 +0300] "GET /bolt.php HTTP/1.0" 403 4106 "https://duckduckgo.com/" "Mozilla/5.0 (iPhone; CPU iPhone OS 17_0_3 like Mac OS X) AppleWebKit/605.1.15 (KHTML, like Gecko) Version/17.0.1 Mobile/15E148 Safari/604.1"
172.64.215.33 - - [11/Jan/2026:04:57:26 +0300] "GET /manager.php HTTP/1.0" 403 4106 "https://www.google.com/" "Mozilla/5.0 (Linux; Android 12; SM-A525F) AppleWebKit/537.36 (KHTML, like Gecko) Chrome/117.0.0.0 Mobile Safari/537.36"
172.64.215.33 - - [11/Jan/2026:04:57:26 +0300] "GET /buy.php HTTP/1.0" 403 4106 "https://www.google.com/" "Mozilla/5.0 (iPhone; CPU iPhone OS 15_7_9 like Mac OS X) AppleWebKit/605.1.15 (KHTML, like Gecko) Version/15.6.5 Mobile/15E148 Safari/604.1"
172.64.215.33 - - [11/Jan/2026:04:57:26 +0300] "GET /wp-content/admin.php HTTP/1.0" 403 4106 "https://duckduckgo.com/" "Mozilla/5.0 (Linux; Android 12; V2134) AppleWebKit/537.36 (KHTML, like Gecko) Chrome/116.0.0.0 Mobile Safari/537.36"
172.64.215.33 - - [11/Jan/2026:04:57:27 +0300] "GET /wp-content/plugins/WordPressCore HTTP/1.0" 403 4106 "https://duckduckgo.com/" "Mozilla/5.0 (Linux; Android 10; K) AppleWebKit/537.36 (KHTML, like Gecko) Chrome/117.0.0.0 Mobile Safari/537.36"
172.64.215.33 - - [11/Jan/2026:04:57:27 +0300] "GET /bless.php HTTP/1.0" 403 4106 "https://www.google.fr/" "Mozilla/5.0 (Linux; Android 13; SM-G991U) AppleWebKit/537.36 (KHTML, like Gecko) Chrome/117.0.0.0 Mobile Safari/537.36"
172.64.215.33 - - [11/Jan/2026:04:57:27 +0300] "GET /gel4y.php HTTP/1.0" 403 4106 "https://www.google.com/" "Mozilla/5.0 (Linux; Android 10; LM-Q720) AppleWebKit/537.36 (KHTML, like Gecko) Chrome/116.0.0.0 Mobile Safari/537.36"
172.64.215.33 - - [11/Jan/2026:04:57:28 +0300] "GET /wp-includes/fonts HTTP/1.0" 403 4106 "https://www.google.co.uk/" "Mozilla/5.0 (iPhone; CPU iPhone OS 16_0 like Mac OS X) AppleWebKit/605.1.15 (KHTML, like Gecko) FxiOS/118.0 Mobile/15E148 Safari/605.1.15"
172.64.215.33 - - [11/Jan/2026:04:57:28 +0300] "GET /wso.php HTTP/1.0" 403 4106 "https://www.google.de/" "Mozilla/5.0 (iPhone; CPU iPhone OS 17_1_1 like Mac OS X) AppleWebKit/605.1.15 (KHTML, like Gecko) Version/17.1 Mobile/15E148 Safari/604.1"
172.64.215.33 - - [11/Jan/2026:04:57:28 +0300] "GET /num.php HTTP/1.0" 403 4106 "https://duckduckgo.com/" "Mozilla/5.0 (iPhone; CPU iPhone OS 17_1_1 like Mac OS X) AppleWebKit/605.1.15 (KHTML, like Gecko) Version/17.1 Mobile/15E148 Safari/604.1"
172.64.215.33 - - [11/Jan/2026:04:57:28 +0300] "GET /wp-content/plugins/shell/index.php HTTP/1.0" 403 4106 "https://www.google.fr/" "Mozilla/5.g (Linux; Android 13; Pixel 7) AppleWebKit/537.36 (KHTML, like Gecko) Chrome/116.0.0.0 Mobile Safari/537.36"
172.64.215.33 - - [11/Jan/2026:04:57:29 +0300] "GET /as.php HTTP/1.0" 403 4106 "https://www.yahoo.com/" "Mozilla/5.0 (Linux; Android 13; SM-S908E) AppleWebKit/537.36 (KHTML, like Gecko) Chrome/116.0.0.0 Mobile Safari/537.36"
172.64.215.33 - - [11/Jan/2026:04:57:29 +0300] "GET /wp-admin/js HTTP/1.0" 403 4106 "https://www.yahoo.com/" "Mozilla/5.0 (Linux; Android 12; V2134) AppleWebKit/537.36 (KHTML, like Gecko) Chrome/116.0.0.0 Mobile Safari/537.36"
172.64.215.33 - - [11/Jan/2026:04:57:29 +0300] "GET /wp-content/plugins/wp-help/admin/wp-fclass.php HTTP/1.0" 403 4106 "https://www.bing.com/" "Mozilla/5.0 (Linux; Android 11; 21081111RG) AppleWebKit/537.36 (KHTML, like Gecko) Chrome/116.0.0.0 Mobile Safari/537.36"
172.64.215.33 - - [11/Jan/2026:04:57:29 +0300] "GET /wp-admin/includes HTTP/1.0" 403 4106 "https://www.google.co.uk/" "Mozilla/5.0 (Linux; Android 10; LM-Q720) AppleWebKit/537.36 (KHTML, like Gecko) Chrome/116.0.0.0 Mobile Safari/537.36"
172.64.215.33 - - [11/Jan/2026:04:57:30 +0300] "GET /fonts/index.php HTTP/1.0" 403 4106 "https://www.bing.com/" "Mozilla/5.0 (Linux; Android 10; LM-Q720) AppleWebKit/537.36 (KHTML, like Gecko) Chrome/116.0.0.0 Mobile Safari/537.36"
172.64.215.33 - - [11/Jan/2026:04:57:30 +0300] "GET /new.php HTTP/1.0" 403 4106 "https://www.yahoo.com/" "Mozilla/5.0 (iPhone; CPU iPhone OS 16_6_1 like Mac OS X) AppleWebKit/605.1.15 (KHTML, like Gecko) Version/16.6 Mobile/15E148 Safari/604.1"
172.64.215.33 - - [11/Jan/2026:04:57:31 +0300] "GET /text.php HTTP/1.0" 403 4106 "https://duckduckgo.com/" "Mozilla/5.0 (iPhone; CPU iPhone OS 17_1 like Mac OS X) AppleWebKit/605.1.15 (KHTML, like Gecko) CriOS/119.0.6045.109 Mobile/15E148 Safari/604.1"
172.64.215.33 - - [11/Jan/2026:04:57:31 +0300] "GET /baxa1.php HTTP/1.0" 403 4106 "https://duckduckgo.com/" "Mozilla/5.0 (Linux; Android 12; SM-A525F) AppleWebKit/537.36 (KHTML, like Gecko) Chrome/117.0.0.0 Mobile Safari/537.36"
172.64.215.33 - - [11/Jan/2026:04:57:31 +0300] "GET /wp-admin/images/about.php HTTP/1.0" 403 4106 "https://www.yahoo.com/" "Mozilla/5.0 (Linux; Android 13; SM-S908E) AppleWebKit/537.36 (KHTML, like Gecko) Chrome/116.0.0.0 Mobile Safari/537.36"
172.64.215.33 - - [11/Jan/2026:04:57:32 +0300] "GET /wp-admin/network/index.php HTTP/1.0" 403 4106 "https://www.google.de/" "Mozilla/5.0 (Linux; Android 11; 21081111RG) AppleWebKit/537.36 (KHTML, like Gecko) Chrome/116.0.0.0 Mobile Safari/537.36"
172.64.215.33 - - [11/Jan/2026:04:57:32 +0300] "GET /elp.php HTTP/1.0" 403 4106 "https://www.google.fr/" "Mozilla/5.0 (Linux; Android 12; V2134) AppleWebKit/537.36 (KHTML, like Gecko) Chrome/116.0.0.0 Mobile Safari/537.36"
172.64.215.33 - - [11/Jan/2026:04:57:32 +0300] "GET /wp-includes/ID3 HTTP/1.0" 403 4106 "https://www.yahoo.com/" "Mozilla/5.0 (iPad; CPU OS 17_0_3 like Mac OS X) AppleWebKit/605.1.15 (KHTML, like Gecko) Version/17.0.1 Mobile/15E148 Safari/604.1"
172.64.215.33 - - [11/Jan/2026:04:57:32 +0300] "GET /wp-content/plugins/fix/up.php HTTP/1.0" 403 4106 "https://duckduckgo.com/" "Mozilla/5.0 (Linux; Android 12; SM-A525F) AppleWebKit/537.36 (KHTML, like Gecko) Chrome/117.0.0.0 Mobile Safari/537.36"
172.64.215.33 - - [11/Jan/2026:04:57:33 +0300] "GET /admin/function.php HTTP/1.0" 403 4106 "https://www.google.com/" "Mozilla/5.0 (iPhone; CPU iPhone OS 16_0 like Mac OS X) AppleWebKit/605.1.15 (KHTML, like Gecko) FxiOS/118.0 Mobile/15E148 Safari/605.1.15"
172.64.215.33 - - [11/Jan/2026:04:57:33 +0300] "GET /wp-admin/index.php HTTP/1.0" 403 4106 "https://www.google.fr/" "Mozilla/5.0 (Linux; Android 13; SM-S908E) AppleWebKit/537.36 (KHTML, like Gecko) Chrome/116.0.0.0 Mobile Safari/537.36"
172.64.215.33 - - [11/Jan/2026:04:57:33 +0300] "GET /wp-admin/js/widgets HTTP/1.0" 403 4106 "https://www.yahoo.com/" "Mozilla/5.0 (Linux; Android 13; SM-G991U) AppleWebKit/537.36 (KHTML, like Gecko) Chrome/117.0.0.0 Mobile Safari/537.36"
172.64.215.33 - - [11/Jan/2026:04:57:34 +0300] "GET /.well-known HTTP/1.0" 403 4106 "https://www.yahoo.com/" "Mozilla/5.0 (Linux; Android 12; V2134) AppleWebKit/537.36 (KHTML, like Gecko) Chrome/116.0.0.0 Mobile Safari/537.36"
172.64.215.33 - - [11/Jan/2026:04:57:34 +0300] "GET /.well-known/gecko-litespeed.php HTTP/1.0" 403 4106 "https://www.bing.com/" "Mozilla/5.0 (Linux; Android 14; Pixel 8 Pro) AppleWebKit/537.36 (KHTML, like Gecko) Chrome/119.0.0.0 Mobile Safari/537.36"
172.64.215.33 - - [11/Jan/2026:04:57:34 +0300] "GET /wp-admin/images/wp-login.php HTTP/1.0" 403 4106 "https://www.google.de/" "Mozilla/5.0 (iPhone; CPU iPhone OS 15_7_9 like Mac OS X) AppleWebKit/605.1.15 (KHTML, like Gecko) Version/15.6.5 Mobile/15E148 Safari/604.1"
172.64.215.33 - - [11/Jan/2026:04:57:34 +0300] "GET /wp-admin/images/admin.php HTTP/1.0" 403 4106 "https://www.google.de/" "Mozilla/5.0 (iPhone; CPU iPhone OS 16_6_1 like Mac OS X) AppleWebKit/605.1.15 (KHTML, like Gecko) Version/16.6 Mobile/15E148 Safari/604.1"
172.64.215.33 - - [11/Jan/2026:04:57:35 +0300] "GET /wp-includes/ID3/wp-login.php HTTP/1.0" 403 4106 "https://www.google.com/" "Mozilla/5.0 (iPhone; CPU iPhone OS 17_1 like Mac OS X) AppleWebKit/605.1.15 (KHTML, like Gecko) CriOS/119.0.6045.109 Mobile/15E148 Safari/604.1"
172.64.215.33 - - [11/Jan/2026:04:57:35 +0300] "GET /item.php HTTP/1.0" 403 4106 "https://www.google.fr/" "Mozilla/5.0 (Linux; Android 10; K) AppleWebKit/537.36 (KHTML, like Gecko) Chrome/117.0.0.0 Mobile Safari/537.36"
172.64.215.33 - - [11/Jan/2026:04:57:35 +0300] "GET /akcc.php HTTP/1.0" 403 4106 "https://www.bing.com/" "Mozilla/5.0 (iPhone; CPU iPhone OS 17_1_1 like Mac OS X) AppleWebKit/605.1.15 (KHTML, like Gecko) Version/17.1 Mobile/15E148 Safari/604.1"
172.64.215.33 - - [11/Jan/2026:04:57:35 +0300] "GET /autoload_classmap/function.php HTTP/1.0" 403 4106 "https://www.google.com/" "Mozilla/5.0 (Linux; Android 12; SM-A525F) AppleWebKit/537.36 (KHTML, like Gecko) Chrome/117.0.0.0 Mobile Safari/537.36"
172.64.215.33 - - [11/Jan/2026:04:57:36 +0300] "GET /222.php HTTP/1.0" 403 4106 "https://www.yahoo.com/" "Mozilla/5.0 (Linux; Android 10; K) AppleWebKit/537.36 (KHTML, like Gecko) Chrome/117.0.0.0 Mobile Safari/537.36"
172.64.215.33 - - [11/Jan/2026:04:57:36 +0300] "GET /wp-content/plugins/erinyani/baxa1.php HTTP/1.0" 403 4106 "https://www.yahoo.com/" "Mozilla/5.0 (Linux; Android 10; K) AppleWebKit/537.36 (KHTML, like Gecko) Chrome/117.0.0.0 Mobile Safari/537.36"
172.64.215.33 - - [11/Jan/2026:04:57:36 +0300] "GET /wp-error.php HTTP/1.0" 403 4106 "https://duckduckgo.com/" "Mozilla/5.0 (iPhone; CPU iPhone OS 17_0_3 like Mac OS X) AppleWebKit/605.1.15 (KHTML, like Gecko) Version/17.0.1 Mobile/15E148 Safari/604.1"
172.64.215.33 - - [11/Jan/2026:04:57:37 +0300] "GET /shell.php HTTP/1.0" 403 4106 "https://www.google.co.uk/" "Mozilla/5.g (Linux; Android 13; Pixel 7) AppleWebKit/537.36 (KHTML, like Gecko) Chrome/116.0.0.0 Mobile Safari/537.36"
172.64.215.33 - - [11/Jan/2026:04:57:37 +0300] "GET /wp-content/plugins/core-plugin/include.php HTTP/1.0" 403 4106 "https://www.yahoo.com/" "Mozilla/5.0 (Linux; Android 12; SM-A525F) AppleWebKit/537.36 (KHTML, like Gecko) Chrome/117.0.0.0 Mobile Safari/537.36"
172.64.215.33 - - [11/Jan/2026:04:57:37 +0300] "GET /assets HTTP/1.0" 403 4106 "https://www.bing.com/" "Mozilla/5.0 (iPhone; CPU iPhone OS 17_0_3 like Mac OS X) AppleWebKit/605.1.15 (KHTML, like Gecko) Version/17.0.1 Mobile/15E148 Safari/604.1"
172.64.215.33 - - [11/Jan/2026:04:57:37 +0300] "GET /class.php HTTP/1.0" 403 4106 "https://www.google.co.uk/" "Mozilla/5.0 (iPhone; CPU iPhone OS 17_1 like Mac OS X) AppleWebKit/605.1.15 (KHTML, like Gecko) CriOS/119.0.6045.109 Mobile/15E148 Safari/604.1"
172.64.215.33 - - [11/Jan/2026:04:57:38 +0300] "GET /ioxi002.PhP7 HTTP/1.0" 403 4106 "https://www.google.de/" "Mozilla/5.0 (Linux; Android 10; K) AppleWebKit/537.36 (KHTML, like Gecko) Chrome/117.0.0.0 Mobile Safari/537.36"
172.64.215.33 - - [11/Jan/2026:04:57:38 +0300] "GET /wp-admin/maint HTTP/1.0" 403 4106 "https://www.yahoo.com/" "Mozilla/5.0 (Linux; Android 10; LM-Q720) AppleWebKit/537.36 (KHTML, like Gecko) Chrome/116.0.0.0 Mobile Safari/537.36"
172.64.215.33 - - [11/Jan/2026:04:57:38 +0300] "GET /wp-includes/assets/index.php HTTP/1.0" 403 4106 "https://www.google.fr/" "Mozilla/5.0 (iPad; CPU OS 17_0_3 like Mac OS X) AppleWebKit/605.1.15 (KHTML, like Gecko) Version/17.0.1 Mobile/15E148 Safari/604.1"
172.64.215.33 - - [11/Jan/2026:04:57:39 +0300] "GET /wp-links.php HTTP/1.0" 403 4106 "https://www.bing.com/" "Mozilla/5.0 (Linux; Android 11; CPH2251) AppleWebKit/537.36 (KHTML, like Gecko) Chrome/116.0.0.0 Mobile Safari/537.36"
172.64.215.33 - - [11/Jan/2026:04:57:39 +0300] "GET /nf_tracking.php HTTP/1.0" 403 4106 "https://www.google.fr/" "Mozilla/5.0 (Linux; Android 12; SM-A525F) AppleWebKit/537.36 (KHTML, like Gecko) Chrome/117.0.0.0 Mobile Safari/537.36"
104.23.175.226 - - [11/Jan/2026:04:58:40 +0300] "GET /acvlnqf/xnxsex-vedio-mom-and-small-boy-san.html HTTP/1.0" 403 4106 "https://sibcopco.ru/wfwfutpr/salvage-yellowfin-boats-for-sale.html" "Mozilla/5.0 (Linux; Android 7.0;) AppleWebKit/537.36 (KHTML, like Gecko) Mobile Safari/537.36 (compatible; PetalBot;+https://webmaster.petalsearch.com/site/petalbot)"
172.68.144.140 - - [11/Jan/2026:04:59:09 +0300] "GET /wp-2019.php HTTP/1.0" 403 4106 "https://www.google.co.uk/" "Mozilla/5.0 (Linux; Android 12; 2201116SG) AppleWebKit/537.36 (KHTML, like Gecko) Chrome/116.0.0.0 Mobile Safari/537.36"
172.68.144.140 - - [11/Jan/2026:04:59:09 +0300] "GET /wp-content/upgrade/index.php HTTP/1.0" 403 4106 "https://www.bing.com/" "Mozilla/5.0 (Linux; Android 12; V2134) AppleWebKit/537.36 (KHTML, like Gecko) Chrome/116.0.0.0 Mobile Safari/537.36"
172.68.144.140 - - [11/Jan/2026:04:59:10 +0300] "GET /2.php HTTP/1.0" 403 4106 "https://www.yahoo.com/" "Mozilla/5.0 (iPhone; CPU iPhone OS 17_1 like Mac OS X) AppleWebKit/605.1.15 (KHTML, like Gecko) CriOS/119.0.6045.109 Mobile/15E148 Safari/604.1"
172.68.144.140 - - [11/Jan/2026:04:59:10 +0300] "GET /css.php HTTP/1.0" 403 4106 "https://www.google.de/" "Mozilla/5.0 (Linux; Android 14; Pixel 8 Pro) AppleWebKit/537.36 (KHTML, like Gecko) Chrome/119.0.0.0 Mobile Safari/537.36"
172.68.144.140 - - [11/Jan/2026:04:59:10 +0300] "GET /f35.php HTTP/1.0" 403 4106 "https://www.yahoo.com/" "Mozilla/5.0 (Linux; Android 12; V2134) AppleWebKit/537.36 (KHTML, like Gecko) Chrome/116.0.0.0 Mobile Safari/537.36"
172.68.144.140 - - [11/Jan/2026:04:59:11 +0300] "GET /gg.php HTTP/1.0" 403 4106 "https://www.bing.com/" "Mozilla/5.0 (iPhone; CPU iPhone OS 16_0 like Mac OS X) AppleWebKit/605.1.15 (KHTML, like Gecko) FxiOS/118.0 Mobile/15E148 Safari/605.1.15"
172.68.144.140 - - [11/Jan/2026:04:59:11 +0300] "GET /ma.php HTTP/1.0" 403 4106 "https://duckduckgo.com/" "Mozilla/5.0 (iPhone; CPU iPhone OS 16_6_1 like Mac OS X) AppleWebKit/605.1.15 (KHTML, like Gecko) Version/16.6 Mobile/15E148 Safari/604.1"
172.68.144.140 - - [11/Jan/2026:04:59:11 +0300] "GET /wp-content/themes/index.php HTTP/1.0" 403 4106 "https://www.google.com/" "Mozilla/5.g (Linux; Android 13; Pixel 7) AppleWebKit/537.36 (KHTML, like Gecko) Chrome/116.0.0.0 Mobile Safari/537.36"
172.68.144.140 - - [11/Jan/2026:04:59:12 +0300] "GET /wp-content/themes/pridmag/j.php HTTP/1.0" 403 4106 "https://www.google.fr/" "Mozilla/5.0 (Linux; Android 11; CPH2251) AppleWebKit/537.36 (KHTML, like Gecko) Chrome/116.0.0.0 Mobile Safari/537.36"
172.68.144.140 - - [11/Jan/2026:04:59:12 +0300] "GET /wp-content/themes/seotheme/db.php HTTP/1.0" 403 4106 "https://www.yahoo.com/" "Mozilla/5.0 (Linux; Android 10; LM-Q720) AppleWebKit/537.36 (KHTML, like Gecko) Chrome/116.0.0.0 Mobile Safari/537.36"
172.68.144.140 - - [11/Jan/2026:04:59:12 +0300] "GET /wp-includes/Text HTTP/1.0" 403 4106 "https://www.google.co.uk/" "Mozilla/5.0 (Linux; Android 12; SM-A525F) AppleWebKit/537.36 (KHTML, like Gecko) Chrome/117.0.0.0 Mobile Safari/537.36"
172.68.144.140 - - [11/Jan/2026:04:59:13 +0300] "GET /assets/images HTTP/1.0" 403 4106 "https://www.google.de/" "Mozilla/5.0 (Linux; Android 11; 21081111RG) AppleWebKit/537.36 (KHTML, like Gecko) Chrome/116.0.0.0 Mobile Safari/537.36"
172.68.144.140 - - [11/Jan/2026:04:59:13 +0300] "GET /cc.php HTTP/1.0" 403 4106 "https://www.yahoo.com/" "Mozilla/5.0 (iPad; CPU OS 16_7_2 like Mac OS X) AppleWebKit/605.1.15 (KHTML, like Gecko) Version/16.6 Mobile/15E148 Safari/604.1"
172.68.144.140 - - [11/Jan/2026:04:59:13 +0300] "GET /cgi-bin/file.php HTTP/1.0" 404 457 "https://www.google.com/" "Mozilla/5.0 (Linux; Android 12; SM-A525F) AppleWebKit/537.36 (KHTML, like Gecko) Chrome/117.0.0.0 Mobile Safari/537.36"
172.68.144.140 - - [11/Jan/2026:04:59:14 +0300] "GET /function/function.php HTTP/1.0" 403 4106 "https://duckduckgo.com/" "Mozilla/5.0 (Linux; Android 12; V2134) AppleWebKit/537.36 (KHTML, like Gecko) Chrome/116.0.0.0 Mobile Safari/537.36"
172.68.144.140 - - [11/Jan/2026:04:59:14 +0300] "GET /help.php HTTP/1.0" 403 4106 "https://www.bing.com/" "Mozilla/5.0 (Linux; Android 12; V2134) AppleWebKit/537.36 (KHTML, like Gecko) Chrome/116.0.0.0 Mobile Safari/537.36"
172.68.144.140 - - [11/Jan/2026:04:59:14 +0300] "GET /wp-admin/images HTTP/1.0" 403 4106 "https://www.bing.com/" "Mozilla/5.0 (Linux; Android 10; LM-Q720) AppleWebKit/537.36 (KHTML, like Gecko) Chrome/116.0.0.0 Mobile Safari/537.36"
172.68.144.140 - - [11/Jan/2026:04:59:15 +0300] "GET /wp-content/plugins/mainhosting/asasx.php HTTP/1.0" 403 4106 "https://www.google.co.uk/" "Mozilla/5.0 (iPhone; CPU iPhone OS 17_1 like Mac OS X) AppleWebKit/605.1.15 (KHTML, like Gecko) CriOS/119.0.6045.109 Mobile/15E148 Safari/604.1"
172.68.144.140 - - [11/Jan/2026:04:59:15 +0300] "GET /wp-includes/Text/Diff HTTP/1.0" 403 4106 "https://www.google.com/" "Mozilla/5.0 (iPhone; CPU iPhone OS 16_6_1 like Mac OS X) AppleWebKit/605.1.15 (KHTML, like Gecko) Version/16.6 Mobile/15E148 Safari/604.1"
172.68.144.140 - - [11/Jan/2026:04:59:15 +0300] "GET /wp-includes/block-bindings HTTP/1.0" 403 4106 "https://www.google.de/" "Mozilla/5.0 (Linux; Android 12; SM-A525F) AppleWebKit/537.36 (KHTML, like Gecko) Chrome/117.0.0.0 Mobile Safari/537.36"
172.68.144.140 - - [11/Jan/2026:04:59:16 +0300] "GET /13.php HTTP/1.0" 403 4106 "https://www.google.com/" "Mozilla/5.0 (Linux; Android 13; SM-G991U) AppleWebKit/537.36 (KHTML, like Gecko) Chrome/117.0.0.0 Mobile Safari/537.36"
172.68.144.140 - - [11/Jan/2026:04:59:16 +0300] "GET /doc.php HTTP/1.0" 403 4106 "https://duckduckgo.com/" "Mozilla/5.0 (iPhone; CPU iPhone OS 15_7_9 like Mac OS X) AppleWebKit/605.1.15 (KHTML, like Gecko) Version/15.6.5 Mobile/15E148 Safari/604.1"
172.68.144.140 - - [11/Jan/2026:04:59:16 +0300] "GET /images HTTP/1.0" 403 4106 "https://www.google.de/" "Mozilla/5.g (Linux; Android 13; Pixel 7) AppleWebKit/537.36 (KHTML, like Gecko) Chrome/116.0.0.0 Mobile Safari/537.36"
172.68.144.140 - - [11/Jan/2026:04:59:17 +0300] "GET /wp-content/themes/404.php HTTP/1.0" 403 4106 "https://www.bing.com/" "Mozilla/5.0 (iPad; CPU OS 16_7_2 like Mac OS X) AppleWebKit/605.1.15 (KHTML, like Gecko) Version/16.6 Mobile/15E148 Safari/604.1"
172.68.144.140 - - [11/Jan/2026:04:59:17 +0300] "GET /wp-includes/blocks/about.php HTTP/1.0" 403 4106 "https://www.google.com/" "Mozilla/5.g (Linux; Android 13; Pixel 7) AppleWebKit/537.36 (KHTML, like Gecko) Chrome/116.0.0.0 Mobile Safari/537.36"
172.68.144.140 - - [11/Jan/2026:04:59:17 +0300] "GET /wp-includes/style-engine/about.php HTTP/1.0" 403 4106 "https://www.bing.com/" "Mozilla/5.g (Linux; Android 13; Pixel 7) AppleWebKit/537.36 (KHTML, like Gecko) Chrome/116.0.0.0 Mobile Safari/537.36"
172.68.144.140 - - [11/Jan/2026:04:59:18 +0300] "GET /.well-known/rk2.php HTTP/1.0" 403 4106 "https://duckduckgo.com/" "Mozilla/5.0 (Linux; Android 11; CPH2251) AppleWebKit/537.36 (KHTML, like Gecko) Chrome/116.0.0.0 Mobile Safari/537.36"
172.68.144.140 - - [11/Jan/2026:04:59:18 +0300] "GET /ava.php HTTP/1.0" 403 4106 "https://www.bing.com/" "Mozilla/5.0 (Linux; Android 13; SM-G991U) AppleWebKit/537.36 (KHTML, like Gecko) Chrome/117.0.0.0 Mobile Safari/537.36"
172.68.144.140 - - [11/Jan/2026:04:59:18 +0300] "GET /shell20211028.php HTTP/1.0" 403 4106 "https://www.yahoo.com/" "Mozilla/5.0 (Linux; Android 13; SM-G991U) AppleWebKit/537.36 (KHTML, like Gecko) Chrome/117.0.0.0 Mobile Safari/537.36"
172.68.144.140 - - [11/Jan/2026:04:59:19 +0300] "GET /st.php HTTP/1.0" 403 4106 "https://duckduckgo.com/" "Mozilla/5.0 (iPad; CPU OS 16_7_2 like Mac OS X) AppleWebKit/605.1.15 (KHTML, like Gecko) Version/16.6 Mobile/15E148 Safari/604.1"
172.68.144.140 - - [11/Jan/2026:04:59:19 +0300] "GET /ab.php HTTP/1.0" 403 4106 "https://www.google.co.uk/" "Mozilla/5.0 (Linux; Android 12; SM-A525F) AppleWebKit/537.36 (KHTML, like Gecko) Chrome/117.0.0.0 Mobile Safari/537.36"
172.68.144.140 - - [11/Jan/2026:04:59:19 +0300] "GET /bala.php HTTP/1.0" 403 4106 "https://www.google.co.uk/" "Mozilla/5.0 (Linux; Android 10; LM-Q720) AppleWebKit/537.36 (KHTML, like Gecko) Chrome/116.0.0.0 Mobile Safari/537.36"
172.68.144.140 - - [11/Jan/2026:04:59:19 +0300] "GET /ca4.php HTTP/1.0" 403 4106 "https://www.google.fr/" "Mozilla/5.0 (Linux; Android 10; LM-Q720) AppleWebKit/537.36 (KHTML, like Gecko) Chrome/116.0.0.0 Mobile Safari/537.36"
172.68.144.140 - - [11/Jan/2026:04:59:20 +0300] "GET /content.php HTTP/1.0" 403 4106 "https://www.google.de/" "Mozilla/5.0 (Linux; Android 13; SM-G991U) AppleWebKit/537.36 (KHTML, like Gecko) Chrome/117.0.0.0 Mobile Safari/537.36"
172.68.144.140 - - [11/Jan/2026:04:59:20 +0300] "GET /gmo.php HTTP/1.0" 403 4106 "https://www.yahoo.com/" "Mozilla/5.0 (iPhone; CPU iPhone OS 17_1_1 like Mac OS X) AppleWebKit/605.1.15 (KHTML, like Gecko) Version/17.1 Mobile/15E148 Safari/604.1"
172.68.144.140 - - [11/Jan/2026:04:59:20 +0300] "GET /ulc6.php HTTP/1.0" 403 4106 "https://www.google.de/" "Mozilla/5.0 (Linux; Android 14; Pixel 8 Pro) AppleWebKit/537.36 (KHTML, like Gecko) Chrome/119.0.0.0 Mobile Safari/537.36"
172.68.144.140 - - [11/Jan/2026:04:59:21 +0300] "GET /wp-admin/network HTTP/1.0" 403 4106 "https://www.google.co.uk/" "Mozilla/5.0 (Linux; Android 12; V2134) AppleWebKit/537.36 (KHTML, like Gecko) Chrome/116.0.0.0 Mobile Safari/537.36"
172.68.144.140 - - [11/Jan/2026:04:59:21 +0300] "GET /wp-includes/customize HTTP/1.0" 403 4106 "https://www.google.co.uk/" "Mozilla/5.0 (iPhone; CPU iPhone OS 17_0_3 like Mac OS X) AppleWebKit/605.1.15 (KHTML, like Gecko) Version/17.0.1 Mobile/15E148 Safari/604.1"
172.68.144.140 - - [11/Jan/2026:04:59:21 +0300] "GET /wp-includes/images/about.php HTTP/1.0" 403 4106 "https://www.google.fr/" "Mozilla/5.0 (iPad; CPU OS 16_7_2 like Mac OS X) AppleWebKit/605.1.15 (KHTML, like Gecko) Version/16.6 Mobile/15E148 Safari/604.1"
172.68.144.140 - - [11/Jan/2026:04:59:22 +0300] "GET /xx.php HTTP/1.0" 403 4106 "https://duckduckgo.com/" "Mozilla/5.0 (Linux; Android 12; SM-A525F) AppleWebKit/537.36 (KHTML, like Gecko) Chrome/117.0.0.0 Mobile Safari/537.36"
172.68.144.140 - - [11/Jan/2026:04:59:22 +0300] "GET /12.php HTTP/1.0" 403 4106 "https://www.yahoo.com/" "Mozilla/5.0 (Linux; Android 14; Pixel 8 Pro) AppleWebKit/537.36 (KHTML, like Gecko) Chrome/119.0.0.0 Mobile Safari/537.36"
172.68.144.140 - - [11/Jan/2026:04:59:23 +0300] "GET /autoloadclassmap.php HTTP/1.0" 403 4106 "https://www.google.com/" "Mozilla/5.0 (Linux; Android 14; Pixel 8 Pro) AppleWebKit/537.36 (KHTML, like Gecko) Chrome/119.0.0.0 Mobile Safari/537.36"
172.68.144.140 - - [11/Jan/2026:04:59:23 +0300] "GET /berlin.php HTTP/1.0" 403 4106 "https://www.google.com/" "Mozilla/5.0 (Linux; Android 11; CPH2251) AppleWebKit/537.36 (KHTML, like Gecko) Chrome/116.0.0.0 Mobile Safari/537.36"
172.68.144.140 - - [11/Jan/2026:04:59:23 +0300] "GET /cgi-bin/xmrlpc.php HTTP/1.0" 404 457 "https://duckduckgo.com/" "Mozilla/5.0 (Linux; Android 12; SM-A525F) AppleWebKit/537.36 (KHTML, like Gecko) Chrome/117.0.0.0 Mobile Safari/537.36"
172.68.144.140 - - [11/Jan/2026:04:59:24 +0300] "GET /modules/mod_simplefileuploadv1.3/elements/wcg9LbOHD14.php HTTP/1.0" 403 4106 "https://www.google.fr/" "Mozilla/5.0 (Linux; Android 11; 21081111RG) AppleWebKit/537.36 (KHTML, like Gecko) Chrome/116.0.0.0 Mobile Safari/537.36"
172.68.144.140 - - [11/Jan/2026:04:59:24 +0300] "GET /wp-admin/js/about.php HTTP/1.0" 403 4106 "https://www.yahoo.com/" "Mozilla/5.0 (Linux; Android 11; CPH2251) AppleWebKit/537.36 (KHTML, like Gecko) Chrome/116.0.0.0 Mobile Safari/537.36"
172.68.144.140 - - [11/Jan/2026:04:59:24 +0300] "GET /wp-includes/css/about.php HTTP/1.0" 403 4106 "https://www.google.fr/" "Mozilla/5.0 (Linux; Android 12; V2134) AppleWebKit/537.36 (KHTML, like Gecko) Chrome/116.0.0.0 Mobile Safari/537.36"
172.68.144.140 - - [11/Jan/2026:04:59:25 +0300] "GET /ar.php HTTP/1.0" 403 4106 "https://www.bing.com/" "Mozilla/5.0 (iPhone; CPU iPhone OS 16_6_1 like Mac OS X) AppleWebKit/605.1.15 (KHTML, like Gecko) Version/16.6 Mobile/15E148 Safari/604.1"
172.68.144.140 - - [11/Jan/2026:04:59:25 +0300] "GET /copypaths.php HTTP/1.0" 403 4106 "https://duckduckgo.com/" "Mozilla/5.0 (Linux; Android 12; 2201116SG) AppleWebKit/537.36 (KHTML, like Gecko) Chrome/116.0.0.0 Mobile Safari/537.36"
172.68.144.140 - - [11/Jan/2026:04:59:26 +0300] "GET /function.php HTTP/1.0" 403 4106 "https://www.bing.com/" "Mozilla/5.0 (Linux; Android 13; SM-S908E) AppleWebKit/537.36 (KHTML, like Gecko) Chrome/116.0.0.0 Mobile Safari/537.36"
172.68.144.140 - - [11/Jan/2026:04:59:26 +0300] "GET /go.php HTTP/1.0" 403 4106 "https://www.google.de/" "Mozilla/5.0 (iPhone; CPU iPhone OS 17_1 like Mac OS X) AppleWebKit/605.1.15 (KHTML, like Gecko) CriOS/119.0.6045.109 Mobile/15E148 Safari/604.1"
172.68.144.140 - - [11/Jan/2026:04:59:26 +0300] "GET /options-reading.php HTTP/1.0" 403 4106 "https://www.google.co.uk/" "Mozilla/5.0 (Linux; Android 14; Pixel 8 Pro) AppleWebKit/537.36 (KHTML, like Gecko) Chrome/119.0.0.0 Mobile Safari/537.36"
172.68.144.140 - - [11/Jan/2026:04:59:27 +0300] "GET /randkeyword.php HTTP/1.0" 403 4106 "https://www.bing.com/" "Mozilla/5.0 (Linux; Android 13; SM-S908E) AppleWebKit/537.36 (KHTML, like Gecko) Chrome/116.0.0.0 Mobile Safari/537.36"
172.68.144.140 - - [11/Jan/2026:04:59:27 +0300] "GET /simple/function.php HTTP/1.0" 403 4106 "https://www.yahoo.com/" "Mozilla/5.0 (iPhone; CPU iPhone OS 17_0_3 like Mac OS X) AppleWebKit/605.1.15 (KHTML, like Gecko) Version/17.0.1 Mobile/15E148 Safari/604.1"
172.68.144.140 - - [11/Jan/2026:04:59:27 +0300] "GET /wp-admin/css/colors/midnight HTTP/1.0" 403 4106 "https://www.yahoo.com/" "Mozilla/5.0 (Linux; Android 14; Pixel 8 Pro) AppleWebKit/537.36 (KHTML, like Gecko) Chrome/119.0.0.0 Mobile Safari/537.36"
172.71.81.213 - - [11/Jan/2026:05:01:15 +0300] "GET /ptv7k/come-follow-me-kid.html HTTP/1.0" 403 4106 "https://promsnab888.ru/jqopcol/cheap-balenciaga-shoes.html" "Mozilla/5.0 (Linux; Android 7.0;) AppleWebKit/537.36 (KHTML, like Gecko) Mobile Safari/537.36 (compatible; PetalBot;+https://webmaster.petalsearch.com/site/petalbot)"
172.70.142.195 - - [11/Jan/2026:05:03:50 +0300] "GET /ptv7k/door-strike-plate-repair.html HTTP/1.0" 403 4106 "https://promsnab888.ru/jqopcol/council-for-airport-opportunity-ny.html" "Mozilla/5.0 (Linux; Android 7.0;) AppleWebKit/537.36 (KHTML, like Gecko) Mobile Safari/537.36 (compatible; PetalBot;+https://webmaster.petalsearch.com/site/petalbot)"
172.64.198.124 - - [11/Jan/2026:05:05:48 +0300] "GET /index.php/jk HTTP/1.0" 403 4106 "-" "Mozilla/5.0 (Windows NT 6.1; WOW64; Trident/7.0; rv:11.0) like Gecko"
162.158.163.174 - - [11/Jan/2026:05:06:25 +0300] "GET /ptv7k/dme-repair-bmw.html HTTP/1.0" 403 4106 "https://vindom24.ru/rmsmzk/houses-for-sale-in-lancaster-pa-by-owner.html" "Mozilla/5.0 (Linux; Android 7.0;) AppleWebKit/537.36 (KHTML, like Gecko) Mobile Safari/537.36 (compatible; PetalBot;+https://webmaster.petalsearch.com/site/petalbot)"
172.71.81.213 - - [11/Jan/2026:05:08:59 +0300] "GET /acvlnqf/realtors-that-accept-vouchers-in-brooklyn.html HTTP/1.0" 403 4106 "http://tula-speczapchast.ru/n0xt4ixv/oregon-bus-auction.html" "Mozilla/5.0 (Linux; Android 7.0;) AppleWebKit/537.36 (KHTML, like Gecko) Mobile Safari/537.36 (compatible; PetalBot;+https://webmaster.petalsearch.com/site/petalbot)"
172.71.81.214 - - [11/Jan/2026:05:11:33 +0300] "GET /acvlnqf/function-anonymous-debugger-bypass.html HTTP/1.0" 403 4106 "http://pmd-spb.ru/fhan/cheetah-ka-vaigyanik-naam.html" "Mozilla/5.0 (Linux; Android 7.0;) AppleWebKit/537.36 (KHTML, like Gecko) Mobile Safari/537.36 (compatible; PetalBot;+https://webmaster.petalsearch.com/site/petalbot)"
172.71.124.73 - - [11/Jan/2026:05:14:10 +0300] "GET /ptv7k/why-is-every-top-a-crop-top.html HTTP/1.0" 403 4106 "https://park-project.ru/mgmwt57/discord-account-hacked.html" "Mozilla/5.0 (Linux; Android 7.0;) AppleWebKit/537.36 (KHTML, like Gecko) Mobile Safari/537.36 (compatible; PetalBot;+https://webmaster.petalsearch.com/site/petalbot)"
162.158.106.115 - - [11/Jan/2026:05:16:46 +0300] "GET /ptv7k/the-courier-obituaries.html HTTP/1.0" 403 4106 "https://promsnab888.ru/jqopcol/council-for-airport-opportunity-ny.html" "Mozilla/5.0 (Linux; Android 7.0;) AppleWebKit/537.36 (KHTML, like Gecko) Mobile Safari/537.36 (compatible; PetalBot;+https://webmaster.petalsearch.com/site/petalbot)"
108.162.226.7 - - [11/Jan/2026:05:19:19 +0300] "GET /ptv7k/parthenos-greek-meaning.html HTTP/1.0" 403 4106 "http://mummabubbas.com.au/higeyq/debian-11-iso-download.html" "Mozilla/5.0 (Linux; Android 7.0;) AppleWebKit/537.36 (KHTML, like Gecko) Mobile Safari/537.36 (compatible; PetalBot;+https://webmaster.petalsearch.com/site/petalbot)"
172.70.208.128 - - [11/Jan/2026:05:21:54 +0300] "GET /ptv7k/mayo-clinic-records.html HTTP/1.0" 403 4106 "http://encedesigns.com.au/kd7fad/kensei-for-honor-gear.html" "Mozilla/5.0 (Linux; Android 7.0;) AppleWebKit/537.36 (KHTML, like Gecko) Mobile Safari/537.36 (compatible; PetalBot;+https://webmaster.petalsearch.com/site/petalbot)"
108.162.246.140 - - [11/Jan/2026:05:24:14 +0300] "GET /?k=15206149749f7cf HTTP/1.0" 403 4106 "-" "Mozilla/5.0 (Linux; Android 6.0.1; Nexus 5X Build/MMB29P) AppleWebKit/537.36 (KHTML, like Gecko) Chrome/143.0.7499.192 Mobile Safari/537.36 (compatible; Googlebot/2.1; +http://www.google.com/bot.html)"
172.71.81.214 - - [11/Jan/2026:05:24:26 +0300] "GET /ptv7k/matching-usernames-for-couples-discord.html HTTP/1.0" 403 4106 "http://lra-welfare.com/wp-nasdaq/cjugu/when-to-say-i-love-you-in-a-relationship-reddit.html" "Mozilla/5.0 (Linux; Android 7.0;) AppleWebKit/537.36 (KHTML, like Gecko) Mobile Safari/537.36 (compatible; PetalBot;+https://webmaster.petalsearch.com/site/petalbot)"
162.158.108.147 - - [11/Jan/2026:05:27:01 +0300] "GET /ptv7k/sheltie-puppies-for-sale-toronto.html HTTP/1.0" 403 4106 "https://m.tfntrucks.ru/fhacxgsqv/multicrop-thresher-price.html" "Mozilla/5.0 (Linux; Android 7.0;) AppleWebKit/537.36 (KHTML, like Gecko) Mobile Safari/537.36 (compatible; PetalBot;+https://webmaster.petalsearch.com/site/petalbot)"
108.162.246.139 - - [11/Jan/2026:05:28:15 +0300] "GET /?k=0661901857096c HTTP/1.0" 403 4106 "-" "Mozilla/5.0 (Linux; Android 6.0.1; Nexus 5X Build/MMB29P) AppleWebKit/537.36 (KHTML, like Gecko) Chrome/143.0.7499.192 Mobile Safari/537.36 (compatible; Googlebot/2.1; +http://www.google.com/bot.html)"
162.158.88.70 - - [11/Jan/2026:05:29:35 +0300] "GET /ptv7k/linux-media-player-cue.html HTTP/1.0" 403 4106 "http://russar.gramor.site/qhh4y/north-bergen-new-construction.html" "Mozilla/5.0 (Linux; Android 7.0;) AppleWebKit/537.36 (KHTML, like Gecko) Mobile Safari/537.36 (compatible; PetalBot;+https://webmaster.petalsearch.com/site/petalbot)"
172.71.81.213 - - [11/Jan/2026:05:32:10 +0300] "GET /ptv7k/is-young-love-real.html HTTP/1.0" 403 4106 "https://nezabudkann.ru/z05gig/ozempic-vs-januvia.html" "Mozilla/5.0 (Linux; Android 7.0;) AppleWebKit/537.36 (KHTML, like Gecko) Mobile Safari/537.36 (compatible; PetalBot;+https://webmaster.petalsearch.com/site/petalbot)"
108.162.226.6 - - [11/Jan/2026:05:34:46 +0300] "GET /ptv7k/red-lobster-navigator.html HTTP/1.0" 403 4106 "http://www.renovationgroup.ru/mdmb7u/baseboard-heater-covers-home-depot.html" "Mozilla/5.0 (Linux; Android 7.0;) AppleWebKit/537.36 (KHTML, like Gecko) Mobile Safari/537.36 (compatible; PetalBot;+https://webmaster.petalsearch.com/site/petalbot)"
172.71.81.214 - - [11/Jan/2026:05:37:19 +0300] "GET /ptv7k/k24-dry-sump-kit.html HTTP/1.0" 403 4106 "https://teplook.ru/2t4jwxq/exploring-science-9a-quick-quiz-answers.html" "Mozilla/5.0 (Linux; Android 7.0;) AppleWebKit/537.36 (KHTML, like Gecko) Mobile Safari/537.36 (compatible; PetalBot;+https://webmaster.petalsearch.com/site/petalbot)"
172.71.147.215 - - [11/Jan/2026:05:39:21 +0300] "GET /?k=131464920c8b9e7 HTTP/1.0" 403 4106 "-" "Mozilla/5.0 (Linux; Android 6.0.1; Nexus 5X Build/MMB29P) AppleWebKit/537.36 (KHTML, like Gecko) Chrome/143.0.7499.192 Mobile Safari/537.36 (compatible; Googlebot/2.1; +http://www.google.com/bot.html)"
172.70.208.128 - - [11/Jan/2026:05:39:54 +0300] "GET /ptv7k/kurd-doblazh-venom-2.html HTTP/1.0" 403 4106 "http://vladimir.munys.ru/2vjo/csi-actor-dies.html" "Mozilla/5.0 (Linux; Android 7.0;) AppleWebKit/537.36 (KHTML, like Gecko) Mobile Safari/537.36 (compatible; PetalBot;+https://webmaster.petalsearch.com/site/petalbot)"
172.71.150.187 - - [11/Jan/2026:05:41:23 +0300] "GET /?k=1190676094597a HTTP/1.0" 403 4106 "-" "Mozilla/5.0 (Linux; Android 6.0.1; Nexus 5X Build/MMB29P) AppleWebKit/537.36 (KHTML, like Gecko) Chrome/143.0.7499.192 Mobile Safari/537.36 (compatible; Googlebot/2.1; +http://www.google.com/bot.html)"
108.162.226.7 - - [11/Jan/2026:05:42:29 +0300] "GET /ptv7k/magic-css-chrome.html HTTP/1.0" 403 4106 "http://smorodina.gramor.site/o4gpgo/hidden-hills-horse-boarding.html" "Mozilla/5.0 (Linux; Android 7.0;) AppleWebKit/537.36 (KHTML, like Gecko) Mobile Safari/537.36 (compatible; PetalBot;+https://webmaster.petalsearch.com/site/petalbot)"
108.162.226.7 - - [11/Jan/2026:05:45:04 +0300] "GET /ptv7k/jesus-curses-the-fig-tree.html HTTP/1.0" 403 4106 "https://mirrococo.ru/pdhqaefou/craigslist-backhoe-for-sale-by-owner.html" "Mozilla/5.0 (Linux; Android 7.0;) AppleWebKit/537.36 (KHTML, like Gecko) Mobile Safari/537.36 (compatible; PetalBot;+https://webmaster.petalsearch.com/site/petalbot)"
108.162.246.140 - - [11/Jan/2026:05:46:24 +0300] "GET /?k=10249325cc869b HTTP/1.0" 403 4106 "-" "Mozilla/5.0 (Linux; Android 6.0.1; Nexus 5X Build/MMB29P) AppleWebKit/537.36 (KHTML, like Gecko) Chrome/143.0.7499.192 Mobile Safari/537.36 (compatible; Googlebot/2.1; +http://www.google.com/bot.html)"
172.70.92.181 - - [11/Jan/2026:05:47:38 +0300] "GET /ptv7k/is-clonidine-a-benzo.html HTTP/1.0" 403 4106 "http://test.jdmprint.com.au/8pukz/korean-pianist-wins-chopin-competition.html" "Mozilla/5.0 (Linux; Android 7.0;) AppleWebKit/537.36 (KHTML, like Gecko) Mobile Safari/537.36 (compatible; PetalBot;+https://webmaster.petalsearch.com/site/petalbot)"
172.71.150.187 - - [11/Jan/2026:05:49:26 +0300] "GET /?k=0073777495adcf HTTP/1.0" 403 4106 "-" "Mozilla/5.0 (Linux; Android 6.0.1; Nexus 5X Build/MMB29P) AppleWebKit/537.36 (KHTML, like Gecko) Chrome/143.0.7499.192 Mobile Safari/537.36 (compatible; Googlebot/2.1; +http://www.google.com/bot.html)"
172.70.188.25 - - [11/Jan/2026:05:50:13 +0300] "GET /ptv7k/indian-imported-furniture-near-me.html HTTP/1.0" 403 4106 "https://stanlitop.ru/vum7n/air-gun-whatsapp-group.html" "Mozilla/5.0 (Linux; Android 7.0;) AppleWebKit/537.36 (KHTML, like Gecko) Mobile Safari/537.36 (compatible; PetalBot;+https://webmaster.petalsearch.com/site/petalbot)"
108.162.246.140 - - [11/Jan/2026:05:51:28 +0300] "GET /?k=00266934f9d876 HTTP/1.0" 403 4106 "-" "Mozilla/5.0 (Linux; Android 6.0.1; Nexus 5X Build/MMB29P) AppleWebKit/537.36 (KHTML, like Gecko) Chrome/143.0.7499.192 Mobile Safari/537.36 (compatible; Googlebot/2.1; +http://www.google.com/bot.html)"
162.158.88.71 - - [11/Jan/2026:05:52:47 +0300] "GET /ptv7k/webley-mark-vi-serial-number-lookup.html HTTP/1.0" 403 4106 "http://brokenphone.ru/n2iibu/coil-master-vape.html" "Mozilla/5.0 (Linux; Android 7.0;) AppleWebKit/537.36 (KHTML, like Gecko) Mobile Safari/537.36 (compatible; PetalBot;+https://webmaster.petalsearch.com/site/petalbot)"
172.68.22.251 - - [11/Jan/2026:05:53:29 +0300] "GET /?k=007818944a2a1f HTTP/1.0" 403 4106 "-" "Mozilla/5.0 (Linux; Android 6.0.1; Nexus 5X Build/MMB29P) AppleWebKit/537.36 (KHTML, like Gecko) Chrome/143.0.7499.192 Mobile Safari/537.36 (compatible; Googlebot/2.1; +http://www.google.com/bot.html)"
104.23.175.227 - - [11/Jan/2026:05:55:24 +0300] "GET /ptv7k/uab-molecular-biology.html HTTP/1.0" 403 4106 "http://techsupport-bitrix.ru/dnyouch/vitamin-d-beard-growth-reddit.html" "Mozilla/5.0 (Linux; Android 7.0;) AppleWebKit/537.36 (KHTML, like Gecko) Mobile Safari/537.36 (compatible; PetalBot;+https://webmaster.petalsearch.com/site/petalbot)"
172.71.150.187 - - [11/Jan/2026:05:55:31 +0300] "GET /?k=009067451c1a5d HTTP/1.0" 403 4106 "-" "Mozilla/5.0 (Linux; Android 6.0.1; Nexus 5X Build/MMB29P) AppleWebKit/537.36 (KHTML, like Gecko) Chrome/143.0.7499.192 Mobile Safari/537.36 (compatible; Googlebot/2.1; +http://www.google.com/bot.html)"
162.158.41.140 - - [11/Jan/2026:05:57:32 +0300] "GET /?k=00592373055348 HTTP/1.0" 403 4106 "-" "Mozilla/5.0 (Linux; Android 6.0.1; Nexus 5X Build/MMB29P) AppleWebKit/537.36 (KHTML, like Gecko) Chrome/143.0.7499.192 Mobile Safari/537.36 (compatible; Googlebot/2.1; +http://www.google.com/bot.html)"
172.70.188.25 - - [11/Jan/2026:05:58:58 +0300] "GET /ptv7k/mercedes-scn-coding-autel.html HTTP/1.0" 403 4106 "http://hasre.org/kaaru/upenn-medical-school-admissions-statistics.html" "Mozilla/5.0 (Linux; Android 7.0;) AppleWebKit/537.36 (KHTML, like Gecko) Mobile Safari/537.36 (compatible; PetalBot;+https://webmaster.petalsearch.com/site/petalbot)"
172.68.22.250 - - [11/Jan/2026:06:00:37 +0300] "GET /?k=0061928879a38b HTTP/1.0" 403 4106 "-" "Mozilla/5.0 (Linux; Android 6.0.1; Nexus 5X Build/MMB29P) AppleWebKit/537.36 (KHTML, like Gecko) Chrome/143.0.7499.192 Mobile Safari/537.36 (compatible; Googlebot/2.1; +http://www.google.com/bot.html)"
172.71.124.73 - - [11/Jan/2026:06:01:42 +0300] "GET /ptv7k/linear-inequalities-in-two-variables.html HTTP/1.0" 403 4106 "http://shopbs.ru/b6gqljd/coffee-shop-description-paragraph.html" "Mozilla/5.0 (Linux; Android 7.0;) AppleWebKit/537.36 (KHTML, like Gecko) Mobile Safari/537.36 (compatible; PetalBot;+https://webmaster.petalsearch.com/site/petalbot)"
162.158.163.173 - - [11/Jan/2026:06:03:17 +0300] "GET /ptv7k/ktm-obd-connector.html HTTP/1.0" 403 4106 "http://silviakennett.com.au/7upjz1/older-sister-in-ilocano.html" "Mozilla/5.0 (Linux; Android 7.0;) AppleWebKit/537.36 (KHTML, like Gecko) Mobile Safari/537.36 (compatible; PetalBot;+https://webmaster.petalsearch.com/site/petalbot)"
172.68.22.250 - - [11/Jan/2026:06:03:40 +0300] "GET /?k=00484512061104 HTTP/1.0" 403 4106 "-" "Mozilla/5.0 (Linux; Android 6.0.1; Nexus 5X Build/MMB29P) AppleWebKit/537.36 (KHTML, like Gecko) Chrome/143.0.7499.192 Mobile Safari/537.36 (compatible; Googlebot/2.1; +http://www.google.com/bot.html)"
104.23.175.227 - - [11/Jan/2026:06:05:42 +0300] "GET /ptv7k/jp-trigger-springs-amazon.html HTTP/1.0" 403 4106 "http://new.stroimat.ru/rlrhmh1/flight-attendant-announcement-script.html" "Mozilla/5.0 (Linux; Android 7.0;) AppleWebKit/537.36 (KHTML, like Gecko) Mobile Safari/537.36 (compatible; PetalBot;+https://webmaster.petalsearch.com/site/petalbot)"
108.162.246.140 - - [11/Jan/2026:06:07:44 +0300] "GET /?k=0013036436b70af HTTP/1.0" 403 4106 "-" "Mozilla/5.0 (Linux; Android 6.0.1; Nexus 5X Build/MMB29P) AppleWebKit/537.36 (KHTML, like Gecko) Chrome/143.0.7499.192 Mobile Safari/537.36 (compatible; Googlebot/2.1; +http://www.google.com/bot.html)"
172.70.208.128 - - [11/Jan/2026:06:08:16 +0300] "GET /ptv7k/how-much-have-you-made-in-crypto.html HTTP/1.0" 403 4106 "https://diamondbrite-dent.ru/4g8lbgb/cordless-metal-cutting-circular-saw.html" "Mozilla/5.0 (Linux; Android 7.0;) AppleWebKit/537.36 (KHTML, like Gecko) Mobile Safari/537.36 (compatible; PetalBot;+https://webmaster.petalsearch.com/site/petalbot)"
162.158.108.147 - - [11/Jan/2026:06:10:50 +0300] "GET /ptv7k/hdmi-to-displayport-not-working-dell.html HTTP/1.0" 403 4106 "http://otel-demo.webtm.ru/69xo5vg/iis-the-certificate-chain-was-issued-by-an-authority-that-is-not-trusted.html" "Mozilla/5.0 (Linux; Android 7.0;) AppleWebKit/537.36 (KHTML, like Gecko) Mobile Safari/537.36 (compatible; PetalBot;+https://webmaster.petalsearch.com/site/petalbot)"
172.68.22.250 - - [11/Jan/2026:06:12:47 +0300] "GET /?k=18206094928b990 HTTP/1.0" 403 4106 "-" "Mozilla/5.0 (Linux; Android 6.0.1; Nexus 5X Build/MMB29P) AppleWebKit/537.36 (KHTML, like Gecko) Chrome/143.0.7499.192 Mobile Safari/537.36 (compatible; Googlebot/2.1; +http://www.google.com/bot.html)"
172.68.164.47 - - [11/Jan/2026:06:13:25 +0300] "GET /ptv7k/grafana-mimir-vs-thanos.html HTTP/1.0" 403 4106 "https://test.atletika24.ru/siqm4e/adjust-for-best-performance-windows-10-registry.html" "Mozilla/5.0 (Linux; Android 7.0;) AppleWebKit/537.36 (KHTML, like Gecko) Mobile Safari/537.36 (compatible; PetalBot;+https://webmaster.petalsearch.com/site/petalbot)"
172.68.22.251 - - [11/Jan/2026:06:15:50 +0300] "GET /?k=0012617626ebb31 HTTP/1.0" 403 4106 "-" "Mozilla/5.0 (Linux; Android 6.0.1; Nexus 5X Build/MMB29P) AppleWebKit/537.36 (KHTML, like Gecko) Chrome/143.0.7499.192 Mobile Safari/537.36 (compatible; Googlebot/2.1; +http://www.google.com/bot.html)"
