104.23.175.227 - - [11/Jan/2026:06:15:59 +0300] "GET /ptv7k/gig-performer-vs-reaper.html HTTP/1.0" 403 4106 "http://smorodina.gramor.site/o4gpgo/stryker-onsite-specialist-salary.html" "Mozilla/5.0 (Linux; Android 7.0;) AppleWebKit/537.36 (KHTML, like Gecko) Mobile Safari/537.36 (compatible; PetalBot;+https://webmaster.petalsearch.com/site/petalbot)"
104.23.175.226 - - [11/Jan/2026:06:18:34 +0300] "GET /ptv7k/generate-bearer-token-from-username-and-password-online.html HTTP/1.0" 403 4106 "https://optimsale.ru/bjo3pla/lesson-plan-in-science-grade-4-pdf.html" "Mozilla/5.0 (Linux; Android 7.0;) AppleWebKit/537.36 (KHTML, like Gecko) Mobile Safari/537.36 (compatible; PetalBot;+https://webmaster.petalsearch.com/site/petalbot)"
172.71.150.186 - - [11/Jan/2026:06:19:53 +0300] "GET /?k=0019889191e13fe HTTP/1.0" 403 4106 "-" "Mozilla/5.0 (Linux; Android 6.0.1; Nexus 5X Build/MMB29P) AppleWebKit/537.36 (KHTML, like Gecko) Chrome/143.0.7499.192 Mobile Safari/537.36 (compatible; Googlebot/2.1; +http://www.google.com/bot.html)"
172.71.81.214 - - [11/Jan/2026:06:21:13 +0300] "GET /ptv7k/gateway-i7-laptop.html HTTP/1.0" 403 4106 "https://teplook.ru/2t4jwxq/exploring-science-9a-quick-quiz-answers.html" "Mozilla/5.0 (Linux; Android 7.0;) AppleWebKit/537.36 (KHTML, like Gecko) Mobile Safari/537.36 (compatible; PetalBot;+https://webmaster.petalsearch.com/site/petalbot)"
104.23.175.226 - - [11/Jan/2026:06:23:46 +0300] "GET /ptv7k/english-to-hebrew-translation.html HTTP/1.0" 403 4106 "https://lir24.ru/xdu8pjqa7g/no-module-named-pygrib.html" "Mozilla/5.0 (Linux; Android 7.0;) AppleWebKit/537.36 (KHTML, like Gecko) Mobile Safari/537.36 (compatible; PetalBot;+https://webmaster.petalsearch.com/site/petalbot)"
108.162.246.139 - - [11/Jan/2026:06:23:57 +0300] "GET /?k=0067839989a611 HTTP/1.0" 403 4106 "-" "Mozilla/5.0 (Linux; Android 6.0.1; Nexus 5X Build/MMB29P) AppleWebKit/537.36 (KHTML, like Gecko) Chrome/143.0.7499.192 Mobile Safari/537.36 (compatible; Googlebot/2.1; +http://www.google.com/bot.html)"
104.23.175.227 - - [11/Jan/2026:06:26:17 +0300] "GET /ptv7k/diy-camera-jammer.html HTTP/1.0" 403 4106 "http://otel-demo.webtm.ru/69xo5vg/iis-the-certificate-chain-was-issued-by-an-authority-that-is-not-trusted.html" "Mozilla/5.0 (Linux; Android 7.0;) AppleWebKit/537.36 (KHTML, like Gecko) Mobile Safari/537.36 (compatible; PetalBot;+https://webmaster.petalsearch.com/site/petalbot)"
172.71.150.187 - - [11/Jan/2026:06:28:00 +0300] "GET /?k=0010151509b33ed HTTP/1.0" 403 4106 "-" "Mozilla/5.0 (Linux; Android 6.0.1; Nexus 5X Build/MMB29P) AppleWebKit/537.36 (KHTML, like Gecko) Chrome/143.0.7499.192 Mobile Safari/537.36 (compatible; Googlebot/2.1; +http://www.google.com/bot.html)"
162.158.106.115 - - [11/Jan/2026:06:28:53 +0300] "GET /ptv7k/dcc-loading-delay.html HTTP/1.0" 403 4106 "http://smorodina.gramor.site/o4gpgo/6br-savage-barrel.html" "Mozilla/5.0 (Linux; Android 7.0;) AppleWebKit/537.36 (KHTML, like Gecko) Mobile Safari/537.36 (compatible; PetalBot;+https://webmaster.petalsearch.com/site/petalbot)"
172.70.208.128 - - [11/Jan/2026:06:31:27 +0300] "GET /ptv7k/bmw-msd81-mosfet.html HTTP/1.0" 403 4106 "http://howleyconstruction.com.au/rm0aw/bavarian-mountain-bloodhound-for-sale.html" "Mozilla/5.0 (Linux; Android 7.0;) AppleWebKit/537.36 (KHTML, like Gecko) Mobile Safari/537.36 (compatible; PetalBot;+https://webmaster.petalsearch.com/site/petalbot)"
172.71.150.187 - - [11/Jan/2026:06:32:05 +0300] "GET /?k=0015637273630a3 HTTP/1.0" 403 4106 "-" "Mozilla/5.0 (Linux; Android 6.0.1; Nexus 5X Build/MMB29P) AppleWebKit/537.36 (KHTML, like Gecko) Chrome/143.0.7499.192 Mobile Safari/537.36 (compatible; Googlebot/2.1; +http://www.google.com/bot.html)"
172.71.124.73 - - [11/Jan/2026:06:34:03 +0300] "GET /ptv7k/wled-custom-effects-download.html HTTP/1.0" 403 4106 "http://any.trekaustralia.net/pxy1/how-much-does-a-20x20-paver-patio-cost.html" "Mozilla/5.0 (Linux; Android 7.0;) AppleWebKit/537.36 (KHTML, like Gecko) Mobile Safari/537.36 (compatible; PetalBot;+https://webmaster.petalsearch.com/site/petalbot)"
172.71.150.187 - - [11/Jan/2026:06:36:07 +0300] "GET /?k=00906075cc21c HTTP/1.0" 403 4106 "-" "Mozilla/5.0 (Linux; Android 6.0.1; Nexus 5X Build/MMB29P) AppleWebKit/537.36 (KHTML, like Gecko) Chrome/143.0.7499.192 Mobile Safari/537.36 (compatible; Googlebot/2.1; +http://www.google.com/bot.html)"
104.23.175.226 - - [11/Jan/2026:06:39:13 +0300] "GET /ptv7k/what-did-the-northwest-tribes-grow.html HTTP/1.0" 403 4106 "http://reports.ogigemicrofinancebank.com/wp-nasdaq/8ggc3wd/honkai-impact-3rd-watch-fanfiction.html" "Mozilla/5.0 (Linux; Android 7.0;) AppleWebKit/537.36 (KHTML, like Gecko) Mobile Safari/537.36 (compatible; PetalBot;+https://webmaster.petalsearch.com/site/petalbot)"
172.70.92.181 - - [11/Jan/2026:06:41:56 +0300] "GET /ptv7k/undetectable-android-payload-github.html HTTP/1.0" 403 4106 "http://silviakennett.com.au/7upjz1/older-sister-in-ilocano.html" "Mozilla/5.0 (Linux; Android 7.0;) AppleWebKit/537.36 (KHTML, like Gecko) Mobile Safari/537.36 (compatible; PetalBot;+https://webmaster.petalsearch.com/site/petalbot)"
104.23.175.226 - - [11/Jan/2026:06:44:24 +0300] "GET /ptv7k/thailand-salary-increase-2023.html HTTP/1.0" 403 4106 "https://diamondbrite-dent.ru/4g8lbgb/how-to-sell-stolen-items-without-getting-caught.html" "Mozilla/5.0 (Linux; Android 7.0;) AppleWebKit/537.36 (KHTML, like Gecko) Mobile Safari/537.36 (compatible; PetalBot;+https://webmaster.petalsearch.com/site/petalbot)"
162.158.41.140 - - [11/Jan/2026:06:45:13 +0300] "GET /?k=001753246046418 HTTP/1.0" 403 4106 "-" "Mozilla/5.0 (Linux; Android 6.0.1; Nexus 5X Build/MMB29P) AppleWebKit/537.36 (KHTML, like Gecko) Chrome/143.0.7499.192 Mobile Safari/537.36 (compatible; Googlebot/2.1; +http://www.google.com/bot.html)"
172.70.142.194 - - [11/Jan/2026:06:46:59 +0300] "GET /ptv7k/teenage-love-stories-on-netflix.html HTTP/1.0" 403 4106 "http://smorodina.gramor.site/o4gpgo/6br-savage-barrel.html" "Mozilla/5.0 (Linux; Android 7.0;) AppleWebKit/537.36 (KHTML, like Gecko) Mobile Safari/537.36 (compatible; PetalBot;+https://webmaster.petalsearch.com/site/petalbot)"
162.158.88.71 - - [11/Jan/2026:06:49:33 +0300] "GET /ptv7k/school-bus-rental.html HTTP/1.0" 403 4106 "https://test.atletika24.ru/siqm4e/adjust-for-best-performance-windows-10-registry.html" "Mozilla/5.0 (Linux; Android 7.0;) AppleWebKit/537.36 (KHTML, like Gecko) Mobile Safari/537.36 (compatible; PetalBot;+https://webmaster.petalsearch.com/site/petalbot)"
172.68.164.47 - - [11/Jan/2026:06:52:07 +0300] "GET /ptv7k/ruin-my-life-respectfully.html HTTP/1.0" 403 4106 "https://atomcult.ru/oj0za/how-to-remove-cases-from-ccap.html" "Mozilla/5.0 (Linux; Android 7.0;) AppleWebKit/537.36 (KHTML, like Gecko) Mobile Safari/537.36 (compatible; PetalBot;+https://webmaster.petalsearch.com/site/petalbot)"
172.70.47.102 - - [11/Jan/2026:06:52:19 +0300] "GET /?k=00460377f8ad85 HTTP/1.0" 403 4106 "-" "Mozilla/5.0 (Linux; Android 6.0.1; Nexus 5X Build/MMB29P) AppleWebKit/537.36 (KHTML, like Gecko) Chrome/143.0.7499.192 Mobile Safari/537.36 (compatible; Googlebot/2.1; +http://www.google.com/bot.html)"
104.23.175.226 - - [11/Jan/2026:06:54:42 +0300] "GET /ptv7k/random-character-generator-disney.html HTTP/1.0" 403 4106 "http://test.munys.tmweb.ru/7att/average-twitter-engagement-rate.html" "Mozilla/5.0 (Linux; Android 7.0;) AppleWebKit/537.36 (KHTML, like Gecko) Mobile Safari/537.36 (compatible; PetalBot;+https://webmaster.petalsearch.com/site/petalbot)"
172.71.81.214 - - [11/Jan/2026:06:57:16 +0300] "GET /ptv7k/prayer-points-to-be-the-head-and-not-the-tail.html HTTP/1.0" 403 4106 "http://constructech.com.au/oyaxio/tidal-basin-legendary-rewards.html" "Mozilla/5.0 (Linux; Android 7.0;) AppleWebKit/537.36 (KHTML, like Gecko) Mobile Safari/537.36 (compatible; PetalBot;+https://webmaster.petalsearch.com/site/petalbot)"
172.70.46.176 - - [11/Jan/2026:06:57:22 +0300] "GET /?k=12927747a45b8f HTTP/1.0" 403 4106 "-" "Mozilla/5.0 (Linux; Android 6.0.1; Nexus 5X Build/MMB29P) AppleWebKit/537.36 (KHTML, like Gecko) Chrome/143.0.7499.192 Mobile Safari/537.36 (compatible; Googlebot/2.1; +http://www.google.com/bot.html)"
172.71.124.72 - - [11/Jan/2026:06:59:51 +0300] "GET /ptv7k/peavey-custom-shop-closed.html HTTP/1.0" 403 4106 "https://nezabudkann.ru/z05gig/aws-secrets-manager-version-terraform.html" "Mozilla/5.0 (Linux; Android 7.0;) AppleWebKit/537.36 (KHTML, like Gecko) Mobile Safari/537.36 (compatible; PetalBot;+https://webmaster.petalsearch.com/site/petalbot)"
162.158.170.230 - - [11/Jan/2026:07:02:26 +0300] "GET /ptv7k/noise-cancelling-car.html HTTP/1.0" 403 4106 "https://ddpc.com.au/al2i8c/yamaha-yt624ej-manual.html" "Mozilla/5.0 (Linux; Android 7.0;) AppleWebKit/537.36 (KHTML, like Gecko) Mobile Safari/537.36 (compatible; PetalBot;+https://webmaster.petalsearch.com/site/petalbot)"
162.158.108.146 - - [11/Jan/2026:07:05:01 +0300] "GET /ptv7k/mcr3u-chapter-4-test.html HTTP/1.0" 403 4106 "http://artdekofire.pro/alnxl/build-your-own-cage.html" "Mozilla/5.0 (Linux; Android 7.0;) AppleWebKit/537.36 (KHTML, like Gecko) Mobile Safari/537.36 (compatible; PetalBot;+https://webmaster.petalsearch.com/site/petalbot)"
172.68.22.250 - - [11/Jan/2026:07:07:26 +0300] "GET /?k=109065450c20e5 HTTP/1.0" 403 4106 "-" "Mozilla/5.0 (Linux; Android 6.0.1; Nexus 5X Build/MMB29P) AppleWebKit/537.36 (KHTML, like Gecko) Chrome/143.0.7499.192 Mobile Safari/537.36 (compatible; Googlebot/2.1; +http://www.google.com/bot.html)"
172.70.208.128 - - [11/Jan/2026:07:07:34 +0300] "GET /ptv7k/kawasaki-fx730v-oil-filter-wix.html HTTP/1.0" 403 4106 "http://geniushomeloans.com.au/zf3og8/14x14-lean-to-shed-plans.html" "Mozilla/5.0 (Linux; Android 7.0;) AppleWebKit/537.36 (KHTML, like Gecko) Mobile Safari/537.36 (compatible; PetalBot;+https://webmaster.petalsearch.com/site/petalbot)"
172.68.22.250 - - [11/Jan/2026:07:09:27 +0300] "GET /?k=00206118596255f HTTP/1.0" 403 4106 "-" "Mozilla/5.0 (Linux; Android 6.0.1; Nexus 5X Build/MMB29P) AppleWebKit/537.36 (KHTML, like Gecko) Chrome/143.0.7499.192 Mobile Safari/537.36 (compatible; Googlebot/2.1; +http://www.google.com/bot.html)"
172.70.142.195 - - [11/Jan/2026:07:10:10 +0300] "GET /ptv7k/jacksonville-fishing-spots.html HTTP/1.0" 403 4106 "http://test.jdmprint.com.au/8pukz/bootstrap-4-sidebar-codepen.html" "Mozilla/5.0 (Linux; Android 7.0;) AppleWebKit/537.36 (KHTML, like Gecko) Mobile Safari/537.36 (compatible; PetalBot;+https://webmaster.petalsearch.com/site/petalbot)"
172.71.150.187 - - [11/Jan/2026:07:12:29 +0300] "GET /?k=09895567c38065 HTTP/1.0" 403 4106 "-" "Mozilla/5.0 (Linux; Android 6.0.1; Nexus 5X Build/MMB29P) AppleWebKit/537.36 (KHTML, like Gecko) Chrome/143.0.7499.192 Mobile Safari/537.36 (compatible; Googlebot/2.1; +http://www.google.com/bot.html)"
172.71.124.72 - - [11/Jan/2026:07:12:44 +0300] "GET /ptv7k/isekai-manhwa-with-op-female-lead.html HTTP/1.0" 403 4106 "http://bluestoneimages.com.au/2raz2z/kani-rosi-height.html" "Mozilla/5.0 (Linux; Android 7.0;) AppleWebKit/537.36 (KHTML, like Gecko) Mobile Safari/537.36 (compatible; PetalBot;+https://webmaster.petalsearch.com/site/petalbot)"
162.158.88.71 - - [11/Jan/2026:07:15:18 +0300] "GET /ptv7k/waterfall-display-software.html HTTP/1.0" 403 4106 "http://artdekofire.pro/alnxl/surfers-paradise-news-today.html" "Mozilla/5.0 (Linux; Android 7.0;) AppleWebKit/537.36 (KHTML, like Gecko) Mobile Safari/537.36 (compatible; PetalBot;+https://webmaster.petalsearch.com/site/petalbot)"
172.68.22.251 - - [11/Jan/2026:07:17:14 +0300] "GET /?k=001661346741a7a HTTP/1.0" 403 4106 "-" "Mozilla/5.0 (Linux; Android 6.0.1; Nexus 5X Build/MMB29P) AppleWebKit/537.36 (KHTML, like Gecko) Chrome/143.0.7499.192 Mobile Safari/537.36 (compatible; Googlebot/2.1; +http://www.google.com/bot.html)"
104.23.175.226 - - [11/Jan/2026:07:17:52 +0300] "GET /ptv7k/theft-of-service-meaning.html HTTP/1.0" 403 4106 "http://www.remontariston.ru/qkpms2l/lamar-county-tx-gis.html" "Mozilla/5.0 (Linux; Android 7.0;) AppleWebKit/537.36 (KHTML, like Gecko) Mobile Safari/537.36 (compatible; PetalBot;+https://webmaster.petalsearch.com/site/petalbot)"
172.69.176.144 - - [11/Jan/2026:07:20:28 +0300] "GET /ptv7k/synthesis-essay-example-ap-lang.html HTTP/1.0" 403 4106 "https://nezabudkann.ru/z05gig/ozempic-vs-januvia.html" "Mozilla/5.0 (Linux; Android 7.0;) AppleWebKit/537.36 (KHTML, like Gecko) Mobile Safari/537.36 (compatible; PetalBot;+https://webmaster.petalsearch.com/site/petalbot)"
162.158.88.71 - - [11/Jan/2026:07:23:06 +0300] "GET /ptv7k/solar-discount-warehouse.html HTTP/1.0" 403 4106 "http://impactovisual.pt/nyqaou/unbalanced-panel-data-analysis.html" "Mozilla/5.0 (Linux; Android 7.0;) AppleWebKit/537.36 (KHTML, like Gecko) Mobile Safari/537.36 (compatible; PetalBot;+https://webmaster.petalsearch.com/site/petalbot)"
162.158.41.141 - - [11/Jan/2026:07:23:33 +0300] "GET /?k=00597421164b25 HTTP/1.0" 403 4106 "-" "Mozilla/5.0 (Linux; Android 6.0.1; Nexus 5X Build/MMB29P) AppleWebKit/537.36 (KHTML, like Gecko) Chrome/143.0.7499.192 Mobile Safari/537.36 (compatible; Googlebot/2.1; +http://www.google.com/bot.html)"
162.158.88.71 - - [11/Jan/2026:07:25:37 +0300] "GET /ptv7k/records-for-fisher-price-record-player.html HTTP/1.0" 403 4106 "https://splitekran.ru/0icu2az3/why-does-my-mom-compare-herself-to-me.html" "Mozilla/5.0 (Linux; Android 7.0;) AppleWebKit/537.36 (KHTML, like Gecko) Mobile Safari/537.36 (compatible; PetalBot;+https://webmaster.petalsearch.com/site/petalbot)"
104.23.175.227 - - [11/Jan/2026:07:28:12 +0300] "GET /ptv7k/raw-milk-for-sale.html HTTP/1.0" 403 4106 "https://opsk24.ru/zh6i/used-greenhouse-for-sale-craigslist.html" "Mozilla/5.0 (Linux; Android 7.0;) AppleWebKit/537.36 (KHTML, like Gecko) Mobile Safari/537.36 (compatible; PetalBot;+https://webmaster.petalsearch.com/site/petalbot)"
172.68.164.46 - - [11/Jan/2026:07:30:46 +0300] "GET /ptv7k/oppo-a5s-olx-rawalpindi.html HTTP/1.0" 403 4106 "http://smorodina.gramor.site/o4gpgo/hidden-hills-horse-boarding.html" "Mozilla/5.0 (Linux; Android 7.0;) AppleWebKit/537.36 (KHTML, like Gecko) Mobile Safari/537.36 (compatible; PetalBot;+https://webmaster.petalsearch.com/site/petalbot)"
108.162.246.139 - - [11/Jan/2026:07:31:02 +0300] "GET /?k=1382793d8045 HTTP/1.0" 403 4106 "-" "Mozilla/5.0 (Linux; Android 6.0.1; Nexus 5X Build/MMB29P) AppleWebKit/537.36 (KHTML, like Gecko) Chrome/143.0.7499.192 Mobile Safari/537.36 (compatible; Googlebot/2.1; +http://www.google.com/bot.html)"
172.70.92.180 - - [11/Jan/2026:07:33:21 +0300] "GET /ptv7k/non-gmo-soybeans-prices-per-ton.html HTTP/1.0" 403 4106 "https://atomcult.ru/oj0za/how-to-remove-cases-from-ccap.html" "Mozilla/5.0 (Linux; Android 7.0;) AppleWebKit/537.36 (KHTML, like Gecko) Mobile Safari/537.36 (compatible; PetalBot;+https://webmaster.petalsearch.com/site/petalbot)"
108.162.226.7 - - [11/Jan/2026:07:35:57 +0300] "GET /ptv7k/menangle-crash-reddit.html HTTP/1.0" 403 4106 "http://russar.gramor.site/qhh4y/how-to-lock-tesla-doors-from-inside.html" "Mozilla/5.0 (Linux; Android 7.0;) AppleWebKit/537.36 (KHTML, like Gecko) Mobile Safari/537.36 (compatible; PetalBot;+https://webmaster.petalsearch.com/site/petalbot)"
162.158.106.115 - - [11/Jan/2026:07:38:31 +0300] "GET /ptv7k/local-government-regulations-sa.html HTTP/1.0" 403 4106 "http://aplosai.com/phpmailnew/joxle/linux-mouse-disappears.html" "Mozilla/5.0 (Linux; Android 7.0;) AppleWebKit/537.36 (KHTML, like Gecko) Mobile Safari/537.36 (compatible; PetalBot;+https://webmaster.petalsearch.com/site/petalbot)"
162.158.41.141 - - [11/Jan/2026:07:38:33 +0300] "GET /?k=03184459018cc HTTP/1.0" 403 4106 "-" "Mozilla/5.0 (Linux; Android 6.0.1; Nexus 5X Build/MMB29P) AppleWebKit/537.36 (KHTML, like Gecko) Chrome/143.0.7499.192 Mobile Safari/537.36 (compatible; Googlebot/2.1; +http://www.google.com/bot.html)"
162.158.88.71 - - [11/Jan/2026:07:41:05 +0300] "GET /ptv7k/lizard-lounge-houston.html HTTP/1.0" 403 4106 "https://ddpc.com.au/al2i8c/how-to-get-free-electric-from-key-meter.html" "Mozilla/5.0 (Linux; Android 7.0;) AppleWebKit/537.36 (KHTML, like Gecko) Mobile Safari/537.36 (compatible; PetalBot;+https://webmaster.petalsearch.com/site/petalbot)"
172.70.92.181 - - [11/Jan/2026:07:43:41 +0300] "GET /ptv7k/live-in-hotel-jobs-near-me.html HTTP/1.0" 403 4106 "http://kaizen.hostmandriva.com/njugivi/putzmeister-concrete-pump-price.html" "Mozilla/5.0 (Linux; Android 7.0;) AppleWebKit/537.36 (KHTML, like Gecko) Mobile Safari/537.36 (compatible; PetalBot;+https://webmaster.petalsearch.com/site/petalbot)"
162.158.41.141 - - [11/Jan/2026:07:46:02 +0300] "GET /?k=00260351bc11e8 HTTP/1.0" 403 4106 "-" "Mozilla/5.0 (Linux; Android 6.0.1; Nexus 5X Build/MMB29P) AppleWebKit/537.36 (KHTML, like Gecko) Chrome/143.0.7499.192 Mobile Safari/537.36 (compatible; Googlebot/2.1; +http://www.google.com/bot.html)"
172.68.164.46 - - [11/Jan/2026:07:46:15 +0300] "GET /ptv7k/list-of-missing-persons-in-kentucky-2023.html HTTP/1.0" 403 4106 "https://lir24.ru/xdu8pjqa7g/obs-4x4-ls-swap-headers.html" "Mozilla/5.0 (Linux; Android 7.0;) AppleWebKit/537.36 (KHTML, like Gecko) Mobile Safari/537.36 (compatible; PetalBot;+https://webmaster.petalsearch.com/site/petalbot)"
162.158.106.115 - - [11/Jan/2026:07:48:51 +0300] "GET /ptv7k/lane-machine-for-sale.html HTTP/1.0" 403 4106 "https://promsnab888.ru/jqopcol/cheap-balenciaga-shoes.html" "Mozilla/5.0 (Linux; Android 7.0;) AppleWebKit/537.36 (KHTML, like Gecko) Mobile Safari/537.36 (compatible; PetalBot;+https://webmaster.petalsearch.com/site/petalbot)"
172.68.164.46 - - [11/Jan/2026:07:51:28 +0300] "GET /ptv7k/land-for-sale-ayrshire.html HTTP/1.0" 403 4106 "https://test.atletika24.ru/siqm4e/adjust-for-best-performance-windows-10-registry.html" "Mozilla/5.0 (Linux; Android 7.0;) AppleWebKit/537.36 (KHTML, like Gecko) Mobile Safari/537.36 (compatible; PetalBot;+https://webmaster.petalsearch.com/site/petalbot)"
108.162.246.140 - - [11/Jan/2026:07:53:32 +0300] "GET /?k=004496543f02b4 HTTP/1.0" 403 4106 "-" "Mozilla/5.0 (Linux; Android 6.0.1; Nexus 5X Build/MMB29P) AppleWebKit/537.36 (KHTML, like Gecko) Chrome/143.0.7499.192 Mobile Safari/537.36 (compatible; Googlebot/2.1; +http://www.google.com/bot.html)"
172.70.142.194 - - [11/Jan/2026:07:53:59 +0300] "GET /ptv7k/jolly-negro-bank-worth.html HTTP/1.0" 403 4106 "http://aplosai.com/phpmailnew/joxle/linux-mouse-disappears.html" "Mozilla/5.0 (Linux; Android 7.0;) AppleWebKit/537.36 (KHTML, like Gecko) Mobile Safari/537.36 (compatible; PetalBot;+https://webmaster.petalsearch.com/site/petalbot)"
162.158.88.71 - - [11/Jan/2026:07:56:33 +0300] "GET /ptv7k/winning-spiritual-battle-sermon.html HTTP/1.0" 403 4106 "https://weekenders.ru/sauqmo8fl/yugioh-dante-deck.html" "Mozilla/5.0 (Linux; Android 7.0;) AppleWebKit/537.36 (KHTML, like Gecko) Mobile Safari/537.36 (compatible; PetalBot;+https://webmaster.petalsearch.com/site/petalbot)"
162.158.108.146 - - [11/Jan/2026:07:59:08 +0300] "GET /ptv7k/what-is-the-order-of-islands-in-blox-fruits.html HTTP/1.0" 403 4106 "http://constructech.com.au/oyaxio/ruger-american-predator-with-magpul-stock-review.html" "Mozilla/5.0 (Linux; Android 7.0;) AppleWebKit/537.36 (KHTML, like Gecko) Mobile Safari/537.36 (compatible; PetalBot;+https://webmaster.petalsearch.com/site/petalbot)"
172.71.150.187 - - [11/Jan/2026:08:01:02 +0300] "GET /?k=0392770948300a HTTP/1.0" 403 4106 "-" "Mozilla/5.0 (Linux; Android 6.0.1; Nexus 5X Build/MMB29P) AppleWebKit/537.36 (KHTML, like Gecko) Chrome/143.0.7499.192 Mobile Safari/537.36 (compatible; Googlebot/2.1; +http://www.google.com/bot.html)"
172.70.142.194 - - [11/Jan/2026:08:01:43 +0300] "GET /ptv7k/what-is-jury-duty-like-reddit.html HTTP/1.0" 403 4106 "https://inkpaper.ru/xgtrb/city-credit-union-loan-payment.html" "Mozilla/5.0 (Linux; Android 7.0;) AppleWebKit/537.36 (KHTML, like Gecko) Mobile Safari/537.36 (compatible; PetalBot;+https://webmaster.petalsearch.com/site/petalbot)"
104.23.175.227 - - [11/Jan/2026:08:04:18 +0300] "GET /ptv7k/ward-county-police-reports.html HTTP/1.0" 403 4106 "http://geniushomeloans.com.au/zf3og8/14x14-lean-to-shed-plans.html" "Mozilla/5.0 (Linux; Android 7.0;) AppleWebKit/537.36 (KHTML, like Gecko) Mobile Safari/537.36 (compatible; PetalBot;+https://webmaster.petalsearch.com/site/petalbot)"
162.158.108.146 - - [11/Jan/2026:08:06:52 +0300] "GET /ptv7k/types-of-pots-syndrome.html HTTP/1.0" 403 4106 "https://butik-budka.ru/bfkro/best-egg-donor-agencies.html" "Mozilla/5.0 (Linux; Android 7.0;) AppleWebKit/537.36 (KHTML, like Gecko) Mobile Safari/537.36 (compatible; PetalBot;+https://webmaster.petalsearch.com/site/petalbot)"
172.71.150.186 - - [11/Jan/2026:08:08:32 +0300] "GET /?k=049065450c20e5 HTTP/1.0" 403 4106 "-" "Mozilla/5.0 (Linux; Android 6.0.1; Nexus 5X Build/MMB29P) AppleWebKit/537.36 (KHTML, like Gecko) Chrome/143.0.7499.192 Mobile Safari/537.36 (compatible; Googlebot/2.1; +http://www.google.com/bot.html)"
172.70.142.195 - - [11/Jan/2026:08:12:01 +0300] "GET /ptv7k/rural-property-for-sale-wiltshire.html HTTP/1.0" 403 4106 "http://shopbs.ru/b6gqljd/coffee-shop-description-paragraph.html" "Mozilla/5.0 (Linux; Android 7.0;) AppleWebKit/537.36 (KHTML, like Gecko) Mobile Safari/537.36 (compatible; PetalBot;+https://webmaster.petalsearch.com/site/petalbot)"
172.71.81.214 - - [11/Jan/2026:08:14:37 +0300] "GET /ptv7k/robson-ranch-golf-rates.html HTTP/1.0" 403 4106 "https://investra.ru/cmfm5/free-parking-hapuna-beach.html" "Mozilla/5.0 (Linux; Android 7.0;) AppleWebKit/537.36 (KHTML, like Gecko) Mobile Safari/537.36 (compatible; PetalBot;+https://webmaster.petalsearch.com/site/petalbot)"
108.162.246.139 - - [11/Jan/2026:08:17:02 +0300] "GET /?k=00415494513134 HTTP/1.0" 403 4106 "-" "Mozilla/5.0 (Linux; Android 6.0.1; Nexus 5X Build/MMB29P) AppleWebKit/537.36 (KHTML, like Gecko) Chrome/143.0.7499.192 Mobile Safari/537.36 (compatible; Googlebot/2.1; +http://www.google.com/bot.html)"
108.162.226.7 - - [11/Jan/2026:08:17:12 +0300] "GET /ptv7k/retail-space-for-sale-san-diego.html HTTP/1.0" 403 4106 "http://www.remontariston.ru/qkpms2l/utility-trailers-for-sale-lafayette-la.html" "Mozilla/5.0 (Linux; Android 7.0;) AppleWebKit/537.36 (KHTML, like Gecko) Mobile Safari/537.36 (compatible; PetalBot;+https://webmaster.petalsearch.com/site/petalbot)"
104.23.175.226 - - [11/Jan/2026:08:19:45 +0300] "GET /ptv7k/rap-concert-in-houston-last-night.html HTTP/1.0" 403 4106 "http://tishlees.com.au/vmat8i/bergen-county-zoning-map.html" "Mozilla/5.0 (Linux; Android 7.0;) AppleWebKit/537.36 (KHTML, like Gecko) Mobile Safari/537.36 (compatible; PetalBot;+https://webmaster.petalsearch.com/site/petalbot)"
172.70.142.195 - - [11/Jan/2026:08:22:21 +0300] "GET /ptv7k/physics-solutions-manual.html HTTP/1.0" 403 4106 "http://fmcg.navicongroup.ru/q5tfd6l/robles-park-village-tampa.html" "Mozilla/5.0 (Linux; Android 7.0;) AppleWebKit/537.36 (KHTML, like Gecko) Mobile Safari/537.36 (compatible; PetalBot;+https://webmaster.petalsearch.com/site/petalbot)"
162.158.41.140 - - [11/Jan/2026:08:24:32 +0300] "GET /?k=132061628edcff5 HTTP/1.0" 403 4106 "-" "Mozilla/5.0 (Linux; Android 6.0.1; Nexus 5X Build/MMB29P) AppleWebKit/537.36 (KHTML, like Gecko) Chrome/143.0.7499.192 Mobile Safari/537.36 (compatible; Googlebot/2.1; +http://www.google.com/bot.html)"
172.70.188.25 - - [11/Jan/2026:08:24:57 +0300] "GET /ptv7k/mql5-mt4-download.html HTTP/1.0" 403 4106 "https://zavapi.com/odrpdwu/what-happened-to-channel-36.html" "Mozilla/5.0 (Linux; Android 7.0;) AppleWebKit/537.36 (KHTML, like Gecko) Mobile Safari/537.36 (compatible; PetalBot;+https://webmaster.petalsearch.com/site/petalbot)"
172.70.188.25 - - [11/Jan/2026:08:27:30 +0300] "GET /ptv7k/mercedes-sprinter-camper-for-sale.html HTTP/1.0" 403 4106 "http://fmcg.navicongroup.ru/q5tfd6l/cbt-exam-pdf.html" "Mozilla/5.0 (Linux; Android 7.0;) AppleWebKit/537.36 (KHTML, like Gecko) Mobile Safari/537.36 (compatible; PetalBot;+https://webmaster.petalsearch.com/site/petalbot)"
172.68.164.47 - - [11/Jan/2026:08:30:04 +0300] "GET /ptv7k/marion-county-voter-lookup.html HTTP/1.0" 403 4106 "https://lir24.ru/xdu8pjqa7g/obs-4x4-ls-swap-headers.html" "Mozilla/5.0 (Linux; Android 7.0;) AppleWebKit/537.36 (KHTML, like Gecko) Mobile Safari/537.36 (compatible; PetalBot;+https://webmaster.petalsearch.com/site/petalbot)"
108.162.246.140 - - [11/Jan/2026:08:31:02 +0300] "GET /?k=00204018123119 HTTP/1.0" 403 4106 "-" "Mozilla/5.0 (Linux; Android 6.0.1; Nexus 5X Build/MMB29P) AppleWebKit/537.36 (KHTML, like Gecko) Chrome/143.0.7499.192 Mobile Safari/537.36 (compatible; Googlebot/2.1; +http://www.google.com/bot.html)"
172.71.81.213 - - [11/Jan/2026:08:32:38 +0300] "GET /ptv7k/m1102-trailer-for-sale-craigslist.html HTTP/1.0" 403 4106 "http://iancameronsmith.com.au/apnfj0/frankie-knuckles-day.html" "Mozilla/5.0 (Linux; Android 7.0;) AppleWebKit/537.36 (KHTML, like Gecko) Mobile Safari/537.36 (compatible; PetalBot;+https://webmaster.petalsearch.com/site/petalbot)"
172.70.208.129 - - [11/Jan/2026:08:35:15 +0300] "GET /ptv7k/loudoun-golf-and-country-club-membership-cost.html HTTP/1.0" 403 4106 "http://bluestoneimages.com.au/2raz2z/kani-rosi-height.html" "Mozilla/5.0 (Linux; Android 7.0;) AppleWebKit/537.36 (KHTML, like Gecko) Mobile Safari/537.36 (compatible; PetalBot;+https://webmaster.petalsearch.com/site/petalbot)"
162.158.163.173 - - [11/Jan/2026:08:37:49 +0300] "GET /ptv7k/japan-car-brands.html HTTP/1.0" 403 4106 "https://butik-budka.ru/bfkro/best-egg-donor-agencies.html" "Mozilla/5.0 (Linux; Android 7.0;) AppleWebKit/537.36 (KHTML, like Gecko) Mobile Safari/537.36 (compatible; PetalBot;+https://webmaster.petalsearch.com/site/petalbot)"
162.158.41.141 - - [11/Jan/2026:08:38:32 +0300] "GET /?k=03363126c7e178 HTTP/1.0" 403 4106 "-" "Mozilla/5.0 (Linux; Android 6.0.1; Nexus 5X Build/MMB29P) AppleWebKit/537.36 (KHTML, like Gecko) Chrome/143.0.7499.192 Mobile Safari/537.36 (compatible; Googlebot/2.1; +http://www.google.com/bot.html)"
172.70.208.128 - - [11/Jan/2026:08:40:22 +0300] "GET /ptv7k/is-finance-a-useless-degree.html HTTP/1.0" 403 4106 "https://promsnab888.ru/jqopcol/cheap-balenciaga-shoes.html" "Mozilla/5.0 (Linux; Android 7.0;) AppleWebKit/537.36 (KHTML, like Gecko) Mobile Safari/537.36 (compatible; PetalBot;+https://webmaster.petalsearch.com/site/petalbot)"
172.71.124.72 - - [11/Jan/2026:08:42:57 +0300] "GET /ptv7k/importance-of-culturing-bacteria.html HTTP/1.0" 403 4106 "https://diamondbrite-dent.ru/4g8lbgb/how-to-sell-stolen-items-without-getting-caught.html" "Mozilla/5.0 (Linux; Android 7.0;) AppleWebKit/537.36 (KHTML, like Gecko) Mobile Safari/537.36 (compatible; PetalBot;+https://webmaster.petalsearch.com/site/petalbot)"
172.71.147.216 - - [11/Jan/2026:08:46:02 +0300] "GET /?k=081651510c56e5f HTTP/1.0" 403 4106 "-" "Mozilla/5.0 (Linux; Android 6.0.1; Nexus 5X Build/MMB29P) AppleWebKit/537.36 (KHTML, like Gecko) Chrome/143.0.7499.192 Mobile Safari/537.36 (compatible; Googlebot/2.1; +http://www.google.com/bot.html)"
172.70.188.25 - - [11/Jan/2026:08:47:33 +0300] "GET /ptv7k/im-in-love-with-my-best-friend-but-shes-straight.html HTTP/1.0" 403 4106 "http://vladimir.munys.ru/2vjo/norwegian-escape-dining-menus-2023.html" "Mozilla/5.0 (Linux; Android 7.0;) AppleWebKit/537.36 (KHTML, like Gecko) Mobile Safari/537.36 (compatible; PetalBot;+https://webmaster.petalsearch.com/site/petalbot)"
104.23.175.226 - - [11/Jan/2026:08:49:10 +0300] "GET /ptv7k/i-want-my-boyfriend-to-plan-a-date.html HTTP/1.0" 403 4106 "https://kvalitet95.ru/5acv/chord-poly-battery-replacement.html" "Mozilla/5.0 (Linux; Android 7.0;) AppleWebKit/537.36 (KHTML, like Gecko) Mobile Safari/537.36 (compatible; PetalBot;+https://webmaster.petalsearch.com/site/petalbot)"
172.70.92.180 - - [11/Jan/2026:08:50:41 +0300] "GET /ptv7k/how-to-update-spark-driver-app.html HTTP/1.0" 403 4106 "http://planner.creativesmartsolution.com/kdg9/chemquest-17-quantum-numbers-answer-key.html" "Mozilla/5.0 (Linux; Android 7.0;) AppleWebKit/537.36 (KHTML, like Gecko) Mobile Safari/537.36 (compatible; PetalBot;+https://webmaster.petalsearch.com/site/petalbot)"
162.158.163.174 - - [11/Jan/2026:08:53:18 +0300] "GET /ptv7k/how-to-delete-robinhood-account-before-approval.html HTTP/1.0" 403 4106 "https://matrasultra.ru/yr4gut/dyson-v11-roller-brush-replacement.html" "Mozilla/5.0 (Linux; Android 7.0;) AppleWebKit/537.36 (KHTML, like Gecko) Mobile Safari/537.36 (compatible; PetalBot;+https://webmaster.petalsearch.com/site/petalbot)"
172.71.150.187 - - [11/Jan/2026:08:53:33 +0300] "GET /?k=00175604e2356 HTTP/1.0" 403 4106 "-" "Mozilla/5.0 (Linux; Android 6.0.1; Nexus 5X Build/MMB29P) AppleWebKit/537.36 (KHTML, like Gecko) Chrome/143.0.7499.192 Mobile Safari/537.36 (compatible; Googlebot/2.1; +http://www.google.com/bot.html)"
172.68.159.52 - - [11/Jan/2026:08:55:11 +0300] "GET /index.php/jk HTTP/1.0" 403 4106 "-" "Mozilla/5.0 (Macintosh; Intel Mac OS X 10.12; rv:103.0) Gecko/20100101 Firefox/103.0"
162.158.170.230 - - [11/Jan/2026:08:55:50 +0300] "GET /ptv7k/how-to-convince-your-sister-to-do-something-with-you.html HTTP/1.0" 403 4106 "http://fmcg.navicongroup.ru/q5tfd6l/cbt-exam-pdf.html" "Mozilla/5.0 (Linux; Android 7.0;) AppleWebKit/537.36 (KHTML, like Gecko) Mobile Safari/537.36 (compatible; PetalBot;+https://webmaster.petalsearch.com/site/petalbot)"
172.71.124.72 - - [11/Jan/2026:08:58:26 +0300] "GET /ptv7k/how-to-change-the-speedometer-from-km-to-miles-honda-civic.html HTTP/1.0" 403 4106 "https://stanlitop.ru/vum7n/hsbc-bank-locations-worldwide.html" "Mozilla/5.0 (Linux; Android 7.0;) AppleWebKit/537.36 (KHTML, like Gecko) Mobile Safari/537.36 (compatible; PetalBot;+https://webmaster.petalsearch.com/site/petalbot)"
162.158.108.146 - - [11/Jan/2026:09:01:01 +0300] "GET /ptv7k/how-long-does-it-take-to-receive-rfe-notice-for-premium-processing.html HTTP/1.0" 403 4106 "http://suvenir-rnd.ru/qbyusih/dying-light-free-ps5-upgrade.html" "Mozilla/5.0 (Linux; Android 7.0;) AppleWebKit/537.36 (KHTML, like Gecko) Mobile Safari/537.36 (compatible; PetalBot;+https://webmaster.petalsearch.com/site/petalbot)"
108.162.246.139 - - [11/Jan/2026:09:01:02 +0300] "GET /?k=00427389af099d HTTP/1.0" 403 4106 "-" "Mozilla/5.0 (Linux; Android 6.0.1; Nexus 5X Build/MMB29P) AppleWebKit/537.36 (KHTML, like Gecko) Chrome/143.0.7499.192 Mobile Safari/537.36 (compatible; Googlebot/2.1; +http://www.google.com/bot.html)"
172.70.142.195 - - [11/Jan/2026:09:03:34 +0300] "GET /ptv7k/homebrew-hf-tube-amplifier.html HTTP/1.0" 403 4106 "https://vezemvmoskvu.ru/txwv5bh7/abu-dhabi-municipality-building-permit-procedure.html" "Mozilla/5.0 (Linux; Android 7.0;) AppleWebKit/537.36 (KHTML, like Gecko) Mobile Safari/537.36 (compatible; PetalBot;+https://webmaster.petalsearch.com/site/petalbot)"
172.70.208.129 - - [11/Jan/2026:09:06:08 +0300] "GET /ptv7k/high-blood-pressure-hair-loss-reversible.html HTTP/1.0" 403 4106 "http://smorodina.gramor.site/o4gpgo/how-to-write-a-fairy-tale-pdf.html" "Mozilla/5.0 (Linux; Android 7.0;) AppleWebKit/537.36 (KHTML, like Gecko) Mobile Safari/537.36 (compatible; PetalBot;+https://webmaster.petalsearch.com/site/petalbot)"
172.68.22.250 - - [11/Jan/2026:09:08:32 +0300] "GET /?k=053631583a6821 HTTP/1.0" 403 4106 "-" "Mozilla/5.0 (Linux; Android 6.0.1; Nexus 5X Build/MMB29P) AppleWebKit/537.36 (KHTML, like Gecko) Chrome/143.0.7499.192 Mobile Safari/537.36 (compatible; Googlebot/2.1; +http://www.google.com/bot.html)"
172.68.164.47 - - [11/Jan/2026:09:08:43 +0300] "GET /ptv7k/heavy-metal-black-metal-bands.html HTTP/1.0" 403 4106 "http://fmcg.navicongroup.ru/q5tfd6l/vintage-campers-for-sale-maine.html" "Mozilla/5.0 (Linux; Android 7.0;) AppleWebKit/537.36 (KHTML, like Gecko) Mobile Safari/537.36 (compatible; PetalBot;+https://webmaster.petalsearch.com/site/petalbot)"
172.69.176.144 - - [11/Jan/2026:09:11:18 +0300] "GET /ptv7k/hear-the-angels-voices-christmas-song-lyrics.html HTTP/1.0" 403 4106 "http://vladimir.munys.ru/2vjo/csi-actor-dies.html" "Mozilla/5.0 (Linux; Android 7.0;) AppleWebKit/537.36 (KHTML, like Gecko) Mobile Safari/537.36 (compatible; PetalBot;+https://webmaster.petalsearch.com/site/petalbot)"
104.23.175.227 - - [11/Jan/2026:09:13:53 +0300] "GET /ptv7k/happiness-song-lyrics.html HTTP/1.0" 403 4106 "http://any.hongstkd.com.au/etygw/matlab-remove-zeros-from-end-of-array.html" "Mozilla/5.0 (Linux; Android 7.0;) AppleWebKit/537.36 (KHTML, like Gecko) Mobile Safari/537.36 (compatible; PetalBot;+https://webmaster.petalsearch.com/site/petalbot)"
162.158.41.140 - - [11/Jan/2026:09:16:02 +0300] "GET /?k=05362850161ed3 HTTP/1.0" 403 4106 "-" "Mozilla/5.0 (Linux; Android 6.0.1; Nexus 5X Build/MMB29P) AppleWebKit/537.36 (KHTML, like Gecko) Chrome/143.0.7499.192 Mobile Safari/537.36 (compatible; Googlebot/2.1; +http://www.google.com/bot.html)"
162.158.108.146 - - [11/Jan/2026:09:16:28 +0300] "GET /ptv7k/grc-eam-tcode.html HTTP/1.0" 403 4106 "http://www.wscc.ru/rnexv/data-architect-salesforce.html" "Mozilla/5.0 (Linux; Android 7.0;) AppleWebKit/537.36 (KHTML, like Gecko) Mobile Safari/537.36 (compatible; PetalBot;+https://webmaster.petalsearch.com/site/petalbot)"
162.158.88.70 - - [11/Jan/2026:09:19:03 +0300] "GET /acvlnqf/plot-normal-distribution-python.html HTTP/1.0" 403 4106 "http://smmart-pro.ru/m7s9u/franklinville-nj-fire-department.html" "Mozilla/5.0 (Linux; Android 7.0;) AppleWebKit/537.36 (KHTML, like Gecko) Mobile Safari/537.36 (compatible; PetalBot;+https://webmaster.petalsearch.com/site/petalbot)"
104.23.175.226 - - [11/Jan/2026:09:21:39 +0300] "GET /ptv7k/zongshen-223cc-4-stroke.html HTTP/1.0" 403 4106 "http://polyclinic.ru/te6qi4/4th-grade-reading-skills-worksheets.html" "Mozilla/5.0 (Linux; Android 7.0;) AppleWebKit/537.36 (KHTML, like Gecko) Mobile Safari/537.36 (compatible; PetalBot;+https://webmaster.petalsearch.com/site/petalbot)"
108.162.246.139 - - [11/Jan/2026:09:23:32 +0300] "GET /?k=009273264a2401 HTTP/1.0" 403 4106 "-" "Mozilla/5.0 (Linux; Android 6.0.1; Nexus 5X Build/MMB29P) AppleWebKit/537.36 (KHTML, like Gecko) Chrome/143.0.7499.192 Mobile Safari/537.36 (compatible; Googlebot/2.1; +http://www.google.com/bot.html)"
172.70.188.24 - - [11/Jan/2026:09:24:12 +0300] "GET /ptv7k/what-to-do-when-you-kiss-someone-for-the-first-time.html HTTP/1.0" 403 4106 "http://test.munys.tmweb.ru/7att/average-twitter-engagement-rate.html" "Mozilla/5.0 (Linux; Android 7.0;) AppleWebKit/537.36 (KHTML, like Gecko) Mobile Safari/537.36 (compatible; PetalBot;+https://webmaster.petalsearch.com/site/petalbot)"
162.158.108.146 - - [11/Jan/2026:09:26:46 +0300] "GET /ptv7k/valheim-server-config-file.html HTTP/1.0" 403 4106 "https://www.cmediya.ru/klmlt/cleanse-my-soul-bible-verse.html" "Mozilla/5.0 (Linux; Android 7.0;) AppleWebKit/537.36 (KHTML, like Gecko) Mobile Safari/537.36 (compatible; PetalBot;+https://webmaster.petalsearch.com/site/petalbot)"
172.70.142.194 - - [11/Jan/2026:09:29:22 +0300] "GET /ptv7k/urodynamic-testing-male.html HTTP/1.0" 403 4106 "http://payout.bdgens.com/p62vk/st-augustine-grass-turned-to-straw.html" "Mozilla/5.0 (Linux; Android 7.0;) AppleWebKit/537.36 (KHTML, like Gecko) Mobile Safari/537.36 (compatible; PetalBot;+https://webmaster.petalsearch.com/site/petalbot)"
172.70.208.129 - - [11/Jan/2026:09:31:56 +0300] "GET /ptv7k/top-20-banks-in-the-world.html HTTP/1.0" 403 4106 "https://kvalitet95.ru/5acv/bitcoin-miner-earn-real-crypto-apk.html" "Mozilla/5.0 (Linux; Android 7.0;) AppleWebKit/537.36 (KHTML, like Gecko) Mobile Safari/537.36 (compatible; PetalBot;+https://webmaster.petalsearch.com/site/petalbot)"
108.162.246.139 - - [11/Jan/2026:09:32:22 +0300] "GET /?k=00243637327e30 HTTP/1.0" 403 4106 "-" "Mozilla/5.0 (Linux; Android 6.0.1; Nexus 5X Build/MMB29P) AppleWebKit/537.36 (KHTML, like Gecko) Chrome/143.0.7499.192 Mobile Safari/537.36 (compatible; Googlebot/2.1; +http://www.google.com/bot.html)"
172.70.208.128 - - [11/Jan/2026:09:34:31 +0300] "GET /ptv7k/tommy-shelby-x-male-reader-wattpad.html HTTP/1.0" 403 4106 "https://alternativa-td.ru/ieaovw/dialux-evo-furniture-library.html" "Mozilla/5.0 (Linux; Android 7.0;) AppleWebKit/537.36 (KHTML, like Gecko) Mobile Safari/537.36 (compatible; PetalBot;+https://webmaster.petalsearch.com/site/petalbot)"
162.158.106.114 - - [11/Jan/2026:09:36:23 +0300] "GET /files.php HTTP/1.0" 403 4106 "https://www.bing.com/" "Mozilla/5.0 (iPhone; CPU iPhone OS 17_1_1 like Mac OS X) AppleWebKit/605.1.15 (KHTML, like Gecko) Version/17.1 Mobile/15E148 Safari/604.1"
162.158.106.114 - - [11/Jan/2026:09:36:23 +0300] "GET /ws.php HTTP/1.0" 403 4106 "https://www.google.fr/" "Mozilla/5.0 (Linux; Android 11; CPH2251) AppleWebKit/537.36 (KHTML, like Gecko) Chrome/116.0.0.0 Mobile Safari/537.36"
162.158.106.114 - - [11/Jan/2026:09:36:24 +0300] "GET /NewFile.php HTTP/1.0" 403 4106 "https://www.bing.com/" "Mozilla/5.0 (Linux; Android 14; Pixel 8 Pro) AppleWebKit/537.36 (KHTML, like Gecko) Chrome/119.0.0.0 Mobile Safari/537.36"
162.158.106.114 - - [11/Jan/2026:09:36:24 +0300] "GET /mail.php HTTP/1.0" 403 4106 "https://www.google.co.uk/" "Mozilla/5.0 (Linux; Android 14; Pixel 8 Pro) AppleWebKit/537.36 (KHTML, like Gecko) Chrome/119.0.0.0 Mobile Safari/537.36"
162.158.106.114 - - [11/Jan/2026:09:36:24 +0300] "GET /tiny.php HTTP/1.0" 403 4106 "https://www.google.fr/" "Mozilla/5.0 (Linux; Android 13; SM-G991U) AppleWebKit/537.36 (KHTML, like Gecko) Chrome/117.0.0.0 Mobile Safari/537.36"
162.158.106.114 - - [11/Jan/2026:09:36:24 +0300] "GET /wp-content/about.php HTTP/1.0" 403 4106 "https://www.google.de/" "Mozilla/5.0 (iPhone; CPU iPhone OS 16_6_1 like Mac OS X) AppleWebKit/605.1.15 (KHTML, like Gecko) Version/16.6 Mobile/15E148 Safari/604.1"
162.158.106.114 - - [11/Jan/2026:09:36:24 +0300] "GET /wp-content/themes/seotheme/mar.php HTTP/1.0" 403 4106 "https://www.google.fr/" "Mozilla/5.0 (Linux; Android 10; K) AppleWebKit/537.36 (KHTML, like Gecko) Chrome/117.0.0.0 Mobile Safari/537.36"
162.158.106.114 - - [11/Jan/2026:09:36:25 +0300] "GET /system_log.php HTTP/1.0" 403 4106 "https://duckduckgo.com/" "Mozilla/5.0 (Linux; Android 14; Pixel 8 Pro) AppleWebKit/537.36 (KHTML, like Gecko) Chrome/119.0.0.0 Mobile Safari/537.36"
162.158.106.114 - - [11/Jan/2026:09:36:25 +0300] "GET /wp-content/uploads/index.php HTTP/1.0" 403 4106 "https://www.google.co.uk/" "Mozilla/5.0 (Linux; Android 12; SM-A525F) AppleWebKit/537.36 (KHTML, like Gecko) Chrome/117.0.0.0 Mobile Safari/537.36"
162.158.106.114 - - [11/Jan/2026:09:36:25 +0300] "GET /.well-known/wso112233.php HTTP/1.0" 403 4106 "https://www.google.co.uk/" "Mozilla/5.0 (iPad; CPU OS 17_0_3 like Mac OS X) AppleWebKit/605.1.15 (KHTML, like Gecko) Version/17.0.1 Mobile/15E148 Safari/604.1"
162.158.106.114 - - [11/Jan/2026:09:36:25 +0300] "GET /log.php HTTP/1.0" 403 4106 "https://www.google.com/" "Mozilla/5.0 (Linux; Android 11; 21081111RG) AppleWebKit/537.36 (KHTML, like Gecko) Chrome/116.0.0.0 Mobile Safari/537.36"
162.158.106.114 - - [11/Jan/2026:09:36:25 +0300] "GET /wp-content/plugins HTTP/1.0" 403 4106 "https://www.google.co.uk/" "Mozilla/5.0 (iPad; CPU OS 17_0_3 like Mac OS X) AppleWebKit/605.1.15 (KHTML, like Gecko) Version/17.0.1 Mobile/15E148 Safari/604.1"
162.158.106.114 - - [11/Jan/2026:09:36:26 +0300] "GET /wp-content/plugins/autoload_classmap.php HTTP/1.0" 403 4106 "https://www.google.com/" "Mozilla/5.0 (Linux; Android 14; Pixel 8 Pro) AppleWebKit/537.36 (KHTML, like Gecko) Chrome/119.0.0.0 Mobile Safari/537.36"
162.158.106.114 - - [11/Jan/2026:09:36:26 +0300] "GET /wp-includes HTTP/1.0" 403 4106 "https://www.google.de/" "Mozilla/5.0 (Linux; Android 13; SM-G991U) AppleWebKit/537.36 (KHTML, like Gecko) Chrome/117.0.0.0 Mobile Safari/537.36"
162.158.106.114 - - [11/Jan/2026:09:36:26 +0300] "GET /themes.php HTTP/1.0" 403 4106 "https://www.google.de/" "Mozilla/5.0 (Linux; Android 12; V2134) AppleWebKit/537.36 (KHTML, like Gecko) Chrome/116.0.0.0 Mobile Safari/537.36"
162.158.106.114 - - [11/Jan/2026:09:36:26 +0300] "GET /wp-admin/includes/index.php HTTP/1.0" 403 4106 "https://www.bing.com/" "Mozilla/5.0 (Linux; Android 12; V2134) AppleWebKit/537.36 (KHTML, like Gecko) Chrome/116.0.0.0 Mobile Safari/537.36"
162.158.106.114 - - [11/Jan/2026:09:36:26 +0300] "GET /wp-admin/images/index.php HTTP/1.0" 403 4106 "https://www.google.co.uk/" "Mozilla/5.0 (Linux; Android 11; 21081111RG) AppleWebKit/537.36 (KHTML, like Gecko) Chrome/116.0.0.0 Mobile Safari/537.36"
162.158.106.114 - - [11/Jan/2026:09:36:27 +0300] "GET /post.php HTTP/1.0" 403 4106 "https://www.yahoo.com/" "Mozilla/5.0 (Linux; Android 12; SM-A525F) AppleWebKit/537.36 (KHTML, like Gecko) Chrome/117.0.0.0 Mobile Safari/537.36"
162.158.106.114 - - [11/Jan/2026:09:36:27 +0300] "GET /wp-includes/Text/about.php HTTP/1.0" 403 4106 "https://www.google.de/" "Mozilla/5.0 (Linux; Android 13; SM-G991U) AppleWebKit/537.36 (KHTML, like Gecko) Chrome/117.0.0.0 Mobile Safari/537.36"
162.158.106.114 - - [11/Jan/2026:09:36:27 +0300] "GET /alfa-rex.php7 HTTP/1.0" 403 4106 "https://duckduckgo.com/" "Mozilla/5.g (Linux; Android 13; Pixel 7) AppleWebKit/537.36 (KHTML, like Gecko) Chrome/116.0.0.0 Mobile Safari/537.36"
162.158.106.114 - - [11/Jan/2026:09:36:28 +0300] "GET /options.php HTTP/1.0" 403 4106 "https://www.bing.com/" "Mozilla/5.0 (Linux; Android 13; SM-S908E) AppleWebKit/537.36 (KHTML, like Gecko) Chrome/116.0.0.0 Mobile Safari/537.36"
162.158.106.114 - - [11/Jan/2026:09:36:28 +0300] "GET /wp-admin/about.php HTTP/1.0" 403 4106 "https://duckduckgo.com/" "Mozilla/5.0 (Linux; Android 12; 2201116SG) AppleWebKit/537.36 (KHTML, like Gecko) Chrome/116.0.0.0 Mobile Safari/537.36"
162.158.106.114 - - [11/Jan/2026:09:36:28 +0300] "GET /wordpress/wp-admin/maint HTTP/1.0" 403 4106 "https://www.google.co.uk/" "Mozilla/5.0 (iPad; CPU OS 16_7_2 like Mac OS X) AppleWebKit/605.1.15 (KHTML, like Gecko) Version/16.6 Mobile/15E148 Safari/604.1"
162.158.106.114 - - [11/Jan/2026:09:36:28 +0300] "GET /wp-admin/classwithtostring.php HTTP/1.0" 403 4106 "https://www.bing.com/" "Mozilla/5.0 (Linux; Android 14; Pixel 8 Pro) AppleWebKit/537.36 (KHTML, like Gecko) Chrome/119.0.0.0 Mobile Safari/537.36"
162.158.106.114 - - [11/Jan/2026:09:36:28 +0300] "GET /hplfuns.php HTTP/1.0" 403 4106 "https://www.yahoo.com/" "Mozilla/5.0 (iPad; CPU OS 17_0_3 like Mac OS X) AppleWebKit/605.1.15 (KHTML, like Gecko) Version/17.0.1 Mobile/15E148 Safari/604.1"
162.158.106.114 - - [11/Jan/2026:09:36:29 +0300] "GET /wp-content/upgrade-temp-backup/about.php HTTP/1.0" 403 4106 "https://www.google.com/" "Mozilla/5.0 (Linux; Android 12; V2134) AppleWebKit/537.36 (KHTML, like Gecko) Chrome/116.0.0.0 Mobile Safari/537.36"
162.158.106.114 - - [11/Jan/2026:09:36:29 +0300] "GET /wp-conflg.php HTTP/1.0" 403 4106 "https://www.google.co.uk/" "Mozilla/5.0 (iPhone; CPU iPhone OS 17_1 like Mac OS X) AppleWebKit/605.1.15 (KHTML, like Gecko) CriOS/119.0.6045.109 Mobile/15E148 Safari/604.1"
162.158.106.114 - - [11/Jan/2026:09:36:29 +0300] "GET /wp-content/plugins/admin.php HTTP/1.0" 403 4106 "https://www.yahoo.com/" "Mozilla/5.0 (Linux; Android 11; CPH2251) AppleWebKit/537.36 (KHTML, like Gecko) Chrome/116.0.0.0 Mobile Safari/537.36"
162.158.106.114 - - [11/Jan/2026:09:36:29 +0300] "GET /ca5.php HTTP/1.0" 403 4106 "https://www.google.co.uk/" "Mozilla/5.0 (iPhone; CPU iPhone OS 16_0 like Mac OS X) AppleWebKit/605.1.15 (KHTML, like Gecko) FxiOS/118.0 Mobile/15E148 Safari/605.1.15"
162.158.106.114 - - [11/Jan/2026:09:36:29 +0300] "GET /wp-admin.php HTTP/1.0" 403 4106 "https://www.bing.com/" "Mozilla/5.0 (Linux; Android 11; 21081111RG) AppleWebKit/537.36 (KHTML, like Gecko) Chrome/116.0.0.0 Mobile Safari/537.36"
162.158.106.114 - - [11/Jan/2026:09:36:30 +0300] "GET /wp-includes/fonts/index.php HTTP/1.0" 403 4106 "https://duckduckgo.com/" "Mozilla/5.0 (Linux; Android 11; 21081111RG) AppleWebKit/537.36 (KHTML, like Gecko) Chrome/116.0.0.0 Mobile Safari/537.36"
162.158.106.114 - - [11/Jan/2026:09:36:30 +0300] "GET /wp-signin.php HTTP/1.0" 403 4106 "https://www.google.co.uk/" "Mozilla/5.0 (iPad; CPU OS 16_7_2 like Mac OS X) AppleWebKit/605.1.15 (KHTML, like Gecko) Version/16.6 Mobile/15E148 Safari/604.1"
162.158.106.114 - - [11/Jan/2026:09:36:30 +0300] "GET /cgi-bin HTTP/1.0" 403 4106 "https://www.google.de/" "Mozilla/5.0 (iPad; CPU OS 16_7_2 like Mac OS X) AppleWebKit/605.1.15 (KHTML, like Gecko) Version/16.6 Mobile/15E148 Safari/604.1"
162.158.106.114 - - [11/Jan/2026:09:36:30 +0300] "GET /cong.php HTTP/1.0" 403 4106 "https://www.google.co.uk/" "Mozilla/5.0 (iPhone; CPU iPhone OS 17_1_1 like Mac OS X) AppleWebKit/605.1.15 (KHTML, like Gecko) Version/17.1 Mobile/15E148 Safari/604.1"
162.158.106.114 - - [11/Jan/2026:09:36:30 +0300] "GET /wp-content/dn.php HTTP/1.0" 403 4106 "https://www.bing.com/" "Mozilla/5.0 (Linux; Android 12; SM-A525F) AppleWebKit/537.36 (KHTML, like Gecko) Chrome/117.0.0.0 Mobile Safari/537.36"
162.158.106.114 - - [11/Jan/2026:09:36:31 +0300] "GET /wp-content/themes/admin.php HTTP/1.0" 403 4106 "https://www.google.com/" "Mozilla/5.0 (Linux; Android 11; 21081111RG) AppleWebKit/537.36 (KHTML, like Gecko) Chrome/116.0.0.0 Mobile Safari/537.36"
162.158.106.114 - - [11/Jan/2026:09:36:31 +0300] "GET /wp-signup.php HTTP/1.0" 403 4106 "https://www.google.co.uk/" "Mozilla/5.0 (Linux; Android 13; M2101K6G) AppleWebKit/537.36 (KHTML, like Gecko) Chrome/116.0.0.0 Mobile Safari/537.36"
162.158.106.114 - - [11/Jan/2026:09:36:31 +0300] "GET /wp-themes.php HTTP/1.0" 403 4106 "https://www.google.de/" "Mozilla/5.0 (iPad; CPU OS 16_7_2 like Mac OS X) AppleWebKit/605.1.15 (KHTML, like Gecko) Version/16.6 Mobile/15E148 Safari/604.1"
162.158.106.114 - - [11/Jan/2026:09:36:31 +0300] "GET /wso112233.php HTTP/1.0" 403 4106 "https://www.google.de/" "Mozilla/5.0 (iPad; CPU OS 16_7_2 like Mac OS X) AppleWebKit/605.1.15 (KHTML, like Gecko) Version/16.6 Mobile/15E148 Safari/604.1"
162.158.106.114 - - [11/Jan/2026:09:36:31 +0300] "GET /ALFA_DATA/alfacgiapi HTTP/1.0" 403 4106 "https://www.google.fr/" "Mozilla/5.0 (Linux; Android 14; Pixel 8 Pro) AppleWebKit/537.36 (KHTML, like Gecko) Chrome/119.0.0.0 Mobile Safari/537.36"
162.158.106.114 - - [11/Jan/2026:09:36:32 +0300] "GET /hehe.php HTTP/1.0" 403 4106 "https://www.google.com/" "Mozilla/5.0 (iPhone; CPU iPhone OS 17_1 like Mac OS X) AppleWebKit/605.1.15 (KHTML, like Gecko) CriOS/119.0.6045.109 Mobile/15E148 Safari/604.1"
162.158.106.114 - - [11/Jan/2026:09:36:32 +0300] "GET /mln.php HTTP/1.0" 403 4106 "https://www.google.de/" "Mozilla/5.0 (Linux; Android 10; LM-Q720) AppleWebKit/537.36 (KHTML, like Gecko) Chrome/116.0.0.0 Mobile Safari/537.36"
162.158.106.114 - - [11/Jan/2026:09:36:32 +0300] "GET /test1.php HTTP/1.0" 403 4106 "https://www.google.de/" "Mozilla/5.0 (iPad; CPU OS 17_0_3 like Mac OS X) AppleWebKit/605.1.15 (KHTML, like Gecko) Version/17.0.1 Mobile/15E148 Safari/604.1"
162.158.106.114 - - [11/Jan/2026:09:36:32 +0300] "GET /accah.php HTTP/1.0" 403 4106 "https://www.bing.com/" "Mozilla/5.0 (iPhone; CPU iPhone OS 16_6_1 like Mac OS X) AppleWebKit/605.1.15 (KHTML, like Gecko) Version/16.6 Mobile/15E148 Safari/604.1"
162.158.106.114 - - [11/Jan/2026:09:36:33 +0300] "GET /gecko-new.php HTTP/1.0" 403 4106 "https://www.google.com/" "Mozilla/5.0 (Linux; Android 13; SM-S908E) AppleWebKit/537.36 (KHTML, like Gecko) Chrome/116.0.0.0 Mobile Safari/537.36"
162.158.106.114 - - [11/Jan/2026:09:36:33 +0300] "GET /x.php HTTP/1.0" 403 4106 "https://www.google.de/" "Mozilla/5.0 (Linux; Android 13; SM-S908E) AppleWebKit/537.36 (KHTML, like Gecko) Chrome/116.0.0.0 Mobile Safari/537.36"
162.158.106.114 - - [11/Jan/2026:09:36:33 +0300] "GET /.trash7309/index.php HTTP/1.0" 403 4106 "https://www.google.co.uk/" "Mozilla/5.g (Linux; Android 13; Pixel 7) AppleWebKit/537.36 (KHTML, like Gecko) Chrome/116.0.0.0 Mobile Safari/537.36"
162.158.106.114 - - [11/Jan/2026:09:36:33 +0300] "GET /sf.php HTTP/1.0" 403 4106 "https://www.yahoo.com/" "Mozilla/5.0 (iPad; CPU OS 17_0_3 like Mac OS X) AppleWebKit/605.1.15 (KHTML, like Gecko) Version/17.0.1 Mobile/15E148 Safari/604.1"
162.158.106.114 - - [11/Jan/2026:09:36:33 +0300] "GET /sts.php HTTP/1.0" 403 4106 "https://www.google.co.uk/" "Mozilla/5.0 (Linux; Android 11; 21081111RG) AppleWebKit/537.36 (KHTML, like Gecko) Chrome/116.0.0.0 Mobile Safari/537.36"
162.158.106.114 - - [11/Jan/2026:09:36:34 +0300] "GET /wp-includes/css HTTP/1.0" 403 4106 "https://www.yahoo.com/" "Mozilla/5.0 (Linux; Android 10; LM-Q720) AppleWebKit/537.36 (KHTML, like Gecko) Chrome/116.0.0.0 Mobile Safari/537.36"
162.158.106.114 - - [11/Jan/2026:09:36:34 +0300] "GET /wp-includes/index.php HTTP/1.0" 403 4106 "https://duckduckgo.com/" "Mozilla/5.0 (Linux; Android 11; CPH2251) AppleWebKit/537.36 (KHTML, like Gecko) Chrome/116.0.0.0 Mobile Safari/537.36"
162.158.106.114 - - [11/Jan/2026:09:36:34 +0300] "GET /xwpg.php HTTP/1.0" 403 4106 "https://www.yahoo.com/" "Mozilla/5.0 (Linux; Android 12; SM-A525F) AppleWebKit/537.36 (KHTML, like Gecko) Chrome/117.0.0.0 Mobile Safari/537.36"
162.158.106.114 - - [11/Jan/2026:09:36:34 +0300] "GET /.well-known/index.php HTTP/1.0" 403 4106 "https://www.google.fr/" "Mozilla/5.0 (iPhone; CPU iPhone OS 16_6_1 like Mac OS X) AppleWebKit/605.1.15 (KHTML, like Gecko) Version/16.6 Mobile/15E148 Safari/604.1"
162.158.106.114 - - [11/Jan/2026:09:36:34 +0300] "GET /images/index.php HTTP/1.0" 403 4106 "https://www.google.de/" "Mozilla/5.0 (iPhone; CPU iPhone OS 16_6_1 like Mac OS X) AppleWebKit/605.1.15 (KHTML, like Gecko) Version/16.6 Mobile/15E148 Safari/604.1"
172.70.142.195 - - [11/Jan/2026:09:37:05 +0300] "GET /ptv7k/timeline-package-r.html HTTP/1.0" 403 4106 "https://www.web-trump.ru/xzjfv/fake-nicotine-prescription.html" "Mozilla/5.0 (Linux; Android 7.0;) AppleWebKit/537.36 (KHTML, like Gecko) Mobile Safari/537.36 (compatible; PetalBot;+https://webmaster.petalsearch.com/site/petalbot)"
104.23.175.226 - - [11/Jan/2026:09:39:41 +0300] "GET /ptv7k/student-health-insurance-switzerland.html HTTP/1.0" 403 4106 "http://swimming.su/hqdare/best-clamp-meter.html" "Mozilla/5.0 (Linux; Android 7.0;) AppleWebKit/537.36 (KHTML, like Gecko) Mobile Safari/537.36 (compatible; PetalBot;+https://webmaster.petalsearch.com/site/petalbot)"
