162.158.42.240 - - [11/Jan/2026:04:59:59 +0300] "GET /?o=79232121934106 HTTP/1.0" 200 4893 "-" "Mozilla/5.0 (Linux; Android 6.0.1; Nexus 5X Build/MMB29P) AppleWebKit/537.36 (KHTML, like Gecko) Chrome/143.0.7499.169 Mobile Safari/537.36 (compatible; Googlebot/2.1; +http://www.google.com/bot.html)"
104.23.176.14 - - [11/Jan/2026:05:00:10 +0300] "GET /jqczam/drools-list-example.html HTTP/1.0" 404 455 "https://www.cmediya.ru/klmlt/coworker-keeps-picking-on-me.html" "Mozilla/5.0 (Linux; Android 7.0;) AppleWebKit/537.36 (KHTML, like Gecko) Mobile Safari/537.36 (compatible; PetalBot;+https://webmaster.petalsearch.com/site/petalbot)"
172.70.208.97 - - [11/Jan/2026:05:01:34 +0300] "GET /jqczam/best-restaurants-in-newport-beach.html HTTP/1.0" 404 455 "https://firedefender.ru/e1fq9ot/is-it-weird-for-the-girl-to-be-taller-than-the-guy.html" "Mozilla/5.0 (Linux; Android 7.0;) AppleWebKit/537.36 (KHTML, like Gecko) Mobile Safari/537.36 (compatible; PetalBot;+https://webmaster.petalsearch.com/site/petalbot)"
172.71.146.152 - - [11/Jan/2026:05:02:49 +0300] "GET /?o=5588961536001 HTTP/1.0" 200 4877 "-" "Mozilla/5.0 (Linux; Android 6.0.1; Nexus 5X Build/MMB29P) AppleWebKit/537.36 (KHTML, like Gecko) Chrome/143.0.7499.169 Mobile Safari/537.36 (compatible; Googlebot/2.1; +http://www.google.com/bot.html)"
162.158.163.94 - - [11/Jan/2026:05:02:58 +0300] "GET /jqczam/alone-zombie-movie-part-2.html HTTP/1.0" 404 455 "https://m.tfntrucks.ru/fhacxgsqv/mojave-vs-high-sierra.html" "Mozilla/5.0 (Linux; Android 7.0;) AppleWebKit/537.36 (KHTML, like Gecko) Mobile Safari/537.36 (compatible; PetalBot;+https://webmaster.petalsearch.com/site/petalbot)"
172.69.169.238 - - [11/Jan/2026:05:04:00 +0300] "GET /php.php HTTP/1.0" 404 455 "https://www.google.de/" "Mozilla/5.0 (iPhone; CPU iPhone OS 16_6_1 like Mac OS X) AppleWebKit/605.1.15 (KHTML, like Gecko) Version/16.6 Mobile/15E148 Safari/604.1"
172.69.169.216 - - [11/Jan/2026:05:04:01 +0300] "GET /wp-admin/js/index.php HTTP/1.0" 404 455 "https://www.google.fr/" "Mozilla/5.0 (Linux; Android 12; SM-A525F) AppleWebKit/537.36 (KHTML, like Gecko) Chrome/117.0.0.0 Mobile Safari/537.36"
172.69.169.238 - - [11/Jan/2026:05:04:01 +0300] "GET /wp-content/plugins/erinyani/baxa1.php7 HTTP/1.0" 404 455 "https://www.google.com/" "Mozilla/5.0 (Linux; Android 13; SM-S908E) AppleWebKit/537.36 (KHTML, like Gecko) Chrome/116.0.0.0 Mobile Safari/537.36"
172.69.169.238 - - [11/Jan/2026:05:04:02 +0300] "GET /wp-content/plugins/secure-fortress/ HTTP/1.0" 404 455 "https://duckduckgo.com/" "Mozilla/5.0 (Linux; Android 12; SM-A525F) AppleWebKit/537.36 (KHTML, like Gecko) Chrome/117.0.0.0 Mobile Safari/537.36"
172.69.169.238 - - [11/Jan/2026:05:04:02 +0300] "GET /wp-includes/themes7.php HTTP/1.0" 404 455 "https://www.google.de/" "Mozilla/5.0 (iPhone; CPU iPhone OS 16_0 like Mac OS X) AppleWebKit/605.1.15 (KHTML, like Gecko) FxiOS/118.0 Mobile/15E148 Safari/605.1.15"
172.69.169.238 - - [11/Jan/2026:05:04:02 +0300] "GET /contact.php HTTP/1.0" 404 455 "https://www.google.co.uk/" "Mozilla/5.0 (Linux; Android 13; SM-G991U) AppleWebKit/537.36 (KHTML, like Gecko) Chrome/117.0.0.0 Mobile Safari/537.36"
172.69.169.238 - - [11/Jan/2026:05:04:03 +0300] "GET /load.php HTTP/1.0" 404 455 "https://duckduckgo.com/" "Mozilla/5.0 (Linux; Android 13; SM-S908E) AppleWebKit/537.36 (KHTML, like Gecko) Chrome/116.0.0.0 Mobile Safari/537.36"
172.69.169.238 - - [11/Jan/2026:05:04:03 +0300] "GET /wp-content/plugins/janusv2/janus.php HTTP/1.0" 404 455 "https://www.yahoo.com/" "Mozilla/5.0 (Linux; Android 13; SM-G991U) AppleWebKit/537.36 (KHTML, like Gecko) Chrome/117.0.0.0 Mobile Safari/537.36"
172.69.169.238 - - [11/Jan/2026:05:04:03 +0300] "GET /wp-login.php HTTP/1.0" 404 455 "https://www.bing.com/" "Mozilla/5.0 (iPhone; CPU iPhone OS 16_6_1 like Mac OS X) AppleWebKit/605.1.15 (KHTML, like Gecko) Version/16.6 Mobile/15E148 Safari/604.1"
172.69.169.238 - - [11/Jan/2026:05:04:04 +0300] "GET /mah/function.php HTTP/1.0" 404 455 "https://duckduckgo.com/" "Mozilla/5.0 (iPhone; CPU iPhone OS 16_6_1 like Mac OS X) AppleWebKit/605.1.15 (KHTML, like Gecko) Version/16.6 Mobile/15E148 Safari/604.1"
172.69.169.238 - - [11/Jan/2026:05:04:04 +0300] "GET /wp-Owl.php HTTP/1.0" 404 455 "https://www.google.de/" "Mozilla/5.0 (Linux; Android 13; SM-G991U) AppleWebKit/537.36 (KHTML, like Gecko) Chrome/117.0.0.0 Mobile Safari/537.36"
172.69.169.238 - - [11/Jan/2026:05:04:04 +0300] "GET /classsmtps.php HTTP/1.0" 404 455 "https://www.bing.com/" "Mozilla/5.0 (iPhone; CPU iPhone OS 16_6_1 like Mac OS X) AppleWebKit/605.1.15 (KHTML, like Gecko) Version/16.6 Mobile/15E148 Safari/604.1"
172.69.169.238 - - [11/Jan/2026:05:04:04 +0300] "GET /wp-admin/css/colors HTTP/1.0" 404 455 "https://www.bing.com/" "Mozilla/5.0 (iPhone; CPU iPhone OS 15_7_9 like Mac OS X) AppleWebKit/605.1.15 (KHTML, like Gecko) Version/15.6.5 Mobile/15E148 Safari/604.1"
172.69.169.238 - - [11/Jan/2026:05:04:05 +0300] "GET /wp-content/plugins/core/include.php HTTP/1.0" 404 455 "https://www.google.de/" "Mozilla/5.0 (iPhone; CPU iPhone OS 15_7_9 like Mac OS X) AppleWebKit/605.1.15 (KHTML, like Gecko) Version/15.6.5 Mobile/15E148 Safari/604.1"
172.69.169.238 - - [11/Jan/2026:05:04:05 +0300] "GET /wp-content/themes HTTP/1.0" 404 455 "https://www.yahoo.com/" "Mozilla/5.0 (iPhone; CPU iPhone OS 17_1_1 like Mac OS X) AppleWebKit/605.1.15 (KHTML, like Gecko) Version/17.1 Mobile/15E148 Safari/604.1"
172.69.169.238 - - [11/Jan/2026:05:04:05 +0300] "GET /wp-includes/about.php HTTP/1.0" 404 455 "https://www.yahoo.com/" "Mozilla/5.0 (iPhone; CPU iPhone OS 17_0_3 like Mac OS X) AppleWebKit/605.1.15 (KHTML, like Gecko) Version/17.0.1 Mobile/15E148 Safari/604.1"
172.69.169.238 - - [11/Jan/2026:05:04:06 +0300] "GET /wp-admin/includes/nav.php HTTP/1.0" 404 455 "https://www.google.de/" "Mozilla/5.0 (iPhone; CPU iPhone OS 15_7_9 like Mac OS X) AppleWebKit/605.1.15 (KHTML, like Gecko) Version/15.6.5 Mobile/15E148 Safari/604.1"
172.69.169.238 - - [11/Jan/2026:05:04:06 +0300] "GET /wp-admin/maint/users.php HTTP/1.0" 404 455 "https://www.google.com/" "Mozilla/5.0 (Linux; Android 10; LM-Q720) AppleWebKit/537.36 (KHTML, like Gecko) Chrome/116.0.0.0 Mobile Safari/537.36"
172.69.169.238 - - [11/Jan/2026:05:04:06 +0300] "GET /wp-content/plugins/view-more/ioxi.php HTTP/1.0" 404 455 "https://www.google.co.uk/" "Mozilla/5.0 (Linux; Android 14; Pixel 8 Pro) AppleWebKit/537.36 (KHTML, like Gecko) Chrome/119.0.0.0 Mobile Safari/537.36"
172.69.169.238 - - [11/Jan/2026:05:04:07 +0300] "GET /wp-admin/css HTTP/1.0" 404 455 "https://www.bing.com/" "Mozilla/5.0 (Linux; Android 13; SM-S908E) AppleWebKit/537.36 (KHTML, like Gecko) Chrome/116.0.0.0 Mobile Safari/537.36"
172.69.169.238 - - [11/Jan/2026:05:04:07 +0300] "GET /moon.php HTTP/1.0" 404 455 "https://www.google.de/" "Mozilla/5.g (Linux; Android 13; Pixel 7) AppleWebKit/537.36 (KHTML, like Gecko) Chrome/116.0.0.0 Mobile Safari/537.36"
172.69.169.238 - - [11/Jan/2026:05:04:07 +0300] "GET /wp-blog.php HTTP/1.0" 404 455 "https://www.google.co.uk/" "Mozilla/5.0 (iPhone; CPU iPhone OS 17_1 like Mac OS X) AppleWebKit/605.1.15 (KHTML, like Gecko) CriOS/119.0.6045.109 Mobile/15E148 Safari/604.1"
172.69.169.238 - - [11/Jan/2026:05:04:07 +0300] "GET /wp-content/plugins/about.php HTTP/1.0" 404 455 "https://duckduckgo.com/" "Mozilla/5.0 (Linux; Android 11; CPH2251) AppleWebKit/537.36 (KHTML, like Gecko) Chrome/116.0.0.0 Mobile Safari/537.36"
172.69.169.238 - - [11/Jan/2026:05:04:08 +0300] "GET /wp-content/themes/pridmag/db.php HTTP/1.0" 404 455 "https://www.google.de/" "Mozilla/5.0 (iPhone; CPU iPhone OS 17_1 like Mac OS X) AppleWebKit/605.1.15 (KHTML, like Gecko) CriOS/119.0.6045.109 Mobile/15E148 Safari/604.1"
172.69.169.238 - - [11/Jan/2026:05:04:08 +0300] "GET /wp-includes/css/index.php HTTP/1.0" 404 455 "https://duckduckgo.com/" "Mozilla/5.0 (Linux; Android 11; CPH2251) AppleWebKit/537.36 (KHTML, like Gecko) Chrome/116.0.0.0 Mobile Safari/537.36"
172.69.169.238 - - [11/Jan/2026:05:04:08 +0300] "GET /about/function.php HTTP/1.0" 404 455 "https://www.google.co.uk/" "Mozilla/5.0 (iPad; CPU OS 16_7_2 like Mac OS X) AppleWebKit/605.1.15 (KHTML, like Gecko) Version/16.6 Mobile/15E148 Safari/604.1"
172.69.169.238 - - [11/Jan/2026:05:04:09 +0300] "GET /wp-admin/js/about.php7 HTTP/1.0" 404 455 "https://duckduckgo.com/" "Mozilla/5.0 (iPhone; CPU iPhone OS 17_1_1 like Mac OS X) AppleWebKit/605.1.15 (KHTML, like Gecko) Version/17.1 Mobile/15E148 Safari/604.1"
172.69.169.238 - - [11/Jan/2026:05:04:09 +0300] "GET /wp-content/plugins/revslider/includes/external/page/index.php HTTP/1.0" 404 455 "https://duckduckgo.com/" "Mozilla/5.0 (Linux; Android 12; 2201116SG) AppleWebKit/537.36 (KHTML, like Gecko) Chrome/116.0.0.0 Mobile Safari/537.36"
172.69.169.238 - - [11/Jan/2026:05:04:09 +0300] "GET /default.php HTTP/1.0" 404 455 "https://www.bing.com/" "Mozilla/5.0 (Linux; Android 13; SM-S908E) AppleWebKit/537.36 (KHTML, like Gecko) Chrome/116.0.0.0 Mobile Safari/537.36"
172.69.169.238 - - [11/Jan/2026:05:04:10 +0300] "GET /motu.php HTTP/1.0" 404 455 "https://www.google.com/" "Mozilla/5.0 (Linux; Android 13; M2101K6G) AppleWebKit/537.36 (KHTML, like Gecko) Chrome/116.0.0.0 Mobile Safari/537.36"
172.69.169.238 - - [11/Jan/2026:05:04:10 +0300] "GET /past.php HTTP/1.0" 404 455 "https://www.google.de/" "Mozilla/5.0 (iPhone; CPU iPhone OS 17_1_1 like Mac OS X) AppleWebKit/605.1.15 (KHTML, like Gecko) Version/17.1 Mobile/15E148 Safari/604.1"
172.69.169.238 - - [11/Jan/2026:05:04:10 +0300] "GET /tinyfilemanager.php HTTP/1.0" 404 455 "https://www.bing.com/" "Mozilla/5.g (Linux; Android 13; Pixel 7) AppleWebKit/537.36 (KHTML, like Gecko) Chrome/116.0.0.0 Mobile Safari/537.36"
172.69.169.238 - - [11/Jan/2026:05:04:10 +0300] "GET /wp-file.php HTTP/1.0" 404 455 "https://www.bing.com/" "Mozilla/5.0 (Linux; Android 14; Pixel 8 Pro) AppleWebKit/537.36 (KHTML, like Gecko) Chrome/119.0.0.0 Mobile Safari/537.36"
172.69.169.238 - - [11/Jan/2026:05:04:11 +0300] "GET /wp-trackback.php HTTP/1.0" 404 455 "https://www.google.co.uk/" "Mozilla/5.0 (iPhone; CPU iPhone OS 17_1 like Mac OS X) AppleWebKit/605.1.15 (KHTML, like Gecko) CriOS/119.0.6045.109 Mobile/15E148 Safari/604.1"
172.69.169.238 - - [11/Jan/2026:05:04:11 +0300] "GET /gecko.php HTTP/1.0" 404 455 "https://www.yahoo.com/" "Mozilla/5.0 (Linux; Android 10; K) AppleWebKit/537.36 (KHTML, like Gecko) Chrome/117.0.0.0 Mobile Safari/537.36"
172.69.169.238 - - [11/Jan/2026:05:04:11 +0300] "GET /install.php HTTP/1.0" 404 455 "https://www.google.fr/" "Mozilla/5.0 (iPhone; CPU iPhone OS 16_6_1 like Mac OS X) AppleWebKit/605.1.15 (KHTML, like Gecko) Version/16.6 Mobile/15E148 Safari/604.1"
172.69.169.238 - - [11/Jan/2026:05:04:12 +0300] "GET /wk/index.php HTTP/1.0" 404 455 "https://www.google.fr/" "Mozilla/5.0 (iPhone; CPU iPhone OS 16_0 like Mac OS X) AppleWebKit/605.1.15 (KHTML, like Gecko) FxiOS/118.0 Mobile/15E148 Safari/605.1.15"
172.69.169.238 - - [11/Jan/2026:05:04:12 +0300] "GET /woh.php HTTP/1.0" 404 455 "https://www.google.fr/" "Mozilla/5.0 (iPad; CPU OS 17_0_3 like Mac OS X) AppleWebKit/605.1.15 (KHTML, like Gecko) Version/17.0.1 Mobile/15E148 Safari/604.1"
172.69.169.238 - - [11/Jan/2026:05:04:12 +0300] "GET /wp-admin/css/colors/blue HTTP/1.0" 404 455 "https://www.google.com/" "Mozilla/5.0 (Linux; Android 13; M2101K6G) AppleWebKit/537.36 (KHTML, like Gecko) Chrome/116.0.0.0 Mobile Safari/537.36"
172.69.169.238 - - [11/Jan/2026:05:04:12 +0300] "GET /a.php HTTP/1.0" 404 455 "https://duckduckgo.com/" "Mozilla/5.0 (Linux; Android 10; K) AppleWebKit/537.36 (KHTML, like Gecko) Chrome/117.0.0.0 Mobile Safari/537.36"
172.69.169.238 - - [11/Jan/2026:05:04:13 +0300] "GET /eagle.php HTTP/1.0" 404 455 "https://www.yahoo.com/" "Mozilla/5.0 (iPhone; CPU iPhone OS 17_1_1 like Mac OS X) AppleWebKit/605.1.15 (KHTML, like Gecko) Version/17.1 Mobile/15E148 Safari/604.1"
172.69.169.238 - - [11/Jan/2026:05:04:13 +0300] "GET /files/index.php HTTP/1.0" 404 455 "https://www.google.de/" "Mozilla/5.0 (Linux; Android 11; CPH2251) AppleWebKit/537.36 (KHTML, like Gecko) Chrome/116.0.0.0 Mobile Safari/537.36"
172.69.169.238 - - [11/Jan/2026:05:04:13 +0300] "GET /wp-admin/network/admin.php HTTP/1.0" 404 455 "https://duckduckgo.com/" "Mozilla/5.0 (Linux; Android 13; SM-S908E) AppleWebKit/537.36 (KHTML, like Gecko) Chrome/116.0.0.0 Mobile Safari/537.36"
172.69.169.238 - - [11/Jan/2026:05:04:14 +0300] "GET /wp-admin/css/colors/blue/index.php HTTP/1.0" 404 455 "https://www.google.com/" "Mozilla/5.0 (Linux; Android 13; M2101K6G) AppleWebKit/537.36 (KHTML, like Gecko) Chrome/116.0.0.0 Mobile Safari/537.36"
172.69.169.238 - - [11/Jan/2026:05:04:14 +0300] "GET /wp-content/plugins/pwnd/pwnd.php HTTP/1.0" 404 455 "https://www.yahoo.com/" "Mozilla/5.0 (Linux; Android 12; 2201116SG) AppleWebKit/537.36 (KHTML, like Gecko) Chrome/116.0.0.0 Mobile Safari/537.36"
172.69.169.238 - - [11/Jan/2026:05:04:14 +0300] "GET /xc.php HTTP/1.0" 404 455 "https://www.google.co.uk/" "Mozilla/5.0 (Linux; Android 10; LM-Q720) AppleWebKit/537.36 (KHTML, like Gecko) Chrome/116.0.0.0 Mobile Safari/537.36"
172.69.169.238 - - [11/Jan/2026:05:04:14 +0300] "GET /ahax.php HTTP/1.0" 404 455 "https://www.bing.com/" "Mozilla/5.0 (Linux; Android 12; 2201116SG) AppleWebKit/537.36 (KHTML, like Gecko) Chrome/116.0.0.0 Mobile Safari/537.36"
172.69.169.238 - - [11/Jan/2026:05:04:15 +0300] "GET /server.php HTTP/1.0" 404 455 "https://duckduckgo.com/" "Mozilla/5.0 (iPhone; CPU iPhone OS 16_6_1 like Mac OS X) AppleWebKit/605.1.15 (KHTML, like Gecko) Version/16.6 Mobile/15E148 Safari/604.1"
172.69.169.238 - - [11/Jan/2026:05:04:15 +0300] "GET /wp-includes/assets/ty.php HTTP/1.0" 404 455 "https://www.bing.com/" "Mozilla/5.0 (iPhone; CPU iPhone OS 16_6_1 like Mac OS X) AppleWebKit/605.1.15 (KHTML, like Gecko) Version/16.6 Mobile/15E148 Safari/604.1"
172.69.169.238 - - [11/Jan/2026:05:04:15 +0300] "GET /wp-includes/PHPMailer HTTP/1.0" 404 455 "https://www.bing.com/" "Mozilla/5.0 (iPhone; CPU iPhone OS 15_7_9 like Mac OS X) AppleWebKit/605.1.15 (KHTML, like Gecko) Version/15.6.5 Mobile/15E148 Safari/604.1"
172.69.169.238 - - [11/Jan/2026:05:04:16 +0300] "GET /images/class-config.php HTTP/1.0" 404 455 "https://www.yahoo.com/" "Mozilla/5.0 (iPhone; CPU iPhone OS 17_1 like Mac OS X) AppleWebKit/605.1.15 (KHTML, like Gecko) CriOS/119.0.6045.109 Mobile/15E148 Safari/604.1"
172.69.169.238 - - [11/Jan/2026:05:04:16 +0300] "GET /wp-admin/admin-wolf.php HTTP/1.0" 404 455 "https://www.google.fr/" "Mozilla/5.0 (iPhone; CPU iPhone OS 17_1_1 like Mac OS X) AppleWebKit/605.1.15 (KHTML, like Gecko) Version/17.1 Mobile/15E148 Safari/604.1"
172.69.169.238 - - [11/Jan/2026:05:04:16 +0300] "GET /wp-includes/ID3/index.php HTTP/1.0" 404 455 "https://www.google.fr/" "Mozilla/5.0 (Linux; Android 12; V2134) AppleWebKit/537.36 (KHTML, like Gecko) Chrome/116.0.0.0 Mobile Safari/537.36"
172.71.124.144 - - [11/Jan/2026:05:04:21 +0300] "GET /jqczam/how-to-soothe-a-sore-nose-inside.html HTTP/1.0" 404 455 "http://onlinematters.com.au/bftqiwfv/audio-quality-kbps.html" "Mozilla/5.0 (Linux; Android 7.0;) AppleWebKit/537.36 (KHTML, like Gecko) Mobile Safari/537.36 (compatible; PetalBot;+https://webmaster.petalsearch.com/site/petalbot)"
172.68.150.230 - - [11/Jan/2026:05:05:13 +0300] "GET /wp-includes/js5ba7cf/index.php HTTP/1.0" 404 455 "https://housegates.ru/wp-includes/js5ba7cf/index.php" "Mozilla/5.0 (Windows NT 10.0; Win64; x64) AppleWebKit/537.36 (KHTML, like Gecko) Chrome/58.0.3029.110 Safari/537.3"
172.70.142.151 - - [11/Jan/2026:05:05:44 +0300] "GET /jqczam/seurat-tutorial.html HTTP/1.0" 404 455 "http://vladimir.munys.ru/2vjo/affinity-living-riverview-rent.html" "Mozilla/5.0 (Linux; Android 7.0;) AppleWebKit/537.36 (KHTML, like Gecko) Mobile Safari/537.36 (compatible; PetalBot;+https://webmaster.petalsearch.com/site/petalbot)"
108.162.246.85 - - [11/Jan/2026:05:06:39 +0300] "GET /?o=2172271022606 HTTP/1.0" 200 4826 "-" "Mozilla/5.0 (Linux; Android 6.0.1; Nexus 5X Build/MMB29P) AppleWebKit/537.36 (KHTML, like Gecko) Chrome/143.0.7499.169 Mobile Safari/537.36 (compatible; Googlebot/2.1; +http://www.google.com/bot.html)"
172.70.208.97 - - [11/Jan/2026:05:07:09 +0300] "GET /jqczam/rogue-wave-questions-and-answers-pdf.html HTTP/1.0" 404 455 "https://kvalitet95.ru/5acv/harman-kardon-software-update.html" "Mozilla/5.0 (Linux; Android 7.0;) AppleWebKit/537.36 (KHTML, like Gecko) Mobile Safari/537.36 (compatible; PetalBot;+https://webmaster.petalsearch.com/site/petalbot)"
172.71.82.53 - - [11/Jan/2026:05:08:32 +0300] "GET /jqczam/4c23-bmw-fault-code.html HTTP/1.0" 404 455 "https://sergach-mebel.ru/aajb9/1950s-organ-music.html" "Mozilla/5.0 (Linux; Android 7.0;) AppleWebKit/537.36 (KHTML, like Gecko) Mobile Safari/537.36 (compatible; PetalBot;+https://webmaster.petalsearch.com/site/petalbot)"
108.162.246.86 - - [11/Jan/2026:05:09:29 +0300] "GET /?o=29730119063700 HTTP/1.0" 200 4851 "-" "Mozilla/5.0 (Linux; Android 6.0.1; Nexus 5X Build/MMB29P) AppleWebKit/537.36 (KHTML, like Gecko) Chrome/143.0.7499.169 Mobile Safari/537.36 (compatible; Googlebot/2.1; +http://www.google.com/bot.html)"
172.69.176.110 - - [11/Jan/2026:05:09:59 +0300] "GET /jqczam/vmware-release-mouse-shortcut.html HTTP/1.0" 404 455 "http://www.xlservice.ru/yksnvc/online-assessment-platform.html" "Mozilla/5.0 (Linux; Android 7.0;) AppleWebKit/537.36 (KHTML, like Gecko) Mobile Safari/537.36 (compatible; PetalBot;+https://webmaster.petalsearch.com/site/petalbot)"
162.158.88.117 - - [11/Jan/2026:05:11:18 +0300] "GET /m-contenteditor%2Bindex%2Bid-21.html HTTP/1.0" 200 6408 "https://housegates.ru/m-contenteditor%2Bindex%2Bid-13.html" "Mozilla/5.0 (Linux; Android 7.0;) AppleWebKit/537.36 (KHTML, like Gecko) Mobile Safari/537.36 (compatible; PetalBot;+https://webmaster.petalsearch.com/site/petalbot)"
108.162.246.85 - - [11/Jan/2026:05:11:19 +0300] "GET /?o=38502238790004 HTTP/1.0" 200 4912 "-" "Mozilla/5.0 (Linux; Android 6.0.1; Nexus 5X Build/MMB29P) AppleWebKit/537.36 (KHTML, like Gecko) Chrome/143.0.7499.169 Mobile Safari/537.36 (compatible; Googlebot/2.1; +http://www.google.com/bot.html)"
162.158.170.72 - - [11/Jan/2026:05:12:43 +0300] "GET /jqczam/spring-valley-vitamins-c.html HTTP/1.0" 404 455 "https://ugifts.ru/suqpd4/john-wick-4-spoilers.html" "Mozilla/5.0 (Linux; Android 7.0;) AppleWebKit/537.36 (KHTML, like Gecko) Mobile Safari/537.36 (compatible; PetalBot;+https://webmaster.petalsearch.com/site/petalbot)"
172.70.208.96 - - [11/Jan/2026:05:14:07 +0300] "GET /jqczam/show-pigs-in-arkansas.html HTTP/1.0" 404 455 "https://atomcult.ru/oj0za/2019-club-car-carryall-1700-for-sale.html" "Mozilla/5.0 (Linux; Android 7.0;) AppleWebKit/537.36 (KHTML, like Gecko) Mobile Safari/537.36 (compatible; PetalBot;+https://webmaster.petalsearch.com/site/petalbot)"
162.158.42.240 - - [11/Jan/2026:05:14:09 +0300] "GET /?o=5739269450201 HTTP/1.0" 200 4866 "-" "Mozilla/5.0 (Linux; Android 6.0.1; Nexus 5X Build/MMB29P) AppleWebKit/537.36 (KHTML, like Gecko) Chrome/143.0.7499.169 Mobile Safari/537.36 (compatible; Googlebot/2.1; +http://www.google.com/bot.html)"
104.23.176.14 - - [11/Jan/2026:05:15:30 +0300] "GET /jqczam/polynomial-review-answer-key.html HTTP/1.0" 404 455 "https://nezabudkann.ru/z05gig/blessing-prayer-for-myself.html" "Mozilla/5.0 (Linux; Android 7.0;) AppleWebKit/537.36 (KHTML, like Gecko) Mobile Safari/537.36 (compatible; PetalBot;+https://webmaster.petalsearch.com/site/petalbot)"
172.71.135.103 - - [11/Jan/2026:05:16:00 +0300] "GET /robots.txt HTTP/1.1" 404 173 "-" "Mozilla/5.0 (compatible; MJ12bot/v2.0.4; http://mj12bot.com/)"
162.158.170.73 - - [11/Jan/2026:05:16:54 +0300] "GET /jqczam/maytag-dryer-troubleshooting-manual.html HTTP/1.0" 404 455 "https://lir24.ru/xdu8pjqa7g/what-time-are-the-games-today.html" "Mozilla/5.0 (Linux; Android 7.0;) AppleWebKit/537.36 (KHTML, like Gecko) Mobile Safari/537.36 (compatible; PetalBot;+https://webmaster.petalsearch.com/site/petalbot)"
108.162.246.86 - - [11/Jan/2026:05:16:58 +0300] "GET /?o=2197781816900 HTTP/1.0" 200 4843 "-" "Mozilla/5.0 (Linux; Android 6.0.1; Nexus 5X Build/MMB29P) AppleWebKit/537.36 (KHTML, like Gecko) Chrome/143.0.7499.169 Mobile Safari/537.36 (compatible; Googlebot/2.1; +http://www.google.com/bot.html)"
172.70.176.164 - - [11/Jan/2026:05:17:29 +0300] "GET /wp-includes/js5ba7cf/index.php HTTP/1.0" 404 455 "https://housegates.ru/wp-includes/js5ba7cf/index.php" "Mozilla/5.0 (Windows NT 10.0; Win64; x64) AppleWebKit/537.36 (KHTML, like Gecko) Chrome/58.0.3029.110 Safari/537.3"
162.158.108.113 - - [11/Jan/2026:05:18:18 +0300] "GET /jqczam/cisco-restconf-example.html HTTP/1.0" 404 455 "https://www.cmediya.ru/klmlt/coworker-keeps-picking-on-me.html" "Mozilla/5.0 (Linux; Android 7.0;) AppleWebKit/537.36 (KHTML, like Gecko) Mobile Safari/537.36 (compatible; PetalBot;+https://webmaster.petalsearch.com/site/petalbot)"
172.69.50.177 - - [11/Jan/2026:05:18:51 +0300] "GET /robots.txt HTTP/1.1" 404 173 "-" "Mozilla/5.0 (compatible; YandexBot/3.0; +http://yandex.com/bots)"
172.71.124.96 - - [11/Jan/2026:05:19:41 +0300] "GET /jqczam/chatr-account-number.html HTTP/1.0" 404 455 "http://vladimir.munys.ru/2vjo/affinity-living-riverview-rent.html" "Mozilla/5.0 (Linux; Android 7.0;) AppleWebKit/537.36 (KHTML, like Gecko) Mobile Safari/537.36 (compatible; PetalBot;+https://webmaster.petalsearch.com/site/petalbot)"
162.158.163.93 - - [11/Jan/2026:05:21:07 +0300] "GET /m-contenteditor%2Bindex%2Bid-7.html HTTP/1.0" 200 3756 "https://housegates.ru/m-contenteditor%2Bindex%2Bid-13.html" "Mozilla/5.0 (Linux; Android 7.0;) AppleWebKit/537.36 (KHTML, like Gecko) Mobile Safari/537.36 (compatible; PetalBot;+https://webmaster.petalsearch.com/site/petalbot)"
162.158.42.239 - - [11/Jan/2026:05:21:39 +0300] "GET /?o=75090273788003 HTTP/1.0" 200 4796 "-" "Mozilla/5.0 (Linux; Android 6.0.1; Nexus 5X Build/MMB29P) AppleWebKit/537.36 (KHTML, like Gecko) Chrome/143.0.7499.169 Mobile Safari/537.36 (compatible; Googlebot/2.1; +http://www.google.com/bot.html)"
172.68.23.82 - - [11/Jan/2026:05:21:40 +0300] "GET /?o=93322193532304 HTTP/1.0" 200 4925 "-" "Mozilla/5.0 (Linux; Android 6.0.1; Nexus 5X Build/MMB29P) AppleWebKit/537.36 (KHTML, like Gecko) Chrome/143.0.7499.169 Mobile Safari/537.36 (compatible; Googlebot/2.1; +http://www.google.com/bot.html)"
172.69.50.145 - - [11/Jan/2026:05:22:17 +0300] "GET /jqczam/50-amp-receptacle-outdoor.html HTTP/1.0" 404 455 "-" "Mozilla/5.0 (compatible; YandexBot/3.0; +http://yandex.com/bots) AppleWebKit/537.36 (KHTML, like Gecko) Chrome/108.0.0.0"
172.70.142.151 - - [11/Jan/2026:05:22:29 +0300] "GET /jqczam/what-happened-on-wadsworth-and-alameda-today.html HTTP/1.0" 404 455 "http://russar.gramor.site/qhh4y/scuba-diving-deaths-2019.html" "Mozilla/5.0 (Linux; Android 7.0;) AppleWebKit/537.36 (KHTML, like Gecko) Mobile Safari/537.36 (compatible; PetalBot;+https://webmaster.petalsearch.com/site/petalbot)"
172.69.50.145 - - [11/Jan/2026:05:22:38 +0300] "GET /jqczam/free-midi-chord-progressions-reddit.html HTTP/1.0" 404 455 "-" "Mozilla/5.0 (compatible; YandexBot/3.0; +http://yandex.com/bots)"
172.71.184.78 - - [11/Jan/2026:05:23:34 +0300] "GET /jqczam/another-word-for-soulmate-in-other-languages.html HTTP/1.0" 404 455 "-" "Mozilla/5.0 (compatible; YandexBot/3.0; +http://yandex.com/bots) AppleWebKit/537.36 (KHTML, like Gecko) Chrome/108.0.0.0"
162.158.163.94 - - [11/Jan/2026:05:23:52 +0300] "GET /jqczam/pydicom-dicom-to-jpeg.html HTTP/1.0" 404 455 "https://ugifts.ru/suqpd4/end-of-course-assessment-algebra-1-answers.html" "Mozilla/5.0 (Linux; Android 7.0;) AppleWebKit/537.36 (KHTML, like Gecko) Mobile Safari/537.36 (compatible; PetalBot;+https://webmaster.petalsearch.com/site/petalbot)"
172.71.147.3 - - [11/Jan/2026:05:25:06 +0300] "GET /?o=13481243109906 HTTP/1.0" 200 4868 "-" "Mozilla/5.0 (Linux; Android 6.0.1; Nexus 5X Build/MMB29P) AppleWebKit/537.36 (KHTML, like Gecko) Chrome/143.0.7499.169 Mobile Safari/537.36 (compatible; Googlebot/2.1; +http://www.google.com/bot.html)"
162.158.106.213 - - [11/Jan/2026:05:25:19 +0300] "GET /jqczam/molle-panel-attachments.html HTTP/1.0" 404 455 "http://planner.creativesmartsolution.com/kdg9/individual-college-courses.html" "Mozilla/5.0 (Linux; Android 7.0;) AppleWebKit/537.36 (KHTML, like Gecko) Mobile Safari/537.36 (compatible; PetalBot;+https://webmaster.petalsearch.com/site/petalbot)"
162.158.108.112 - - [11/Jan/2026:05:26:40 +0300] "GET /jqczam/black-ops-3-stl.html HTTP/1.0" 404 455 "https://mr-kitchen.ru/kvthyz/food-web-project.html" "Mozilla/5.0 (Linux; Android 7.0;) AppleWebKit/537.36 (KHTML, like Gecko) Mobile Safari/537.36 (compatible; PetalBot;+https://webmaster.petalsearch.com/site/petalbot)"
108.162.245.33 - - [11/Jan/2026:05:27:34 +0300] "GET /?o=62847101230200 HTTP/1.0" 200 4966 "-" "Mozilla/5.0 (Linux; Android 6.0.1; Nexus 5X Build/MMB29P) AppleWebKit/537.36 (KHTML, like Gecko) Chrome/143.0.7499.169 Mobile Safari/537.36 (compatible; Googlebot/2.1; +http://www.google.com/bot.html)"
104.23.176.14 - - [11/Jan/2026:05:28:06 +0300] "GET /jqczam/benefits-of-drinking-ginger-tea-for-skin.html HTTP/1.0" 404 455 "http://eirinhealth.com.au/imffu/how-to-get-into-ucsd-computer-science.html" "Mozilla/5.0 (Linux; Android 7.0;) AppleWebKit/537.36 (KHTML, like Gecko) Mobile Safari/537.36 (compatible; PetalBot;+https://webmaster.petalsearch.com/site/petalbot)"
172.68.150.230 - - [11/Jan/2026:05:28:29 +0300] "GET /wp-includes/js5ba7cf/index.php HTTP/1.0" 404 455 "https://housegates.ru/wp-includes/js5ba7cf/index.php" "Mozilla/5.0 (Windows NT 10.0; Win64; x64) AppleWebKit/537.36 (KHTML, like Gecko) Chrome/58.0.3029.110 Safari/537.3"
162.158.152.175 - - [11/Jan/2026:05:29:00 +0300] "GET /robots.txt HTTP/1.1" 404 173 "-" "Mozilla/5.0 (compatible; SemrushBot/7~bl; +http://www.semrush.com/bot.html)"
172.71.222.83 - - [11/Jan/2026:05:29:03 +0300] "GET /m-contenteditor+index+id-4.html HTTP/1.0" 200 4390 "-" "Mozilla/5.0 (compatible; SemrushBot/7~bl; +http://www.semrush.com/bot.html)"
172.68.164.170 - - [11/Jan/2026:05:29:28 +0300] "GET /jqczam/asian-dating-app-for-white-guys.html HTTP/1.0" 404 455 "http://www.xlservice.ru/yksnvc/avatar-banshee-toy.html" "Mozilla/5.0 (Linux; Android 7.0;) AppleWebKit/537.36 (KHTML, like Gecko) Mobile Safari/537.36 (compatible; PetalBot;+https://webmaster.petalsearch.com/site/petalbot)"
172.71.184.79 - - [11/Jan/2026:05:29:44 +0300] "GET /jqczam/express-lanka-marriage-proposals.html HTTP/1.0" 404 455 "-" "Mozilla/5.0 (compatible; YandexBot/3.0; +http://yandex.com/bots)"
108.162.246.86 - - [11/Jan/2026:05:30:01 +0300] "GET /?o=23729295407502 HTTP/1.0" 200 4933 "-" "Mozilla/5.0 (Linux; Android 6.0.1; Nexus 5X Build/MMB29P) AppleWebKit/537.36 (KHTML, like Gecko) Chrome/143.0.7499.169 Mobile Safari/537.36 (compatible; Googlebot/2.1; +http://www.google.com/bot.html)"
172.69.176.110 - - [11/Jan/2026:05:30:52 +0300] "GET /jqczam/abscess-treatment-antibiotics-cream.html HTTP/1.0" 404 455 "https://bars-buh.ru/xegq/law-firm-profits-per-partner.html" "Mozilla/5.0 (Linux; Android 7.0;) AppleWebKit/537.36 (KHTML, like Gecko) Mobile Safari/537.36 (compatible; PetalBot;+https://webmaster.petalsearch.com/site/petalbot)"
162.158.42.240 - - [11/Jan/2026:05:31:27 +0300] "GET /?o=04956146437700 HTTP/1.0" 200 4873 "-" "Mozilla/5.0 (Linux; Android 6.0.1; Nexus 5X Build/MMB29P) AppleWebKit/537.36 (KHTML, like Gecko) Chrome/143.0.7499.169 Mobile Safari/537.36 (compatible; Googlebot/2.1; +http://www.google.com/bot.html)"
172.70.147.191 - - [11/Jan/2026:05:32:17 +0300] "GET /eqo94m/wizard-of-oz-actors-deaths-in-order.html HTTP/1.0" 404 455 "https://nagatino-iland.ru/x5kku/mexico-tv-series-second-chance-to-download.html" "Mozilla/5.0 (Linux; Android 7.0;) AppleWebKit/537.36 (KHTML, like Gecko) Mobile Safari/537.36 (compatible; PetalBot;+https://webmaster.petalsearch.com/site/petalbot)"
172.69.176.111 - - [11/Jan/2026:05:33:39 +0300] "GET /jqczam/today-mandi-rate-in-pakistan.html HTTP/1.0" 404 455 "http://sender800.wesfel.com/ho3o/rooftopping-deaths-reddit.html" "Mozilla/5.0 (Linux; Android 7.0;) AppleWebKit/537.36 (KHTML, like Gecko) Mobile Safari/537.36 (compatible; PetalBot;+https://webmaster.petalsearch.com/site/petalbot)"
108.162.246.86 - - [11/Jan/2026:05:34:17 +0300] "GET /?o=15084220923005 HTTP/1.0" 200 4813 "-" "Mozilla/5.0 (Linux; Android 6.0.1; Nexus 5X Build/MMB29P) AppleWebKit/537.36 (KHTML, like Gecko) Chrome/143.0.7499.169 Mobile Safari/537.36 (compatible; Googlebot/2.1; +http://www.google.com/bot.html)"
172.70.208.96 - - [11/Jan/2026:05:35:02 +0300] "GET /jqczam/fallout-76-trading-website.html HTTP/1.0" 404 455 "http://mattone-nn.ru/ijrskky/continuous-evaluation-top-15-frequently-asked-questions.html" "Mozilla/5.0 (Linux; Android 7.0;) AppleWebKit/537.36 (KHTML, like Gecko) Mobile Safari/537.36 (compatible; PetalBot;+https://webmaster.petalsearch.com/site/petalbot)"
104.23.176.14 - - [11/Jan/2026:05:36:26 +0300] "GET /jqczam/dodge-steering-wheel-emblem-sticker.html HTTP/1.0" 404 455 "https://kvalitet95.ru/5acv/rcd510-bluetooth-module-install.html" "Mozilla/5.0 (Linux; Android 7.0;) AppleWebKit/537.36 (KHTML, like Gecko) Mobile Safari/537.36 (compatible; PetalBot;+https://webmaster.petalsearch.com/site/petalbot)"
172.71.146.152 - - [11/Jan/2026:05:37:10 +0300] "GET /?o=12799198686001 HTTP/1.0" 200 4848 "-" "Mozilla/5.0 (Linux; Android 6.0.1; Nexus 5X Build/MMB29P) AppleWebKit/537.36 (KHTML, like Gecko) Chrome/143.0.7499.169 Mobile Safari/537.36 (compatible; Googlebot/2.1; +http://www.google.com/bot.html)"
172.71.124.96 - - [11/Jan/2026:05:37:50 +0300] "GET /jqczam/deaths-in-maryland.html HTTP/1.0" 404 455 "https://diamondbrite-dent.ru/4g8lbgb/home-assistant-sonoff-unique-id.html" "Mozilla/5.0 (Linux; Android 7.0;) AppleWebKit/537.36 (KHTML, like Gecko) Mobile Safari/537.36 (compatible; PetalBot;+https://webmaster.petalsearch.com/site/petalbot)"
162.158.163.93 - - [11/Jan/2026:05:39:13 +0300] "GET /jqczam/commercial-mowers-on-craigslist-in-michigan.html HTTP/1.0" 404 455 "http://upload.transcale.com.au/lphxpds/twitch-change-category-command.html" "Mozilla/5.0 (Linux; Android 7.0;) AppleWebKit/537.36 (KHTML, like Gecko) Mobile Safari/537.36 (compatible; PetalBot;+https://webmaster.petalsearch.com/site/petalbot)"
172.70.176.164 - - [11/Jan/2026:05:39:28 +0300] "GET /wp-includes/js5ba7cf/index.php HTTP/1.0" 404 455 "https://housegates.ru/wp-includes/js5ba7cf/index.php" "Mozilla/5.0 (Windows NT 10.0; Win64; x64) AppleWebKit/537.36 (KHTML, like Gecko) Chrome/58.0.3029.110 Safari/537.3"
162.158.42.53 - - [11/Jan/2026:05:40:03 +0300] "GET /?o=7702642274601 HTTP/1.0" 200 4881 "-" "Mozilla/5.0 (Linux; Android 6.0.1; Nexus 5X Build/MMB29P) AppleWebKit/537.36 (KHTML, like Gecko) Chrome/143.0.7499.169 Mobile Safari/537.36 (compatible; Googlebot/2.1; +http://www.google.com/bot.html)"
104.23.176.14 - - [11/Jan/2026:05:40:37 +0300] "GET /jqczam/cold-weather-chicken-coop-plans.html HTTP/1.0" 404 455 "https://promsnab888.ru/jqopcol/spas-and-more.html" "Mozilla/5.0 (Linux; Android 7.0;) AppleWebKit/537.36 (KHTML, like Gecko) Mobile Safari/537.36 (compatible; PetalBot;+https://webmaster.petalsearch.com/site/petalbot)"
172.70.142.151 - - [11/Jan/2026:05:42:02 +0300] "GET /jqczam/book-a-tip-slot-sittingbourne.html HTTP/1.0" 404 455 "http://russar.gramor.site/qhh4y/dr-wang-ent.html" "Mozilla/5.0 (Linux; Android 7.0;) AppleWebKit/537.36 (KHTML, like Gecko) Mobile Safari/537.36 (compatible; PetalBot;+https://webmaster.petalsearch.com/site/petalbot)"
108.162.246.86 - - [11/Jan/2026:05:42:56 +0300] "GET /?o=68867169260703 HTTP/1.0" 200 4868 "-" "Mozilla/5.0 (Linux; Android 6.0.1; Nexus 5X Build/MMB29P) AppleWebKit/537.36 (KHTML, like Gecko) Chrome/143.0.7499.169 Mobile Safari/537.36 (compatible; Googlebot/2.1; +http://www.google.com/bot.html)"
162.158.210.253 - - [11/Jan/2026:05:43:07 +0300] "GET /public.gz HTTP/1.0" 404 455 "-" "Mozilla/5.0 (Windows NT 10.0; Win64; x64) AppleWebKit/537.36 (KHTML, like Gecko) Chrome/101.0.4951.67 Safari/537.36"
104.23.176.14 - - [11/Jan/2026:05:43:24 +0300] "GET /eqo94m/volume-of-a-cone-worksheet-kuta.html HTTP/1.0" 404 455 "http://remontvmyatin.ru/7nrwbbn/physics-past-papers-edexcel.html" "Mozilla/5.0 (Linux; Android 7.0;) AppleWebKit/537.36 (KHTML, like Gecko) Mobile Safari/537.36 (compatible; PetalBot;+https://webmaster.petalsearch.com/site/petalbot)"
172.71.124.96 - - [11/Jan/2026:05:44:48 +0300] "GET /jqczam/symmetrical-face-test-app.html HTTP/1.0" 404 455 "https://kvalitet95.ru/5acv/rcd510-bluetooth-module-install.html" "Mozilla/5.0 (Linux; Android 7.0;) AppleWebKit/537.36 (KHTML, like Gecko) Mobile Safari/537.36 (compatible; PetalBot;+https://webmaster.petalsearch.com/site/petalbot)"
162.158.42.239 - - [11/Jan/2026:05:45:49 +0300] "GET /?o=81519198286502 HTTP/1.0" 200 4931 "-" "Mozilla/5.0 (Linux; Android 6.0.1; Nexus 5X Build/MMB29P) AppleWebKit/537.36 (KHTML, like Gecko) Chrome/143.0.7499.169 Mobile Safari/537.36 (compatible; Googlebot/2.1; +http://www.google.com/bot.html)"
172.70.208.96 - - [11/Jan/2026:05:46:12 +0300] "GET /jqczam/pics-of-pattycake-teen.html HTTP/1.0" 404 455 "https://oboizhidkieshop.ru/fdpaud/to-tell-the-truth-contestants.html" "Mozilla/5.0 (Linux; Android 7.0;) AppleWebKit/537.36 (KHTML, like Gecko) Mobile Safari/537.36 (compatible; PetalBot;+https://webmaster.petalsearch.com/site/petalbot)"
104.23.176.14 - - [11/Jan/2026:05:47:37 +0300] "GET /jqczam/iodine-nasal-polyps.html HTTP/1.0" 404 455 "http://contacts.smarttouch-eg.com/__MACOSX/occyii/bodybuilding-competitions-near-me.html" "Mozilla/5.0 (Linux; Android 7.0;) AppleWebKit/537.36 (KHTML, like Gecko) Mobile Safari/537.36 (compatible; PetalBot;+https://webmaster.petalsearch.com/site/petalbot)"
172.68.23.82 - - [11/Jan/2026:05:48:42 +0300] "GET /?o=1917222019901 HTTP/1.0" 200 4916 "-" "Mozilla/5.0 (Linux; Android 6.0.1; Nexus 5X Build/MMB29P) AppleWebKit/537.36 (KHTML, like Gecko) Chrome/143.0.7499.169 Mobile Safari/537.36 (compatible; Googlebot/2.1; +http://www.google.com/bot.html)"
162.158.163.93 - - [11/Jan/2026:05:49:02 +0300] "GET /jqczam/hubble-baby-monitor-not-turning-on.html HTTP/1.0" 404 455 "http://geniushomeloans.com.au/zf3og8/odoo-many2one-widget.html" "Mozilla/5.0 (Linux; Android 7.0;) AppleWebKit/537.36 (KHTML, like Gecko) Mobile Safari/537.36 (compatible; PetalBot;+https://webmaster.petalsearch.com/site/petalbot)"
162.158.88.116 - - [11/Jan/2026:05:50:26 +0300] "GET /jqczam/how-to-pass-an-english-exam-without-studying.html HTTP/1.0" 404 455 "https://teplook.ru/2t4jwxq/where-is-the-temu-company-store-located.html" "Mozilla/5.0 (Linux; Android 7.0;) AppleWebKit/537.36 (KHTML, like Gecko) Mobile Safari/537.36 (compatible; PetalBot;+https://webmaster.petalsearch.com/site/petalbot)"
172.68.150.230 - - [11/Jan/2026:05:50:29 +0300] "GET /wp-includes/js5ba7cf/index.php HTTP/1.0" 404 455 "https://housegates.ru/wp-includes/js5ba7cf/index.php" "Mozilla/5.0 (Windows NT 10.0; Win64; x64) AppleWebKit/537.36 (KHTML, like Gecko) Chrome/58.0.3029.110 Safari/537.3"
108.162.246.85 - - [11/Jan/2026:05:51:35 +0300] "GET /?o=5079238880100 HTTP/1.0" 200 4895 "-" "Mozilla/5.0 (Linux; Android 6.0.1; Nexus 5X Build/MMB29P) AppleWebKit/537.36 (KHTML, like Gecko) Chrome/143.0.7499.169 Mobile Safari/537.36 (compatible; Googlebot/2.1; +http://www.google.com/bot.html)"
172.71.124.97 - - [11/Jan/2026:05:51:45 +0300] "GET /jqczam/how-to-open-tesla-door-model-y.html HTTP/1.0" 404 455 "https://lir24.ru/xdu8pjqa7g/what-time-are-the-games-today.html" "Mozilla/5.0 (Linux; Android 7.0;) AppleWebKit/537.36 (KHTML, like Gecko) Mobile Safari/537.36 (compatible; PetalBot;+https://webmaster.petalsearch.com/site/petalbot)"
162.158.170.72 - - [11/Jan/2026:05:53:09 +0300] "GET /jqczam/fredericksburg-arrests-mugshots.html HTTP/1.0" 404 455 "https://alternativa-td.ru/ieaovw/which-among-the-following-is-an-activity-type-allowed-by-bot-builder-sdk.html" "Mozilla/5.0 (Linux; Android 7.0;) AppleWebKit/537.36 (KHTML, like Gecko) Mobile Safari/537.36 (compatible; PetalBot;+https://webmaster.petalsearch.com/site/petalbot)"
172.71.150.211 - - [11/Jan/2026:05:54:28 +0300] "GET /?o=15490130330900 HTTP/1.0" 200 4859 "-" "Mozilla/5.0 (Linux; Android 6.0.1; Nexus 5X Build/MMB29P) AppleWebKit/537.36 (KHTML, like Gecko) Chrome/143.0.7499.169 Mobile Safari/537.36 (compatible; Googlebot/2.1; +http://www.google.com/bot.html)"
172.70.147.190 - - [11/Jan/2026:05:54:34 +0300] "GET /jqczam/breaking-the-yoke-of-stagnation-pdf.html HTTP/1.0" 404 455 "http://app.eventbusiness.org/qzjsrpdw/slick-magneto-weak-spark.html" "Mozilla/5.0 (Linux; Android 7.0;) AppleWebKit/537.36 (KHTML, like Gecko) Mobile Safari/537.36 (compatible; PetalBot;+https://webmaster.petalsearch.com/site/petalbot)"
108.162.226.83 - - [11/Jan/2026:05:55:57 +0300] "GET /jqczam/amish-market-owings-mills.html HTTP/1.0" 404 455 "http://optima-m.com/b6r2u4/ged-social-studies-vocabulary-pdf.html" "Mozilla/5.0 (Linux; Android 7.0;) AppleWebKit/537.36 (KHTML, like Gecko) Mobile Safari/537.36 (compatible; PetalBot;+https://webmaster.petalsearch.com/site/petalbot)"
172.69.50.177 - - [11/Jan/2026:05:56:11 +0300] "GET /robots.txt HTTP/1.1" 404 173 "-" "Mozilla/5.0 (compatible; YandexBot/3.0; +http://yandex.com/bots)"
172.71.184.79 - - [11/Jan/2026:05:56:11 +0300] "GET /jqczam/ib-spanish-oral-rubric.html HTTP/1.0" 404 455 "-" "Mozilla/5.0 (compatible; YandexBot/3.0; +http://yandex.com/bots)"
162.158.42.240 - - [11/Jan/2026:05:57:21 +0300] "GET /?o=51277147656200 HTTP/1.0" 200 4878 "-" "Mozilla/5.0 (Linux; Android 6.0.1; Nexus 5X Build/MMB29P) AppleWebKit/537.36 (KHTML, like Gecko) Chrome/143.0.7499.169 Mobile Safari/537.36 (compatible; Googlebot/2.1; +http://www.google.com/bot.html)"
162.158.88.117 - - [11/Jan/2026:05:58:42 +0300] "GET /eqo94m/victor-xiao-elf-bar.html HTTP/1.0" 404 455 "https://kvalitet95.ru/hlyzc1t/crypto-price-widget-windows-11.html" "Mozilla/5.0 (Linux; Android 7.0;) AppleWebKit/537.36 (KHTML, like Gecko) Mobile Safari/537.36 (compatible; PetalBot;+https://webmaster.petalsearch.com/site/petalbot)"
172.69.194.248 - - [11/Jan/2026:06:00:14 +0300] "GET /m-contenteditor+index+id-8.html HTTP/1.0" 200 3901 "-" "Mozilla/5.0 (compatible; AhrefsBot/7.0; +http://ahrefs.com/robot/)"
162.158.163.93 - - [11/Jan/2026:06:00:37 +0300] "GET /eqo94m/toyota-transmission-problems.html HTTP/1.0" 404 455 "https://www.snaptool.ru/cygn/how-to-add-m3u-url-to-vlc.html" "Mozilla/5.0 (Linux; Android 7.0;) AppleWebKit/537.36 (KHTML, like Gecko) Mobile Safari/537.36 (compatible; PetalBot;+https://webmaster.petalsearch.com/site/petalbot)"
172.69.176.111 - - [11/Jan/2026:06:01:14 +0300] "GET /eqo94m/steel-farm-fence-posts.html HTTP/1.0" 404 455 "http://kalinos.ru/hbwcn1hr/luxury-thai-spa-massage.html" "Mozilla/5.0 (Linux; Android 7.0;) AppleWebKit/537.36 (KHTML, like Gecko) Mobile Safari/537.36 (compatible; PetalBot;+https://webmaster.petalsearch.com/site/petalbot)"
172.68.23.81 - - [11/Jan/2026:06:01:15 +0300] "GET /?o=9180871835304 HTTP/1.0" 200 4837 "-" "Mozilla/5.0 (Linux; Android 6.0.1; Nexus 5X Build/MMB29P) AppleWebKit/537.36 (KHTML, like Gecko) Chrome/143.0.7499.169 Mobile Safari/537.36 (compatible; Googlebot/2.1; +http://www.google.com/bot.html)"
172.70.176.164 - - [11/Jan/2026:06:02:45 +0300] "GET /wp-includes/js5ba7cf/index.php HTTP/1.0" 404 455 "https://housegates.ru/wp-includes/js5ba7cf/index.php" "Mozilla/5.0 (Windows NT 10.0; Win64; x64) AppleWebKit/537.36 (KHTML, like Gecko) Chrome/58.0.3029.110 Safari/537.3"
108.162.246.85 - - [11/Jan/2026:06:03:08 +0300] "GET /?o=81715253476100 HTTP/1.0" 200 4890 "-" "Mozilla/5.0 (Linux; Android 6.0.1; Nexus 5X Build/MMB29P) AppleWebKit/537.36 (KHTML, like Gecko) Chrome/143.0.7499.169 Mobile Safari/537.36 (compatible; Googlebot/2.1; +http://www.google.com/bot.html)"
172.70.147.190 - - [11/Jan/2026:06:03:39 +0300] "GET /jqczam/usaa-home-improvement-loan.html HTTP/1.0" 404 455 "http://planner.creativesmartsolution.com/kdg9/individual-college-courses.html" "Mozilla/5.0 (Linux; Android 7.0;) AppleWebKit/537.36 (KHTML, like Gecko) Mobile Safari/537.36 (compatible; PetalBot;+https://webmaster.petalsearch.com/site/petalbot)"
162.158.88.117 - - [11/Jan/2026:06:04:20 +0300] "GET /jqczam/ubisoft-username-special-characters.html HTTP/1.0" 404 455 "https://diamondbrite-dent.ru/4g8lbgb/massey-ferguson-35-transmission-oil.html" "Mozilla/5.0 (Linux; Android 7.0;) AppleWebKit/537.36 (KHTML, like Gecko) Mobile Safari/537.36 (compatible; PetalBot;+https://webmaster.petalsearch.com/site/petalbot)"
172.70.147.191 - - [11/Jan/2026:06:05:44 +0300] "GET /jqczam/salesforce-partner-program.html HTTP/1.0" 404 455 "http://www.xlservice.ru/yksnvc/avatar-banshee-toy.html" "Mozilla/5.0 (Linux; Android 7.0;) AppleWebKit/537.36 (KHTML, like Gecko) Mobile Safari/537.36 (compatible; PetalBot;+https://webmaster.petalsearch.com/site/petalbot)"
172.71.150.210 - - [11/Jan/2026:06:06:01 +0300] "GET /?o=9084068100701 HTTP/1.0" 200 4915 "-" "Mozilla/5.0 (Linux; Android 6.0.1; Nexus 5X Build/MMB29P) AppleWebKit/537.36 (KHTML, like Gecko) Chrome/143.0.7499.169 Mobile Safari/537.36 (compatible; Googlebot/2.1; +http://www.google.com/bot.html)"
172.70.208.96 - - [11/Jan/2026:06:07:07 +0300] "GET /jqczam/percy-is-secretly-a-girl-fanfiction.html HTTP/1.0" 404 455 "http://staging.obriengrouparena.com.au/zrzq/mercedes-software-update-usb.html" "Mozilla/5.0 (Linux; Android 7.0;) AppleWebKit/537.36 (KHTML, like Gecko) Mobile Safari/537.36 (compatible; PetalBot;+https://webmaster.petalsearch.com/site/petalbot)"
162.158.189.7 - - [11/Jan/2026:06:08:31 +0300] "GET /jqczam/ohio-national-guard-mos-list.html HTTP/1.0" 404 455 "https://teplook.ru/2t4jwxq/pm2-set-heap-size.html" "Mozilla/5.0 (Linux; Android 7.0;) AppleWebKit/537.36 (KHTML, like Gecko) Mobile Safari/537.36 (compatible; PetalBot;+https://webmaster.petalsearch.com/site/petalbot)"
162.158.42.240 - - [11/Jan/2026:06:08:54 +0300] "GET /?o=90887101193806 HTTP/1.0" 200 4866 "-" "Mozilla/5.0 (Linux; Android 6.0.1; Nexus 5X Build/MMB29P) AppleWebKit/537.36 (KHTML, like Gecko) Chrome/143.0.7499.169 Mobile Safari/537.36 (compatible; Googlebot/2.1; +http://www.google.com/bot.html)"
104.23.176.13 - - [11/Jan/2026:06:09:54 +0300] "GET /jqczam/how-to-improve-roleplay-writing.html HTTP/1.0" 404 455 "http://upload.transcale.com.au/lphxpds/twitch-change-category-command.html" "Mozilla/5.0 (Linux; Android 7.0;) AppleWebKit/537.36 (KHTML, like Gecko) Mobile Safari/537.36 (compatible; PetalBot;+https://webmaster.petalsearch.com/site/petalbot)"
172.68.23.82 - - [11/Jan/2026:06:09:56 +0300] "GET /?o=9252847506412 HTTP/1.0" 200 3614 "-" "Mozilla/5.0 AppleWebKit/537.36 (KHTML, like Gecko; compatible; bingbot/2.0; +http://www.bing.com/bingbot.htm) Chrome/116.0.1938.76 Safari/537.36"
162.158.152.137 - - [11/Jan/2026:06:11:41 +0300] "GET /robots.txt HTTP/1.1" 404 173 "-" "Mozilla/5.0 (compatible; SemrushBot/7~bl; +http://www.semrush.com/bot.html)"
162.158.78.153 - - [11/Jan/2026:06:11:41 +0300] "GET /index-2.html HTTP/1.0" 200 4554 "-" "Mozilla/5.0 (compatible; SemrushBot/7~bl; +http://www.semrush.com/bot.html)"
172.68.23.82 - - [11/Jan/2026:06:11:47 +0300] "GET /?o=98969140749100 HTTP/1.0" 200 4881 "-" "Mozilla/5.0 (Linux; Android 6.0.1; Nexus 5X Build/MMB29P) AppleWebKit/537.36 (KHTML, like Gecko) Chrome/143.0.7499.169 Mobile Safari/537.36 (compatible; Googlebot/2.1; +http://www.google.com/bot.html)"
172.70.142.150 - - [11/Jan/2026:06:12:41 +0300] "GET /jqczam/crockpot-potluck-main-dishes.html HTTP/1.0" 404 455 "http://onlinematters.com.au/bftqiwfv/audio-quality-kbps.html" "Mozilla/5.0 (Linux; Android 7.0;) AppleWebKit/537.36 (KHTML, like Gecko) Mobile Safari/537.36 (compatible; PetalBot;+https://webmaster.petalsearch.com/site/petalbot)"
162.158.88.117 - - [11/Jan/2026:06:14:06 +0300] "GET /jqczam/cheap-houses-for-sale-in-raytown-missouri.html HTTP/1.0" 404 455 "https://teplook.ru/2t4jwxq/where-is-the-temu-company-store-located.html" "Mozilla/5.0 (Linux; Android 7.0;) AppleWebKit/537.36 (KHTML, like Gecko) Mobile Safari/537.36 (compatible; PetalBot;+https://webmaster.petalsearch.com/site/petalbot)"
172.68.150.230 - - [11/Jan/2026:06:14:29 +0300] "GET /wp-includes/js5ba7cf/index.php HTTP/1.0" 404 455 "https://housegates.ru/wp-includes/js5ba7cf/index.php" "Mozilla/5.0 (Windows NT 10.0; Win64; x64) AppleWebKit/537.36 (KHTML, like Gecko) Chrome/58.0.3029.110 Safari/537.3"
172.68.23.81 - - [11/Jan/2026:06:14:40 +0300] "GET /?o=1020041218600 HTTP/1.0" 200 4911 "-" "Mozilla/5.0 (Linux; Android 6.0.1; Nexus 5X Build/MMB29P) AppleWebKit/537.36 (KHTML, like Gecko) Chrome/143.0.7499.169 Mobile Safari/537.36 (compatible; Googlebot/2.1; +http://www.google.com/bot.html)"
172.70.147.191 - - [11/Jan/2026:06:15:29 +0300] "GET /jqczam/auto-subtitle-generator-video-player.html HTTP/1.0" 404 455 "http://fmcg.navicongroup.ru/q5tfd6l/lax-nightclub-closing.html" "Mozilla/5.0 (Linux; Android 7.0;) AppleWebKit/537.36 (KHTML, like Gecko) Mobile Safari/537.36 (compatible; PetalBot;+https://webmaster.petalsearch.com/site/petalbot)"
162.158.163.93 - - [11/Jan/2026:06:16:53 +0300] "GET /eqo94m/you-appeared-in-my-dream.html HTTP/1.0" 404 455 "http://clubisbitrix.towerent.ru/dftx/adderall-xr-shortage-2023-update.html" "Mozilla/5.0 (Linux; Android 7.0;) AppleWebKit/537.36 (KHTML, like Gecko) Mobile Safari/537.36 (compatible; PetalBot;+https://webmaster.petalsearch.com/site/petalbot)"
162.158.42.240 - - [11/Jan/2026:06:17:33 +0300] "GET /?o=18370148455700 HTTP/1.0" 200 4874 "-" "Mozilla/5.0 (Linux; Android 6.0.1; Nexus 5X Build/MMB29P) AppleWebKit/537.36 (KHTML, like Gecko) Chrome/143.0.7499.169 Mobile Safari/537.36 (compatible; Googlebot/2.1; +http://www.google.com/bot.html)"
172.69.50.177 - - [11/Jan/2026:06:18:08 +0300] "GET /robots.txt HTTP/1.1" 404 173 "-" "Mozilla/5.0 (compatible; YandexBot/3.0; +http://yandex.com/bots)"
172.68.10.15 - - [11/Jan/2026:06:18:09 +0300] "GET /jqczam/vmess-to-clash-online.html HTTP/1.0" 404 455 "-" "Mozilla/5.0 (compatible; YandexBot/3.0; +http://yandex.com/bots)"
162.158.106.213 - - [11/Jan/2026:06:18:17 +0300] "GET /eqo94m/solo-solar-utah.html HTTP/1.0" 404 455 "https://pechnoetoplivo.com/jisg0ye/xperia-l1-rom.html" "Mozilla/5.0 (Linux; Android 7.0;) AppleWebKit/537.36 (KHTML, like Gecko) Mobile Safari/537.36 (compatible; PetalBot;+https://webmaster.petalsearch.com/site/petalbot)"
172.68.164.171 - - [11/Jan/2026:06:19:39 +0300] "GET /eqo94m/simplicity-potholder-patterns.html HTTP/1.0" 404 455 "http://remontvmyatin.ru/7nrwbbn/physics-past-papers-edexcel.html" "Mozilla/5.0 (Linux; Android 7.0;) AppleWebKit/537.36 (KHTML, like Gecko) Mobile Safari/537.36 (compatible; PetalBot;+https://webmaster.petalsearch.com/site/petalbot)"
162.158.42.240 - - [11/Jan/2026:06:20:26 +0300] "GET /?o=79749202581701 HTTP/1.0" 200 4841 "-" "Mozilla/5.0 (Linux; Android 6.0.1; Nexus 5X Build/MMB29P) AppleWebKit/537.36 (KHTML, like Gecko) Chrome/143.0.7499.169 Mobile Safari/537.36 (compatible; Googlebot/2.1; +http://www.google.com/bot.html)"
172.69.176.110 - - [11/Jan/2026:06:21:03 +0300] "GET /eqo94m/rg351p-screen-size.html HTTP/1.0" 404 455 "http://brokenphone.ru/od6zzvz/dl380-gen10-firmware.html" "Mozilla/5.0 (Linux; Android 7.0;) AppleWebKit/537.36 (KHTML, like Gecko) Mobile Safari/537.36 (compatible; PetalBot;+https://webmaster.petalsearch.com/site/petalbot)"
172.70.208.97 - - [11/Jan/2026:06:22:26 +0300] "GET /eqo94m/religious-experience-examples-in-christianity.html HTTP/1.0" 404 455 "https://pechnoetoplivo.com/jisg0ye/xperia-l1-rom.html" "Mozilla/5.0 (Linux; Android 7.0;) AppleWebKit/537.36 (KHTML, like Gecko) Mobile Safari/537.36 (compatible; PetalBot;+https://webmaster.petalsearch.com/site/petalbot)"
162.158.42.239 - - [11/Jan/2026:06:23:19 +0300] "GET /?o=9895249716001 HTTP/1.0" 200 4906 "-" "Mozilla/5.0 (Linux; Android 6.0.1; Nexus 5X Build/MMB29P) AppleWebKit/537.36 (KHTML, like Gecko) Chrome/143.0.7499.169 Mobile Safari/537.36 (compatible; Googlebot/2.1; +http://www.google.com/bot.html)"
172.70.208.96 - - [11/Jan/2026:06:23:52 +0300] "GET /eqo94m/raw-earth-choc-original-mushroom.html HTTP/1.0" 404 455 "https://a-climatica.ru/s1vcs/ct-daycare-violations.html" "Mozilla/5.0 (Linux; Android 7.0;) AppleWebKit/537.36 (KHTML, like Gecko) Mobile Safari/537.36 (compatible; PetalBot;+https://webmaster.petalsearch.com/site/petalbot)"
162.158.88.117 - - [11/Jan/2026:06:25:15 +0300] "GET /eqo94m/onlyfans-creator-not-responding.html HTTP/1.0" 404 455 "https://bindcenter.ru/90uym/party-bus-rental-tampa.html" "Mozilla/5.0 (Linux; Android 7.0;) AppleWebKit/537.36 (KHTML, like Gecko) Mobile Safari/537.36 (compatible; PetalBot;+https://webmaster.petalsearch.com/site/petalbot)"
172.68.150.231 - - [11/Jan/2026:06:25:45 +0300] "GET /wp-includes/js5ba7cf/index.php HTTP/1.0" 404 455 "https://housegates.ru/wp-includes/js5ba7cf/index.php" "Mozilla/5.0 (Windows NT 10.0; Win64; x64) AppleWebKit/537.36 (KHTML, like Gecko) Chrome/58.0.3029.110 Safari/537.3"
108.162.246.85 - - [11/Jan/2026:06:26:12 +0300] "GET /?o=12614118597204 HTTP/1.0" 200 4841 "-" "Mozilla/5.0 (Linux; Android 6.0.1; Nexus 5X Build/MMB29P) AppleWebKit/537.36 (KHTML, like Gecko) Chrome/143.0.7499.169 Mobile Safari/537.36 (compatible; Googlebot/2.1; +http://www.google.com/bot.html)"
172.70.147.190 - - [11/Jan/2026:06:26:38 +0300] "GET /eqo94m/online-business-in-ethiopia.html HTTP/1.0" 404 455 "https://hygge-dukon.ru/cvvwdqiu/play-casino-login.html" "Mozilla/5.0 (Linux; Android 7.0;) AppleWebKit/537.36 (KHTML, like Gecko) Mobile Safari/537.36 (compatible; PetalBot;+https://webmaster.petalsearch.com/site/petalbot)"
172.71.82.52 - - [11/Jan/2026:06:28:02 +0300] "GET /m-contenteditor%2Bindex%2Bid-28.html HTTP/1.0" 200 4952 "https://housegates.ru/m-contenteditor%2Bindex%2Bid-28.html" "Mozilla/5.0 (Linux; Android 7.0;) AppleWebKit/537.36 (KHTML, like Gecko) Mobile Safari/537.36 (compatible; PetalBot;+https://webmaster.petalsearch.com/site/petalbot)"
172.70.142.150 - - [11/Jan/2026:06:29:25 +0300] "GET /jqczam/young-and-hung-vids.html HTTP/1.0" 404 455 "http://www.xlservice.ru/yksnvc/avatar-banshee-toy.html" "Mozilla/5.0 (Linux; Android 7.0;) AppleWebKit/537.36 (KHTML, like Gecko) Mobile Safari/537.36 (compatible; PetalBot;+https://webmaster.petalsearch.com/site/petalbot)"
