104.23.176.13 - - [11/Jan/2026:08:01:23 +0300] "GET /jqczam/20-ton-ac-compressor-price.html HTTP/1.0" 404 455 "http://any.hongstkd.com.au/etygw/can-you-clean-dyson-cyclone-with-water.html" "Mozilla/5.0 (Linux; Android 7.0;) AppleWebKit/537.36 (KHTML, like Gecko) Mobile Safari/537.36 (compatible; PetalBot;+https://webmaster.petalsearch.com/site/petalbot)"
172.71.150.211 - - [11/Jan/2026:08:02:15 +0300] "GET /?o=27770225256204 HTTP/1.0" 200 4822 "-" "Mozilla/5.0 (Linux; Android 6.0.1; Nexus 5X Build/MMB29P) AppleWebKit/537.36 (KHTML, like Gecko) Chrome/143.0.7499.169 Mobile Safari/537.36 (compatible; Googlebot/2.1; +http://www.google.com/bot.html)"
104.23.176.13 - - [11/Jan/2026:08:02:47 +0300] "GET /jqczam/1969-dime-value-no-mint-mark.html HTTP/1.0" 404 455 "http://constructech.com.au/oyaxio/male-dental-hygienist-reddit.html" "Mozilla/5.0 (Linux; Android 7.0;) AppleWebKit/537.36 (KHTML, like Gecko) Mobile Safari/537.36 (compatible; PetalBot;+https://webmaster.petalsearch.com/site/petalbot)"
172.70.147.191 - - [11/Jan/2026:08:04:13 +0300] "GET /eqo94m/watch-madea-farewell-play-online-free.html HTTP/1.0" 404 455 "https://seoprofess.ru/abnakx/crate-and-barrel-bathroom-lighting.html" "Mozilla/5.0 (Linux; Android 7.0;) AppleWebKit/537.36 (KHTML, like Gecko) Mobile Safari/537.36 (compatible; PetalBot;+https://webmaster.petalsearch.com/site/petalbot)"
104.23.176.13 - - [11/Jan/2026:08:05:34 +0300] "GET /eqo94m/troublesome-creek-kentucky-book.html HTTP/1.0" 404 455 "https://kinder.mikhalkovschool.ru/dpnxl/hanwha-camera-prices.html" "Mozilla/5.0 (Linux; Android 7.0;) AppleWebKit/537.36 (KHTML, like Gecko) Mobile Safari/537.36 (compatible; PetalBot;+https://webmaster.petalsearch.com/site/petalbot)"
162.158.108.113 - - [11/Jan/2026:08:06:58 +0300] "GET /eqo94m/top-aau-teams-in-las-vegas.html HTTP/1.0" 404 455 "https://ls-rielty.ru/htqnt3/best-horror-books-of-the-decade-reddit.html" "Mozilla/5.0 (Linux; Android 7.0;) AppleWebKit/537.36 (KHTML, like Gecko) Mobile Safari/537.36 (compatible; PetalBot;+https://webmaster.petalsearch.com/site/petalbot)"
162.158.163.94 - - [11/Jan/2026:08:08:23 +0300] "GET /eqo94m/the-story-of-world-war-one.html HTTP/1.0" 404 455 "https://specarenda40.ru/pl28rp/what-to-say-when-you-match-with-someone-you-know-on-tinder.html" "Mozilla/5.0 (Linux; Android 7.0;) AppleWebKit/537.36 (KHTML, like Gecko) Mobile Safari/537.36 (compatible; PetalBot;+https://webmaster.petalsearch.com/site/petalbot)"
172.71.147.4 - - [11/Jan/2026:08:08:39 +0300] "GET /?o=91030122411000 HTTP/1.0" 200 4833 "-" "Mozilla/5.0 (Linux; Android 6.0.1; Nexus 5X Build/MMB29P) AppleWebKit/537.36 (KHTML, like Gecko) Chrome/143.0.7499.169 Mobile Safari/537.36 (compatible; Googlebot/2.1; +http://www.google.com/bot.html)"
172.70.142.151 - - [11/Jan/2026:08:09:45 +0300] "GET /eqo94m/the-columbian-breaking-news.html HTTP/1.0" 404 455 "http://geniushomeloans.com.au/zf3og8/houston-faith-church.html" "Mozilla/5.0 (Linux; Android 7.0;) AppleWebKit/537.36 (KHTML, like Gecko) Mobile Safari/537.36 (compatible; PetalBot;+https://webmaster.petalsearch.com/site/petalbot)"
172.68.10.15 - - [11/Jan/2026:08:09:52 +0300] "GET /jqczam/intune-sync-powershell.html HTTP/1.0" 404 455 "-" "Mozilla/5.0 (compatible; YandexBot/3.0; +http://yandex.com/bots)"
108.162.246.86 - - [11/Jan/2026:08:11:04 +0300] "GET /?o=82686126447203 HTTP/1.0" 200 4875 "-" "Mozilla/5.0 (Linux; Android 6.0.1; Nexus 5X Build/MMB29P) AppleWebKit/537.36 (KHTML, like Gecko) Chrome/143.0.7499.169 Mobile Safari/537.36 (compatible; Googlebot/2.1; +http://www.google.com/bot.html)"
172.70.147.190 - - [11/Jan/2026:08:11:10 +0300] "GET /eqo94m/subaru-sambar-for-sale-seattle.html HTTP/1.0" 404 455 "https://gelioskarate.ru/3gm7s/sphynx-cat-for-sale-in-ohio.html" "Mozilla/5.0 (Linux; Android 7.0;) AppleWebKit/537.36 (KHTML, like Gecko) Mobile Safari/537.36 (compatible; PetalBot;+https://webmaster.petalsearch.com/site/petalbot)"
172.68.150.230 - - [11/Jan/2026:08:11:30 +0300] "GET /wp-includes/js5ba7cf/index.php HTTP/1.0" 404 455 "https://housegates.ru/wp-includes/js5ba7cf/index.php" "Mozilla/5.0 (Windows NT 10.0; Win64; x64) AppleWebKit/537.36 (KHTML, like Gecko) Chrome/58.0.3029.110 Safari/537.3"
162.158.88.116 - - [11/Jan/2026:08:12:34 +0300] "GET /eqo94m/skid-steer-for-sale-in-texas-craigslist.html HTTP/1.0" 404 455 "http://smmart-pro.ru/m7s9u/roblox-exploit-script.html" "Mozilla/5.0 (Linux; Android 7.0;) AppleWebKit/537.36 (KHTML, like Gecko) Mobile Safari/537.36 (compatible; PetalBot;+https://webmaster.petalsearch.com/site/petalbot)"
172.71.146.153 - - [11/Jan/2026:08:13:24 +0300] "GET /?o=9362459260801 HTTP/1.0" 200 4861 "-" "Mozilla/5.0 (Linux; Android 6.0.1; Nexus 5X Build/MMB29P) AppleWebKit/537.36 (KHTML, like Gecko) Chrome/143.0.7499.169 Mobile Safari/537.36 (compatible; Googlebot/2.1; +http://www.google.com/bot.html)"
172.68.164.170 - - [11/Jan/2026:08:13:57 +0300] "GET /eqo94m/rcmp-moncton-news.html HTTP/1.0" 404 455 "http://kalinos.ru/hbwcn1hr/luxury-thai-spa-massage.html" "Mozilla/5.0 (Linux; Android 7.0;) AppleWebKit/537.36 (KHTML, like Gecko) Mobile Safari/537.36 (compatible; PetalBot;+https://webmaster.petalsearch.com/site/petalbot)"
172.68.164.170 - - [11/Jan/2026:08:15:22 +0300] "GET /eqo94m/object-literal-javascript.html HTTP/1.0" 404 455 "http://focusproperty.com.au/9uibh7/should-i-buy-used-car-from-dealer-or-private-seller-reddit.html" "Mozilla/5.0 (Linux; Android 7.0;) AppleWebKit/537.36 (KHTML, like Gecko) Mobile Safari/537.36 (compatible; PetalBot;+https://webmaster.petalsearch.com/site/petalbot)"
172.68.23.82 - - [11/Jan/2026:08:15:29 +0300] "GET /?o=39287164775104 HTTP/1.0" 200 4892 "-" "Mozilla/5.0 (Linux; Android 6.0.1; Nexus 5X Build/MMB29P) AppleWebKit/537.36 (KHTML, like Gecko) Chrome/143.0.7499.169 Mobile Safari/537.36 (compatible; Googlebot/2.1; +http://www.google.com/bot.html)"
162.158.163.94 - - [11/Jan/2026:08:16:44 +0300] "GET /eqo94m/new-spac-stocks.html HTTP/1.0" 404 455 "http://restauranttram.ru/vyx0b/investment-banking-off-cycle-internship.html" "Mozilla/5.0 (Linux; Android 7.0;) AppleWebKit/537.36 (KHTML, like Gecko) Mobile Safari/537.36 (compatible; PetalBot;+https://webmaster.petalsearch.com/site/petalbot)"
172.71.184.79 - - [11/Jan/2026:08:17:43 +0300] "GET /jqczam/angular-2-get-element-by-class.html HTTP/1.0" 404 455 "-" "Mozilla/5.0 (compatible; YandexBot/3.0; +http://yandex.com/bots) AppleWebKit/537.36 (KHTML, like Gecko) Chrome/108.0.0.0"
162.158.108.112 - - [11/Jan/2026:08:18:07 +0300] "GET /eqo94m/my-perspectives-grade-7-pdf-unit-1.html HTTP/1.0" 404 455 "https://gelioskarate.ru/3gm7s/sphynx-cat-for-sale-in-ohio.html" "Mozilla/5.0 (Linux; Android 7.0;) AppleWebKit/537.36 (KHTML, like Gecko) Mobile Safari/537.36 (compatible; PetalBot;+https://webmaster.petalsearch.com/site/petalbot)"
172.71.184.78 - - [11/Jan/2026:08:19:21 +0300] "GET /eqo94m/nv-sir-lectures-google-drive.html HTTP/1.0" 404 455 "-" "Mozilla/5.0 (compatible; YandexBot/3.0; +http://yandex.com/bots)"
172.71.124.96 - - [11/Jan/2026:08:19:31 +0300] "GET /eqo94m/my-boyfriend-is-uncomfortable-with-my-male-best-friend.html HTTP/1.0" 404 455 "http://remontvmyatin.ru/7nrwbbn/physics-past-papers-edexcel.html" "Mozilla/5.0 (Linux; Android 7.0;) AppleWebKit/537.36 (KHTML, like Gecko) Mobile Safari/537.36 (compatible; PetalBot;+https://webmaster.petalsearch.com/site/petalbot)"
172.71.147.4 - - [11/Jan/2026:08:19:53 +0300] "GET /?o=2083643024003 HTTP/1.0" 200 4856 "-" "Mozilla/5.0 (Linux; Android 6.0.1; Nexus 5X Build/MMB29P) AppleWebKit/537.36 (KHTML, like Gecko) Chrome/143.0.7499.169 Mobile Safari/537.36 (compatible; Googlebot/2.1; +http://www.google.com/bot.html)"
162.158.163.94 - - [11/Jan/2026:08:20:55 +0300] "GET /eqo94m/midheaven-u-horoskopu-znacenje.html HTTP/1.0" 404 455 "https://weekenders.ru/k33dvth/how-to-take-down-a-harbor-breeze-flush-mount-ceiling-fan.html" "Mozilla/5.0 (Linux; Android 7.0;) AppleWebKit/537.36 (KHTML, like Gecko) Mobile Safari/537.36 (compatible; PetalBot;+https://webmaster.petalsearch.com/site/petalbot)"
172.70.142.151 - - [11/Jan/2026:08:22:19 +0300] "GET /eqo94m/mcafee-safe-connect-vpn.html HTTP/1.0" 404 455 "http://opopost.ru/vim9a/the-lego-batman-movie-2-cancelled.html" "Mozilla/5.0 (Linux; Android 7.0;) AppleWebKit/537.36 (KHTML, like Gecko) Mobile Safari/537.36 (compatible; PetalBot;+https://webmaster.petalsearch.com/site/petalbot)"
172.69.50.144 - - [11/Jan/2026:08:22:43 +0300] "GET /jqczam/lightest-trigger-pull-9mm.html HTTP/1.0" 404 455 "-" "Mozilla/5.0 (compatible; YandexBot/3.0; +http://yandex.com/bots)"
172.68.150.230 - - [11/Jan/2026:08:22:55 +0300] "GET /wp-includes/js5ba7cf/index.php HTTP/1.0" 404 455 "https://housegates.ru/wp-includes/js5ba7cf/index.php" "Mozilla/5.0 (Windows NT 10.0; Win64; x64) AppleWebKit/537.36 (KHTML, like Gecko) Chrome/58.0.3029.110 Safari/537.3"
104.23.176.14 - - [11/Jan/2026:08:23:42 +0300] "GET /eqo94m/malayalam-movie-download-tamilrockers.html HTTP/1.0" 404 455 "https://provedi-to.ru/p2qld/mauser-serial-number-identification.html" "Mozilla/5.0 (Linux; Android 7.0;) AppleWebKit/537.36 (KHTML, like Gecko) Mobile Safari/537.36 (compatible; PetalBot;+https://webmaster.petalsearch.com/site/petalbot)"
172.68.164.170 - - [11/Jan/2026:08:25:06 +0300] "GET /eqo94m/m57-timing-chain-replacement-cost.html HTTP/1.0" 404 455 "http://kalinos.ru/hbwcn1hr/luxury-thai-spa-massage.html" "Mozilla/5.0 (Linux; Android 7.0;) AppleWebKit/537.36 (KHTML, like Gecko) Mobile Safari/537.36 (compatible; PetalBot;+https://webmaster.petalsearch.com/site/petalbot)"
108.162.246.85 - - [11/Jan/2026:08:25:18 +0300] "GET /?o=1261062697400 HTTP/1.0" 200 4875 "-" "Mozilla/5.0 (Linux; Android 6.0.1; Nexus 5X Build/MMB29P) AppleWebKit/537.36 (KHTML, like Gecko) Chrome/143.0.7499.169 Mobile Safari/537.36 (compatible; Googlebot/2.1; +http://www.google.com/bot.html)"
172.68.10.15 - - [11/Jan/2026:08:25:37 +0300] "GET /jqczam/4c23-bmw-fault-code.html HTTP/1.0" 404 455 "-" "Mozilla/5.0 (compatible; YandexBot/3.0; +http://yandex.com/bots)"
172.71.184.78 - - [11/Jan/2026:08:25:39 +0300] "GET /jqczam/go-karts-houston.html HTTP/1.0" 404 455 "-" "Mozilla/5.0 (compatible; YandexBot/3.0; +http://yandex.com/bots)"
172.70.208.97 - - [11/Jan/2026:08:26:30 +0300] "GET /eqo94m/luxury-transportation-services-nyc.html HTTP/1.0" 404 455 "https://gelioskarate.ru/3gm7s/sphynx-cat-for-sale-in-ohio.html" "Mozilla/5.0 (Linux; Android 7.0;) AppleWebKit/537.36 (KHTML, like Gecko) Mobile Safari/537.36 (compatible; PetalBot;+https://webmaster.petalsearch.com/site/petalbot)"
172.70.147.190 - - [11/Jan/2026:08:27:54 +0300] "GET /eqo94m/logs-in-python.html HTTP/1.0" 404 455 "http://tomasttool.ru/doret/a-tech-labs-steroids-review.html" "Mozilla/5.0 (Linux; Android 7.0;) AppleWebKit/537.36 (KHTML, like Gecko) Mobile Safari/537.36 (compatible; PetalBot;+https://webmaster.petalsearch.com/site/petalbot)"
172.71.146.153 - - [11/Jan/2026:08:28:43 +0300] "GET /?o=9087781340004 HTTP/1.0" 200 4846 "-" "Mozilla/5.0 (Linux; Android 6.0.1; Nexus 5X Build/MMB29P) AppleWebKit/537.36 (KHTML, like Gecko) Chrome/143.0.7499.169 Mobile Safari/537.36 (compatible; Googlebot/2.1; +http://www.google.com/bot.html)"
172.68.10.14 - - [11/Jan/2026:08:29:03 +0300] "GET /jqczam/wwe-2k22-tights-list.html HTTP/1.0" 404 455 "-" "Mozilla/5.0 (compatible; YandexBot/3.0; +http://yandex.com/bots)"
172.71.124.97 - - [11/Jan/2026:08:29:17 +0300] "GET /eqo94m/listening-test-21-answers.html HTTP/1.0" 404 455 "http://xn--b1aaakalxobu7a0a.xn--p1ai/sv3ciz/chord-dave-mqa.html" "Mozilla/5.0 (Linux; Android 7.0;) AppleWebKit/537.36 (KHTML, like Gecko) Mobile Safari/537.36 (compatible; PetalBot;+https://webmaster.petalsearch.com/site/petalbot)"
172.71.82.53 - - [11/Jan/2026:08:30:41 +0300] "GET /eqo94m/lipstick-taser-keychain.html HTTP/1.0" 404 455 "http://protected.portablechemistsconsultant.com/ng74jd/pathan-movie-watch-online-dailymotion.html" "Mozilla/5.0 (Linux; Android 7.0;) AppleWebKit/537.36 (KHTML, like Gecko) Mobile Safari/537.36 (compatible; PetalBot;+https://webmaster.petalsearch.com/site/petalbot)"
172.71.82.53 - - [11/Jan/2026:08:32:04 +0300] "GET /eqo94m/kysse-lip-filler.html HTTP/1.0" 404 455 "http://www.reef-master.ru/femlagn/anime-art-class-book-pdf.html" "Mozilla/5.0 (Linux; Android 7.0;) AppleWebKit/537.36 (KHTML, like Gecko) Mobile Safari/537.36 (compatible; PetalBot;+https://webmaster.petalsearch.com/site/petalbot)"
162.158.42.240 - - [11/Jan/2026:08:33:09 +0300] "GET /?o=8468896890901 HTTP/1.0" 200 4862 "-" "Mozilla/5.0 (Linux; Android 6.0.1; Nexus 5X Build/MMB29P) AppleWebKit/537.36 (KHTML, like Gecko) Chrome/143.0.7499.169 Mobile Safari/537.36 (compatible; Googlebot/2.1; +http://www.google.com/bot.html)"
162.158.170.72 - - [11/Jan/2026:08:33:28 +0300] "GET /eqo94m/kia-picanto-hydraulic-clutch.html HTTP/1.0" 404 455 "https://mympr.ru/zosuixw/what-breakfast-cereal-is-good-for-acid-reflux.html" "Mozilla/5.0 (Linux; Android 7.0;) AppleWebKit/537.36 (KHTML, like Gecko) Mobile Safari/537.36 (compatible; PetalBot;+https://webmaster.petalsearch.com/site/petalbot)"
108.162.226.83 - - [11/Jan/2026:08:34:52 +0300] "GET /eqo94m/jpa-id-auto-increment-oracle.html HTTP/1.0" 404 455 "http://xn--b1aaakalxobu7a0a.xn--p1ai/sv3ciz/acreages-for-sale-near-craven.html" "Mozilla/5.0 (Linux; Android 7.0;) AppleWebKit/537.36 (KHTML, like Gecko) Mobile Safari/537.36 (compatible; PetalBot;+https://webmaster.petalsearch.com/site/petalbot)"
172.70.176.165 - - [11/Jan/2026:08:35:59 +0300] "GET /wp-includes/js5ba7cf/index.php HTTP/1.0" 404 455 "https://housegates.ru/wp-includes/js5ba7cf/index.php" "Mozilla/5.0 (Windows NT 10.0; Win64; x64) AppleWebKit/537.36 (KHTML, like Gecko) Chrome/58.0.3029.110 Safari/537.3"
172.69.176.111 - - [11/Jan/2026:08:36:16 +0300] "GET /eqo94m/is-marriage-hard.html HTTP/1.0" 404 455 "https://medicaledu.online/q7n7/un-p5-salary-geneva.html" "Mozilla/5.0 (Linux; Android 7.0;) AppleWebKit/537.36 (KHTML, like Gecko) Mobile Safari/537.36 (compatible; PetalBot;+https://webmaster.petalsearch.com/site/petalbot)"
162.158.42.239 - - [11/Jan/2026:08:37:33 +0300] "GET /?o=92204198717211 HTTP/1.0" 200 4966 "-" "Mozilla/5.0 (Linux; Android 6.0.1; Nexus 5X Build/MMB29P) AppleWebKit/537.36 (KHTML, like Gecko) Chrome/143.0.7499.169 Mobile Safari/537.36 (compatible; Googlebot/2.1; +http://www.google.com/bot.html)"
162.158.88.116 - - [11/Jan/2026:08:37:40 +0300] "GET /jqczam/where-is-the-temperature-sensor-on-a-ford-f150.html HTTP/1.0" 404 455 "https://domani-nsk.ru/qkk0mibh/the-scooter-store-batteries.html" "Mozilla/5.0 (Linux; Android 7.0;) AppleWebKit/537.36 (KHTML, like Gecko) Mobile Safari/537.36 (compatible; PetalBot;+https://webmaster.petalsearch.com/site/petalbot)"
108.162.226.82 - - [11/Jan/2026:08:39:02 +0300] "GET /jqczam/when-to-discuss-salary-in-a-relationship.html HTTP/1.0" 404 455 "http://smorodina.gramor.site/o4gpgo/what-are-the-5-eoc-tests-in-texas.html" "Mozilla/5.0 (Linux; Android 7.0;) AppleWebKit/537.36 (KHTML, like Gecko) Mobile Safari/537.36 (compatible; PetalBot;+https://webmaster.petalsearch.com/site/petalbot)"
172.69.176.111 - - [11/Jan/2026:08:40:26 +0300] "GET /jqczam/what-is-flex-zone-on-lg-dishwasher.html HTTP/1.0" 404 455 "http://shopbs.ru/b6gqljd/how-to-build-a-383-stroker-on-a-budget.html" "Mozilla/5.0 (Linux; Android 7.0;) AppleWebKit/537.36 (KHTML, like Gecko) Mobile Safari/537.36 (compatible; PetalBot;+https://webmaster.petalsearch.com/site/petalbot)"
172.70.147.190 - - [11/Jan/2026:08:41:50 +0300] "GET /jqczam/what-is-crime-lesson.html HTTP/1.0" 404 455 "https://diamondbrite-dent.ru/4g8lbgb/baby-chickens-for-sale-in-arizona.html" "Mozilla/5.0 (Linux; Android 7.0;) AppleWebKit/537.36 (KHTML, like Gecko) Mobile Safari/537.36 (compatible; PetalBot;+https://webmaster.petalsearch.com/site/petalbot)"
108.162.246.85 - - [11/Jan/2026:08:41:59 +0300] "GET /?o=162733398705 HTTP/1.0" 200 4925 "-" "Mozilla/5.0 (Linux; Android 6.0.1; Nexus 5X Build/MMB29P) AppleWebKit/537.36 (KHTML, like Gecko) Chrome/143.0.7499.169 Mobile Safari/537.36 (compatible; Googlebot/2.1; +http://www.google.com/bot.html)"
172.69.50.176 - - [11/Jan/2026:08:44:23 +0300] "GET /robots.txt HTTP/1.1" 404 173 "-" "Mozilla/5.0 (compatible; YandexBot/3.0; +http://yandex.com/bots)"
172.71.184.78 - - [11/Jan/2026:08:44:24 +0300] "GET /jqczam/how-much-does-admob-pay-per-1000-views-2022.html HTTP/1.0" 404 455 "-" "Mozilla/5.0 (compatible; YandexBot/3.0; +http://yandex.com/bots)"
172.68.10.15 - - [11/Jan/2026:08:45:00 +0300] "GET /eqo94m/how-to-delete-facebook-account-permanently-immediately-2020.html HTTP/1.0" 404 455 "-" "Mozilla/5.0 (compatible; YandexBot/3.0; +http://yandex.com/bots)"
172.71.150.211 - - [11/Jan/2026:08:46:24 +0300] "GET /?o=07294173782001 HTTP/1.0" 200 4893 "-" "Mozilla/5.0 (Linux; Android 6.0.1; Nexus 5X Build/MMB29P) AppleWebKit/537.36 (KHTML, like Gecko) Chrome/143.0.7499.169 Mobile Safari/537.36 (compatible; Googlebot/2.1; +http://www.google.com/bot.html)"
172.70.142.151 - - [11/Jan/2026:08:46:48 +0300] "GET /jqczam/volkl-skis-for-sale.html HTTP/1.0" 404 455 "http://fmcg.navicongroup.ru/q5tfd6l/lax-nightclub-closing.html" "Mozilla/5.0 (Linux; Android 7.0;) AppleWebKit/537.36 (KHTML, like Gecko) Mobile Safari/537.36 (compatible; PetalBot;+https://webmaster.petalsearch.com/site/petalbot)"
172.68.150.230 - - [11/Jan/2026:08:47:14 +0300] "GET /wp-includes/js5ba7cf/index.php HTTP/1.0" 404 455 "https://housegates.ru/wp-includes/js5ba7cf/index.php" "Mozilla/5.0 (Windows NT 10.0; Win64; x64) AppleWebKit/537.36 (KHTML, like Gecko) Chrome/58.0.3029.110 Safari/537.3"
172.68.164.170 - - [11/Jan/2026:08:47:36 +0300] "GET /jqczam/verkada-reseller-agreement.html HTTP/1.0" 404 455 "http://vipperspektiva.ru/hud3z/img-academy-twitter.html" "Mozilla/5.0 (Linux; Android 7.0;) AppleWebKit/537.36 (KHTML, like Gecko) Mobile Safari/537.36 (compatible; PetalBot;+https://webmaster.petalsearch.com/site/petalbot)"
162.158.170.72 - - [11/Jan/2026:08:48:12 +0300] "GET /jqczam/unifi-dns-not-resolving.html HTTP/1.0" 404 455 "https://sergach-mebel.ru/aajb9/1950s-organ-music.html" "Mozilla/5.0 (Linux; Android 7.0;) AppleWebKit/537.36 (KHTML, like Gecko) Mobile Safari/537.36 (compatible; PetalBot;+https://webmaster.petalsearch.com/site/petalbot)"
172.68.10.15 - - [11/Jan/2026:08:48:24 +0300] "GET /eqo94m/cheap-shower-panels.html HTTP/1.0" 404 455 "-" "Mozilla/5.0 (compatible; YandexBot/3.0; +http://yandex.com/bots)"
162.158.163.93 - - [11/Jan/2026:08:50:16 +0300] "GET /jqczam/true-luna-by-tessa-lilly.html HTTP/1.0" 404 455 "https://diamondbrite-dent.ru/4g8lbgb/massey-ferguson-35-transmission-oil.html" "Mozilla/5.0 (Linux; Android 7.0;) AppleWebKit/537.36 (KHTML, like Gecko) Mobile Safari/537.36 (compatible; PetalBot;+https://webmaster.petalsearch.com/site/petalbot)"
108.162.246.85 - - [11/Jan/2026:08:50:47 +0300] "GET /?o=1871549630800 HTTP/1.0" 200 4896 "-" "Mozilla/5.0 (Linux; Android 6.0.1; Nexus 5X Build/MMB29P) AppleWebKit/537.36 (KHTML, like Gecko) Chrome/143.0.7499.169 Mobile Safari/537.36 (compatible; Googlebot/2.1; +http://www.google.com/bot.html)"
172.70.189.115 - - [11/Jan/2026:08:50:57 +0300] "GET /jqczam/thailand-import-tax-calculator.html HTTP/1.0" 404 455 "https://promsnab888.ru/jqopcol/trinet-peo-letter.html" "Mozilla/5.0 (Linux; Android 7.0;) AppleWebKit/537.36 (KHTML, like Gecko) Mobile Safari/537.36 (compatible; PetalBot;+https://webmaster.petalsearch.com/site/petalbot)"
172.70.142.151 - - [11/Jan/2026:08:51:38 +0300] "GET /jqczam/telegram-web-keyboard-shortcuts.html HTTP/1.0" 404 455 "http://advercon.ru/cbhun1/bone-broth-for-diarrhea.html" "Mozilla/5.0 (Linux; Android 7.0;) AppleWebKit/537.36 (KHTML, like Gecko) Mobile Safari/537.36 (compatible; PetalBot;+https://webmaster.petalsearch.com/site/petalbot)"
172.71.82.53 - - [11/Jan/2026:08:53:03 +0300] "GET /jqczam/stories-of-unexpected-death.html HTTP/1.0" 404 455 "http://mummabubbas.com.au/higeyq/vyvanse-doesn-t-work-some-days-reddit.html" "Mozilla/5.0 (Linux; Android 7.0;) AppleWebKit/537.36 (KHTML, like Gecko) Mobile Safari/537.36 (compatible; PetalBot;+https://webmaster.petalsearch.com/site/petalbot)"
172.69.176.111 - - [11/Jan/2026:08:54:25 +0300] "GET /jqczam/steel-pipe-table-diy.html HTTP/1.0" 404 455 "http://geniushomeloans.com.au/zf3og8/odoo-many2one-widget.html" "Mozilla/5.0 (Linux; Android 7.0;) AppleWebKit/537.36 (KHTML, like Gecko) Mobile Safari/537.36 (compatible; PetalBot;+https://webmaster.petalsearch.com/site/petalbot)"
108.162.245.32 - - [11/Jan/2026:08:55:12 +0300] "GET /?o=12229146199703 HTTP/1.0" 200 4856 "-" "Mozilla/5.0 (Linux; Android 6.0.1; Nexus 5X Build/MMB29P) AppleWebKit/537.36 (KHTML, like Gecko) Chrome/143.0.7499.169 Mobile Safari/537.36 (compatible; Googlebot/2.1; +http://www.google.com/bot.html)"
172.70.142.151 - - [11/Jan/2026:08:55:49 +0300] "GET /jqczam/sovol-sv06-upgrade.html HTTP/1.0" 404 455 "https://kvalitet95.ru/5acv/harman-kardon-software-update.html" "Mozilla/5.0 (Linux; Android 7.0;) AppleWebKit/537.36 (KHTML, like Gecko) Mobile Safari/537.36 (compatible; PetalBot;+https://webmaster.petalsearch.com/site/petalbot)"
172.70.142.151 - - [11/Jan/2026:08:57:13 +0300] "GET /jqczam/sony-a80k-remote-control.html HTTP/1.0" 404 455 "https://lemanskarting.ru/ggy6/upenn-fine-arts.html" "Mozilla/5.0 (Linux; Android 7.0;) AppleWebKit/537.36 (KHTML, like Gecko) Mobile Safari/537.36 (compatible; PetalBot;+https://webmaster.petalsearch.com/site/petalbot)"
172.71.124.97 - - [11/Jan/2026:08:58:37 +0300] "GET /jqczam/sig-p320-x5-legion-custom.html HTTP/1.0" 404 455 "http://mischievousfox.com/cu/wikbh/abf-terminals-in-north-carolina.html" "Mozilla/5.0 (Linux; Android 7.0;) AppleWebKit/537.36 (KHTML, like Gecko) Mobile Safari/537.36 (compatible; PetalBot;+https://webmaster.petalsearch.com/site/petalbot)"
172.70.176.164 - - [11/Jan/2026:08:58:45 +0300] "GET /wp-includes/js5ba7cf/index.php HTTP/1.0" 404 455 "https://housegates.ru/wp-includes/js5ba7cf/index.php" "Mozilla/5.0 (Windows NT 10.0; Win64; x64) AppleWebKit/537.36 (KHTML, like Gecko) Chrome/58.0.3029.110 Safari/537.3"
172.69.50.176 - - [11/Jan/2026:08:59:03 +0300] "GET /robots.txt HTTP/1.1" 404 173 "-" "Mozilla/5.0 (compatible; YandexBot/3.0; +http://yandex.com/bots)"
172.68.22.85 - - [11/Jan/2026:08:59:36 +0300] "GET /?o=18510113332000 HTTP/1.0" 200 4953 "-" "Mozilla/5.0 (Linux; Android 6.0.1; Nexus 5X Build/MMB29P) AppleWebKit/537.36 (KHTML, like Gecko) Chrome/143.0.7499.169 Mobile Safari/537.36 (compatible; Googlebot/2.1; +http://www.google.com/bot.html)"
162.158.88.117 - - [11/Jan/2026:09:00:02 +0300] "GET /m-contenteditor%2Bindex%2Bid-14.html HTTP/1.0" 200 2971 "https://housegates.ru/m-contenteditor%2Bindex%2Bid-14.html" "Mozilla/5.0 (Linux; Android 7.0;) AppleWebKit/537.36 (KHTML, like Gecko) Mobile Safari/537.36 (compatible; PetalBot;+https://webmaster.petalsearch.com/site/petalbot)"
172.70.142.150 - - [11/Jan/2026:09:01:26 +0300] "GET /jqczam/ubs-employee-benefits.html HTTP/1.0" 404 455 "http://russar.gramor.site/qhh4y/scuba-diving-deaths-2019.html" "Mozilla/5.0 (Linux; Android 7.0;) AppleWebKit/537.36 (KHTML, like Gecko) Mobile Safari/537.36 (compatible; PetalBot;+https://webmaster.petalsearch.com/site/petalbot)"
172.70.142.151 - - [11/Jan/2026:09:02:50 +0300] "GET /jqczam/shoretel-voicemail-not-working.html HTTP/1.0" 404 455 "https://m.tfntrucks.ru/fhacxgsqv/mojave-vs-high-sierra.html" "Mozilla/5.0 (Linux; Android 7.0;) AppleWebKit/537.36 (KHTML, like Gecko) Mobile Safari/537.36 (compatible; PetalBot;+https://webmaster.petalsearch.com/site/petalbot)"
172.71.146.152 - - [11/Jan/2026:09:04:06 +0300] "GET /?o=68232185261505 HTTP/1.0" 200 4903 "-" "Mozilla/5.0 (Linux; Android 6.0.1; Nexus 5X Build/MMB29P) AppleWebKit/537.36 (KHTML, like Gecko) Chrome/143.0.7499.169 Mobile Safari/537.36 (compatible; Googlebot/2.1; +http://www.google.com/bot.html)"
172.68.164.171 - - [11/Jan/2026:09:04:13 +0300] "GET /jqczam/shoreline-church-services.html HTTP/1.0" 404 455 "https://promsnab888.ru/jqopcol/trinet-peo-letter.html" "Mozilla/5.0 (Linux; Android 7.0;) AppleWebKit/537.36 (KHTML, like Gecko) Mobile Safari/537.36 (compatible; PetalBot;+https://webmaster.petalsearch.com/site/petalbot)"
108.162.226.82 - - [11/Jan/2026:09:05:39 +0300] "GET /jqczam/shaking-sound-effect.html HTTP/1.0" 404 455 "https://krutakov.ru/7lnclj/surplus-commercial-diving-equipment.html" "Mozilla/5.0 (Linux; Android 7.0;) AppleWebKit/537.36 (KHTML, like Gecko) Mobile Safari/537.36 (compatible; PetalBot;+https://webmaster.petalsearch.com/site/petalbot)"
172.70.189.115 - - [11/Jan/2026:09:07:00 +0300] "GET /jqczam/school-obby-roblox.html HTTP/1.0" 404 455 "https://www.cbib.ru/8arh/target-jobs-chicago.html" "Mozilla/5.0 (Linux; Android 7.0;) AppleWebKit/537.36 (KHTML, like Gecko) Mobile Safari/537.36 (compatible; PetalBot;+https://webmaster.petalsearch.com/site/petalbot)"
104.23.176.14 - - [11/Jan/2026:09:08:24 +0300] "GET /jqczam/scamp-trailer-for-sale.html HTTP/1.0" 404 455 "https://promsnab888.ru/jqopcol/trinet-peo-letter.html" "Mozilla/5.0 (Linux; Android 7.0;) AppleWebKit/537.36 (KHTML, like Gecko) Mobile Safari/537.36 (compatible; PetalBot;+https://webmaster.petalsearch.com/site/petalbot)"
172.71.124.97 - - [11/Jan/2026:09:09:48 +0300] "GET /jqczam/safari-trek-rv.html HTTP/1.0" 404 455 "https://diamondbrite-dent.ru/4g8lbgb/massey-ferguson-35-transmission-oil.html" "Mozilla/5.0 (Linux; Android 7.0;) AppleWebKit/537.36 (KHTML, like Gecko) Mobile Safari/537.36 (compatible; PetalBot;+https://webmaster.petalsearch.com/site/petalbot)"
172.68.150.230 - - [11/Jan/2026:09:10:16 +0300] "GET /wp-includes/js5ba7cf/index.php HTTP/1.0" 404 455 "https://housegates.ru/wp-includes/js5ba7cf/index.php" "Mozilla/5.0 (Windows NT 10.0; Win64; x64) AppleWebKit/537.36 (KHTML, like Gecko) Chrome/58.0.3029.110 Safari/537.3"
162.158.163.94 - - [11/Jan/2026:09:11:12 +0300] "GET /jqczam/reddit-expat-fire.html HTTP/1.0" 404 455 "https://temmoroz.ru/4ymzp/pattaya-national-park.html" "Mozilla/5.0 (Linux; Android 7.0;) AppleWebKit/537.36 (KHTML, like Gecko) Mobile Safari/537.36 (compatible; PetalBot;+https://webmaster.petalsearch.com/site/petalbot)"
172.71.146.153 - - [11/Jan/2026:09:11:36 +0300] "GET /?o=85980279114500 HTTP/1.0" 200 4819 "-" "Mozilla/5.0 (Linux; Android 6.0.1; Nexus 5X Build/MMB29P) AppleWebKit/537.36 (KHTML, like Gecko) Chrome/143.0.7499.169 Mobile Safari/537.36 (compatible; Googlebot/2.1; +http://www.google.com/bot.html)"
108.162.226.82 - - [11/Jan/2026:09:12:36 +0300] "GET /jqczam/ramez-juffair-offers.html HTTP/1.0" 404 455 "http://recigar.ru/n7el1jwd/circle-k-workday-okta-login.html" "Mozilla/5.0 (Linux; Android 7.0;) AppleWebKit/537.36 (KHTML, like Gecko) Mobile Safari/537.36 (compatible; PetalBot;+https://webmaster.petalsearch.com/site/petalbot)"
172.68.10.15 - - [11/Jan/2026:09:12:53 +0300] "GET /jqczam/startups-in-qatar.html HTTP/1.0" 404 455 "-" "Mozilla/5.0 (compatible; YandexBot/3.0; +http://yandex.com/bots)"
172.68.164.171 - - [11/Jan/2026:09:14:00 +0300] "GET /jqczam/powerapps-sort-gallery-button.html HTTP/1.0" 404 455 "http://russar.gramor.site/qhh4y/dr-wang-ent.html" "Mozilla/5.0 (Linux; Android 7.0;) AppleWebKit/537.36 (KHTML, like Gecko) Mobile Safari/537.36 (compatible; PetalBot;+https://webmaster.petalsearch.com/site/petalbot)"
172.71.146.153 - - [11/Jan/2026:09:14:52 +0300] "GET /?o=98049270699900 HTTP/1.0" 200 4933 "-" "Mozilla/5.0 (Linux; Android 6.0.1; Nexus 5X Build/MMB29P) AppleWebKit/537.36 (KHTML, like Gecko) Chrome/143.0.7499.169 Mobile Safari/537.36 (compatible; Googlebot/2.1; +http://www.google.com/bot.html)"
162.158.163.94 - - [11/Jan/2026:09:15:24 +0300] "GET /jqczam/pod-2500-disposable-vape-near-me.html HTTP/1.0" 404 455 "https://ddpc.com.au/al2i8c/ski-doo-850-aftermarket-parts.html" "Mozilla/5.0 (Linux; Android 7.0;) AppleWebKit/537.36 (KHTML, like Gecko) Mobile Safari/537.36 (compatible; PetalBot;+https://webmaster.petalsearch.com/site/petalbot)"
104.23.176.14 - - [11/Jan/2026:09:16:47 +0300] "GET /jqczam/personal-driver-pittsburgh.html HTTP/1.0" 404 455 "http://test.jdmprint.com.au/8pukz/riley-whitelum-and-elayna-carausu-net-worth.html" "Mozilla/5.0 (Linux; Android 7.0;) AppleWebKit/537.36 (KHTML, like Gecko) Mobile Safari/537.36 (compatible; PetalBot;+https://webmaster.petalsearch.com/site/petalbot)"
172.68.22.85 - - [11/Jan/2026:09:17:15 +0300] "GET /?o=0667230212000 HTTP/1.0" 200 4885 "-" "Mozilla/5.0 (Linux; Android 6.0.1; Nexus 5X Build/MMB29P) AppleWebKit/537.36 (KHTML, like Gecko) Chrome/143.0.7499.169 Mobile Safari/537.36 (compatible; Googlebot/2.1; +http://www.google.com/bot.html)"
162.158.88.116 - - [11/Jan/2026:09:18:10 +0300] "GET /jqczam/peda-motori-mk.html HTTP/1.0" 404 455 "https://lemanskarting.ru/ggy6/upenn-fine-arts.html" "Mozilla/5.0 (Linux; Android 7.0;) AppleWebKit/537.36 (KHTML, like Gecko) Mobile Safari/537.36 (compatible; PetalBot;+https://webmaster.petalsearch.com/site/petalbot)"
172.69.50.177 - - [11/Jan/2026:09:18:51 +0300] "GET /robots.txt HTTP/1.1" 404 173 "-" "Mozilla/5.0 (compatible; YandexBot/3.0; +http://yandex.com/bots)"
108.162.226.83 - - [11/Jan/2026:09:19:34 +0300] "GET /jqczam/one-side-jockstrap.html HTTP/1.0" 404 455 "http://vladimir.munys.ru/2vjo/affinity-living-riverview-rent.html" "Mozilla/5.0 (Linux; Android 7.0;) AppleWebKit/537.36 (KHTML, like Gecko) Mobile Safari/537.36 (compatible; PetalBot;+https://webmaster.petalsearch.com/site/petalbot)"
172.68.164.170 - - [11/Jan/2026:09:20:58 +0300] "GET /jqczam/nvidia-drivers-arch-linux.html HTTP/1.0" 404 455 "https://pasai.ru/iervt/direct-line-emergency-number.html" "Mozilla/5.0 (Linux; Android 7.0;) AppleWebKit/537.36 (KHTML, like Gecko) Mobile Safari/537.36 (compatible; PetalBot;+https://webmaster.petalsearch.com/site/petalbot)"
172.70.176.164 - - [11/Jan/2026:09:21:19 +0300] "GET /wp-includes/js5ba7cf/index.php HTTP/1.0" 404 455 "https://housegates.ru/wp-includes/js5ba7cf/index.php" "Mozilla/5.0 (Windows NT 10.0; Win64; x64) AppleWebKit/537.36 (KHTML, like Gecko) Chrome/58.0.3029.110 Safari/537.3"
172.71.150.211 - - [11/Jan/2026:09:21:32 +0300] "GET /?o=80909288527102 HTTP/1.0" 200 4879 "-" "Mozilla/5.0 (Linux; Android 6.0.1; Nexus 5X Build/MMB29P) AppleWebKit/537.36 (KHTML, like Gecko) Chrome/143.0.7499.169 Mobile Safari/537.36 (compatible; Googlebot/2.1; +http://www.google.com/bot.html)"
108.162.245.33 - - [11/Jan/2026:09:21:43 +0300] "GET /?o=28068288475003 HTTP/1.0" 200 4893 "-" "Mozilla/5.0 (Linux; Android 6.0.1; Nexus 5X Build/MMB29P) AppleWebKit/537.36 (KHTML, like Gecko) Chrome/143.0.7499.169 Mobile Safari/537.36 (compatible; Googlebot/2.1; +http://www.google.com/bot.html)"
104.23.176.13 - - [11/Jan/2026:09:22:21 +0300] "GET /eqo94m/in-the-courts-saint-john.html HTTP/1.0" 404 455 "https://sds-ural.ru/0ufja/visit-visa-extension-qatar-latest-news.html" "Mozilla/5.0 (Linux; Android 7.0;) AppleWebKit/537.36 (KHTML, like Gecko) Mobile Safari/537.36 (compatible; PetalBot;+https://webmaster.petalsearch.com/site/petalbot)"
108.162.246.85 - - [11/Jan/2026:09:22:33 +0300] "GET /?o=32768197299813 HTTP/1.0" 200 4794 "-" "Mozilla/5.0 (Linux; Android 6.0.1; Nexus 5X Build/MMB29P) AppleWebKit/537.36 (KHTML, like Gecko) Chrome/143.0.7499.169 Mobile Safari/537.36 (compatible; Googlebot/2.1; +http://www.google.com/bot.html)"
162.158.106.213 - - [11/Jan/2026:09:23:44 +0300] "GET /eqo94m/ib-english-poems.html HTTP/1.0" 404 455 "http://opopost.ru/vim9a/the-lego-batman-movie-2-cancelled.html" "Mozilla/5.0 (Linux; Android 7.0;) AppleWebKit/537.36 (KHTML, like Gecko) Mobile Safari/537.36 (compatible; PetalBot;+https://webmaster.petalsearch.com/site/petalbot)"
108.162.246.86 - - [11/Jan/2026:09:23:44 +0300] "GET /?o=79783197821004 HTTP/1.0" 200 4898 "-" "Mozilla/5.0 (Linux; Android 6.0.1; Nexus 5X Build/MMB29P) AppleWebKit/537.36 (KHTML, like Gecko) Chrome/143.0.7499.169 Mobile Safari/537.36 (compatible; Googlebot/2.1; +http://www.google.com/bot.html)"
108.162.226.83 - - [11/Jan/2026:09:25:10 +0300] "GET /jqczam/watch-meet-the-browns-movie.html HTTP/1.0" 404 455 "http://russar.gramor.site/qhh4y/15-day-forecast-mammoth-lakes.html" "Mozilla/5.0 (Linux; Android 7.0;) AppleWebKit/537.36 (KHTML, like Gecko) Mobile Safari/537.36 (compatible; PetalBot;+https://webmaster.petalsearch.com/site/petalbot)"
108.162.246.86 - - [11/Jan/2026:09:25:57 +0300] "GET /?o=92718286183500 HTTP/1.0" 200 4857 "-" "Mozilla/5.0 (Linux; Android 6.0.1; Nexus 5X Build/MMB29P) AppleWebKit/537.36 (KHTML, like Gecko) Chrome/143.0.7499.169 Mobile Safari/537.36 (compatible; Googlebot/2.1; +http://www.google.com/bot.html)"
108.162.226.83 - - [11/Jan/2026:09:26:33 +0300] "GET /jqczam/sonos-move-2-release-date.html HTTP/1.0" 404 455 "https://teplook.ru/2t4jwxq/quietest-rv-water-pump.html" "Mozilla/5.0 (Linux; Android 7.0;) AppleWebKit/537.36 (KHTML, like Gecko) Mobile Safari/537.36 (compatible; PetalBot;+https://webmaster.petalsearch.com/site/petalbot)"
162.158.163.93 - - [11/Jan/2026:09:27:55 +0300] "GET /jqczam/northeast-mississippi-community-college-application-deadline.html HTTP/1.0" 404 455 "http://russar.gramor.site/qhh4y/dr-wang-ent.html" "Mozilla/5.0 (Linux; Android 7.0;) AppleWebKit/537.36 (KHTML, like Gecko) Mobile Safari/537.36 (compatible; PetalBot;+https://webmaster.petalsearch.com/site/petalbot)"
172.68.22.85 - - [11/Jan/2026:09:28:09 +0300] "GET /shop/pg/1005024164 HTTP/1.0" 404 459 "-" "Mozilla/5.0 (Linux; Android 6.0.1; Nexus 5X Build/MMB29P) AppleWebKit/537.36 (KHTML, like Gecko) Chrome/143.0.7499.169 Mobile Safari/537.36 (compatible; Googlebot/2.1; +http://www.google.com/bot.html)"
172.71.82.53 - - [11/Jan/2026:09:29:20 +0300] "GET /jqczam/ncaa-football-23-dynasty.html HTTP/1.0" 404 455 "http://fmcg.navicongroup.ru/q5tfd6l/lax-nightclub-closing.html" "Mozilla/5.0 (Linux; Android 7.0;) AppleWebKit/537.36 (KHTML, like Gecko) Mobile Safari/537.36 (compatible; PetalBot;+https://webmaster.petalsearch.com/site/petalbot)"
162.158.42.54 - - [11/Jan/2026:09:30:21 +0300] "GET /?o=12510137037603 HTTP/1.0" 200 4912 "-" "Mozilla/5.0 (Linux; Android 6.0.1; Nexus 5X Build/MMB29P) AppleWebKit/537.36 (KHTML, like Gecko) Chrome/143.0.7499.169 Mobile Safari/537.36 (compatible; Googlebot/2.1; +http://www.google.com/bot.html)"
172.69.109.230 - - [11/Jan/2026:09:30:34 +0300] "GET /robots.txt HTTP/1.1" 404 576 "-" "Mozilla/5.0 (Windows NT 10.0; Win64; x64) AppleWebKit/537.36 (KHTML, like Gecko) Chrome/103.0.5060.134 Safari/537.36"
108.162.226.83 - - [11/Jan/2026:09:30:43 +0300] "GET /jqczam/multiplying-polynomials-scavenger-hunt.html HTTP/1.0" 404 455 "https://rosavivum.ru/8wzec5l/college-students-drinking-and-driving.html" "Mozilla/5.0 (Linux; Android 7.0;) AppleWebKit/537.36 (KHTML, like Gecko) Mobile Safari/537.36 (compatible; PetalBot;+https://webmaster.petalsearch.com/site/petalbot)"
172.68.10.14 - - [11/Jan/2026:09:31:28 +0300] "GET /eqo94m/swam-engine-free-download-mac.html HTTP/1.0" 404 455 "-" "Mozilla/5.0 (compatible; YandexBot/3.0; +http://yandex.com/bots)"
172.71.82.53 - - [11/Jan/2026:09:32:10 +0300] "GET /jqczam/mojo-mushroom-gummies-reddit.html HTTP/1.0" 404 455 "http://fmcg.navicongroup.ru/q5tfd6l/lax-nightclub-closing.html" "Mozilla/5.0 (Linux; Android 7.0;) AppleWebKit/537.36 (KHTML, like Gecko) Mobile Safari/537.36 (compatible; PetalBot;+https://webmaster.petalsearch.com/site/petalbot)"
172.68.150.230 - - [11/Jan/2026:09:33:00 +0300] "GET /wp-includes/js5ba7cf/index.php HTTP/1.0" 404 455 "https://housegates.ru/wp-includes/js5ba7cf/index.php" "Mozilla/5.0 (Windows NT 10.0; Win64; x64) AppleWebKit/537.36 (KHTML, like Gecko) Chrome/58.0.3029.110 Safari/537.3"
172.70.208.97 - - [11/Jan/2026:09:33:31 +0300] "GET /jqczam/math-zoom-meeting.html HTTP/1.0" 404 455 "https://teplook.ru/2t4jwxq/pm2-set-heap-size.html" "Mozilla/5.0 (Linux; Android 7.0;) AppleWebKit/537.36 (KHTML, like Gecko) Mobile Safari/537.36 (compatible; PetalBot;+https://webmaster.petalsearch.com/site/petalbot)"
162.158.42.54 - - [11/Jan/2026:09:34:18 +0300] "GET /?o=72192299846601 HTTP/1.0" 200 4915 "-" "Mozilla/5.0 (Linux; Android 6.0.1; Nexus 5X Build/MMB29P) AppleWebKit/537.36 (KHTML, like Gecko) Chrome/143.0.7499.169 Mobile Safari/537.36 (compatible; Googlebot/2.1; +http://www.google.com/bot.html)"
104.23.176.13 - - [11/Jan/2026:09:34:55 +0300] "GET /jqczam/maari-tamil-movie-download-720p-tamilrockers.html HTTP/1.0" 404 455 "http://artdekofire.pro/alnxl/cerita-lucah-perempuan-alim.html" "Mozilla/5.0 (Linux; Android 7.0;) AppleWebKit/537.36 (KHTML, like Gecko) Mobile Safari/537.36 (compatible; PetalBot;+https://webmaster.petalsearch.com/site/petalbot)"
172.71.124.96 - - [11/Jan/2026:09:36:18 +0300] "GET /jqczam/m1-helmet-liner-ww2.html HTTP/1.0" 404 455 "https://alstandart.ru/0vvf/liquid-grub-killer.html" "Mozilla/5.0 (Linux; Android 7.0;) AppleWebKit/537.36 (KHTML, like Gecko) Mobile Safari/537.36 (compatible; PetalBot;+https://webmaster.petalsearch.com/site/petalbot)"
172.71.124.97 - - [11/Jan/2026:09:37:44 +0300] "GET /jqczam/logistics-network-example.html HTTP/1.0" 404 455 "https://www.fortops.ru/cqlfnmt/glow-plug-resistor-indicator.html" "Mozilla/5.0 (Linux; Android 7.0;) AppleWebKit/537.36 (KHTML, like Gecko) Mobile Safari/537.36 (compatible; PetalBot;+https://webmaster.petalsearch.com/site/petalbot)"
172.70.47.173 - - [11/Jan/2026:09:38:09 +0300] "GET /?app=8179.html HTTP/1.0" 200 20242 "-" "Mozilla/5.0 (Linux; Android 6.0.1; Nexus 5X Build/MMB29P) AppleWebKit/537.36 (KHTML, like Gecko) Chrome/143.0.7499.169 Mobile Safari/537.36 (compatible; Googlebot/2.1; +http://www.google.com/bot.html)"
172.71.184.79 - - [11/Jan/2026:09:38:53 +0300] "GET /eqo94m/how-to-get-two-dogs-to-get-along-in-the-same-house.html HTTP/1.0" 404 455 "-" "Mozilla/5.0 (compatible; YandexBot/3.0; +http://yandex.com/bots) AppleWebKit/537.36 (KHTML, like Gecko) Chrome/108.0.0.0"
162.158.170.72 - - [11/Jan/2026:09:39:05 +0300] "GET /jqczam/lionel-track-plans.html HTTP/1.0" 404 455 "https://kvalitet95.ru/5acv/free-horses-in-michigan-to-a-good-home.html" "Mozilla/5.0 (Linux; Android 7.0;) AppleWebKit/537.36 (KHTML, like Gecko) Mobile Safari/537.36 (compatible; PetalBot;+https://webmaster.petalsearch.com/site/petalbot)"
172.71.184.79 - - [11/Jan/2026:09:39:53 +0300] "GET /eqo94m/what-to-do-with-old-scratched-records.html HTTP/1.0" 404 455 "-" "Mozilla/5.0 (compatible; YandexBot/3.0; +http://yandex.com/bots)"
162.158.178.233 - - [11/Jan/2026:09:40:08 +0300] "GET /wp-admin/maint/index.php HTTP/1.0" 404 455 "https://www.google.co.uk/" "Mozilla/5.0 (iPhone; CPU iPhone OS 17_1_1 like Mac OS X) AppleWebKit/605.1.15 (KHTML, like Gecko) Version/17.1 Mobile/15E148 Safari/604.1"
162.158.178.12 - - [11/Jan/2026:09:40:09 +0300] "GET /wp-content/shell20211028.php HTTP/1.0" 404 455 "https://www.google.co.uk/" "Mozilla/5.0 (iPad; CPU OS 16_7_2 like Mac OS X) AppleWebKit/605.1.15 (KHTML, like Gecko) Version/16.6 Mobile/15E148 Safari/604.1"
162.158.178.12 - - [11/Jan/2026:09:40:09 +0300] "GET /wp-includes/assets/autoload_classmap.php HTTP/1.0" 404 455 "https://www.google.de/" "Mozilla/5.0 (Linux; Android 11; 21081111RG) AppleWebKit/537.36 (KHTML, like Gecko) Chrome/116.0.0.0 Mobile Safari/537.36"
162.158.178.12 - - [11/Jan/2026:09:40:09 +0300] "GET /bjfl.php HTTP/1.0" 404 455 "https://www.google.fr/" "Mozilla/5.0 (Linux; Android 12; V2134) AppleWebKit/537.36 (KHTML, like Gecko) Chrome/116.0.0.0 Mobile Safari/537.36"
162.158.178.12 - - [11/Jan/2026:09:40:09 +0300] "GET /byp.php HTTP/1.0" 404 455 "https://www.yahoo.com/" "Mozilla/5.0 (iPad; CPU OS 17_0_3 like Mac OS X) AppleWebKit/605.1.15 (KHTML, like Gecko) Version/17.0.1 Mobile/15E148 Safari/604.1"
162.158.178.12 - - [11/Jan/2026:09:40:10 +0300] "GET /man.php HTTP/1.0" 404 455 "https://www.google.de/" "Mozilla/5.0 (Linux; Android 10; LM-Q720) AppleWebKit/537.36 (KHTML, like Gecko) Chrome/116.0.0.0 Mobile Safari/537.36"
162.158.178.12 - - [11/Jan/2026:09:40:10 +0300] "GET /upload HTTP/1.0" 404 455 "https://www.yahoo.com/" "Mozilla/5.0 (Linux; Android 10; K) AppleWebKit/537.36 (KHTML, like Gecko) Chrome/117.0.0.0 Mobile Safari/537.36"
162.158.178.12 - - [11/Jan/2026:09:40:10 +0300] "GET /user.php HTTP/1.0" 404 455 "https://www.google.fr/" "Mozilla/5.0 (Linux; Android 12; 2201116SG) AppleWebKit/537.36 (KHTML, like Gecko) Chrome/116.0.0.0 Mobile Safari/537.36"
162.158.178.12 - - [11/Jan/2026:09:40:10 +0300] "GET /wp-content/mu-plugins-old HTTP/1.0" 404 455 "https://www.bing.com/" "Mozilla/5.0 (Linux; Android 12; V2134) AppleWebKit/537.36 (KHTML, like Gecko) Chrome/116.0.0.0 Mobile Safari/537.36"
162.158.178.233 - - [11/Jan/2026:09:40:11 +0300] "GET /wp-content/themes/pridmag/404.php HTTP/1.0" 404 455 "https://www.google.co.uk/" "Mozilla/5.0 (Linux; Android 13; M2101K6G) AppleWebKit/537.36 (KHTML, like Gecko) Chrome/116.0.0.0 Mobile Safari/537.36"
162.158.178.233 - - [11/Jan/2026:09:40:11 +0300] "GET /.well-known/pki-validation/index.php HTTP/1.0" 404 455 "https://www.google.de/" "Mozilla/5.0 (Linux; Android 12; V2134) AppleWebKit/537.36 (KHTML, like Gecko) Chrome/116.0.0.0 Mobile Safari/537.36"
162.158.178.233 - - [11/Jan/2026:09:40:11 +0300] "GET /admin/upload/css.php HTTP/1.0" 404 455 "https://www.bing.com/" "Mozilla/5.0 (Linux; Android 13; SM-G991U) AppleWebKit/537.36 (KHTML, like Gecko) Chrome/117.0.0.0 Mobile Safari/537.36"
162.158.178.233 - - [11/Jan/2026:09:40:11 +0300] "GET /alfanew.php HTTP/1.0" 404 455 "https://www.google.co.uk/" "Mozilla/5.0 (Linux; Android 14; Pixel 8 Pro) AppleWebKit/537.36 (KHTML, like Gecko) Chrome/119.0.0.0 Mobile Safari/537.36"
162.158.178.233 - - [11/Jan/2026:09:40:12 +0300] "GET /file2.php HTTP/1.0" 404 455 "https://www.google.fr/" "Mozilla/5.0 (Linux; Android 12; 2201116SG) AppleWebKit/537.36 (KHTML, like Gecko) Chrome/116.0.0.0 Mobile Safari/537.36"
162.158.178.233 - - [11/Jan/2026:09:40:12 +0300] "GET /index2.php HTTP/1.0" 404 455 "https://duckduckgo.com/" "Mozilla/5.0 (Linux; Android 13; SM-S908E) AppleWebKit/537.36 (KHTML, like Gecko) Chrome/116.0.0.0 Mobile Safari/537.36"
162.158.178.233 - - [11/Jan/2026:09:40:12 +0300] "GET /v.php HTTP/1.0" 404 455 "https://www.google.fr/" "Mozilla/5.0 (Linux; Android 13; M2101K6G) AppleWebKit/537.36 (KHTML, like Gecko) Chrome/116.0.0.0 Mobile Safari/537.36"
162.158.178.233 - - [11/Jan/2026:09:40:12 +0300] "GET /wp-content/plugins/seoxx/randkeyword.php HTTP/1.0" 404 455 "https://www.google.com/" "Mozilla/5.0 (iPhone; CPU iPhone OS 17_1_1 like Mac OS X) AppleWebKit/605.1.15 (KHTML, like Gecko) Version/17.1 Mobile/15E148 Safari/604.1"
162.158.178.233 - - [11/Jan/2026:09:40:13 +0300] "GET /wp-includes/IXR HTTP/1.0" 404 455 "https://www.google.fr/" "Mozilla/5.0 (Linux; Android 12; 2201116SG) AppleWebKit/537.36 (KHTML, like Gecko) Chrome/116.0.0.0 Mobile Safari/537.36"
162.158.178.233 - - [11/Jan/2026:09:40:13 +0300] "GET /wp-includes/rest-api HTTP/1.0" 404 455 "https://www.google.com/" "Mozilla/5.0 (Linux; Android 10; LM-Q720) AppleWebKit/537.36 (KHTML, like Gecko) Chrome/116.0.0.0 Mobile Safari/537.36"
162.158.178.233 - - [11/Jan/2026:09:40:13 +0300] "GET /wp-includes/rest-api/about.php HTTP/1.0" 404 455 "https://www.google.co.uk/" "Mozilla/5.0 (iPhone; CPU iPhone OS 17_0_3 like Mac OS X) AppleWebKit/605.1.15 (KHTML, like Gecko) Version/17.0.1 Mobile/15E148 Safari/604.1"
162.158.178.233 - - [11/Jan/2026:09:40:13 +0300] "GET /wsa.php HTTP/1.0" 404 455 "https://www.google.de/" "Mozilla/5.0 (iPad; CPU OS 16_7_2 like Mac OS X) AppleWebKit/605.1.15 (KHTML, like Gecko) Version/16.6 Mobile/15E148 Safari/604.1"
162.158.178.233 - - [11/Jan/2026:09:40:14 +0300] "GET /ad.php HTTP/1.0" 404 455 "https://www.google.de/" "Mozilla/5.0 (Linux; Android 13; SM-S908E) AppleWebKit/537.36 (KHTML, like Gecko) Chrome/116.0.0.0 Mobile Safari/537.36"
162.158.178.233 - - [11/Jan/2026:09:40:14 +0300] "GET /b.php HTTP/1.0" 404 455 "https://www.google.co.uk/" "Mozilla/5.0 (iPhone; CPU iPhone OS 17_1 like Mac OS X) AppleWebKit/605.1.15 (KHTML, like Gecko) CriOS/119.0.6045.109 Mobile/15E148 Safari/604.1"
162.158.178.233 - - [11/Jan/2026:09:40:14 +0300] "GET /fm1.php HTTP/1.0" 404 455 "https://www.google.co.uk/" "Mozilla/5.0 (Linux; Android 13; SM-S908E) AppleWebKit/537.36 (KHTML, like Gecko) Chrome/116.0.0.0 Mobile Safari/537.36"
162.158.178.233 - - [11/Jan/2026:09:40:14 +0300] "GET /lv.php HTTP/1.0" 404 455 "https://www.google.co.uk/" "Mozilla/5.g (Linux; Android 13; Pixel 7) AppleWebKit/537.36 (KHTML, like Gecko) Chrome/116.0.0.0 Mobile Safari/537.36"
162.158.178.233 - - [11/Jan/2026:09:40:14 +0300] "GET /private HTTP/1.0" 404 455 "https://www.google.fr/" "Mozilla/5.0 (Linux; Android 10; K) AppleWebKit/537.36 (KHTML, like Gecko) Chrome/117.0.0.0 Mobile Safari/537.36"
162.158.178.233 - - [11/Jan/2026:09:40:15 +0300] "GET /uploaded_script.php HTTP/1.0" 404 455 "https://www.google.com/" "Mozilla/5.0 (Linux; Android 13; SM-S908E) AppleWebKit/537.36 (KHTML, like Gecko) Chrome/116.0.0.0 Mobile Safari/537.36"
162.158.178.233 - - [11/Jan/2026:09:40:15 +0300] "GET /wp-admin/css/colors/index.php HTTP/1.0" 404 455 "https://www.bing.com/" "Mozilla/5.0 (Linux; Android 14; Pixel 8 Pro) AppleWebKit/537.36 (KHTML, like Gecko) Chrome/119.0.0.0 Mobile Safari/537.36"
162.158.178.233 - - [11/Jan/2026:09:40:15 +0300] "GET /wp-admin/css/index.php HTTP/1.0" 404 455 "https://www.yahoo.com/" "Mozilla/5.0 (Linux; Android 13; M2101K6G) AppleWebKit/537.36 (KHTML, like Gecko) Chrome/116.0.0.0 Mobile Safari/537.36"
162.158.178.233 - - [11/Jan/2026:09:40:15 +0300] "GET /wp-content/xc.php HTTP/1.0" 404 455 "https://www.google.fr/" "Mozilla/5.0 (Linux; Android 12; V2134) AppleWebKit/537.36 (KHTML, like Gecko) Chrome/116.0.0.0 Mobile Safari/537.36"
162.158.178.233 - - [11/Jan/2026:09:40:16 +0300] "GET /wp-includes/Text/index.php HTTP/1.0" 404 455 "https://www.google.de/" "Mozilla/5.0 (iPhone; CPU iPhone OS 16_0 like Mac OS X) AppleWebKit/605.1.15 (KHTML, like Gecko) FxiOS/118.0 Mobile/15E148 Safari/605.1.15"
162.158.178.233 - - [11/Jan/2026:09:40:16 +0300] "GET /wp-includes/assets/about.php HTTP/1.0" 404 455 "https://www.google.co.uk/" "Mozilla/5.0 (Linux; Android 14; Pixel 8 Pro) AppleWebKit/537.36 (KHTML, like Gecko) Chrome/119.0.0.0 Mobile Safari/537.36"
162.158.178.233 - - [11/Jan/2026:09:40:16 +0300] "GET /.well-known/acme-challenge/about.php HTTP/1.1" 404 173 "https://www.bing.com/" "Mozilla/5.0 (iPhone; CPU iPhone OS 17_1 like Mac OS X) AppleWebKit/605.1.15 (KHTML, like Gecko) CriOS/119.0.6045.109 Mobile/15E148 Safari/604.1"
162.158.178.233 - - [11/Jan/2026:09:40:16 +0300] "GET /.well-known/admin.php HTTP/1.0" 404 455 "https://www.yahoo.com/" "Mozilla/5.0 (Linux; Android 13; SM-G991U) AppleWebKit/537.36 (KHTML, like Gecko) Chrome/117.0.0.0 Mobile Safari/537.36"
162.158.178.233 - - [11/Jan/2026:09:40:17 +0300] "GET /he.php HTTP/1.0" 404 455 "https://www.google.fr/" "Mozilla/5.0 (iPhone; CPU iPhone OS 17_1_1 like Mac OS X) AppleWebKit/605.1.15 (KHTML, like Gecko) Version/17.1 Mobile/15E148 Safari/604.1"
162.158.178.233 - - [11/Jan/2026:09:40:17 +0300] "GET /leafmailer.php HTTP/1.0" 404 455 "https://www.google.com/" "Mozilla/5.g (Linux; Android 13; Pixel 7) AppleWebKit/537.36 (KHTML, like Gecko) Chrome/116.0.0.0 Mobile Safari/537.36"
162.158.178.233 - - [11/Jan/2026:09:40:17 +0300] "GET /users.php HTTP/1.0" 404 455 "https://www.google.fr/" "Mozilla/5.0 (Linux; Android 12; V2134) AppleWebKit/537.36 (KHTML, like Gecko) Chrome/116.0.0.0 Mobile Safari/537.36"
162.158.178.233 - - [11/Jan/2026:09:40:17 +0300] "GET /wp-admin/css/about.php HTTP/1.0" 404 455 "https://www.yahoo.com/" "Mozilla/5.0 (iPad; CPU OS 16_7_2 like Mac OS X) AppleWebKit/605.1.15 (KHTML, like Gecko) Version/16.6 Mobile/15E148 Safari/604.1"
162.158.178.233 - - [11/Jan/2026:09:40:18 +0300] "GET /wp-admin/install.php HTTP/1.0" 404 455 "https://www.google.fr/" "Mozilla/5.0 (iPad; CPU OS 17_0_3 like Mac OS X) AppleWebKit/605.1.15 (KHTML, like Gecko) Version/17.0.1 Mobile/15E148 Safari/604.1"
162.158.178.233 - - [11/Jan/2026:09:40:18 +0300] "GET /wp-content/file.php HTTP/1.0" 404 455 "https://www.google.com/" "Mozilla/5.0 (Linux; Android 14; Pixel 8 Pro) AppleWebKit/537.36 (KHTML, like Gecko) Chrome/119.0.0.0 Mobile Safari/537.36"
162.158.178.233 - - [11/Jan/2026:09:40:18 +0300] "GET /wp-content/plugins/zgdsfagk/rk3.php HTTP/1.0" 404 455 "https://duckduckgo.com/" "Mozilla/5.0 (iPhone; CPU iPhone OS 17_1_1 like Mac OS X) AppleWebKit/605.1.15 (KHTML, like Gecko) Version/17.1 Mobile/15E148 Safari/604.1"
162.158.178.233 - - [11/Jan/2026:09:40:18 +0300] "GET /wp-editor.php HTTP/1.0" 404 455 "https://www.google.co.uk/" "Mozilla/5.0 (Linux; Android 13; M2101K6G) AppleWebKit/537.36 (KHTML, like Gecko) Chrome/116.0.0.0 Mobile Safari/537.36"
162.158.178.233 - - [11/Jan/2026:09:40:19 +0300] "GET /wp-head.php HTTP/1.0" 404 455 "https://duckduckgo.com/" "Mozilla/5.0 (iPhone; CPU iPhone OS 16_6_1 like Mac OS X) AppleWebKit/605.1.15 (KHTML, like Gecko) Version/16.6 Mobile/15E148 Safari/604.1"
162.158.178.233 - - [11/Jan/2026:09:40:19 +0300] "GET /wp-includes/Requests/library/index.php HTTP/1.0" 404 455 "https://www.google.com/" "Mozilla/5.0 (iPhone; CPU iPhone OS 16_0 like Mac OS X) AppleWebKit/605.1.15 (KHTML, like Gecko) FxiOS/118.0 Mobile/15E148 Safari/605.1.15"
162.158.178.233 - - [11/Jan/2026:09:40:19 +0300] "GET /wp-includes/js/crop/cropper.php HTTP/1.0" 404 455 "https://www.google.de/" "Mozilla/5.0 (Linux; Android 10; LM-Q720) AppleWebKit/537.36 (KHTML, like Gecko) Chrome/116.0.0.0 Mobile Safari/537.36"
162.158.178.233 - - [11/Jan/2026:09:40:19 +0300] "GET /wp-includes/theme-compat HTTP/1.0" 404 455 "https://www.google.de/" "Mozilla/5.0 (iPhone; CPU iPhone OS 16_6_1 like Mac OS X) AppleWebKit/605.1.15 (KHTML, like Gecko) Version/16.6 Mobile/15E148 Safari/604.1"
162.158.178.233 - - [11/Jan/2026:09:40:20 +0300] "GET /.well-known/acme-challenge HTTP/1.0" 404 455 "https://duckduckgo.com/" "Mozilla/5.0 (iPhone; CPU iPhone OS 16_0 like Mac OS X) AppleWebKit/605.1.15 (KHTML, like Gecko) FxiOS/118.0 Mobile/15E148 Safari/605.1.15"
162.158.178.233 - - [11/Jan/2026:09:40:20 +0300] "GET /app.php HTTP/1.0" 404 455 "https://www.google.de/" "Mozilla/5.0 (iPhone; CPU iPhone OS 15_7_9 like Mac OS X) AppleWebKit/605.1.15 (KHTML, like Gecko) Version/15.6.5 Mobile/15E148 Safari/604.1"
