172.68.164.171 - - [11/Jan/2026:06:30:48 +0300] "GET /jqczam/washington-state-jade-locations.html HTTP/1.0" 404 455 "http://glowhealthnlifestyle.com.au/lbw7nc/when-there-is-nothing-left-but-love-chapter-210.html" "Mozilla/5.0 (Linux; Android 7.0;) AppleWebKit/537.36 (KHTML, like Gecko) Mobile Safari/537.36 (compatible; PetalBot;+https://webmaster.petalsearch.com/site/petalbot)"
172.68.23.81 - - [11/Jan/2026:06:31:05 +0300] "GET /?o=85711166779503 HTTP/1.0" 200 4946 "-" "Mozilla/5.0 (Linux; Android 6.0.1; Nexus 5X Build/MMB29P) AppleWebKit/537.36 (KHTML, like Gecko) Chrome/143.0.7499.169 Mobile Safari/537.36 (compatible; Googlebot/2.1; +http://www.google.com/bot.html)"
172.70.147.191 - - [11/Jan/2026:06:32:13 +0300] "GET /jqczam/walmart-oreo-family-size.html HTTP/1.0" 404 455 "http://reports.ogigemicrofinancebank.com/wp-nasdaq/8ggc3wd/real-story-behind-moana.html" "Mozilla/5.0 (Linux; Android 7.0;) AppleWebKit/537.36 (KHTML, like Gecko) Mobile Safari/537.36 (compatible; PetalBot;+https://webmaster.petalsearch.com/site/petalbot)"
172.68.23.81 - - [11/Jan/2026:06:33:32 +0300] "GET /?o=22088194036308 HTTP/1.0" 200 4920 "-" "Mozilla/5.0 (Linux; Android 6.0.1; Nexus 5X Build/MMB29P) AppleWebKit/537.36 (KHTML, like Gecko) Chrome/143.0.7499.169 Mobile Safari/537.36 (compatible; Googlebot/2.1; +http://www.google.com/bot.html)"
162.158.163.94 - - [11/Jan/2026:06:33:35 +0300] "GET /jqczam/wakhumula-phambi-kwami.html HTTP/1.0" 404 455 "http://fmcg.navicongroup.ru/q5tfd6l/lax-nightclub-closing.html" "Mozilla/5.0 (Linux; Android 7.0;) AppleWebKit/537.36 (KHTML, like Gecko) Mobile Safari/537.36 (compatible; PetalBot;+https://webmaster.petalsearch.com/site/petalbot)"
172.70.208.96 - - [11/Jan/2026:06:34:59 +0300] "GET /jqczam/reddit-seventeen-dating.html HTTP/1.0" 404 455 "https://estetikashop.ru/aoay3d/nc-car-shows-2023.html" "Mozilla/5.0 (Linux; Android 7.0;) AppleWebKit/537.36 (KHTML, like Gecko) Mobile Safari/537.36 (compatible; PetalBot;+https://webmaster.petalsearch.com/site/petalbot)"
172.68.23.82 - - [11/Jan/2026:06:34:58 +0300] "GET /?o=88116204257208 HTTP/1.0" 200 4805 "-" "Mozilla/5.0 (Linux; Android 6.0.1; Nexus 5X Build/MMB29P) AppleWebKit/537.36 (KHTML, like Gecko) Chrome/143.0.7499.169 Mobile Safari/537.36 (compatible; Googlebot/2.1; +http://www.google.com/bot.html)"
162.158.152.175 - - [11/Jan/2026:06:35:25 +0300] "GET /robots.txt HTTP/1.1" 404 173 "-" "Mozilla/5.0 (compatible; SemrushBot/7~bl; +http://www.semrush.com/bot.html)"
172.70.34.12 - - [11/Jan/2026:06:35:26 +0300] "GET / HTTP/1.0" 200 3601 "-" "Mozilla/5.0 (compatible; SemrushBot/7~bl; +http://www.semrush.com/bot.html)"
172.71.82.53 - - [11/Jan/2026:06:36:22 +0300] "GET /jqczam/predator-9500-generator-electric-start-not-working.html HTTP/1.0" 404 455 "https://rosavivum.ru/8wzec5l/someone-sold-me-a-car-with-a-lien-on-it-without-telling-me.html" "Mozilla/5.0 (Linux; Android 7.0;) AppleWebKit/537.36 (KHTML, like Gecko) Mobile Safari/537.36 (compatible; PetalBot;+https://webmaster.petalsearch.com/site/petalbot)"
162.158.42.240 - - [11/Jan/2026:06:37:44 +0300] "GET /?o=35520298527500 HTTP/1.0" 200 4873 "-" "Mozilla/5.0 (Linux; Android 6.0.1; Nexus 5X Build/MMB29P) AppleWebKit/537.36 (KHTML, like Gecko) Chrome/143.0.7499.169 Mobile Safari/537.36 (compatible; Googlebot/2.1; +http://www.google.com/bot.html)"
172.70.189.115 - - [11/Jan/2026:06:37:46 +0300] "GET /jqczam/malone-sleeping-beauty.html HTTP/1.0" 404 455 "http://www.remontariston.ru/qkpms2l/cancer-monthly-love-horoscope.html" "Mozilla/5.0 (Linux; Android 7.0;) AppleWebKit/537.36 (KHTML, like Gecko) Mobile Safari/537.36 (compatible; PetalBot;+https://webmaster.petalsearch.com/site/petalbot)"
172.70.176.164 - - [11/Jan/2026:06:39:02 +0300] "GET /wp-includes/js5ba7cf/index.php HTTP/1.0" 404 455 "https://housegates.ru/wp-includes/js5ba7cf/index.php" "Mozilla/5.0 (Windows NT 10.0; Win64; x64) AppleWebKit/537.36 (KHTML, like Gecko) Chrome/58.0.3029.110 Safari/537.3"
162.158.163.94 - - [11/Jan/2026:06:39:10 +0300] "GET /jqczam/is-there-school-tomorrow-in-maryland.html HTTP/1.0" 404 455 "http://bremsons.com/4rf2oj/mortise-cylinder-lock.html" "Mozilla/5.0 (Linux; Android 7.0;) AppleWebKit/537.36 (KHTML, like Gecko) Mobile Safari/537.36 (compatible; PetalBot;+https://webmaster.petalsearch.com/site/petalbot)"
172.71.184.79 - - [11/Jan/2026:06:39:33 +0300] "GET /jqczam/chat-app-ui-design.html HTTP/1.0" 404 455 "-" "Mozilla/5.0 (compatible; YandexBot/3.0; +http://yandex.com/bots)"
172.71.184.79 - - [11/Jan/2026:06:39:36 +0300] "GET /jqczam/power-of-walking-away-from-dumper.html HTTP/1.0" 404 455 "-" "Mozilla/5.0 (compatible; YandexBot/3.0; +http://yandex.com/bots)"
162.158.108.112 - - [11/Jan/2026:06:40:33 +0300] "GET /jqczam/iphone-13-making-weird-noise.html HTTP/1.0" 404 455 "http://www.xlservice.ru/yksnvc/online-assessment-platform.html" "Mozilla/5.0 (Linux; Android 7.0;) AppleWebKit/537.36 (KHTML, like Gecko) Mobile Safari/537.36 (compatible; PetalBot;+https://webmaster.petalsearch.com/site/petalbot)"
172.68.23.81 - - [11/Jan/2026:06:40:38 +0300] "GET /?o=51472195661501 HTTP/1.0" 200 4869 "-" "Mozilla/5.0 (Linux; Android 6.0.1; Nexus 5X Build/MMB29P) AppleWebKit/537.36 (KHTML, like Gecko) Chrome/143.0.7499.169 Mobile Safari/537.36 (compatible; Googlebot/2.1; +http://www.google.com/bot.html)"
172.70.147.191 - - [11/Jan/2026:06:41:58 +0300] "GET /jqczam/intuitive-training-meaning.html HTTP/1.0" 404 455 "https://test.atletika24.ru/pn5tk/narcissistic-accuser-syndrome.html" "Mozilla/5.0 (Linux; Android 7.0;) AppleWebKit/537.36 (KHTML, like Gecko) Mobile Safari/537.36 (compatible; PetalBot;+https://webmaster.petalsearch.com/site/petalbot)"
104.23.176.13 - - [11/Jan/2026:06:43:21 +0300] "GET /jqczam/house-auctions-wales.html HTTP/1.0" 404 455 "https://lir24.ru/xdu8pjqa7g/what-time-are-the-games-today.html" "Mozilla/5.0 (Linux; Android 7.0;) AppleWebKit/537.36 (KHTML, like Gecko) Mobile Safari/537.36 (compatible; PetalBot;+https://webmaster.petalsearch.com/site/petalbot)"
172.68.23.82 - - [11/Jan/2026:06:43:31 +0300] "GET /?o=42298281381403 HTTP/1.0" 200 4898 "-" "Mozilla/5.0 (Linux; Android 6.0.1; Nexus 5X Build/MMB29P) AppleWebKit/537.36 (KHTML, like Gecko) Chrome/143.0.7499.169 Mobile Safari/537.36 (compatible; Googlebot/2.1; +http://www.google.com/bot.html)"
162.158.163.93 - - [11/Jan/2026:06:44:44 +0300] "GET /jqczam/gryphon-coral-saw-for-sale.html HTTP/1.0" 404 455 "https://diamondbrite-dent.ru/4g8lbgb/massey-ferguson-35-transmission-oil.html" "Mozilla/5.0 (Linux; Android 7.0;) AppleWebKit/537.36 (KHTML, like Gecko) Mobile Safari/537.36 (compatible; PetalBot;+https://webmaster.petalsearch.com/site/petalbot)"
172.71.124.96 - - [11/Jan/2026:06:46:07 +0300] "GET /jqczam/girl-poops-pants-at-spelling-bee.html HTTP/1.0" 404 455 "http://www.xlservice.ru/yksnvc/avatar-banshee-toy.html" "Mozilla/5.0 (Linux; Android 7.0;) AppleWebKit/537.36 (KHTML, like Gecko) Mobile Safari/537.36 (compatible; PetalBot;+https://webmaster.petalsearch.com/site/petalbot)"
162.158.42.239 - - [11/Jan/2026:06:46:24 +0300] "GET /?o=8163760917504 HTTP/1.0" 200 4862 "-" "Mozilla/5.0 (Linux; Android 6.0.1; Nexus 5X Build/MMB29P) AppleWebKit/537.36 (KHTML, like Gecko) Chrome/143.0.7499.169 Mobile Safari/537.36 (compatible; Googlebot/2.1; +http://www.google.com/bot.html)"
172.71.124.96 - - [11/Jan/2026:06:47:34 +0300] "GET /jqczam/gas-furnace-for-sale-near-me.html HTTP/1.0" 404 455 "http://upload.transcale.com.au/lphxpds/twitch-change-category-command.html" "Mozilla/5.0 (Linux; Android 7.0;) AppleWebKit/537.36 (KHTML, like Gecko) Mobile Safari/537.36 (compatible; PetalBot;+https://webmaster.petalsearch.com/site/petalbot)"
172.70.147.190 - - [11/Jan/2026:06:48:56 +0300] "GET /jqczam/funky-town-remix.html HTTP/1.0" 404 455 "https://diamondbrite-dent.ru/4g8lbgb/home-assistant-sonoff-unique-id.html" "Mozilla/5.0 (Linux; Android 7.0;) AppleWebKit/537.36 (KHTML, like Gecko) Mobile Safari/537.36 (compatible; PetalBot;+https://webmaster.petalsearch.com/site/petalbot)"
172.71.184.78 - - [11/Jan/2026:06:49:40 +0300] "GET /jqczam/hoodie-mockup-front-and-back.html HTTP/1.0" 404 455 "-" "Mozilla/5.0 (compatible; YandexBot/3.0; +http://yandex.com/bots)"
108.162.246.86 - - [11/Jan/2026:06:50:17 +0300] "GET /?o=023113246403 HTTP/1.0" 200 4850 "-" "Mozilla/5.0 (Linux; Android 6.0.1; Nexus 5X Build/MMB29P) AppleWebKit/537.36 (KHTML, like Gecko) Chrome/143.0.7499.169 Mobile Safari/537.36 (compatible; Googlebot/2.1; +http://www.google.com/bot.html)"
172.70.147.190 - - [11/Jan/2026:06:50:19 +0300] "GET /jqczam/zillow-new-rochelle-apartments-for-rent.html HTTP/1.0" 404 455 "http://artdekofire.pro/alnxl/cerita-lucah-perempuan-alim.html" "Mozilla/5.0 (Linux; Android 7.0;) AppleWebKit/537.36 (KHTML, like Gecko) Mobile Safari/537.36 (compatible; PetalBot;+https://webmaster.petalsearch.com/site/petalbot)"
172.68.150.231 - - [11/Jan/2026:06:50:29 +0300] "GET /wp-includes/js5ba7cf/index.php HTTP/1.0" 404 455 "https://housegates.ru/wp-includes/js5ba7cf/index.php" "Mozilla/5.0 (Windows NT 10.0; Win64; x64) AppleWebKit/537.36 (KHTML, like Gecko) Chrome/58.0.3029.110 Safari/537.3"
172.70.208.96 - - [11/Jan/2026:06:51:42 +0300] "GET /jqczam/yc-series-a-guide.html HTTP/1.0" 404 455 "http://www.remontariston.ru/qkpms2l/cat4-test-year-7-free.html" "Mozilla/5.0 (Linux; Android 7.0;) AppleWebKit/537.36 (KHTML, like Gecko) Mobile Safari/537.36 (compatible; PetalBot;+https://webmaster.petalsearch.com/site/petalbot)"
172.70.189.115 - - [11/Jan/2026:06:53:07 +0300] "GET /jqczam/what-is-a-good-iready-diagnostic-score-for-8th-grade.html HTTP/1.0" 404 455 "http://www.xlservice.ru/yksnvc/online-assessment-platform.html" "Mozilla/5.0 (Linux; Android 7.0;) AppleWebKit/537.36 (KHTML, like Gecko) Mobile Safari/537.36 (compatible; PetalBot;+https://webmaster.petalsearch.com/site/petalbot)"
172.71.150.210 - - [11/Jan/2026:06:54:10 +0300] "GET /?o=94629282050803 HTTP/1.0" 200 4910 "-" "Mozilla/5.0 (Linux; Android 6.0.1; Nexus 5X Build/MMB29P) AppleWebKit/537.36 (KHTML, like Gecko) Chrome/143.0.7499.169 Mobile Safari/537.36 (compatible; Googlebot/2.1; +http://www.google.com/bot.html)"
172.71.124.96 - - [11/Jan/2026:06:54:30 +0300] "GET /jqczam/single-long-white-hair-on-face.html HTTP/1.0" 404 455 "https://kvalitet95.ru/5acv/free-horses-in-michigan-to-a-good-home.html" "Mozilla/5.0 (Linux; Android 7.0;) AppleWebKit/537.36 (KHTML, like Gecko) Mobile Safari/537.36 (compatible; PetalBot;+https://webmaster.petalsearch.com/site/petalbot)"
108.162.246.86 - - [11/Jan/2026:06:55:36 +0300] "GET /?o=1087756301500 HTTP/1.0" 200 4850 "-" "Mozilla/5.0 (Linux; Android 6.0.1; Nexus 5X Build/MMB29P) AppleWebKit/537.36 (KHTML, like Gecko) Chrome/143.0.7499.169 Mobile Safari/537.36 (compatible; Googlebot/2.1; +http://www.google.com/bot.html)"
104.23.176.14 - - [11/Jan/2026:06:55:53 +0300] "GET /jqczam/sewer-cleanout-near-me.html HTTP/1.0" 404 455 "https://ddpc.com.au/al2i8c/ski-doo-850-aftermarket-parts.html" "Mozilla/5.0 (Linux; Android 7.0;) AppleWebKit/537.36 (KHTML, like Gecko) Mobile Safari/537.36 (compatible; PetalBot;+https://webmaster.petalsearch.com/site/petalbot)"
172.71.82.53 - - [11/Jan/2026:06:57:18 +0300] "GET /jqczam/rahu-mahadasha-mars-antardasha-remedies.html HTTP/1.0" 404 455 "https://teplook.ru/2t4jwxq/where-is-the-temu-company-store-located.html" "Mozilla/5.0 (Linux; Android 7.0;) AppleWebKit/537.36 (KHTML, like Gecko) Mobile Safari/537.36 (compatible; PetalBot;+https://webmaster.petalsearch.com/site/petalbot)"
172.70.189.115 - - [11/Jan/2026:06:58:40 +0300] "GET /jqczam/mack-e7-more-power.html HTTP/1.0" 404 455 "https://kvalitet95.ru/5acv/free-horses-in-michigan-to-a-good-home.html" "Mozilla/5.0 (Linux; Android 7.0;) AppleWebKit/537.36 (KHTML, like Gecko) Mobile Safari/537.36 (compatible; PetalBot;+https://webmaster.petalsearch.com/site/petalbot)"
172.71.150.210 - - [11/Jan/2026:06:58:56 +0300] "GET /?o=45609154920200 HTTP/1.0" 200 4857 "-" "Mozilla/5.0 (Linux; Android 6.0.1; Nexus 5X Build/MMB29P) AppleWebKit/537.36 (KHTML, like Gecko) Chrome/143.0.7499.169 Mobile Safari/537.36 (compatible; Googlebot/2.1; +http://www.google.com/bot.html)"
172.69.50.176 - - [11/Jan/2026:06:59:03 +0300] "GET /robots.txt HTTP/1.1" 404 173 "-" "Mozilla/5.0 (compatible; YandexBot/3.0; +http://yandex.com/bots)"
162.158.88.117 - - [11/Jan/2026:07:00:04 +0300] "GET /jqczam/jeftini-automatik-auti.html HTTP/1.0" 404 455 "http://silviakennett.com.au/7upjz1/history-of-government.html" "Mozilla/5.0 (Linux; Android 7.0;) AppleWebKit/537.36 (KHTML, like Gecko) Mobile Safari/537.36 (compatible; PetalBot;+https://webmaster.petalsearch.com/site/petalbot)"
172.69.63.237 - - [11/Jan/2026:07:00:40 +0300] "GET /wp-content HTTP/1.0" 404 455 "https://www.yahoo.com/" "Mozilla/5.g (Linux; Android 13; Pixel 7) AppleWebKit/537.36 (KHTML, like Gecko) Chrome/116.0.0.0 Mobile Safari/537.36"
172.69.63.237 - - [11/Jan/2026:07:00:41 +0300] "GET /404.php HTTP/1.0" 404 455 "https://www.google.co.uk/" "Mozilla/5.0 (Linux; Android 13; SM-G991U) AppleWebKit/537.36 (KHTML, like Gecko) Chrome/117.0.0.0 Mobile Safari/537.36"
172.69.63.237 - - [11/Jan/2026:07:00:41 +0300] "GET /av.php HTTP/1.0" 404 455 "https://www.google.de/" "Mozilla/5.0 (Linux; Android 13; M2101K6G) AppleWebKit/537.36 (KHTML, like Gecko) Chrome/116.0.0.0 Mobile Safari/537.36"
172.69.63.237 - - [11/Jan/2026:07:00:41 +0300] "GET /wp-includes/ID3/about.php HTTP/1.0" 404 455 "https://www.google.co.uk/" "Mozilla/5.0 (Linux; Android 11; CPH2251) AppleWebKit/537.36 (KHTML, like Gecko) Chrome/116.0.0.0 Mobile Safari/537.36"
172.69.63.237 - - [11/Jan/2026:07:00:41 +0300] "GET /baxa1.php7 HTTP/1.0" 404 455 "https://www.google.de/" "Mozilla/5.0 (iPhone; CPU iPhone OS 15_7_9 like Mac OS X) AppleWebKit/605.1.15 (KHTML, like Gecko) Version/15.6.5 Mobile/15E148 Safari/604.1"
172.69.63.237 - - [11/Jan/2026:07:00:42 +0300] "GET /wp-content/uploads HTTP/1.0" 404 455 "https://www.google.com/" "Mozilla/5.0 (Linux; Android 12; 2201116SG) AppleWebKit/537.36 (KHTML, like Gecko) Chrome/116.0.0.0 Mobile Safari/537.36"
172.69.63.237 - - [11/Jan/2026:07:00:42 +0300] "GET /bolt.php HTTP/1.0" 404 455 "https://www.google.co.uk/" "Mozilla/5.g (Linux; Android 13; Pixel 7) AppleWebKit/537.36 (KHTML, like Gecko) Chrome/116.0.0.0 Mobile Safari/537.36"
172.69.63.237 - - [11/Jan/2026:07:00:42 +0300] "GET /manager.php HTTP/1.0" 404 455 "https://www.google.com/" "Mozilla/5.0 (Linux; Android 10; K) AppleWebKit/537.36 (KHTML, like Gecko) Chrome/117.0.0.0 Mobile Safari/537.36"
172.69.63.237 - - [11/Jan/2026:07:00:43 +0300] "GET /buy.php HTTP/1.0" 404 455 "https://www.google.com/" "Mozilla/5.0 (iPhone; CPU iPhone OS 17_1 like Mac OS X) AppleWebKit/605.1.15 (KHTML, like Gecko) CriOS/119.0.6045.109 Mobile/15E148 Safari/604.1"
172.69.63.237 - - [11/Jan/2026:07:00:43 +0300] "GET /wp-content/admin.php HTTP/1.0" 404 455 "https://www.google.co.uk/" "Mozilla/5.0 (Linux; Android 11; CPH2251) AppleWebKit/537.36 (KHTML, like Gecko) Chrome/116.0.0.0 Mobile Safari/537.36"
172.69.63.237 - - [11/Jan/2026:07:00:43 +0300] "GET /wp-content/plugins/WordPressCore HTTP/1.0" 404 455 "https://www.google.de/" "Mozilla/5.0 (Linux; Android 12; 2201116SG) AppleWebKit/537.36 (KHTML, like Gecko) Chrome/116.0.0.0 Mobile Safari/537.36"
172.69.63.237 - - [11/Jan/2026:07:00:44 +0300] "GET /bless.php HTTP/1.0" 404 455 "https://www.google.fr/" "Mozilla/5.0 (iPhone; CPU iPhone OS 16_6_1 like Mac OS X) AppleWebKit/605.1.15 (KHTML, like Gecko) Version/16.6 Mobile/15E148 Safari/604.1"
172.69.63.237 - - [11/Jan/2026:07:00:44 +0300] "GET /gel4y.php HTTP/1.0" 404 455 "https://www.google.co.uk/" "Mozilla/5.0 (iPhone; CPU iPhone OS 17_0_3 like Mac OS X) AppleWebKit/605.1.15 (KHTML, like Gecko) Version/17.0.1 Mobile/15E148 Safari/604.1"
172.69.63.237 - - [11/Jan/2026:07:00:44 +0300] "GET /wp-includes/fonts HTTP/1.0" 404 455 "https://duckduckgo.com/" "Mozilla/5.0 (Linux; Android 10; K) AppleWebKit/537.36 (KHTML, like Gecko) Chrome/117.0.0.0 Mobile Safari/537.36"
172.69.63.237 - - [11/Jan/2026:07:00:45 +0300] "GET /wso.php HTTP/1.0" 404 455 "https://www.google.com/" "Mozilla/5.0 (Linux; Android 11; 21081111RG) AppleWebKit/537.36 (KHTML, like Gecko) Chrome/116.0.0.0 Mobile Safari/537.36"
172.69.63.237 - - [11/Jan/2026:07:00:45 +0300] "GET /num.php HTTP/1.0" 404 455 "https://www.google.de/" "Mozilla/5.0 (iPhone; CPU iPhone OS 16_0 like Mac OS X) AppleWebKit/605.1.15 (KHTML, like Gecko) FxiOS/118.0 Mobile/15E148 Safari/605.1.15"
172.69.63.237 - - [11/Jan/2026:07:00:45 +0300] "GET /wp-content/plugins/shell/index.php HTTP/1.0" 404 455 "https://www.google.co.uk/" "Mozilla/5.0 (iPad; CPU OS 17_0_3 like Mac OS X) AppleWebKit/605.1.15 (KHTML, like Gecko) Version/17.0.1 Mobile/15E148 Safari/604.1"
172.69.63.237 - - [11/Jan/2026:07:00:45 +0300] "GET /as.php HTTP/1.0" 404 455 "https://www.google.co.uk/" "Mozilla/5.0 (Linux; Android 12; V2134) AppleWebKit/537.36 (KHTML, like Gecko) Chrome/116.0.0.0 Mobile Safari/537.36"
172.69.63.237 - - [11/Jan/2026:07:00:46 +0300] "GET /wp-admin/js HTTP/1.0" 404 455 "https://www.yahoo.com/" "Mozilla/5.0 (Linux; Android 11; CPH2251) AppleWebKit/537.36 (KHTML, like Gecko) Chrome/116.0.0.0 Mobile Safari/537.36"
172.69.63.237 - - [11/Jan/2026:07:00:46 +0300] "GET /wp-content/plugins/wp-help/admin/wp-fclass.php HTTP/1.0" 404 455 "https://duckduckgo.com/" "Mozilla/5.0 (Linux; Android 10; K) AppleWebKit/537.36 (KHTML, like Gecko) Chrome/117.0.0.0 Mobile Safari/537.36"
172.69.63.237 - - [11/Jan/2026:07:00:46 +0300] "GET /wp-admin/includes HTTP/1.0" 404 455 "https://www.google.fr/" "Mozilla/5.0 (iPhone; CPU iPhone OS 16_0 like Mac OS X) AppleWebKit/605.1.15 (KHTML, like Gecko) FxiOS/118.0 Mobile/15E148 Safari/605.1.15"
172.69.63.237 - - [11/Jan/2026:07:00:47 +0300] "GET /fonts/index.php HTTP/1.0" 404 455 "https://www.yahoo.com/" "Mozilla/5.0 (iPhone; CPU iPhone OS 17_0_3 like Mac OS X) AppleWebKit/605.1.15 (KHTML, like Gecko) Version/17.0.1 Mobile/15E148 Safari/604.1"
172.69.63.237 - - [11/Jan/2026:07:00:47 +0300] "GET /new.php HTTP/1.0" 404 455 "https://www.google.co.uk/" "Mozilla/5.0 (iPhone; CPU iPhone OS 16_6_1 like Mac OS X) AppleWebKit/605.1.15 (KHTML, like Gecko) Version/16.6 Mobile/15E148 Safari/604.1"
172.69.63.237 - - [11/Jan/2026:07:00:47 +0300] "GET /text.php HTTP/1.0" 404 455 "https://duckduckgo.com/" "Mozilla/5.0 (iPhone; CPU iPhone OS 16_0 like Mac OS X) AppleWebKit/605.1.15 (KHTML, like Gecko) FxiOS/118.0 Mobile/15E148 Safari/605.1.15"
172.69.63.237 - - [11/Jan/2026:07:00:48 +0300] "GET /baxa1.php HTTP/1.0" 404 455 "https://www.google.co.uk/" "Mozilla/5.0 (Linux; Android 12; SM-A525F) AppleWebKit/537.36 (KHTML, like Gecko) Chrome/117.0.0.0 Mobile Safari/537.36"
172.69.63.237 - - [11/Jan/2026:07:00:48 +0300] "GET /wp-admin/images/about.php HTTP/1.0" 404 455 "https://duckduckgo.com/" "Mozilla/5.0 (iPhone; CPU iPhone OS 17_1 like Mac OS X) AppleWebKit/605.1.15 (KHTML, like Gecko) CriOS/119.0.6045.109 Mobile/15E148 Safari/604.1"
172.69.63.237 - - [11/Jan/2026:07:00:48 +0300] "GET /wp-admin/network/index.php HTTP/1.0" 404 455 "https://www.google.de/" "Mozilla/5.0 (Linux; Android 14; Pixel 8 Pro) AppleWebKit/537.36 (KHTML, like Gecko) Chrome/119.0.0.0 Mobile Safari/537.36"
172.69.63.237 - - [11/Jan/2026:07:00:49 +0300] "GET /elp.php HTTP/1.0" 404 455 "https://www.google.fr/" "Mozilla/5.0 (Linux; Android 12; SM-A525F) AppleWebKit/537.36 (KHTML, like Gecko) Chrome/117.0.0.0 Mobile Safari/537.36"
172.69.63.237 - - [11/Jan/2026:07:00:49 +0300] "GET /wp-atom.php HTTP/1.0" 404 455 "https://duckduckgo.com/" "Mozilla/5.0 (Linux; Android 12; 2201116SG) AppleWebKit/537.36 (KHTML, like Gecko) Chrome/116.0.0.0 Mobile Safari/537.36"
172.69.63.237 - - [11/Jan/2026:07:00:49 +0300] "GET /wp-includes/ID3 HTTP/1.0" 404 455 "https://www.google.de/" "Mozilla/5.0 (Linux; Android 13; SM-G991U) AppleWebKit/537.36 (KHTML, like Gecko) Chrome/117.0.0.0 Mobile Safari/537.36"
172.69.63.237 - - [11/Jan/2026:07:00:50 +0300] "GET /wp-content/plugins/fix/up.php HTTP/1.0" 404 455 "https://www.google.com/" "Mozilla/5.0 (iPhone; CPU iPhone OS 17_0_3 like Mac OS X) AppleWebKit/605.1.15 (KHTML, like Gecko) Version/17.0.1 Mobile/15E148 Safari/604.1"
172.69.63.237 - - [11/Jan/2026:07:00:50 +0300] "GET /admin/function.php HTTP/1.0" 404 455 "https://www.bing.com/" "Mozilla/5.0 (Linux; Android 12; SM-A525F) AppleWebKit/537.36 (KHTML, like Gecko) Chrome/117.0.0.0 Mobile Safari/537.36"
172.69.63.237 - - [11/Jan/2026:07:00:50 +0300] "GET /wp-admin/index.php HTTP/1.0" 404 455 "https://www.google.com/" "Mozilla/5.0 (Linux; Android 13; SM-G991U) AppleWebKit/537.36 (KHTML, like Gecko) Chrome/117.0.0.0 Mobile Safari/537.36"
172.69.63.237 - - [11/Jan/2026:07:00:50 +0300] "GET /wp-admin/js/widgets HTTP/1.0" 404 455 "https://www.google.fr/" "Mozilla/5.0 (Linux; Android 14; Pixel 8 Pro) AppleWebKit/537.36 (KHTML, like Gecko) Chrome/119.0.0.0 Mobile Safari/537.36"
172.69.63.237 - - [11/Jan/2026:07:00:51 +0300] "GET /.well-known HTTP/1.0" 404 455 "https://www.google.co.uk/" "Mozilla/5.0 (iPad; CPU OS 16_7_2 like Mac OS X) AppleWebKit/605.1.15 (KHTML, like Gecko) Version/16.6 Mobile/15E148 Safari/604.1"
172.69.63.237 - - [11/Jan/2026:07:00:51 +0300] "GET /.well-known/gecko-litespeed.php HTTP/1.0" 404 455 "https://www.google.com/" "Mozilla/5.0 (Linux; Android 13; SM-G991U) AppleWebKit/537.36 (KHTML, like Gecko) Chrome/117.0.0.0 Mobile Safari/537.36"
172.69.63.237 - - [11/Jan/2026:07:00:51 +0300] "GET /wp-admin/images/wp-login.php HTTP/1.0" 404 455 "https://www.bing.com/" "Mozilla/5.0 (Linux; Android 12; 2201116SG) AppleWebKit/537.36 (KHTML, like Gecko) Chrome/116.0.0.0 Mobile Safari/537.36"
172.69.63.237 - - [11/Jan/2026:07:00:52 +0300] "GET /wp-admin/images/admin.php HTTP/1.0" 404 455 "https://www.yahoo.com/" "Mozilla/5.0 (iPhone; CPU iPhone OS 16_0 like Mac OS X) AppleWebKit/605.1.15 (KHTML, like Gecko) FxiOS/118.0 Mobile/15E148 Safari/605.1.15"
172.69.63.237 - - [11/Jan/2026:07:00:52 +0300] "GET /wp-includes/ID3/wp-login.php HTTP/1.0" 404 455 "https://www.google.de/" "Mozilla/5.0 (Linux; Android 13; SM-S908E) AppleWebKit/537.36 (KHTML, like Gecko) Chrome/116.0.0.0 Mobile Safari/537.36"
172.69.63.237 - - [11/Jan/2026:07:00:52 +0300] "GET /item.php HTTP/1.0" 404 455 "https://www.bing.com/" "Mozilla/5.0 (Linux; Android 13; SM-S908E) AppleWebKit/537.36 (KHTML, like Gecko) Chrome/116.0.0.0 Mobile Safari/537.36"
172.69.63.237 - - [11/Jan/2026:07:00:53 +0300] "GET /akcc.php HTTP/1.0" 404 455 "https://www.yahoo.com/" "Mozilla/5.0 (Linux; Android 10; K) AppleWebKit/537.36 (KHTML, like Gecko) Chrome/117.0.0.0 Mobile Safari/537.36"
172.69.63.237 - - [11/Jan/2026:07:00:53 +0300] "GET /autoload_classmap/function.php HTTP/1.0" 404 455 "https://www.google.fr/" "Mozilla/5.0 (Linux; Android 13; SM-S908E) AppleWebKit/537.36 (KHTML, like Gecko) Chrome/116.0.0.0 Mobile Safari/537.36"
172.69.63.237 - - [11/Jan/2026:07:00:53 +0300] "GET /wp-admin/css.php HTTP/1.0" 404 455 "https://www.google.co.uk/" "Mozilla/5.0 (iPhone; CPU iPhone OS 17_1_1 like Mac OS X) AppleWebKit/605.1.15 (KHTML, like Gecko) Version/17.1 Mobile/15E148 Safari/604.1"
172.69.63.237 - - [11/Jan/2026:07:00:54 +0300] "GET /222.php HTTP/1.0" 404 455 "https://www.yahoo.com/" "Mozilla/5.0 (Linux; Android 12; V2134) AppleWebKit/537.36 (KHTML, like Gecko) Chrome/116.0.0.0 Mobile Safari/537.36"
172.69.63.237 - - [11/Jan/2026:07:00:54 +0300] "GET /wp-content/plugins/erinyani/baxa1.php HTTP/1.0" 404 455 "https://www.google.com/" "Mozilla/5.0 (Linux; Android 14; Pixel 8 Pro) AppleWebKit/537.36 (KHTML, like Gecko) Chrome/119.0.0.0 Mobile Safari/537.36"
172.69.63.237 - - [11/Jan/2026:07:00:54 +0300] "GET /wp-error.php HTTP/1.0" 404 455 "https://www.google.co.uk/" "Mozilla/5.0 (iPhone; CPU iPhone OS 17_1 like Mac OS X) AppleWebKit/605.1.15 (KHTML, like Gecko) CriOS/119.0.6045.109 Mobile/15E148 Safari/604.1"
172.69.63.237 - - [11/Jan/2026:07:00:54 +0300] "GET /shell.php HTTP/1.0" 404 455 "https://www.google.com/" "Mozilla/5.0 (Linux; Android 13; M2101K6G) AppleWebKit/537.36 (KHTML, like Gecko) Chrome/116.0.0.0 Mobile Safari/537.36"
172.69.63.237 - - [11/Jan/2026:07:00:55 +0300] "GET /wp-content/plugins/core-plugin/include.php HTTP/1.0" 404 455 "https://www.google.de/" "Mozilla/5.0 (Linux; Android 14; Pixel 8 Pro) AppleWebKit/537.36 (KHTML, like Gecko) Chrome/119.0.0.0 Mobile Safari/537.36"
172.69.63.237 - - [11/Jan/2026:07:00:55 +0300] "GET /assets HTTP/1.0" 301 543 "https://www.bing.com/" "Mozilla/5.0 (Linux; Android 14; Pixel 8 Pro) AppleWebKit/537.36 (KHTML, like Gecko) Chrome/119.0.0.0 Mobile Safari/537.36"
172.69.63.237 - - [11/Jan/2026:07:00:55 +0300] "GET /class.php HTTP/1.0" 404 455 "https://www.google.fr/" "Mozilla/5.0 (iPad; CPU OS 16_7_2 like Mac OS X) AppleWebKit/605.1.15 (KHTML, like Gecko) Version/16.6 Mobile/15E148 Safari/604.1"
172.69.63.237 - - [11/Jan/2026:07:00:56 +0300] "GET /ioxi002.PhP7 HTTP/1.0" 404 455 "https://www.google.com/" "Mozilla/5.0 (Linux; Android 12; 2201116SG) AppleWebKit/537.36 (KHTML, like Gecko) Chrome/116.0.0.0 Mobile Safari/537.36"
172.69.63.237 - - [11/Jan/2026:07:00:56 +0300] "GET /wp-admin/maint HTTP/1.0" 404 455 "https://www.google.fr/" "Mozilla/5.0 (Linux; Android 13; SM-G991U) AppleWebKit/537.36 (KHTML, like Gecko) Chrome/117.0.0.0 Mobile Safari/537.36"
172.69.63.237 - - [11/Jan/2026:07:00:56 +0300] "GET /wp-includes/assets/index.php HTTP/1.0" 404 455 "https://www.yahoo.com/" "Mozilla/5.0 (iPhone; CPU iPhone OS 15_7_9 like Mac OS X) AppleWebKit/605.1.15 (KHTML, like Gecko) Version/15.6.5 Mobile/15E148 Safari/604.1"
172.69.63.237 - - [11/Jan/2026:07:00:57 +0300] "GET /wp-links.php HTTP/1.0" 404 455 "https://www.bing.com/" "Mozilla/5.0 (iPhone; CPU iPhone OS 17_1_1 like Mac OS X) AppleWebKit/605.1.15 (KHTML, like Gecko) Version/17.1 Mobile/15E148 Safari/604.1"
172.69.63.237 - - [11/Jan/2026:07:00:57 +0300] "GET /nf_tracking.php HTTP/1.0" 404 455 "https://www.bing.com/" "Mozilla/5.0 (iPhone; CPU iPhone OS 17_1_1 like Mac OS X) AppleWebKit/605.1.15 (KHTML, like Gecko) Version/17.1 Mobile/15E148 Safari/604.1"
172.71.254.220 - - [11/Jan/2026:07:01:05 +0300] "GET / HTTP/1.0" 200 3601 "-" "cypex.ai/scanning Mozilla/5.0 (Macintosh; Intel Mac OS X 10_15_7) Chrome/126.0.0.0 Safari/537.36"
172.68.150.231 - - [11/Jan/2026:07:01:14 +0300] "GET /wp-includes/js5ba7cf/index.php HTTP/1.0" 404 455 "https://housegates.ru/wp-includes/js5ba7cf/index.php" "Mozilla/5.0 (Windows NT 10.0; Win64; x64) AppleWebKit/537.36 (KHTML, like Gecko) Chrome/58.0.3029.110 Safari/537.3"
172.70.189.115 - - [11/Jan/2026:07:01:28 +0300] "GET /jqczam/java-open-source-github.html HTTP/1.0" 404 455 "http://oopsn.ru/rz70kfjd/91-freeway-accident-today-2023.html" "Mozilla/5.0 (Linux; Android 7.0;) AppleWebKit/537.36 (KHTML, like Gecko) Mobile Safari/537.36 (compatible; PetalBot;+https://webmaster.petalsearch.com/site/petalbot)"
108.162.246.86 - - [11/Jan/2026:07:01:49 +0300] "GET /?o=23892145840700 HTTP/1.0" 200 4864 "-" "Mozilla/5.0 (Linux; Android 6.0.1; Nexus 5X Build/MMB29P) AppleWebKit/537.36 (KHTML, like Gecko) Chrome/143.0.7499.169 Mobile Safari/537.36 (compatible; Googlebot/2.1; +http://www.google.com/bot.html)"
172.71.124.96 - - [11/Jan/2026:07:02:54 +0300] "GET /jqczam/hsn-host-dies-on-air-today.html HTTP/1.0" 404 455 "https://gpstrade.com.au/stmc/2k23-best-point-guard-build.html" "Mozilla/5.0 (Linux; Android 7.0;) AppleWebKit/537.36 (KHTML, like Gecko) Mobile Safari/537.36 (compatible; PetalBot;+https://webmaster.petalsearch.com/site/petalbot)"
172.71.146.152 - - [11/Jan/2026:07:03:42 +0300] "GET /?o=42577128184602 HTTP/1.0" 200 4942 "-" "Mozilla/5.0 (Linux; Android 6.0.1; Nexus 5X Build/MMB29P) AppleWebKit/537.36 (KHTML, like Gecko) Chrome/143.0.7499.169 Mobile Safari/537.36 (compatible; Googlebot/2.1; +http://www.google.com/bot.html)"
172.71.124.96 - - [11/Jan/2026:07:04:21 +0300] "GET /jqczam/how-to-export-solidworks-assembly.html HTTP/1.0" 404 455 "http://pss-energy.com/itq99/how-to-stop-child-support-in-iowa.html" "Mozilla/5.0 (Linux; Android 7.0;) AppleWebKit/537.36 (KHTML, like Gecko) Mobile Safari/537.36 (compatible; PetalBot;+https://webmaster.petalsearch.com/site/petalbot)"
162.158.106.212 - - [11/Jan/2026:07:05:38 +0300] "GET /jqczam/how-to-deal-with-bpd-lies.html HTTP/1.0" 404 455 "http://upload.transcale.com.au/lphxpds/twitch-change-category-command.html" "Mozilla/5.0 (Linux; Android 7.0;) AppleWebKit/537.36 (KHTML, like Gecko) Mobile Safari/537.36 (compatible; PetalBot;+https://webmaster.petalsearch.com/site/petalbot)"
108.162.246.86 - - [11/Jan/2026:07:06:35 +0300] "GET /?o=82882126201000 HTTP/1.0" 200 4870 "-" "Mozilla/5.0 (Linux; Android 6.0.1; Nexus 5X Build/MMB29P) AppleWebKit/537.36 (KHTML, like Gecko) Chrome/143.0.7499.169 Mobile Safari/537.36 (compatible; Googlebot/2.1; +http://www.google.com/bot.html)"
172.71.124.97 - - [11/Jan/2026:07:07:02 +0300] "GET /jqczam/high-temperature-carbon-fiber-square-tube.html HTTP/1.0" 404 455 "http://goldenbrumby.com.au/jf1qw/used-glass-showcase-for-sale.html" "Mozilla/5.0 (Linux; Android 7.0;) AppleWebKit/537.36 (KHTML, like Gecko) Mobile Safari/537.36 (compatible; PetalBot;+https://webmaster.petalsearch.com/site/petalbot)"
172.71.124.97 - - [11/Jan/2026:07:08:26 +0300] "GET /jqczam/hello-neighbor-game-online.html HTTP/1.0" 404 455 "https://ddpc.com.au/al2i8c/fatal-car-accident-arcadia-fl.html" "Mozilla/5.0 (Linux; Android 7.0;) AppleWebKit/537.36 (KHTML, like Gecko) Mobile Safari/537.36 (compatible; PetalBot;+https://webmaster.petalsearch.com/site/petalbot)"
172.71.184.78 - - [11/Jan/2026:07:09:17 +0300] "GET /eqo94m/wrestling-revolution-3d-2k20-mod-apk-download.html HTTP/1.0" 404 455 "-" "Mozilla/5.0 (compatible; YandexBot/3.0; +http://yandex.com/bots)"
172.71.150.210 - - [11/Jan/2026:07:09:28 +0300] "GET /?o=31825274113200 HTTP/1.0" 200 4927 "-" "Mozilla/5.0 (Linux; Android 6.0.1; Nexus 5X Build/MMB29P) AppleWebKit/537.36 (KHTML, like Gecko) Chrome/143.0.7499.169 Mobile Safari/537.36 (compatible; Googlebot/2.1; +http://www.google.com/bot.html)"
172.71.124.96 - - [11/Jan/2026:07:09:50 +0300] "GET /jqczam/harris-county-news-and-arrests.html HTTP/1.0" 404 455 "http://recigar.ru/n7el1jwd/circle-k-workday-okta-login.html" "Mozilla/5.0 (Linux; Android 7.0;) AppleWebKit/537.36 (KHTML, like Gecko) Mobile Safari/537.36 (compatible; PetalBot;+https://webmaster.petalsearch.com/site/petalbot)"
172.69.194.104 - - [11/Jan/2026:07:10:29 +0300] "GET /m-contenteditor+index+id-23.html HTTP/1.0" 200 7829 "-" "Mozilla/5.0 (compatible; AhrefsBot/7.0; +http://ahrefs.com/robot/)"
108.162.226.83 - - [11/Jan/2026:07:11:14 +0300] "GET /jqczam/federal-9mm-ammo-1000-rounds-147-grain.html HTTP/1.0" 404 455 "https://mr-kitchen.ru/kvthyz/food-web-project.html" "Mozilla/5.0 (Linux; Android 7.0;) AppleWebKit/537.36 (KHTML, like Gecko) Mobile Safari/537.36 (compatible; PetalBot;+https://webmaster.petalsearch.com/site/petalbot)"
172.70.189.115 - - [11/Jan/2026:07:12:36 +0300] "GET /eqo94m/newfoundland-water-rescue-helicopter.html HTTP/1.0" 404 455 "http://protected.portablechemistsconsultant.com/ng74jd/prayer-against-negative-emotions.html" "Mozilla/5.0 (Linux; Android 7.0;) AppleWebKit/537.36 (KHTML, like Gecko) Mobile Safari/537.36 (compatible; PetalBot;+https://webmaster.petalsearch.com/site/petalbot)"
162.158.42.239 - - [11/Jan/2026:07:13:21 +0300] "GET /?o=95999246383504 HTTP/1.0" 200 4886 "-" "Mozilla/5.0 (Linux; Android 6.0.1; Nexus 5X Build/MMB29P) AppleWebKit/537.36 (KHTML, like Gecko) Chrome/143.0.7499.169 Mobile Safari/537.36 (compatible; Googlebot/2.1; +http://www.google.com/bot.html)"
172.71.184.78 - - [11/Jan/2026:07:13:29 +0300] "GET /eqo94m/karaoke-player-for-linux-mint.html HTTP/1.0" 404 455 "-" "Mozilla/5.0 (compatible; YandexBot/3.0; +http://yandex.com/bots)"
172.68.150.231 - - [11/Jan/2026:07:13:45 +0300] "GET /wp-includes/js5ba7cf/index.php HTTP/1.0" 404 455 "https://housegates.ru/wp-includes/js5ba7cf/index.php" "Mozilla/5.0 (Windows NT 10.0; Win64; x64) AppleWebKit/537.36 (KHTML, like Gecko) Chrome/58.0.3029.110 Safari/537.3"
104.23.176.14 - - [11/Jan/2026:07:14:00 +0300] "GET /jqczam/who-invented-the-paris-gun.html HTTP/1.0" 404 455 "https://estetikashop.ru/aoay3d/wholesale-beauty-supply-in-manhattan.html" "Mozilla/5.0 (Linux; Android 7.0;) AppleWebKit/537.36 (KHTML, like Gecko) Mobile Safari/537.36 (compatible; PetalBot;+https://webmaster.petalsearch.com/site/petalbot)"
172.70.142.150 - - [11/Jan/2026:07:15:24 +0300] "GET /m-contenteditor%2Bindex%2Bid-8.html HTTP/1.0" 200 3901 "https://housegates.ru/m-contenteditor%2Bindex%2Bid-13.html" "Mozilla/5.0 (Linux; Android 7.0;) AppleWebKit/537.36 (KHTML, like Gecko) Mobile Safari/537.36 (compatible; PetalBot;+https://webmaster.petalsearch.com/site/petalbot)"
104.23.209.91 - - [11/Jan/2026:07:15:27 +0300] "GET /m-contenteditor+index+id-23.html HTTP/1.0" 200 7829 "-" "Mozilla/5.0 (compatible; SemrushBot/7~bl; +http://www.semrush.com/bot.html)"
162.158.42.239 - - [11/Jan/2026:07:16:15 +0300] "GET /?o=4700783572117 HTTP/1.0" 200 4866 "-" "Mozilla/5.0 (Linux; Android 6.0.1; Nexus 5X Build/MMB29P) AppleWebKit/537.36 (KHTML, like Gecko) Chrome/143.0.7499.169 Mobile Safari/537.36 (compatible; Googlebot/2.1; +http://www.google.com/bot.html)"
172.71.184.79 - - [11/Jan/2026:07:16:38 +0300] "GET /jqczam/fish-house-rentals-warroad-mn.html HTTP/1.0" 404 455 "-" "Mozilla/5.0 (compatible; YandexBot/3.0; +http://yandex.com/bots)"
104.23.176.13 - - [11/Jan/2026:07:16:47 +0300] "GET /jqczam/top-private-companies-in-kuwait.html HTTP/1.0" 404 455 "http://upload.transcale.com.au/lphxpds/twitch-change-category-command.html" "Mozilla/5.0 (Linux; Android 7.0;) AppleWebKit/537.36 (KHTML, like Gecko) Mobile Safari/537.36 (compatible; PetalBot;+https://webmaster.petalsearch.com/site/petalbot)"
162.158.42.240 - - [11/Jan/2026:07:18:08 +0300] "GET /?o=8203148839301 HTTP/1.0" 200 4931 "-" "Mozilla/5.0 (Linux; Android 6.0.1; Nexus 5X Build/MMB29P) AppleWebKit/537.36 (KHTML, like Gecko) Chrome/143.0.7499.169 Mobile Safari/537.36 (compatible; Googlebot/2.1; +http://www.google.com/bot.html)"
172.70.147.191 - - [11/Jan/2026:07:18:12 +0300] "GET /jqczam/surgitel-light-mount.html HTTP/1.0" 404 455 "https://diamondbrite-dent.ru/4g8lbgb/massey-ferguson-35-transmission-oil.html" "Mozilla/5.0 (Linux; Android 7.0;) AppleWebKit/537.36 (KHTML, like Gecko) Mobile Safari/537.36 (compatible; PetalBot;+https://webmaster.petalsearch.com/site/petalbot)"
162.158.182.48 - - [11/Jan/2026:07:18:51 +0300] "GET /robots.txt HTTP/1.1" 404 173 "-" "Mozilla/5.0 (compatible; YandexBot/3.0; +http://yandex.com/bots)"
172.71.124.97 - - [11/Jan/2026:07:19:34 +0300] "GET /jqczam/smok-rpm40-review.html HTTP/1.0" 404 455 "http://adofloor.ru/nq2nez/mercedes-e55-supercharger.html" "Mozilla/5.0 (Linux; Android 7.0;) AppleWebKit/537.36 (KHTML, like Gecko) Mobile Safari/537.36 (compatible; PetalBot;+https://webmaster.petalsearch.com/site/petalbot)"
172.68.164.170 - - [11/Jan/2026:07:21:37 +0300] "GET /jqczam/open-source-motor-controller.html HTTP/1.0" 404 455 "http://www.xlservice.ru/yksnvc/online-assessment-platform.html" "Mozilla/5.0 (Linux; Android 7.0;) AppleWebKit/537.36 (KHTML, like Gecko) Mobile Safari/537.36 (compatible; PetalBot;+https://webmaster.petalsearch.com/site/petalbot)"
172.70.208.97 - - [11/Jan/2026:07:22:24 +0300] "GET /jqczam/nbconvert-hide-code.html HTTP/1.0" 404 455 "http://contacts.smarttouch-eg.com/__MACOSX/occyii/bodybuilding-competitions-near-me.html" "Mozilla/5.0 (Linux; Android 7.0;) AppleWebKit/537.36 (KHTML, like Gecko) Mobile Safari/537.36 (compatible; PetalBot;+https://webmaster.petalsearch.com/site/petalbot)"
108.162.246.86 - - [11/Jan/2026:07:22:33 +0300] "GET /?o=7412592594100 HTTP/1.0" 200 4868 "-" "Mozilla/5.0 (Linux; Android 6.0.1; Nexus 5X Build/MMB29P) AppleWebKit/537.36 (KHTML, like Gecko) Chrome/143.0.7499.169 Mobile Safari/537.36 (compatible; Googlebot/2.1; +http://www.google.com/bot.html)"
162.158.108.113 - - [11/Jan/2026:07:23:45 +0300] "GET /jqczam/large-ponies-for-sale-near-st-louis-mo.html HTTP/1.0" 404 455 "https://promsnab888.ru/jqopcol/trinet-peo-letter.html" "Mozilla/5.0 (Linux; Android 7.0;) AppleWebKit/537.36 (KHTML, like Gecko) Mobile Safari/537.36 (compatible; PetalBot;+https://webmaster.petalsearch.com/site/petalbot)"
172.69.176.110 - - [11/Jan/2026:07:25:12 +0300] "GET /jqczam/kpop-female-fap-yeonwoo.html HTTP/1.0" 404 455 "https://gpstrade.com.au/stmc/2k23-best-point-guard-build.html" "Mozilla/5.0 (Linux; Android 7.0;) AppleWebKit/537.36 (KHTML, like Gecko) Mobile Safari/537.36 (compatible; PetalBot;+https://webmaster.petalsearch.com/site/petalbot)"
172.68.150.231 - - [11/Jan/2026:07:25:29 +0300] "GET /wp-includes/js5ba7cf/index.php HTTP/1.0" 404 455 "https://housegates.ru/wp-includes/js5ba7cf/index.php" "Mozilla/5.0 (Windows NT 10.0; Win64; x64) AppleWebKit/537.36 (KHTML, like Gecko) Chrome/58.0.3029.110 Safari/537.3"
162.158.108.113 - - [11/Jan/2026:07:26:33 +0300] "GET /jqczam/karaoke-machine-with-screen-rental.html HTTP/1.0" 404 455 "http://fmcg.navicongroup.ru/q5tfd6l/lax-nightclub-closing.html" "Mozilla/5.0 (Linux; Android 7.0;) AppleWebKit/537.36 (KHTML, like Gecko) Mobile Safari/537.36 (compatible; PetalBot;+https://webmaster.petalsearch.com/site/petalbot)"
172.68.23.81 - - [11/Jan/2026:07:26:57 +0300] "GET /?o=22479131188301 HTTP/1.0" 200 4885 "-" "Mozilla/5.0 (Linux; Android 6.0.1; Nexus 5X Build/MMB29P) AppleWebKit/537.36 (KHTML, like Gecko) Chrome/143.0.7499.169 Mobile Safari/537.36 (compatible; Googlebot/2.1; +http://www.google.com/bot.html)"
104.23.168.30 - - [11/Jan/2026:07:27:04 +0300] "GET / HTTP/1.0" 200 3601 "http://housegates.ru" "Mozilla/5.0 (iPhone; CPU iPhone OS 13_2_3 like Mac OS X) AppleWebKit/605.1.15 (KHTML, like Gecko) Version/13.0.3 Mobile/15E148 Safari/604.1"
172.70.147.190 - - [11/Jan/2026:07:27:56 +0300] "GET /jqczam/houses-for-sale-to-be-moved-in-the-edmonton-area.html HTTP/1.0" 404 455 "https://diskont-chel.com/gwdhtcug/ambient-chillout-music-mix.html" "Mozilla/5.0 (Linux; Android 7.0;) AppleWebKit/537.36 (KHTML, like Gecko) Mobile Safari/537.36 (compatible; PetalBot;+https://webmaster.petalsearch.com/site/petalbot)"
172.69.50.144 - - [11/Jan/2026:07:29:16 +0300] "GET /jqczam/when-do-sfsu-decisions-come-out-reddit.html HTTP/1.0" 404 455 "-" "Mozilla/5.0 (compatible; YandexBot/3.0; +http://yandex.com/bots)"
172.68.164.171 - - [11/Jan/2026:07:29:21 +0300] "GET /jqczam/hermit-and-devil-tarot-verbatim.html HTTP/1.0" 404 455 "http://vipperspektiva.ru/hud3z/img-academy-twitter.html" "Mozilla/5.0 (Linux; Android 7.0;) AppleWebKit/537.36 (KHTML, like Gecko) Mobile Safari/537.36 (compatible; PetalBot;+https://webmaster.petalsearch.com/site/petalbot)"
172.68.10.15 - - [11/Jan/2026:07:29:52 +0300] "GET /jqczam/is-today-my-lucky-day-horoscope.html HTTP/1.0" 404 455 "-" "Mozilla/5.0 (compatible; YandexBot/3.0; +http://yandex.com/bots)"
172.69.176.111 - - [11/Jan/2026:07:30:45 +0300] "GET /jqczam/esp-asr-inactive.html HTTP/1.0" 404 455 "https://oboizhidkieshop.ru/fdpaud/to-tell-the-truth-contestants.html" "Mozilla/5.0 (Linux; Android 7.0;) AppleWebKit/537.36 (KHTML, like Gecko) Mobile Safari/537.36 (compatible; PetalBot;+https://webmaster.petalsearch.com/site/petalbot)"
162.158.42.240 - - [11/Jan/2026:07:31:22 +0300] "GET /?o=2978789899700 HTTP/1.0" 200 4893 "-" "Mozilla/5.0 (Linux; Android 6.0.1; Nexus 5X Build/MMB29P) AppleWebKit/537.36 (KHTML, like Gecko) Chrome/143.0.7499.169 Mobile Safari/537.36 (compatible; Googlebot/2.1; +http://www.google.com/bot.html)"
162.158.163.94 - - [11/Jan/2026:07:32:08 +0300] "GET /jqczam/eliminator-224-seed-cleaner-price.html HTTP/1.0" 404 455 "http://planner.creativesmartsolution.com/kdg9/to-have-knowledge-of-something-synonym.html" "Mozilla/5.0 (Linux; Android 7.0;) AppleWebKit/537.36 (KHTML, like Gecko) Mobile Safari/537.36 (compatible; PetalBot;+https://webmaster.petalsearch.com/site/petalbot)"
172.69.70.209 - - [11/Jan/2026:07:33:11 +0300] "GET /robots.txt HTTP/1.1" 404 576 "-" "Mozilla/5.0 (Macintosh; Intel Mac OS X 10_15_7) AppleWebKit/537.36 (KHTML, like Gecko) Chrome/131.0.0.0 Safari/537.36; compatible; OAI-SearchBot/1.3; robots.txt; +https://openai.com/searchbot"
104.23.176.14 - - [11/Jan/2026:07:33:32 +0300] "GET /jqczam/ebt-emergency-allotment.html HTTP/1.0" 404 455 "http://russar.gramor.site/qhh4y/15-day-forecast-mammoth-lakes.html" "Mozilla/5.0 (Linux; Android 7.0;) AppleWebKit/537.36 (KHTML, like Gecko) Mobile Safari/537.36 (compatible; PetalBot;+https://webmaster.petalsearch.com/site/petalbot)"
172.70.147.190 - - [11/Jan/2026:07:34:55 +0300] "GET /jqczam/dreamboxedit-m3u-import.html HTTP/1.0" 404 455 "http://constructech.com.au/oyaxio/male-dental-hygienist-reddit.html" "Mozilla/5.0 (Linux; Android 7.0;) AppleWebKit/537.36 (KHTML, like Gecko) Mobile Safari/537.36 (compatible; PetalBot;+https://webmaster.petalsearch.com/site/petalbot)"
172.68.23.81 - - [11/Jan/2026:07:35:46 +0300] "GET /?o=32577253025001 HTTP/1.0" 200 4845 "-" "Mozilla/5.0 (Linux; Android 6.0.1; Nexus 5X Build/MMB29P) AppleWebKit/537.36 (KHTML, like Gecko) Chrome/143.0.7499.169 Mobile Safari/537.36 (compatible; Googlebot/2.1; +http://www.google.com/bot.html)"
172.70.208.96 - - [11/Jan/2026:07:36:19 +0300] "GET /jqczam/disney-mystery-coloring-book-download.html HTTP/1.0" 404 455 "http://goldenbrumby.com.au/jf1qw/tailwind-overlay-menu.html" "Mozilla/5.0 (Linux; Android 7.0;) AppleWebKit/537.36 (KHTML, like Gecko) Mobile Safari/537.36 (compatible; PetalBot;+https://webmaster.petalsearch.com/site/petalbot)"
172.68.150.231 - - [11/Jan/2026:07:36:30 +0300] "GET /wp-includes/js5ba7cf/index.php HTTP/1.0" 404 455 "https://housegates.ru/wp-includes/js5ba7cf/index.php" "Mozilla/5.0 (Windows NT 10.0; Win64; x64) AppleWebKit/537.36 (KHTML, like Gecko) Chrome/58.0.3029.110 Safari/537.3"
162.158.108.113 - - [11/Jan/2026:07:37:42 +0300] "GET /jqczam/destiny-2-damage-spreadsheet-lightfall.html HTTP/1.0" 404 455 "https://individual.bmwmore.ru/2r56zj/sliding-filament-theory-steps-simplified.html" "Mozilla/5.0 (Linux; Android 7.0;) AppleWebKit/537.36 (KHTML, like Gecko) Mobile Safari/537.36 (compatible; PetalBot;+https://webmaster.petalsearch.com/site/petalbot)"
172.71.184.78 - - [11/Jan/2026:07:38:12 +0300] "GET /jqczam/kubota-wheel-spacers-l2501.html HTTP/1.0" 404 455 "-" "Mozilla/5.0 (compatible; YandexBot/3.0; +http://yandex.com/bots)"
162.158.210.115 - - [11/Jan/2026:07:39:24 +0300] "GET /public_html.gz HTTP/1.0" 404 455 "-" "Mozilla/5.0 (Windows NT 10.0; Win64; x64) AppleWebKit/537.36 (KHTML, like Gecko) Chrome/101.0.4951.67 Safari/537.36"
172.68.23.82 - - [11/Jan/2026:07:40:11 +0300] "GET /?o=97588258946006 HTTP/1.0" 200 4893 "-" "Mozilla/5.0 (Linux; Android 6.0.1; Nexus 5X Build/MMB29P) AppleWebKit/537.36 (KHTML, like Gecko) Chrome/143.0.7499.169 Mobile Safari/537.36 (compatible; Googlebot/2.1; +http://www.google.com/bot.html)"
172.70.142.151 - - [11/Jan/2026:07:40:30 +0300] "GET /jqczam/chain-of-thorns-tumblr.html HTTP/1.0" 404 455 "https://kvalitet95.ru/5acv/rcd510-bluetooth-module-install.html" "Mozilla/5.0 (Linux; Android 7.0;) AppleWebKit/537.36 (KHTML, like Gecko) Mobile Safari/537.36 (compatible; PetalBot;+https://webmaster.petalsearch.com/site/petalbot)"
172.68.10.14 - - [11/Jan/2026:07:40:37 +0300] "GET /jqczam/parenting-classes-omaha.html HTTP/1.0" 404 455 "-" "Mozilla/5.0 (compatible; YandexBot/3.0; +http://yandex.com/bots)"
108.162.226.82 - - [11/Jan/2026:07:41:53 +0300] "GET /jqczam/cambridge-news-accident.html HTTP/1.0" 404 455 "https://alstandart.ru/0vvf/liquid-grub-killer.html" "Mozilla/5.0 (Linux; Android 7.0;) AppleWebKit/537.36 (KHTML, like Gecko) Mobile Safari/537.36 (compatible; PetalBot;+https://webmaster.petalsearch.com/site/petalbot)"
104.23.176.14 - - [11/Jan/2026:07:43:16 +0300] "GET /jqczam/caliber-family-app.html HTTP/1.0" 404 455 "https://www.web-trump.ru/xzjfv/illinois-auctions-online.html" "Mozilla/5.0 (Linux; Android 7.0;) AppleWebKit/537.36 (KHTML, like Gecko) Mobile Safari/537.36 (compatible; PetalBot;+https://webmaster.petalsearch.com/site/petalbot)"
162.158.42.239 - - [11/Jan/2026:07:44:36 +0300] "GET /?o=60746228894705 HTTP/1.0" 200 4881 "-" "Mozilla/5.0 (Linux; Android 6.0.1; Nexus 5X Build/MMB29P) AppleWebKit/537.36 (KHTML, like Gecko) Chrome/143.0.7499.169 Mobile Safari/537.36 (compatible; Googlebot/2.1; +http://www.google.com/bot.html)"
108.162.226.82 - - [11/Jan/2026:07:44:40 +0300] "GET /jqczam/bx2750c-snowblower.html HTTP/1.0" 404 455 "https://lemanskarting.ru/ggy6/upenn-fine-arts.html" "Mozilla/5.0 (Linux; Android 7.0;) AppleWebKit/537.36 (KHTML, like Gecko) Mobile Safari/537.36 (compatible; PetalBot;+https://webmaster.petalsearch.com/site/petalbot)"
162.158.108.112 - - [11/Jan/2026:07:46:03 +0300] "GET /jqczam/box24-casino-25-free-spins.html HTTP/1.0" 404 455 "https://teplook.ru/2t4jwxq/pm2-set-heap-size.html" "Mozilla/5.0 (Linux; Android 7.0;) AppleWebKit/537.36 (KHTML, like Gecko) Mobile Safari/537.36 (compatible; PetalBot;+https://webmaster.petalsearch.com/site/petalbot)"
172.64.200.89 - - [11/Jan/2026:07:46:46 +0300] "GET /index.php/jk HTTP/1.0" 200 3601 "-" "Mozilla/5.0 (Windows NT 6.2; WOW64; rv:73.0) Gecko/20100101 Firefox/73.0"
172.71.124.97 - - [11/Jan/2026:07:47:27 +0300] "GET /jqczam/bloodborne-builds-reddit.html HTTP/1.0" 404 455 "http://www.xlservice.ru/yksnvc/air-tank-manifold-with-gauge.html" "Mozilla/5.0 (Linux; Android 7.0;) AppleWebKit/537.36 (KHTML, like Gecko) Mobile Safari/537.36 (compatible; PetalBot;+https://webmaster.petalsearch.com/site/petalbot)"
172.68.150.231 - - [11/Jan/2026:07:48:45 +0300] "GET /wp-includes/js5ba7cf/index.php HTTP/1.0" 404 455 "https://housegates.ru/wp-includes/js5ba7cf/index.php" "Mozilla/5.0 (Windows NT 10.0; Win64; x64) AppleWebKit/537.36 (KHTML, like Gecko) Chrome/58.0.3029.110 Safari/537.3"
162.158.88.117 - - [11/Jan/2026:07:48:52 +0300] "GET /jqczam/best-social-justice-documentaries.html HTTP/1.0" 404 455 "https://teplook.ru/2t4jwxq/quietest-rv-water-pump.html" "Mozilla/5.0 (Linux; Android 7.0;) AppleWebKit/537.36 (KHTML, like Gecko) Mobile Safari/537.36 (compatible; PetalBot;+https://webmaster.petalsearch.com/site/petalbot)"
172.68.23.82 - - [11/Jan/2026:07:49:01 +0300] "GET /?o=29303245928802 HTTP/1.0" 200 4922 "-" "Mozilla/5.0 (Linux; Android 6.0.1; Nexus 5X Build/MMB29P) AppleWebKit/537.36 (KHTML, like Gecko) Chrome/143.0.7499.169 Mobile Safari/537.36 (compatible; Googlebot/2.1; +http://www.google.com/bot.html)"
172.71.82.53 - - [11/Jan/2026:07:51:38 +0300] "GET /jqczam/barns-for-sale-massachusetts.html HTTP/1.0" 404 455 "http://www.remontariston.ru/qkpms2l/70-inch-tv-stand-brown.html" "Mozilla/5.0 (Linux; Android 7.0;) AppleWebKit/537.36 (KHTML, like Gecko) Mobile Safari/537.36 (compatible; PetalBot;+https://webmaster.petalsearch.com/site/petalbot)"
172.71.82.53 - - [11/Jan/2026:07:53:03 +0300] "GET /jqczam/auto-computer-repair.html HTTP/1.0" 404 455 "http://www.xlservice.ru/yksnvc/avatar-banshee-toy.html" "Mozilla/5.0 (Linux; Android 7.0;) AppleWebKit/537.36 (KHTML, like Gecko) Mobile Safari/537.36 (compatible; PetalBot;+https://webmaster.petalsearch.com/site/petalbot)"
172.71.150.210 - - [11/Jan/2026:07:53:25 +0300] "GET /?o=6779765416501 HTTP/1.0" 200 4927 "-" "Mozilla/5.0 (Linux; Android 6.0.1; Nexus 5X Build/MMB29P) AppleWebKit/537.36 (KHTML, like Gecko) Chrome/143.0.7499.169 Mobile Safari/537.36 (compatible; Googlebot/2.1; +http://www.google.com/bot.html)"
172.71.184.78 - - [11/Jan/2026:07:53:56 +0300] "GET /jqczam/mk7-golf-r-oil-type.html HTTP/1.0" 404 455 "-" "Mozilla/5.0 (compatible; YandexBot/3.0; +http://yandex.com/bots)"
172.69.50.144 - - [11/Jan/2026:07:54:07 +0300] "GET /eqo94m/uhnw-housekeeping-jobs.html HTTP/1.0" 404 455 "-" "Mozilla/5.0 (compatible; YandexBot/3.0; +http://yandex.com/bots)"
172.71.82.53 - - [11/Jan/2026:07:54:26 +0300] "GET /jqczam/audi-a6-climate-control-buttons-explained.html HTTP/1.0" 404 455 "https://shinkarld.ru/6bp4pe/youtube-niches-with-low-competition-2023.html" "Mozilla/5.0 (Linux; Android 7.0;) AppleWebKit/537.36 (KHTML, like Gecko) Mobile Safari/537.36 (compatible; PetalBot;+https://webmaster.petalsearch.com/site/petalbot)"
162.158.88.117 - - [11/Jan/2026:07:55:50 +0300] "GET /jqczam/atrantil-reviews-reddit.html HTTP/1.0" 404 455 "https://rosavivum.ru/8wzec5l/college-students-drinking-and-driving.html" "Mozilla/5.0 (Linux; Android 7.0;) AppleWebKit/537.36 (KHTML, like Gecko) Mobile Safari/537.36 (compatible; PetalBot;+https://webmaster.petalsearch.com/site/petalbot)"
172.71.124.234 - - [11/Jan/2026:07:57:13 +0300] "GET /jqczam/accidents-in-tacoma-today.html HTTP/1.0" 404 455 "https://alternativa-td.ru/ieaovw/which-among-the-following-is-an-activity-type-allowed-by-bot-builder-sdk.html" "Mozilla/5.0 (Linux; Android 7.0;) AppleWebKit/537.36 (KHTML, like Gecko) Mobile Safari/537.36 (compatible; PetalBot;+https://webmaster.petalsearch.com/site/petalbot)"
108.162.246.86 - - [11/Jan/2026:07:57:50 +0300] "GET /?o=7020178852401 HTTP/1.0" 200 4989 "-" "Mozilla/5.0 (Linux; Android 6.0.1; Nexus 5X Build/MMB29P) AppleWebKit/537.36 (KHTML, like Gecko) Chrome/143.0.7499.169 Mobile Safari/537.36 (compatible; Googlebot/2.1; +http://www.google.com/bot.html)"
172.70.189.116 - - [11/Jan/2026:07:58:37 +0300] "GET /jqczam/7th-grade-social-studies-questions-and-answers.html HTTP/1.0" 404 455 "https://avtoremont-penza.ru/7i9qd7/how-do-i-get-a-dealers-license-in-missouri-without-a-lot.html" "Mozilla/5.0 (Linux; Android 7.0;) AppleWebKit/537.36 (KHTML, like Gecko) Mobile Safari/537.36 (compatible; PetalBot;+https://webmaster.petalsearch.com/site/petalbot)"
172.71.124.96 - - [11/Jan/2026:07:59:59 +0300] "GET /jqczam/32-bit-wiegand-calculator.html HTTP/1.0" 404 455 "http://recigar.ru/n7el1jwd/admob-supported-app-stores.html" "Mozilla/5.0 (Linux; Android 7.0;) AppleWebKit/537.36 (KHTML, like Gecko) Mobile Safari/537.36 (compatible; PetalBot;+https://webmaster.petalsearch.com/site/petalbot)"
172.68.150.230 - - [11/Jan/2026:08:01:00 +0300] "GET /wp-includes/js5ba7cf/index.php HTTP/1.0" 404 455 "https://housegates.ru/wp-includes/js5ba7cf/index.php" "Mozilla/5.0 (Windows NT 10.0; Win64; x64) AppleWebKit/537.36 (KHTML, like Gecko) Chrome/58.0.3029.110 Safari/537.3"
