108.162.238.149 - - [11/Jan/2026:00:46:23 +0300] "GET /?e=0675344781849 HTTP/1.0" 200 34543 "-" "Mozilla/5.0 (Linux; Android 6.0.1; Nexus 5X Build/MMB29P) AppleWebKit/537.36 (KHTML, like Gecko) Chrome/143.0.7499.192 Mobile Safari/537.36 (compatible; Googlebot/2.1; +http://www.google.com/bot.html)"
172.71.30.119 - - [11/Jan/2026:00:46:25 +0300] "GET /?e=041015339d38e93 HTTP/1.0" 200 35749 "-" "Mozilla/5.0 (Linux; Android 6.0.1; Nexus 5X Build/MMB29P) AppleWebKit/537.36 (KHTML, like Gecko) Chrome/143.0.7499.192 Mobile Safari/537.36 (compatible; Googlebot/2.1; +http://www.google.com/bot.html)"
172.71.30.119 - - [11/Jan/2026:00:46:27 +0300] "GET /?e=061848685cbfedc HTTP/1.0" 200 20339 "-" "Mozilla/5.0 (Linux; Android 6.0.1; Nexus 5X Build/MMB29P) AppleWebKit/537.36 (KHTML, like Gecko) Chrome/143.0.7499.192 Mobile Safari/537.36 (compatible; Googlebot/2.1; +http://www.google.com/bot.html)"
108.162.238.4 - - [11/Jan/2026:00:46:29 +0300] "GET /?ID=9686.html HTTP/1.0" 200 20535 "https://stefanos.ru/?e=0675344781849" "Mozilla/5.0 (Linux; Android 6.0.1; Nexus 5X Build/MMB29P) AppleWebKit/537.36 (KHTML, like Gecko) Chrome/143.0.7499.169 Mobile Safari/537.36 (compatible; Googlebot/2.1; +http://www.google.com/bot.html)"
104.22.1.192 - - [11/Jan/2026:00:46:30 +0300] "GET /?ID=9873.html HTTP/1.0" 200 19119 "https://stefanos.ru/?e=0675344781849" "Mozilla/5.0 (Linux; Android 6.0.1; Nexus 5X Build/MMB29P) AppleWebKit/537.36 (KHTML, like Gecko) Chrome/143.0.7499.169 Mobile Safari/537.36 (compatible; Googlebot/2.1; +http://www.google.com/bot.html)"
104.22.1.192 - - [11/Jan/2026:00:46:32 +0300] "GET /?ID=8823.html HTTP/1.0" 200 52113 "https://stefanos.ru/?e=041015339d38e93" "Mozilla/5.0 (Linux; Android 6.0.1; Nexus 5X Build/MMB29P) AppleWebKit/537.36 (KHTML, like Gecko) Chrome/143.0.7499.169 Mobile Safari/537.36 (compatible; Googlebot/2.1; +http://www.google.com/bot.html)"
104.22.1.192 - - [11/Jan/2026:00:46:34 +0300] "GET /?ID=8024.html HTTP/1.0" 200 34493 "https://stefanos.ru/?e=041015339d38e93" "Mozilla/5.0 (Linux; Android 6.0.1; Nexus 5X Build/MMB29P) AppleWebKit/537.36 (KHTML, like Gecko) Chrome/143.0.7499.169 Mobile Safari/537.36 (compatible; Googlebot/2.1; +http://www.google.com/bot.html)"
172.71.30.119 - - [11/Jan/2026:00:46:36 +0300] "GET /?ID=8538.html HTTP/1.0" 200 12194 "https://stefanos.ru/?e=041015339d38e93" "Mozilla/5.0 (Linux; Android 6.0.1; Nexus 5X Build/MMB29P) AppleWebKit/537.36 (KHTML, like Gecko) Chrome/143.0.7499.169 Mobile Safari/537.36 (compatible; Googlebot/2.1; +http://www.google.com/bot.html)"
172.71.30.119 - - [11/Jan/2026:00:47:04 +0300] "GET /?e=011517947a3af3e HTTP/1.0" 200 22178 "-" "Mozilla/5.0 (Linux; Android 6.0.1; Nexus 5X Build/MMB29P) AppleWebKit/537.36 (KHTML, like Gecko) Chrome/143.0.7499.192 Mobile Safari/537.36 (compatible; Googlebot/2.1; +http://www.google.com/bot.html)"
104.23.223.114 - - [11/Jan/2026:00:47:31 +0300] "GET / HTTP/1.0" 200 2894 "-" "https://reg.ru monitoring abuse@reg.ru"
172.71.144.65 - - [11/Jan/2026:00:47:43 +0300] "GET / HTTP/1.0" 200 2894 "-" "Mozilla/5.0 (Linux; Android 10; K) AppleWebKit/537.36 (KHTML, like Gecko) Chrome/143.0.0.0 Mobile Safari/537.36"
104.22.24.211 - - [11/Jan/2026:00:47:54 +0300] "GET /?e=06751231ad1e5 HTTP/1.0" 200 9609 "-" "Mozilla/5.0 (Linux; Android 6.0.1; Nexus 5X Build/MMB29P) AppleWebKit/537.36 (KHTML, like Gecko) Chrome/143.0.7499.192 Mobile Safari/537.36 (compatible; Googlebot/2.1; +http://www.google.com/bot.html)"
172.71.172.156 - - [11/Jan/2026:00:48:35 +0300] "GET / HTTP/1.0" 200 2894 "-" "Mozilla/5.0 (Linux; Android 10; K) AppleWebKit/537.36 (KHTML, like Gecko) Chrome/143.0.0.0 Mobile Safari/537.36"
172.71.164.232 - - [11/Jan/2026:00:48:37 +0300] "GET /favicon.ico HTTP/1.0" 404 453 "https://stefanos.ru/" "Mozilla/5.0 (Linux; Android 10; K) AppleWebKit/537.36 (KHTML, like Gecko) Chrome/143.0.0.0 Mobile Safari/537.36"
172.71.22.29 - - [11/Jan/2026:00:49:08 +0300] "GET /?e=041005110b6a906 HTTP/1.0" 200 35052 "-" "Mozilla/5.0 (Linux; Android 6.0.1; Nexus 5X Build/MMB29P) AppleWebKit/537.36 (KHTML, like Gecko) Chrome/143.0.7499.192 Mobile Safari/537.36 (compatible; Googlebot/2.1; +http://www.google.com/bot.html)"
172.71.22.29 - - [11/Jan/2026:00:49:10 +0300] "GET /?e=00411277d32272 HTTP/1.0" 200 36136 "-" "Mozilla/5.0 (Linux; Android 6.0.1; Nexus 5X Build/MMB29P) AppleWebKit/537.36 (KHTML, like Gecko) Chrome/143.0.7499.192 Mobile Safari/537.36 (compatible; Googlebot/2.1; +http://www.google.com/bot.html)"
172.71.30.119 - - [11/Jan/2026:00:49:12 +0300] "GET /?e=099810936794aa HTTP/1.0" 200 35950 "-" "Mozilla/5.0 (Linux; Android 6.0.1; Nexus 5X Build/MMB29P) AppleWebKit/537.36 (KHTML, like Gecko) Chrome/143.0.7499.192 Mobile Safari/537.36 (compatible; Googlebot/2.1; +http://www.google.com/bot.html)"
172.71.184.224 - - [11/Jan/2026:00:49:13 +0300] "GET / HTTP/1.0" 200 2894 "-" "https://reg.ru monitoring abuse@reg.ru"
172.71.22.29 - - [11/Jan/2026:00:49:14 +0300] "GET /?GameID=2026-01-11/nnhxsg.html HTTP/1.0" 200 9406 "https://stefanos.ru/?e=041005110b6a906" "Mozilla/5.0 (Linux; Android 6.0.1; Nexus 5X Build/MMB29P) AppleWebKit/537.36 (KHTML, like Gecko) Chrome/143.0.7499.169 Mobile Safari/537.36 (compatible; Googlebot/2.1; +http://www.google.com/bot.html)"
172.69.192.142 - - [11/Jan/2026:00:49:17 +0300] "GET / HTTP/1.0" 200 2894 "-" "Mozilla/5.0 (Windows NT 10.0 Win64) AppleWebKit/537.36 (KHTML, like Gecko) Chrome/94.0.4606.5423 Safari/537.36"
104.22.24.211 - - [11/Jan/2026:00:49:16 +0300] "GET /?GameID=2026-01-11/fcfwtn.html HTTP/1.0" 200 34791 "https://stefanos.ru/?e=041005110b6a906" "Mozilla/5.0 (Linux; Android 6.0.1; Nexus 5X Build/MMB29P) AppleWebKit/537.36 (KHTML, like Gecko) Chrome/143.0.7499.169 Mobile Safari/537.36 (compatible; Googlebot/2.1; +http://www.google.com/bot.html)"
162.158.48.133 - - [11/Jan/2026:00:49:18 +0300] "GET /favicon.ico HTTP/1.0" 404 453 "https://stefanos.ru/" "Mozilla/5.0 (Windows NT 10.0 Win64) AppleWebKit/537.36 (KHTML, like Gecko) Chrome/94.0.4606.5423 Safari/537.36"
172.71.22.29 - - [11/Jan/2026:00:49:18 +0300] "GET /?GameID=2026-01-11/ojqnre.html HTTP/1.0" 200 35372 "https://stefanos.ru/?e=041005110b6a906" "Mozilla/5.0 (Linux; Android 6.0.1; Nexus 5X Build/MMB29P) AppleWebKit/537.36 (KHTML, like Gecko) Chrome/143.0.7499.169 Mobile Safari/537.36 (compatible; Googlebot/2.1; +http://www.google.com/bot.html)"
104.22.24.211 - - [11/Jan/2026:00:49:20 +0300] "GET /?ID=9971.html HTTP/1.0" 200 9319 "https://stefanos.ru/?e=00411277d32272" "Mozilla/5.0 (Linux; Android 6.0.1; Nexus 5X Build/MMB29P) AppleWebKit/537.36 (KHTML, like Gecko) Chrome/143.0.7499.169 Mobile Safari/537.36 (compatible; Googlebot/2.1; +http://www.google.com/bot.html)"
104.22.24.211 - - [11/Jan/2026:00:49:21 +0300] "GET /?ID=9350.html HTTP/1.0" 200 50018 "https://stefanos.ru/?e=00411277d32272" "Mozilla/5.0 (Linux; Android 6.0.1; Nexus 5X Build/MMB29P) AppleWebKit/537.36 (KHTML, like Gecko) Chrome/143.0.7499.169 Mobile Safari/537.36 (compatible; Googlebot/2.1; +http://www.google.com/bot.html)"
104.22.24.211 - - [11/Jan/2026:00:49:23 +0300] "GET /?ID=9593.html HTTP/1.0" 200 10210 "https://stefanos.ru/?e=00411277d32272" "Mozilla/5.0 (Linux; Android 6.0.1; Nexus 5X Build/MMB29P) AppleWebKit/537.36 (KHTML, like Gecko) Chrome/143.0.7499.169 Mobile Safari/537.36 (compatible; Googlebot/2.1; +http://www.google.com/bot.html)"
104.22.24.211 - - [11/Jan/2026:00:49:25 +0300] "GET /?GameID=2709.html HTTP/1.0" 200 20299 "https://stefanos.ru/?e=099810936794aa" "Mozilla/5.0 (Linux; Android 6.0.1; Nexus 5X Build/MMB29P) AppleWebKit/537.36 (KHTML, like Gecko) Chrome/143.0.7499.169 Mobile Safari/537.36 (compatible; Googlebot/2.1; +http://www.google.com/bot.html)"
104.22.24.211 - - [11/Jan/2026:00:49:27 +0300] "GET /?GameID=2171.html HTTP/1.0" 200 52586 "https://stefanos.ru/?e=099810936794aa" "Mozilla/5.0 (Linux; Android 6.0.1; Nexus 5X Build/MMB29P) AppleWebKit/537.36 (KHTML, like Gecko) Chrome/143.0.7499.169 Mobile Safari/537.36 (compatible; Googlebot/2.1; +http://www.google.com/bot.html)"
104.22.24.211 - - [11/Jan/2026:00:49:29 +0300] "GET /?GameID=2152.html HTTP/1.0" 200 34689 "https://stefanos.ru/?e=099810936794aa" "Mozilla/5.0 (Linux; Android 6.0.1; Nexus 5X Build/MMB29P) AppleWebKit/537.36 (KHTML, like Gecko) Chrome/143.0.7499.169 Mobile Safari/537.36 (compatible; Googlebot/2.1; +http://www.google.com/bot.html)"
104.22.24.211 - - [11/Jan/2026:00:49:35 +0300] "GET /?e=1374619234864 HTTP/1.0" 200 35077 "-" "Mozilla/5.0 (Linux; Android 6.0.1; Nexus 5X Build/MMB29P) AppleWebKit/537.36 (KHTML, like Gecko) Chrome/143.0.7499.192 Mobile Safari/537.36 (compatible; Googlebot/2.1; +http://www.google.com/bot.html)"
104.22.24.211 - - [11/Jan/2026:00:49:38 +0300] "GET /?ID=2401.html HTTP/1.0" 200 35337 "https://stefanos.ru/?e=1374619234864" "Mozilla/5.0 AppleWebKit/537.36 (KHTML, like Gecko; compatible; Googlebot/2.1; +http://www.google.com/bot.html) Chrome/143.0.7499.169 Safari/537.36"
172.71.22.29 - - [11/Jan/2026:00:49:39 +0300] "GET /?ID=2869.html HTTP/1.0" 200 49606 "https://stefanos.ru/?e=1374619234864" "Mozilla/5.0 (Linux; Android 6.0.1; Nexus 5X Build/MMB29P) AppleWebKit/537.36 (KHTML, like Gecko) Chrome/143.0.7499.169 Mobile Safari/537.36 (compatible; Googlebot/2.1; +http://www.google.com/bot.html)"
172.71.22.29 - - [11/Jan/2026:00:49:42 +0300] "GET /?ID=2841.html HTTP/1.0" 200 17976 "https://stefanos.ru/?e=1374619234864" "Mozilla/5.0 (Linux; Android 6.0.1; Nexus 5X Build/MMB29P) AppleWebKit/537.36 (KHTML, like Gecko) Chrome/143.0.7499.169 Mobile Safari/537.36 (compatible; Googlebot/2.1; +http://www.google.com/bot.html)"
104.22.24.211 - - [11/Jan/2026:00:49:43 +0300] "GET /?ID=2401.html HTTP/1.0" 200 35340 "https://stefanos.ru/?e=1374619234864" "Mozilla/5.0 (Linux; Android 6.0.1; Nexus 5X Build/MMB29P) AppleWebKit/537.36 (KHTML, like Gecko) Chrome/143.0.7499.169 Mobile Safari/537.36 (compatible; Googlebot/2.1; +http://www.google.com/bot.html)"
172.71.22.29 - - [11/Jan/2026:00:49:45 +0300] "GET /?ID=2869.html HTTP/1.0" 200 49604 "https://stefanos.ru/?e=1374619234864" "Mozilla/5.0 AppleWebKit/537.36 (KHTML, like Gecko; compatible; Googlebot/2.1; +http://www.google.com/bot.html) Chrome/143.0.7499.169 Safari/537.36"
104.22.24.211 - - [11/Jan/2026:00:49:47 +0300] "GET /?ID=2869.html HTTP/1.0" 200 49605 "https://stefanos.ru/?e=1374619234864" "Mozilla/5.0 AppleWebKit/537.36 (KHTML, like Gecko; compatible; Googlebot/2.1; +http://www.google.com/bot.html) Chrome/143.0.7499.169 Safari/537.36"
104.22.24.211 - - [11/Jan/2026:00:49:49 +0300] "GET /?ID=2401.html HTTP/1.0" 200 35342 "https://stefanos.ru/?e=1374619234864" "Mozilla/5.0 AppleWebKit/537.36 (KHTML, like Gecko; compatible; Googlebot/2.1; +http://www.google.com/bot.html) Chrome/143.0.7499.169 Safari/537.36"
172.71.22.29 - - [11/Jan/2026:00:50:26 +0300] "GET /?e=0615206955e6ec9 HTTP/1.0" 200 36284 "-" "Mozilla/5.0 (Linux; Android 6.0.1; Nexus 5X Build/MMB29P) AppleWebKit/537.36 (KHTML, like Gecko) Chrome/143.0.7499.192 Mobile Safari/537.36 (compatible; Googlebot/2.1; +http://www.google.com/bot.html)"
172.71.22.29 - - [11/Jan/2026:00:50:30 +0300] "GET /?ID=8404.html HTTP/1.0" 200 34505 "https://stefanos.ru/?e=0615206955e6ec9" "Mozilla/5.0 (Linux; Android 6.0.1; Nexus 5X Build/MMB29P) AppleWebKit/537.36 (KHTML, like Gecko) Chrome/143.0.7499.169 Mobile Safari/537.36 (compatible; Googlebot/2.1; +http://www.google.com/bot.html)"
172.71.22.29 - - [11/Jan/2026:00:50:32 +0300] "GET /?ID=8623.html HTTP/1.0" 200 49570 "https://stefanos.ru/?e=0615206955e6ec9" "Mozilla/5.0 (Linux; Android 6.0.1; Nexus 5X Build/MMB29P) AppleWebKit/537.36 (KHTML, like Gecko) Chrome/143.0.7499.169 Mobile Safari/537.36 (compatible; Googlebot/2.1; +http://www.google.com/bot.html)"
104.23.221.199 - - [11/Jan/2026:00:50:37 +0300] "GET / HTTP/1.0" 200 2894 "-" "https://reg.ru monitoring abuse@reg.ru"
172.71.22.29 - - [11/Jan/2026:00:51:00 +0300] "GET /?e=097510739537f HTTP/1.0" 200 51522 "-" "Mozilla/5.0 (Linux; Android 6.0.1; Nexus 5X Build/MMB29P) AppleWebKit/537.36 (KHTML, like Gecko) Chrome/143.0.7499.192 Mobile Safari/537.36 (compatible; Googlebot/2.1; +http://www.google.com/bot.html)"
104.22.24.210 - - [11/Jan/2026:00:51:17 +0300] "GET /?e=117419421abc1 HTTP/1.0" 200 35922 "-" "Mozilla/5.0 (Linux; Android 6.0.1; Nexus 5X Build/MMB29P) AppleWebKit/537.36 (KHTML, like Gecko) Chrome/143.0.7499.192 Mobile Safari/537.36 (compatible; Googlebot/2.1; +http://www.google.com/bot.html)"
172.69.192.142 - - [11/Jan/2026:00:51:20 +0300] "GET / HTTP/1.0" 200 2894 "-" "Mozilla/5.0 (Linux; Android 10; K) AppleWebKit/537.36 (KHTML, like Gecko) Chrome/141.0.0.0 Mobile Safari/537.36"
172.69.192.144 - - [11/Jan/2026:00:51:20 +0300] "GET /bride.css HTTP/1.1" 304 0 "https://stefanos.ru/" "Mozilla/5.0 (Linux; Android 10; K) AppleWebKit/537.36 (KHTML, like Gecko) Chrome/141.0.0.0 Mobile Safari/537.36"
172.69.192.155 - - [11/Jan/2026:00:51:20 +0300] "GET /i/croner.gif HTTP/1.1" 304 0 "https://stefanos.ru/" "Mozilla/5.0 (Linux; Android 10; K) AppleWebKit/537.36 (KHTML, like Gecko) Chrome/141.0.0.0 Mobile Safari/537.36"
172.69.192.132 - - [11/Jan/2026:00:51:20 +0300] "GET /gif/mail.gif HTTP/1.1" 304 0 "https://stefanos.ru/" "Mozilla/5.0 (Linux; Android 10; K) AppleWebKit/537.36 (KHTML, like Gecko) Chrome/141.0.0.0 Mobile Safari/537.36"
172.69.192.155 - - [11/Jan/2026:00:51:20 +0300] "GET /gif/lil.gif HTTP/1.1" 304 0 "https://stefanos.ru/" "Mozilla/5.0 (Linux; Android 10; K) AppleWebKit/537.36 (KHTML, like Gecko) Chrome/141.0.0.0 Mobile Safari/537.36"
162.158.48.198 - - [11/Jan/2026:00:51:20 +0300] "GET /gif/bg1.gif HTTP/1.1" 304 0 "https://stefanos.ru/" "Mozilla/5.0 (Linux; Android 10; K) AppleWebKit/537.36 (KHTML, like Gecko) Chrome/141.0.0.0 Mobile Safari/537.36"
162.158.48.208 - - [11/Jan/2026:00:51:20 +0300] "GET /gif/bga.gif HTTP/1.1" 304 0 "https://stefanos.ru/" "Mozilla/5.0 (Linux; Android 10; K) AppleWebKit/537.36 (KHTML, like Gecko) Chrome/141.0.0.0 Mobile Safari/537.36"
104.22.24.210 - - [11/Jan/2026:00:51:21 +0300] "GET /?GameID=2364.html HTTP/1.0" 200 50638 "https://stefanos.ru/?e=117419421abc1" "Mozilla/5.0 (Linux; Android 6.0.1; Nexus 5X Build/MMB29P) AppleWebKit/537.36 (KHTML, like Gecko) Chrome/143.0.7499.169 Mobile Safari/537.36 (compatible; Googlebot/2.1; +http://www.google.com/bot.html)"
104.22.24.210 - - [11/Jan/2026:00:51:23 +0300] "GET /?GameID=2102.html HTTP/1.0" 200 50853 "https://stefanos.ru/?e=117419421abc1" "Mozilla/5.0 (Linux; Android 6.0.1; Nexus 5X Build/MMB29P) AppleWebKit/537.36 (KHTML, like Gecko) Chrome/143.0.7499.169 Mobile Safari/537.36 (compatible; Googlebot/2.1; +http://www.google.com/bot.html)"
104.22.24.210 - - [11/Jan/2026:00:51:25 +0300] "GET /?GameID=2611.html HTTP/1.0" 200 9238 "https://stefanos.ru/?e=117419421abc1" "Mozilla/5.0 (Linux; Android 6.0.1; Nexus 5X Build/MMB29P) AppleWebKit/537.36 (KHTML, like Gecko) Chrome/143.0.7499.169 Mobile Safari/537.36 (compatible; Googlebot/2.1; +http://www.google.com/bot.html)"
172.64.200.211 - - [11/Jan/2026:00:51:32 +0300] "GET / HTTP/1.0" 200 2894 "-" "Mozilla/5.0 (Linux; Android 10; K) AppleWebKit/537.36 (KHTML, like Gecko) Chrome/143.0.0.0 Mobile Safari/537.36"
172.64.198.86 - - [11/Jan/2026:00:51:33 +0300] "GET /favicon.ico HTTP/1.0" 404 453 "https://stefanos.ru/" "Mozilla/5.0 (Linux; Android 10; K) AppleWebKit/537.36 (KHTML, like Gecko) Chrome/143.0.0.0 Mobile Safari/537.36"
104.22.24.210 - - [11/Jan/2026:00:52:07 +0300] "GET /?e=166161786cabf HTTP/1.0" 200 19927 "-" "Mozilla/5.0 (Linux; Android 6.0.1; Nexus 5X Build/MMB29P) AppleWebKit/537.36 (KHTML, like Gecko) Chrome/143.0.7499.192 Mobile Safari/537.36 (compatible; Googlebot/2.1; +http://www.google.com/bot.html)"
172.68.10.115 - - [11/Jan/2026:00:52:32 +0300] "GET / HTTP/1.0" 200 2894 "-" "https://reg.ru monitoring abuse@reg.ru"
172.71.210.55 - - [11/Jan/2026:00:52:48 +0300] "GET /catalog/bride/all.html HTTP/1.0" 200 1644 "-" "Mozilla/5.0 (iPhone; CPU iPhone OS 13_2_3 like Mac OS X) AppleWebKit/605.1.15 (KHTML, like Gecko) Version/13.0.3 Mobile/15E148 Safari/604.1"
104.22.24.210 - - [11/Jan/2026:00:52:57 +0300] "GET /?e=167330218ee39 HTTP/1.0" 200 19901 "-" "Mozilla/5.0 (Linux; Android 6.0.1; Nexus 5X Build/MMB29P) AppleWebKit/537.36 (KHTML, like Gecko) Chrome/143.0.7499.192 Mobile Safari/537.36 (compatible; Googlebot/2.1; +http://www.google.com/bot.html)"
162.159.98.209 - - [11/Jan/2026:00:53:12 +0300] "GET /wp-2019.php HTTP/1.0" 404 453 "https://www.google.de/" "Mozilla/5.0 (iPad; CPU OS 16_7_2 like Mac OS X) AppleWebKit/605.1.15 (KHTML, like Gecko) Version/16.6 Mobile/15E148 Safari/604.1"
162.159.98.131 - - [11/Jan/2026:00:53:13 +0300] "GET /wp-content/upgrade/index.php HTTP/1.0" 404 453 "https://www.yahoo.com/" "Mozilla/5.0 (iPhone; CPU iPhone OS 17_0_3 like Mac OS X) AppleWebKit/605.1.15 (KHTML, like Gecko) Version/17.0.1 Mobile/15E148 Safari/604.1"
162.159.98.131 - - [11/Jan/2026:00:53:13 +0300] "GET /2.php HTTP/1.0" 404 453 "https://www.google.com/" "Mozilla/5.0 (iPhone; CPU iPhone OS 17_1_1 like Mac OS X) AppleWebKit/605.1.15 (KHTML, like Gecko) Version/17.1 Mobile/15E148 Safari/604.1"
162.159.98.131 - - [11/Jan/2026:00:53:13 +0300] "GET /css.php HTTP/1.0" 404 453 "https://duckduckgo.com/" "Mozilla/5.0 (Linux; Android 12; SM-A525F) AppleWebKit/537.36 (KHTML, like Gecko) Chrome/117.0.0.0 Mobile Safari/537.36"
162.159.98.131 - - [11/Jan/2026:00:53:13 +0300] "GET /f35.php HTTP/1.0" 404 453 "https://www.google.fr/" "Mozilla/5.0 (Linux; Android 10; K) AppleWebKit/537.36 (KHTML, like Gecko) Chrome/117.0.0.0 Mobile Safari/537.36"
162.159.98.131 - - [11/Jan/2026:00:53:14 +0300] "GET /gg.php HTTP/1.0" 404 453 "https://www.google.co.uk/" "Mozilla/5.0 (Linux; Android 13; SM-S908E) AppleWebKit/537.36 (KHTML, like Gecko) Chrome/116.0.0.0 Mobile Safari/537.36"
162.159.98.209 - - [11/Jan/2026:00:53:14 +0300] "GET /ma.php HTTP/1.0" 404 453 "https://www.google.co.uk/" "Mozilla/5.0 (Linux; Android 13; SM-S908E) AppleWebKit/537.36 (KHTML, like Gecko) Chrome/116.0.0.0 Mobile Safari/537.36"
162.159.98.209 - - [11/Jan/2026:00:53:14 +0300] "GET /wp-content/themes/index.php HTTP/1.0" 404 453 "https://www.yahoo.com/" "Mozilla/5.0 (Linux; Android 13; SM-S908E) AppleWebKit/537.36 (KHTML, like Gecko) Chrome/116.0.0.0 Mobile Safari/537.36"
162.159.98.209 - - [11/Jan/2026:00:53:14 +0300] "GET /wp-content/themes/pridmag/j.php HTTP/1.0" 404 453 "https://www.google.co.uk/" "Mozilla/5.0 (iPhone; CPU iPhone OS 17_1 like Mac OS X) AppleWebKit/605.1.15 (KHTML, like Gecko) CriOS/119.0.6045.109 Mobile/15E148 Safari/604.1"
162.159.98.209 - - [11/Jan/2026:00:53:15 +0300] "GET /wp-content/themes/seotheme/db.php HTTP/1.0" 404 453 "https://www.google.com/" "Mozilla/5.0 (Linux; Android 13; SM-S908E) AppleWebKit/537.36 (KHTML, like Gecko) Chrome/116.0.0.0 Mobile Safari/537.36"
162.159.98.209 - - [11/Jan/2026:00:53:15 +0300] "GET /wp-includes/Text HTTP/1.0" 404 453 "https://www.yahoo.com/" "Mozilla/5.0 (iPhone; CPU iPhone OS 17_0_3 like Mac OS X) AppleWebKit/605.1.15 (KHTML, like Gecko) Version/17.0.1 Mobile/15E148 Safari/604.1"
162.159.98.209 - - [11/Jan/2026:00:53:15 +0300] "GET /assets/images HTTP/1.0" 301 551 "https://www.google.com/" "Mozilla/5.0 (Linux; Android 12; SM-A525F) AppleWebKit/537.36 (KHTML, like Gecko) Chrome/117.0.0.0 Mobile Safari/537.36"
162.159.98.209 - - [11/Jan/2026:00:53:15 +0300] "GET /cc.php HTTP/1.0" 404 453 "https://www.yahoo.com/" "Mozilla/5.0 (iPhone; CPU iPhone OS 17_1 like Mac OS X) AppleWebKit/605.1.15 (KHTML, like Gecko) CriOS/119.0.6045.109 Mobile/15E148 Safari/604.1"
162.159.98.209 - - [11/Jan/2026:00:53:16 +0300] "GET /cgi-bin/file.php HTTP/1.0" 404 453 "https://www.google.com/" "Mozilla/5.0 (Linux; Android 13; M2101K6G) AppleWebKit/537.36 (KHTML, like Gecko) Chrome/116.0.0.0 Mobile Safari/537.36"
162.159.98.209 - - [11/Jan/2026:00:53:16 +0300] "GET /function/function.php HTTP/1.0" 404 453 "https://www.yahoo.com/" "Mozilla/5.0 (Linux; Android 13; SM-S908E) AppleWebKit/537.36 (KHTML, like Gecko) Chrome/116.0.0.0 Mobile Safari/537.36"
162.159.98.209 - - [11/Jan/2026:00:53:16 +0300] "GET /help.php HTTP/1.0" 404 453 "https://www.google.co.uk/" "Mozilla/5.0 (Linux; Android 12; SM-A525F) AppleWebKit/537.36 (KHTML, like Gecko) Chrome/117.0.0.0 Mobile Safari/537.36"
162.159.98.209 - - [11/Jan/2026:00:53:16 +0300] "GET /wp-admin/images HTTP/1.0" 404 453 "https://duckduckgo.com/" "Mozilla/5.0 (iPad; CPU OS 17_0_3 like Mac OS X) AppleWebKit/605.1.15 (KHTML, like Gecko) Version/17.0.1 Mobile/15E148 Safari/604.1"
162.159.98.209 - - [11/Jan/2026:00:53:17 +0300] "GET /wp-content/plugins/mainhosting/asasx.php HTTP/1.0" 404 453 "https://duckduckgo.com/" "Mozilla/5.0 (Linux; Android 11; CPH2251) AppleWebKit/537.36 (KHTML, like Gecko) Chrome/116.0.0.0 Mobile Safari/537.36"
162.159.98.209 - - [11/Jan/2026:00:53:17 +0300] "GET /wp-includes/Text/Diff HTTP/1.0" 404 453 "https://www.google.co.uk/" "Mozilla/5.0 (Linux; Android 10; LM-Q720) AppleWebKit/537.36 (KHTML, like Gecko) Chrome/116.0.0.0 Mobile Safari/537.36"
162.159.98.209 - - [11/Jan/2026:00:53:17 +0300] "GET /wp-includes/block-bindings HTTP/1.0" 404 453 "https://www.google.com/" "Mozilla/5.0 (iPhone; CPU iPhone OS 17_1_1 like Mac OS X) AppleWebKit/605.1.15 (KHTML, like Gecko) Version/17.1 Mobile/15E148 Safari/604.1"
162.159.98.209 - - [11/Jan/2026:00:53:17 +0300] "GET /13.php HTTP/1.0" 404 453 "https://www.bing.com/" "Mozilla/5.0 (Linux; Android 12; 2201116SG) AppleWebKit/537.36 (KHTML, like Gecko) Chrome/116.0.0.0 Mobile Safari/537.36"
162.159.98.209 - - [11/Jan/2026:00:53:18 +0300] "GET /doc.php HTTP/1.0" 404 453 "https://duckduckgo.com/" "Mozilla/5.0 (iPhone; CPU iPhone OS 16_6_1 like Mac OS X) AppleWebKit/605.1.15 (KHTML, like Gecko) Version/16.6 Mobile/15E148 Safari/604.1"
162.159.98.209 - - [11/Jan/2026:00:53:18 +0300] "GET /images HTTP/1.0" 404 453 "https://www.google.fr/" "Mozilla/5.0 (iPhone; CPU iPhone OS 17_0_3 like Mac OS X) AppleWebKit/605.1.15 (KHTML, like Gecko) Version/17.0.1 Mobile/15E148 Safari/604.1"
162.159.98.209 - - [11/Jan/2026:00:53:18 +0300] "GET /wp-content/themes/404.php HTTP/1.0" 404 453 "https://www.google.com/" "Mozilla/5.0 (iPhone; CPU iPhone OS 16_6_1 like Mac OS X) AppleWebKit/605.1.15 (KHTML, like Gecko) Version/16.6 Mobile/15E148 Safari/604.1"
162.159.98.209 - - [11/Jan/2026:00:53:19 +0300] "GET /wp-includes/blocks/about.php HTTP/1.0" 404 453 "https://www.bing.com/" "Mozilla/5.0 (Linux; Android 10; K) AppleWebKit/537.36 (KHTML, like Gecko) Chrome/117.0.0.0 Mobile Safari/537.36"
162.159.98.209 - - [11/Jan/2026:00:53:19 +0300] "GET /wp-includes/style-engine/about.php HTTP/1.0" 404 453 "https://www.yahoo.com/" "Mozilla/5.0 (Linux; Android 13; M2101K6G) AppleWebKit/537.36 (KHTML, like Gecko) Chrome/116.0.0.0 Mobile Safari/537.36"
162.159.98.209 - - [11/Jan/2026:00:53:19 +0300] "GET /.well-known/rk2.php HTTP/1.0" 404 453 "https://www.yahoo.com/" "Mozilla/5.0 (Linux; Android 12; 2201116SG) AppleWebKit/537.36 (KHTML, like Gecko) Chrome/116.0.0.0 Mobile Safari/537.36"
162.159.98.209 - - [11/Jan/2026:00:53:19 +0300] "GET /ava.php HTTP/1.0" 404 453 "https://duckduckgo.com/" "Mozilla/5.0 (Linux; Android 11; 21081111RG) AppleWebKit/537.36 (KHTML, like Gecko) Chrome/116.0.0.0 Mobile Safari/537.36"
162.159.98.209 - - [11/Jan/2026:00:53:20 +0300] "GET /shell20211028.php HTTP/1.0" 404 453 "https://www.google.co.uk/" "Mozilla/5.0 (iPad; CPU OS 17_0_3 like Mac OS X) AppleWebKit/605.1.15 (KHTML, like Gecko) Version/17.0.1 Mobile/15E148 Safari/604.1"
162.159.98.209 - - [11/Jan/2026:00:53:20 +0300] "GET /st.php HTTP/1.0" 404 453 "https://www.google.com/" "Mozilla/5.0 (Linux; Android 13; SM-S908E) AppleWebKit/537.36 (KHTML, like Gecko) Chrome/116.0.0.0 Mobile Safari/537.36"
162.159.98.209 - - [11/Jan/2026:00:53:20 +0300] "GET /ab.php HTTP/1.0" 404 453 "https://www.bing.com/" "Mozilla/5.0 (Linux; Android 10; K) AppleWebKit/537.36 (KHTML, like Gecko) Chrome/117.0.0.0 Mobile Safari/537.36"
162.159.98.209 - - [11/Jan/2026:00:53:20 +0300] "GET /bala.php HTTP/1.0" 404 453 "https://www.google.de/" "Mozilla/5.0 (Linux; Android 12; V2134) AppleWebKit/537.36 (KHTML, like Gecko) Chrome/116.0.0.0 Mobile Safari/537.36"
162.159.98.209 - - [11/Jan/2026:00:53:21 +0300] "GET /ca4.php HTTP/1.0" 404 453 "https://www.google.fr/" "Mozilla/5.0 (iPhone; CPU iPhone OS 15_7_9 like Mac OS X) AppleWebKit/605.1.15 (KHTML, like Gecko) Version/15.6.5 Mobile/15E148 Safari/604.1"
162.159.98.209 - - [11/Jan/2026:00:53:21 +0300] "GET /content.php HTTP/1.0" 404 453 "https://www.google.com/" "Mozilla/5.0 (Linux; Android 13; SM-G991U) AppleWebKit/537.36 (KHTML, like Gecko) Chrome/117.0.0.0 Mobile Safari/537.36"
162.159.98.209 - - [11/Jan/2026:00:53:21 +0300] "GET /gmo.php HTTP/1.0" 404 453 "https://www.google.fr/" "Mozilla/5.0 (Linux; Android 11; 21081111RG) AppleWebKit/537.36 (KHTML, like Gecko) Chrome/116.0.0.0 Mobile Safari/537.36"
162.159.98.209 - - [11/Jan/2026:00:53:21 +0300] "GET /ulc6.php HTTP/1.0" 404 453 "https://www.google.com/" "Mozilla/5.g (Linux; Android 13; Pixel 7) AppleWebKit/537.36 (KHTML, like Gecko) Chrome/116.0.0.0 Mobile Safari/537.36"
162.159.98.209 - - [11/Jan/2026:00:53:22 +0300] "GET /wp-admin/network HTTP/1.0" 404 453 "https://duckduckgo.com/" "Mozilla/5.0 (Linux; Android 10; LM-Q720) AppleWebKit/537.36 (KHTML, like Gecko) Chrome/116.0.0.0 Mobile Safari/537.36"
162.159.98.209 - - [11/Jan/2026:00:53:22 +0300] "GET /wp-includes/customize HTTP/1.0" 404 453 "https://www.bing.com/" "Mozilla/5.0 (Linux; Android 14; Pixel 8 Pro) AppleWebKit/537.36 (KHTML, like Gecko) Chrome/119.0.0.0 Mobile Safari/537.36"
162.159.98.209 - - [11/Jan/2026:00:53:22 +0300] "GET /wp-includes/images/about.php HTTP/1.0" 404 453 "https://www.google.com/" "Mozilla/5.0 (iPad; CPU OS 16_7_2 like Mac OS X) AppleWebKit/605.1.15 (KHTML, like Gecko) Version/16.6 Mobile/15E148 Safari/604.1"
162.159.98.209 - - [11/Jan/2026:00:53:22 +0300] "GET /xx.php HTTP/1.0" 404 453 "https://www.google.de/" "Mozilla/5.0 (Linux; Android 12; V2134) AppleWebKit/537.36 (KHTML, like Gecko) Chrome/116.0.0.0 Mobile Safari/537.36"
162.159.98.209 - - [11/Jan/2026:00:53:23 +0300] "GET /12.php HTTP/1.0" 404 453 "https://www.google.co.uk/" "Mozilla/5.g (Linux; Android 13; Pixel 7) AppleWebKit/537.36 (KHTML, like Gecko) Chrome/116.0.0.0 Mobile Safari/537.36"
162.159.98.209 - - [11/Jan/2026:00:53:23 +0300] "GET /autoloadclassmap.php HTTP/1.0" 404 453 "https://www.google.com/" "Mozilla/5.0 (iPhone; CPU iPhone OS 17_1_1 like Mac OS X) AppleWebKit/605.1.15 (KHTML, like Gecko) Version/17.1 Mobile/15E148 Safari/604.1"
162.159.98.209 - - [11/Jan/2026:00:53:23 +0300] "GET /berlin.php HTTP/1.0" 404 453 "https://duckduckgo.com/" "Mozilla/5.0 (iPad; CPU OS 17_0_3 like Mac OS X) AppleWebKit/605.1.15 (KHTML, like Gecko) Version/17.0.1 Mobile/15E148 Safari/604.1"
162.159.98.209 - - [11/Jan/2026:00:53:23 +0300] "GET /cgi-bin/xmrlpc.php HTTP/1.0" 404 453 "https://www.google.com/" "Mozilla/5.0 (Linux; Android 14; Pixel 8 Pro) AppleWebKit/537.36 (KHTML, like Gecko) Chrome/119.0.0.0 Mobile Safari/537.36"
162.159.98.209 - - [11/Jan/2026:00:53:24 +0300] "GET /modules/mod_simplefileuploadv1.3/elements/wcg9LbOHD14.php HTTP/1.0" 404 453 "https://duckduckgo.com/" "Mozilla/5.g (Linux; Android 13; Pixel 7) AppleWebKit/537.36 (KHTML, like Gecko) Chrome/116.0.0.0 Mobile Safari/537.36"
162.159.98.209 - - [11/Jan/2026:00:53:24 +0300] "GET /wp-admin/js/about.php HTTP/1.0" 404 453 "https://www.yahoo.com/" "Mozilla/5.0 (Linux; Android 13; SM-S908E) AppleWebKit/537.36 (KHTML, like Gecko) Chrome/116.0.0.0 Mobile Safari/537.36"
162.159.98.209 - - [11/Jan/2026:00:53:24 +0300] "GET /wp-includes/css/about.php HTTP/1.0" 404 453 "https://www.bing.com/" "Mozilla/5.0 (Linux; Android 12; V2134) AppleWebKit/537.36 (KHTML, like Gecko) Chrome/116.0.0.0 Mobile Safari/537.36"
162.159.98.209 - - [11/Jan/2026:00:53:24 +0300] "GET /ar.php HTTP/1.0" 404 453 "https://www.bing.com/" "Mozilla/5.0 (Linux; Android 11; CPH2251) AppleWebKit/537.36 (KHTML, like Gecko) Chrome/116.0.0.0 Mobile Safari/537.36"
162.159.98.209 - - [11/Jan/2026:00:53:24 +0300] "GET /copypaths.php HTTP/1.0" 404 453 "https://www.google.co.uk/" "Mozilla/5.0 (Linux; Android 11; 21081111RG) AppleWebKit/537.36 (KHTML, like Gecko) Chrome/116.0.0.0 Mobile Safari/537.36"
162.159.98.209 - - [11/Jan/2026:00:53:25 +0300] "GET /function.php HTTP/1.0" 404 453 "https://duckduckgo.com/" "Mozilla/5.0 (iPad; CPU OS 16_7_2 like Mac OS X) AppleWebKit/605.1.15 (KHTML, like Gecko) Version/16.6 Mobile/15E148 Safari/604.1"
162.159.98.209 - - [11/Jan/2026:00:53:25 +0300] "GET /go.php HTTP/1.0" 404 453 "https://www.google.de/" "Mozilla/5.0 (Linux; Android 13; M2101K6G) AppleWebKit/537.36 (KHTML, like Gecko) Chrome/116.0.0.0 Mobile Safari/537.36"
162.159.98.209 - - [11/Jan/2026:00:53:25 +0300] "GET /options-reading.php HTTP/1.0" 404 453 "https://www.yahoo.com/" "Mozilla/5.0 (iPhone; CPU iPhone OS 17_1 like Mac OS X) AppleWebKit/605.1.15 (KHTML, like Gecko) CriOS/119.0.6045.109 Mobile/15E148 Safari/604.1"
162.159.98.209 - - [11/Jan/2026:00:53:25 +0300] "GET /randkeyword.php HTTP/1.0" 404 453 "https://www.bing.com/" "Mozilla/5.0 (Linux; Android 12; V2134) AppleWebKit/537.36 (KHTML, like Gecko) Chrome/116.0.0.0 Mobile Safari/537.36"
162.159.98.209 - - [11/Jan/2026:00:53:26 +0300] "GET /simple/function.php HTTP/1.0" 404 453 "https://www.google.de/" "Mozilla/5.0 (Linux; Android 13; SM-S908E) AppleWebKit/537.36 (KHTML, like Gecko) Chrome/116.0.0.0 Mobile Safari/537.36"
162.159.98.209 - - [11/Jan/2026:00:53:26 +0300] "GET /wp-admin/css/colors/midnight HTTP/1.0" 404 453 "https://www.google.de/" "Mozilla/5.0 (iPhone; CPU iPhone OS 16_0 like Mac OS X) AppleWebKit/605.1.15 (KHTML, like Gecko) FxiOS/118.0 Mobile/15E148 Safari/605.1.15"
104.23.221.199 - - [11/Jan/2026:00:53:39 +0300] "GET / HTTP/1.0" 200 2894 "-" "Mozilla/5.0 (Linux; Android 10; K) AppleWebKit/537.36 (KHTML, like Gecko) Chrome/143.0.0.0 Mobile Safari/537.36"
162.158.183.60 - - [11/Jan/2026:00:53:40 +0300] "GET /favicon.ico HTTP/1.0" 404 453 "https://stefanos.ru/" "Mozilla/5.0 (Linux; Android 10; K) AppleWebKit/537.36 (KHTML, like Gecko) Chrome/143.0.0.0 Mobile Safari/537.36"
104.22.24.210 - - [11/Jan/2026:00:53:48 +0300] "GET /?e=011846291622386 HTTP/1.0" 200 50245 "-" "Mozilla/5.0 (Linux; Android 6.0.1; Nexus 5X Build/MMB29P) AppleWebKit/537.36 (KHTML, like Gecko) Chrome/143.0.7499.192 Mobile Safari/537.36 (compatible; Googlebot/2.1; +http://www.google.com/bot.html)"
172.71.184.225 - - [11/Jan/2026:00:54:26 +0300] "GET / HTTP/1.0" 200 2894 "-" "https://reg.ru monitoring abuse@reg.ru"
104.22.24.210 - - [11/Jan/2026:00:54:39 +0300] "GET /?e=167278449beed HTTP/1.0" 200 35030 "-" "Mozilla/5.0 (Linux; Android 6.0.1; Nexus 5X Build/MMB29P) AppleWebKit/537.36 (KHTML, like Gecko) Chrome/143.0.7499.192 Mobile Safari/537.36 (compatible; Googlebot/2.1; +http://www.google.com/bot.html)"
104.22.24.210 - - [11/Jan/2026:00:54:46 +0300] "GET /?GameID=2058.html HTTP/1.0" 200 50189 "https://stefanos.ru/?e=167278449beed" "Mozilla/5.0 (Linux; Android 6.0.1; Nexus 5X Build/MMB29P) AppleWebKit/537.36 (KHTML, like Gecko) Chrome/143.0.7499.169 Mobile Safari/537.36 (compatible; Googlebot/2.1; +http://www.google.com/bot.html)"
104.22.24.210 - - [11/Jan/2026:00:54:48 +0300] "GET /?GameID=2938.html HTTP/1.0" 200 35130 "https://stefanos.ru/?e=167278449beed" "Mozilla/5.0 (Linux; Android 6.0.1; Nexus 5X Build/MMB29P) AppleWebKit/537.36 (KHTML, like Gecko) Chrome/143.0.7499.169 Mobile Safari/537.36 (compatible; Googlebot/2.1; +http://www.google.com/bot.html)"
104.22.24.210 - - [11/Jan/2026:00:55:29 +0300] "GET /?e=03140319f2d6e1 HTTP/1.0" 200 50327 "-" "Mozilla/5.0 (Linux; Android 6.0.1; Nexus 5X Build/MMB29P) AppleWebKit/537.36 (KHTML, like Gecko) Chrome/143.0.7499.192 Mobile Safari/537.36 (compatible; Googlebot/2.1; +http://www.google.com/bot.html)"
162.158.182.138 - - [11/Jan/2026:00:55:46 +0300] "GET / HTTP/1.0" 200 2894 "-" "https://reg.ru monitoring abuse@reg.ru"
108.162.238.4 - - [11/Jan/2026:00:56:20 +0300] "GET /?e=127551901a40 HTTP/1.0" 200 48901 "-" "Mozilla/5.0 (Linux; Android 6.0.1; Nexus 5X Build/MMB29P) AppleWebKit/537.36 (KHTML, like Gecko) Chrome/143.0.7499.192 Mobile Safari/537.36 (compatible; Googlebot/2.1; +http://www.google.com/bot.html)"
108.162.238.4 - - [11/Jan/2026:00:57:10 +0300] "GET /?e=101402478fa2ef HTTP/1.0" 200 51967 "-" "Mozilla/5.0 (Linux; Android 6.0.1; Nexus 5X Build/MMB29P) AppleWebKit/537.36 (KHTML, like Gecko) Chrome/143.0.7499.192 Mobile Safari/537.36 (compatible; Googlebot/2.1; +http://www.google.com/bot.html)"
104.23.245.48 - - [11/Jan/2026:00:57:24 +0300] "GET /?e=05997163ef31c7 HTTP/1.0" 200 35023 "-" "Mozilla/5.0 (Linux; Android 6.0.1; Nexus 5X Build/MMB29P) AppleWebKit/537.36 (KHTML, like Gecko) Chrome/143.0.7499.192 Mobile Safari/537.36 (compatible; Googlebot/2.1; +http://www.google.com/bot.html)"
104.23.245.48 - - [11/Jan/2026:00:57:28 +0300] "GET /?ID=3291.html HTTP/1.0" 200 21013 "https://stefanos.ru/?e=05997163ef31c7" "Mozilla/5.0 (Linux; Android 6.0.1; Nexus 5X Build/MMB29P) AppleWebKit/537.36 (KHTML, like Gecko) Chrome/143.0.7499.169 Mobile Safari/537.36 (compatible; Googlebot/2.1; +http://www.google.com/bot.html)"
104.23.245.48 - - [11/Jan/2026:00:57:30 +0300] "GET /?ID=3408.html HTTP/1.0" 200 9751 "https://stefanos.ru/?e=05997163ef31c7" "Mozilla/5.0 (Linux; Android 6.0.1; Nexus 5X Build/MMB29P) AppleWebKit/537.36 (KHTML, like Gecko) Chrome/143.0.7499.169 Mobile Safari/537.36 (compatible; Googlebot/2.1; +http://www.google.com/bot.html)"
104.23.245.48 - - [11/Jan/2026:00:57:32 +0300] "GET /?ID=3092.html HTTP/1.0" 200 19014 "https://stefanos.ru/?e=05997163ef31c7" "Mozilla/5.0 (Linux; Android 6.0.1; Nexus 5X Build/MMB29P) AppleWebKit/537.36 (KHTML, like Gecko) Chrome/143.0.7499.169 Mobile Safari/537.36 (compatible; Googlebot/2.1; +http://www.google.com/bot.html)"
172.68.10.115 - - [11/Jan/2026:00:57:43 +0300] "GET / HTTP/1.0" 200 2894 "-" "https://reg.ru monitoring abuse@reg.ru"
104.23.245.48 - - [11/Jan/2026:00:58:01 +0300] "GET /?e=12108877195529e HTTP/1.0" 200 35013 "-" "Mozilla/5.0 (Linux; Android 6.0.1; Nexus 5X Build/MMB29P) AppleWebKit/537.36 (KHTML, like Gecko) Chrome/143.0.7499.192 Mobile Safari/537.36 (compatible; Googlebot/2.1; +http://www.google.com/bot.html)"
104.22.24.210 - - [11/Jan/2026:00:58:05 +0300] "GET /?ID=8139.html HTTP/1.0" 200 50660 "https://stefanos.ru/?e=12108877195529e" "Mozilla/5.0 (Linux; Android 6.0.1; Nexus 5X Build/MMB29P) AppleWebKit/537.36 (KHTML, like Gecko) Chrome/143.0.7499.169 Mobile Safari/537.36 (compatible; Googlebot/2.1; +http://www.google.com/bot.html)"
104.22.24.210 - - [11/Jan/2026:00:58:06 +0300] "GET /?ID=8343.html HTTP/1.0" 200 35068 "https://stefanos.ru/?e=12108877195529e" "Mozilla/5.0 (Linux; Android 6.0.1; Nexus 5X Build/MMB29P) AppleWebKit/537.36 (KHTML, like Gecko) Chrome/143.0.7499.169 Mobile Safari/537.36 (compatible; Googlebot/2.1; +http://www.google.com/bot.html)"
104.22.24.210 - - [11/Jan/2026:00:58:09 +0300] "GET /?ID=8889.html HTTP/1.0" 200 9413 "https://stefanos.ru/?e=12108877195529e" "Mozilla/5.0 (Linux; Android 6.0.1; Nexus 5X Build/MMB29P) AppleWebKit/537.36 (KHTML, like Gecko) Chrome/143.0.7499.169 Mobile Safari/537.36 (compatible; Googlebot/2.1; +http://www.google.com/bot.html)"
104.23.221.199 - - [11/Jan/2026:00:58:54 +0300] "GET / HTTP/1.0" 200 2894 "-" "Mozilla/5.0 (Linux; Android 10; K) AppleWebKit/537.36 (KHTML, like Gecko) Chrome/143.0.0.0 Mobile Safari/537.36"
162.158.183.60 - - [11/Jan/2026:00:58:55 +0300] "GET /favicon.ico HTTP/1.0" 404 453 "https://stefanos.ru/" "Mozilla/5.0 (Linux; Android 10; K) AppleWebKit/537.36 (KHTML, like Gecko) Chrome/143.0.0.0 Mobile Safari/537.36"
172.68.10.114 - - [11/Jan/2026:00:59:25 +0300] "GET / HTTP/1.0" 200 2894 "-" "https://reg.ru monitoring abuse@reg.ru"
104.23.245.49 - - [11/Jan/2026:00:59:32 +0300] "GET /?e=0085626e86e3e HTTP/1.0" 200 34321 "-" "Mozilla/5.0 (Linux; Android 6.0.1; Nexus 5X Build/MMB29P) AppleWebKit/537.36 (KHTML, like Gecko) Chrome/143.0.7499.192 Mobile Safari/537.36 (compatible; Googlebot/2.1; +http://www.google.com/bot.html)"
104.22.24.211 - - [11/Jan/2026:00:59:36 +0300] "GET /?ID=2481.html HTTP/1.0" 200 19364 "https://stefanos.ru/?e=0085626e86e3e" "Mozilla/5.0 (Linux; Android 6.0.1; Nexus 5X Build/MMB29P) AppleWebKit/537.36 (KHTML, like Gecko) Chrome/143.0.7499.169 Mobile Safari/537.36 (compatible; Googlebot/2.1; +http://www.google.com/bot.html)"
104.22.24.211 - - [11/Jan/2026:00:59:37 +0300] "GET /?ID=2860.html HTTP/1.0" 200 9209 "https://stefanos.ru/?e=0085626e86e3e" "Mozilla/5.0 (Linux; Android 6.0.1; Nexus 5X Build/MMB29P) AppleWebKit/537.36 (KHTML, like Gecko) Chrome/143.0.7499.169 Mobile Safari/537.36 (compatible; Googlebot/2.1; +http://www.google.com/bot.html)"
104.23.245.49 - - [11/Jan/2026:00:59:57 +0300] "GET /?e=091846753890da7 HTTP/1.0" 200 19342 "-" "Mozilla/5.0 (Linux; Android 6.0.1; Nexus 5X Build/MMB29P) AppleWebKit/537.36 (KHTML, like Gecko) Chrome/143.0.7499.192 Mobile Safari/537.36 (compatible; Googlebot/2.1; +http://www.google.com/bot.html)"
104.22.17.246 - - [11/Jan/2026:01:00:17 +0300] "GET /catalog/evening/all.html HTTP/1.0" 200 1643 "-" "Mozilla/5.0 (iPhone; CPU iPhone OS 13_2_3 like Mac OS X) AppleWebKit/605.1.15 (KHTML, like Gecko) Version/13.0.3 Mobile/15E148 Safari/604.1"
104.23.245.49 - - [11/Jan/2026:01:00:33 +0300] "GET /?e=1418435599f28c0 HTTP/1.0" 200 51224 "-" "Mozilla/5.0 (Linux; Android 6.0.1; Nexus 5X Build/MMB29P) AppleWebKit/537.36 (KHTML, like Gecko) Chrome/143.0.7499.192 Mobile Safari/537.36 (compatible; Googlebot/2.1; +http://www.google.com/bot.html)"
104.23.211.168 - - [11/Jan/2026:01:00:43 +0300] "GET /catalog/child/006.html HTTP/1.0" 200 2063 "-" "Mozilla/5.0 AppleWebKit/537.36 (KHTML, like Gecko; compatible; bingbot/2.0; +http://www.bing.com/bingbot.htm) Chrome/116.0.1938.76 Safari/537.36"
162.158.182.138 - - [11/Jan/2026:01:00:56 +0300] "GET / HTTP/1.0" 200 2894 "-" "https://reg.ru monitoring abuse@reg.ru"
104.22.24.211 - - [11/Jan/2026:01:01:23 +0300] "GET /?e=17141318444110 HTTP/1.0" 200 36400 "-" "Mozilla/5.0 (Linux; Android 6.0.1; Nexus 5X Build/MMB29P) AppleWebKit/537.36 (KHTML, like Gecko) Chrome/143.0.7499.192 Mobile Safari/537.36 (compatible; Googlebot/2.1; +http://www.google.com/bot.html)"
104.23.245.49 - - [11/Jan/2026:01:01:28 +0300] "GET /?ID=9076.html HTTP/1.0" 200 19507 "https://stefanos.ru/?e=17141318444110" "Mozilla/5.0 (Linux; Android 6.0.1; Nexus 5X Build/MMB29P) AppleWebKit/537.36 (KHTML, like Gecko) Chrome/143.0.7499.169 Mobile Safari/537.36 (compatible; Googlebot/2.1; +http://www.google.com/bot.html)"
104.23.245.49 - - [11/Jan/2026:01:01:30 +0300] "GET /?ID=9508.html HTTP/1.0" 200 18758 "https://stefanos.ru/?e=17141318444110" "Mozilla/5.0 (Linux; Android 6.0.1; Nexus 5X Build/MMB29P) AppleWebKit/537.36 (KHTML, like Gecko) Chrome/143.0.7499.169 Mobile Safari/537.36 (compatible; Googlebot/2.1; +http://www.google.com/bot.html)"
104.23.245.49 - - [11/Jan/2026:01:01:32 +0300] "GET /?ID=9448.html HTTP/1.0" 200 19855 "https://stefanos.ru/?e=17141318444110" "Mozilla/5.0 (Linux; Android 6.0.1; Nexus 5X Build/MMB29P) AppleWebKit/537.36 (KHTML, like Gecko) Chrome/143.0.7499.169 Mobile Safari/537.36 (compatible; Googlebot/2.1; +http://www.google.com/bot.html)"
172.71.184.225 - - [11/Jan/2026:01:02:48 +0300] "GET / HTTP/1.0" 200 2894 "-" "https://reg.ru monitoring abuse@reg.ru"
172.71.30.118 - - [11/Jan/2026:01:02:55 +0300] "GET /?e=0519722652b4302 HTTP/1.0" 200 36587 "-" "Mozilla/5.0 (Linux; Android 6.0.1; Nexus 5X Build/MMB29P) AppleWebKit/537.36 (KHTML, like Gecko) Chrome/143.0.7499.192 Mobile Safari/537.36 (compatible; Googlebot/2.1; +http://www.google.com/bot.html)"
104.22.1.192 - - [11/Jan/2026:01:02:59 +0300] "GET /?ID=8284.html HTTP/1.0" 200 10264 "https://stefanos.ru/?e=0519722652b4302" "Mozilla/5.0 (Linux; Android 6.0.1; Nexus 5X Build/MMB29P) AppleWebKit/537.36 (KHTML, like Gecko) Chrome/143.0.7499.169 Mobile Safari/537.36 (compatible; Googlebot/2.1; +http://www.google.com/bot.html)"
172.71.22.28 - - [11/Jan/2026:01:03:02 +0300] "GET /?ID=8643.html HTTP/1.0" 200 9748 "https://stefanos.ru/?e=0519722652b4302" "Mozilla/5.0 (Linux; Android 6.0.1; Nexus 5X Build/MMB29P) AppleWebKit/537.36 (KHTML, like Gecko) Chrome/143.0.7499.169 Mobile Safari/537.36 (compatible; Googlebot/2.1; +http://www.google.com/bot.html)"
172.71.30.118 - - [11/Jan/2026:01:03:04 +0300] "GET /?ID=8899.html HTTP/1.0" 200 19320 "https://stefanos.ru/?e=0519722652b4302" "Mozilla/5.0 (Linux; Android 6.0.1; Nexus 5X Build/MMB29P) AppleWebKit/537.36 (KHTML, like Gecko) Chrome/143.0.7499.169 Mobile Safari/537.36 (compatible; Googlebot/2.1; +http://www.google.com/bot.html)"
172.71.184.225 - - [11/Jan/2026:01:03:29 +0300] "GET / HTTP/1.0" 200 2894 "-" "Mozilla/5.0 (Linux; Android 10; K) AppleWebKit/537.36 (KHTML, like Gecko) Chrome/123.0.0.0 Mobile Safari/537.36"
172.68.10.116 - - [11/Jan/2026:01:03:30 +0300] "GET /favicon.ico HTTP/1.0" 404 453 "https://stefanos.ru/" "Mozilla/5.0 (Linux; Android 10; K) AppleWebKit/537.36 (KHTML, like Gecko) Chrome/123.0.0.0 Mobile Safari/537.36"
141.101.99.67 - - [11/Jan/2026:01:03:32 +0300] "GET /d-child.html HTTP/1.0" 200 2555 "-" "Mozilla/5.0 (compatible; AhrefsBot/7.0; +http://ahrefs.com/robot/)"
172.70.240.139 - - [11/Jan/2026:01:03:58 +0300] "GET / HTTP/1.0" 200 2894 "-" "Mozilla/5.0 (Linux; Android 10; K) AppleWebKit/537.36 (KHTML, like Gecko) Chrome/143.0.0.0 Mobile Safari/537.36"
172.71.184.225 - - [11/Jan/2026:01:04:30 +0300] "GET / HTTP/1.0" 200 2894 "-" "https://reg.ru monitoring abuse@reg.ru"
172.71.164.232 - - [11/Jan/2026:01:04:31 +0300] "GET /favicon.ico HTTP/1.0" 404 453 "https://stefanos.ru/" "Mozilla/5.0 (Linux; Android 10; K) AppleWebKit/537.36 (KHTML, like Gecko) Chrome/143.0.0.0 Mobile Safari/537.36"
104.22.1.192 - - [11/Jan/2026:01:04:41 +0300] "GET /?e=071010582aa0f6 HTTP/1.0" 200 50360 "-" "Mozilla/5.0 (Linux; Android 6.0.1; Nexus 5X Build/MMB29P) AppleWebKit/537.36 (KHTML, like Gecko) Chrome/143.0.7499.192 Mobile Safari/537.36 (compatible; Googlebot/2.1; +http://www.google.com/bot.html)"
172.71.30.119 - - [11/Jan/2026:01:05:06 +0300] "GET /?e=097424edb6e3 HTTP/1.0" 200 34285 "-" "Mozilla/5.0 (Linux; Android 6.0.1; Nexus 5X Build/MMB29P) AppleWebKit/537.36 (KHTML, like Gecko) Chrome/143.0.7499.192 Mobile Safari/537.36 (compatible; Googlebot/2.1; +http://www.google.com/bot.html)"
172.71.22.28 - - [11/Jan/2026:01:05:15 +0300] "GET /?ID=2815.html HTTP/1.0" 200 19869 "https://stefanos.ru/?e=097424edb6e3" "Mozilla/5.0 (Linux; Android 6.0.1; Nexus 5X Build/MMB29P) AppleWebKit/537.36 (KHTML, like Gecko) Chrome/143.0.7499.169 Mobile Safari/537.36 (compatible; Googlebot/2.1; +http://www.google.com/bot.html)"
172.71.30.119 - - [11/Jan/2026:01:05:17 +0300] "GET /?ID=2769.html HTTP/1.0" 200 19366 "https://stefanos.ru/?e=097424edb6e3" "Mozilla/5.0 (Linux; Android 6.0.1; Nexus 5X Build/MMB29P) AppleWebKit/537.36 (KHTML, like Gecko) Chrome/143.0.7499.169 Mobile Safari/537.36 (compatible; Googlebot/2.1; +http://www.google.com/bot.html)"
172.71.30.119 - - [11/Jan/2026:01:05:31 +0300] "GET /?e=0113370838839f HTTP/1.0" 200 49741 "-" "Mozilla/5.0 (Linux; Android 6.0.1; Nexus 5X Build/MMB29P) AppleWebKit/537.36 (KHTML, like Gecko) Chrome/143.0.7499.192 Mobile Safari/537.36 (compatible; Googlebot/2.1; +http://www.google.com/bot.html)"
172.71.30.119 - - [11/Jan/2026:01:05:56 +0300] "GET /?e=04831757cfbd9 HTTP/1.0" 200 10876 "-" "Mozilla/5.0 (Linux; Android 6.0.1; Nexus 5X Build/MMB29P) AppleWebKit/537.36 (KHTML, like Gecko) Chrome/143.0.7499.192 Mobile Safari/537.36 (compatible; Googlebot/2.1; +http://www.google.com/bot.html)"
104.23.221.198 - - [11/Jan/2026:01:06:09 +0300] "GET / HTTP/1.0" 200 2894 "-" "https://reg.ru monitoring abuse@reg.ru"
172.71.30.119 - - [11/Jan/2026:01:06:26 +0300] "GET /?e=0281488931e1d9 HTTP/1.0" 200 50837 "-" "Mozilla/5.0 (Linux; Android 6.0.1; Nexus 5X Build/MMB29P) AppleWebKit/537.36 (KHTML, like Gecko) Chrome/143.0.7499.192 Mobile Safari/537.36 (compatible; Googlebot/2.1; +http://www.google.com/bot.html)"
172.68.23.73 - - [11/Jan/2026:01:07:20 +0300] "GET /robots.txt HTTP/1.1" 304 0 "-" "Mozilla/5.0 (compatible; DotBot/1.2; +https://opensiteexplorer.org/dotbot; help@moz.com)"
172.68.10.114 - - [11/Jan/2026:01:07:55 +0300] "GET / HTTP/1.0" 200 2894 "-" "https://reg.ru monitoring abuse@reg.ru"
172.68.10.114 - - [11/Jan/2026:01:07:56 +0300] "GET /?ysclid=mapfzwmwxz093691253 HTTP/1.0" 200 2894 "-" "Mozilla/5.0 (Linux; Android 10; K) AppleWebKit/537.36 (KHTML, like Gecko) Chrome/143.0.0.0 Mobile Safari/537.36"
172.68.10.117 - - [11/Jan/2026:01:07:57 +0300] "GET /favicon.ico HTTP/1.0" 404 453 "https://stefanos.ru/?ysclid=mapfzwmwxz093691253" "Mozilla/5.0 (Linux; Android 10; K) AppleWebKit/537.36 (KHTML, like Gecko) Chrome/143.0.0.0 Mobile Safari/537.36"
104.22.24.210 - - [11/Jan/2026:01:07:59 +0300] "GET /?e=011571083b30816 HTTP/1.0" 200 20205 "-" "Mozilla/5.0 (Linux; Android 6.0.1; Nexus 5X Build/MMB29P) AppleWebKit/537.36 (KHTML, like Gecko) Chrome/143.0.7499.192 Mobile Safari/537.36 (compatible; Googlebot/2.1; +http://www.google.com/bot.html)"
104.22.1.192 - - [11/Jan/2026:01:08:23 +0300] "GET /?e=0075502c08b51 HTTP/1.0" 200 35738 "-" "Mozilla/5.0 (Linux; Android 6.0.1; Nexus 5X Build/MMB29P) AppleWebKit/537.36 (KHTML, like Gecko) Chrome/143.0.7499.192 Mobile Safari/537.36 (compatible; Googlebot/2.1; +http://www.google.com/bot.html)"
104.22.1.192 - - [11/Jan/2026:01:08:27 +0300] "GET /?ID=9175.html HTTP/1.0" 200 35438 "https://stefanos.ru/?e=0075502c08b51" "Mozilla/5.0 (Linux; Android 6.0.1; Nexus 5X Build/MMB29P) AppleWebKit/537.36 (KHTML, like Gecko) Chrome/143.0.7499.169 Mobile Safari/537.36 (compatible; Googlebot/2.1; +http://www.google.com/bot.html)"
104.22.1.192 - - [11/Jan/2026:01:08:29 +0300] "GET /?ID=9784.html HTTP/1.0" 200 20003 "https://stefanos.ru/?e=0075502c08b51" "Mozilla/5.0 (Linux; Android 6.0.1; Nexus 5X Build/MMB29P) AppleWebKit/537.36 (KHTML, like Gecko) Chrome/143.0.7499.169 Mobile Safari/537.36 (compatible; Googlebot/2.1; +http://www.google.com/bot.html)"
172.71.22.28 - - [11/Jan/2026:01:08:58 +0300] "GET /?e=11645160a5922 HTTP/1.0" 200 49860 "-" "Mozilla/5.0 (Linux; Android 6.0.1; Nexus 5X Build/MMB29P) AppleWebKit/537.36 (KHTML, like Gecko) Chrome/143.0.7499.192 Mobile Safari/537.36 (compatible; Googlebot/2.1; +http://www.google.com/bot.html)"
172.71.22.28 - - [11/Jan/2026:01:09:09 +0300] "GET /?e=0512904114b552b HTTP/1.0" 200 35033 "-" "Mozilla/5.0 (Linux; Android 6.0.1; Nexus 5X Build/MMB29P) AppleWebKit/537.36 (KHTML, like Gecko) Chrome/143.0.7499.192 Mobile Safari/537.36 (compatible; Googlebot/2.1; +http://www.google.com/bot.html)"
172.71.22.28 - - [11/Jan/2026:01:09:12 +0300] "GET /?ID=9468.html HTTP/1.0" 200 13143 "https://stefanos.ru/?e=0512904114b552b" "Mozilla/5.0 (Linux; Android 6.0.1; Nexus 5X Build/MMB29P) AppleWebKit/537.36 (KHTML, like Gecko) Chrome/143.0.7499.169 Mobile Safari/537.36 (compatible; Googlebot/2.1; +http://www.google.com/bot.html)"
172.71.22.28 - - [11/Jan/2026:01:09:14 +0300] "GET /?ID=9038.html HTTP/1.0" 200 10721 "https://stefanos.ru/?e=0512904114b552b" "Mozilla/5.0 (Linux; Android 6.0.1; Nexus 5X Build/MMB29P) AppleWebKit/537.36 (KHTML, like Gecko) Chrome/143.0.7499.169 Mobile Safari/537.36 (compatible; Googlebot/2.1; +http://www.google.com/bot.html)"
172.71.22.28 - - [11/Jan/2026:01:09:16 +0300] "GET /?ID=9666.html HTTP/1.0" 200 35334 "https://stefanos.ru/?e=0512904114b552b" "Mozilla/5.0 (Linux; Android 6.0.1; Nexus 5X Build/MMB29P) AppleWebKit/537.36 (KHTML, like Gecko) Chrome/143.0.7499.169 Mobile Safari/537.36 (compatible; Googlebot/2.1; +http://www.google.com/bot.html)"
172.71.184.224 - - [11/Jan/2026:01:09:34 +0300] "GET / HTTP/1.0" 200 2894 "-" "https://reg.ru monitoring abuse@reg.ru"
172.71.22.28 - - [11/Jan/2026:01:09:49 +0300] "GET /?e=06762378b9a41 HTTP/1.0" 200 34398 "-" "Mozilla/5.0 (Linux; Android 6.0.1; Nexus 5X Build/MMB29P) AppleWebKit/537.36 (KHTML, like Gecko) Chrome/143.0.7499.192 Mobile Safari/537.36 (compatible; Googlebot/2.1; +http://www.google.com/bot.html)"
172.71.22.28 - - [11/Jan/2026:01:10:03 +0300] "GET /?ID=3449.html HTTP/1.0" 200 34932 "https://stefanos.ru/?e=06762378b9a41" "Mozilla/5.0 (Linux; Android 6.0.1; Nexus 5X Build/MMB29P) AppleWebKit/537.36 (KHTML, like Gecko) Chrome/143.0.7499.169 Mobile Safari/537.36 (compatible; Googlebot/2.1; +http://www.google.com/bot.html)"
104.22.24.211 - - [11/Jan/2026:01:10:05 +0300] "GET /?ID=3057.html HTTP/1.0" 200 34448 "https://stefanos.ru/?e=06762378b9a41" "Mozilla/5.0 (Linux; Android 6.0.1; Nexus 5X Build/MMB29P) AppleWebKit/537.36 (KHTML, like Gecko) Chrome/143.0.7499.169 Mobile Safari/537.36 (compatible; Googlebot/2.1; +http://www.google.com/bot.html)"
104.22.24.211 - - [11/Jan/2026:01:10:06 +0300] "GET /?ID=3664.html HTTP/1.0" 200 18906 "https://stefanos.ru/?e=06762378b9a41" "Mozilla/5.0 (Linux; Android 6.0.1; Nexus 5X Build/MMB29P) AppleWebKit/537.36 (KHTML, like Gecko) Chrome/143.0.7499.169 Mobile Safari/537.36 (compatible; Googlebot/2.1; +http://www.google.com/bot.html)"
172.71.22.28 - - [11/Jan/2026:01:10:39 +0300] "GET /?e=08132700723fa87 HTTP/1.0" 200 10646 "-" "Mozilla/5.0 (Linux; Android 6.0.1; Nexus 5X Build/MMB29P) AppleWebKit/537.36 (KHTML, like Gecko) Chrome/143.0.7499.192 Mobile Safari/537.36 (compatible; Googlebot/2.1; +http://www.google.com/bot.html)"
172.71.239.88 - - [11/Jan/2026:01:10:59 +0300] "GET /catalog/lady/004.html HTTP/1.0" 200 1962 "-" "Mozilla/5.0 (iPhone; CPU iPhone OS 13_2_3 like Mac OS X) AppleWebKit/605.1.15 (KHTML, like Gecko) Version/13.0.3 Mobile/15E148 Safari/604.1"
104.23.217.169 - - [11/Jan/2026:01:11:17 +0300] "GET / HTTP/1.0" 200 2894 "-" "Mozilla/5.0 (iPhone; CPU iPhone OS 17_1 like Mac OS X) AppleWebKit/605.1.15 (KHTML, like Gecko) CriOS/132.0.6834.123 Mobile/15E148 Safari/604.1"
162.158.182.139 - - [11/Jan/2026:01:11:17 +0300] "GET / HTTP/1.0" 200 2894 "-" "https://reg.ru monitoring abuse@reg.ru"
162.158.183.60 - - [11/Jan/2026:01:11:20 +0300] "GET /favicon.ico HTTP/1.0" 404 453 "https://stefanos.ru/" "Mozilla/5.0 (iPhone; CPU iPhone OS 17_1 like Mac OS X) AppleWebKit/605.1.15 (KHTML, like Gecko) CriOS/132.0.6834.123 Mobile/15E148 Safari/604.1"
