172.70.142.84 - - [11/Jan/2026:04:34:51 +0300] "GET /tbjusw/solidworks-for-hobbyists.html HTTP/1.0" 200 663 "https://sport74.ru/3pio7ly/content-index-state-unknown.html" "Mozilla/5.0 (Linux; Android 7.0;) AppleWebKit/537.36 (KHTML, like Gecko) Mobile Safari/537.36 (compatible; PetalBot;+https://webmaster.petalsearch.com/site/petalbot)"
172.70.94.186 - - [11/Jan/2026:04:35:08 +0300] "GET /?u=70999183363401 HTTP/1.0" 200 663 "-" "Mozilla/5.0 (X11; Linux x86_64) AppleWebKit/537.36 (KHTML, like Gecko) Chrome/143.0.7499.169 Safari/537.36"
172.70.94.188 - - [11/Jan/2026:04:35:09 +0300] "GET /ryadom.jpeg HTTP/1.1" 304 0 "https://www.tanuha.ru/?u=70999183363401" "Mozilla/5.0 (X11; Linux x86_64) AppleWebKit/537.36 (KHTML, like Gecko) Chrome/143.0.7499.169 Safari/537.36"
172.70.94.98 - - [11/Jan/2026:04:35:10 +0300] "GET /anya.JPG HTTP/1.1" 304 0 "https://www.tanuha.ru/?u=70999183363401" "Mozilla/5.0 (X11; Linux x86_64) AppleWebKit/537.36 (KHTML, like Gecko) Chrome/143.0.7499.169 Safari/537.36"
162.159.116.149 - - [11/Jan/2026:04:35:10 +0300] "GET /france.jpg HTTP/1.1" 304 0 "https://www.tanuha.ru/?u=70999183363401" "Mozilla/5.0 (X11; Linux x86_64) AppleWebKit/537.36 (KHTML, like Gecko) Chrome/143.0.7499.169 Safari/537.36"
172.71.82.87 - - [11/Jan/2026:04:35:58 +0300] "GET /tbjusw/executable-file-not-found-in-path-golang-windows.html HTTP/1.0" 200 663 "http://fmcg.navicongroup.ru/zm9iil/wbbty-meaning-pi-phi.html" "Mozilla/5.0 (Linux; Android 7.0;) AppleWebKit/537.36 (KHTML, like Gecko) Mobile Safari/537.36 (compatible; PetalBot;+https://webmaster.petalsearch.com/site/petalbot)"
172.70.142.85 - - [11/Jan/2026:04:37:11 +0300] "GET /jroriq/motocaddy-noisy-motor.html HTTP/1.0" 200 663 "https://promsnab888.ru/jqopcol/celebrity-before-and-after-plastic-surgery-instagram.html" "Mozilla/5.0 (Linux; Android 7.0;) AppleWebKit/537.36 (KHTML, like Gecko) Mobile Safari/537.36 (compatible; PetalBot;+https://webmaster.petalsearch.com/site/petalbot)"
172.68.138.150 - - [11/Jan/2026:04:38:05 +0300] "GET /?u=9028711073600 HTTP/1.0" 200 674 "-" "Mozilla/5.0 AppleWebKit/537.36 (KHTML, like Gecko; compatible; bingbot/2.0; +http://www.bing.com/bingbot.htm) Chrome/116.0.1938.76 Safari/537.36"
104.23.175.9 - - [11/Jan/2026:04:38:34 +0300] "GET /tbjusw/setup-local-dns-server-synology.html HTTP/1.0" 200 663 "https://yk-dmitrovskaya.ru/maxu/home-assistant-ac86u.html" "Mozilla/5.0 (Linux; Android 7.0;) AppleWebKit/537.36 (KHTML, like Gecko) Mobile Safari/537.36 (compatible; PetalBot;+https://webmaster.petalsearch.com/site/petalbot)"
172.70.35.191 - - [11/Jan/2026:04:38:59 +0300] "GET /?u=85682115003 HTTP/1.0" 200 674 "-" "Mozilla/5.0 AppleWebKit/537.36 (KHTML, like Gecko; compatible; bingbot/2.0; +http://www.bing.com/bingbot.htm) Chrome/116.0.1938.76 Safari/537.36"
172.70.35.191 - - [11/Jan/2026:04:39:00 +0300] "GET /?u=00435218410200 HTTP/1.0" 200 674 "-" "Mozilla/5.0 AppleWebKit/537.36 (KHTML, like Gecko; compatible; bingbot/2.0; +http://www.bing.com/bingbot.htm) Chrome/116.0.1938.76 Safari/537.36"
172.70.142.84 - - [11/Jan/2026:04:39:58 +0300] "GET /tbjusw/mushy-stool-and-gas.html HTTP/1.0" 200 663 "https://pechnoetoplivo.com/jisg0ye/what-if-you-and-i-were-meant-to-part-ways-only-so-that-we-could-find-each-other-again-meaning.html" "Mozilla/5.0 (Linux; Android 7.0;) AppleWebKit/537.36 (KHTML, like Gecko) Mobile Safari/537.36 (compatible; PetalBot;+https://webmaster.petalsearch.com/site/petalbot)"
172.68.22.71 - - [11/Jan/2026:04:41:07 +0300] "GET /jroriq/tense-exercises-pdf.html HTTP/1.0" 200 663 "-" "Mozilla/5.0 (compatible; DotBot/1.2; +https://opensiteexplorer.org/dotbot; help@moz.com)"
172.70.208.155 - - [11/Jan/2026:04:41:21 +0300] "GET /tbjusw/is-dual-app-possible-in-iphone.html HTTP/1.0" 200 663 "https://pechnoetoplivo.com/jisg0ye/what-if-you-and-i-were-meant-to-part-ways-only-so-that-we-could-find-each-other-again-meaning.html" "Mozilla/5.0 (Linux; Android 7.0;) AppleWebKit/537.36 (KHTML, like Gecko) Mobile Safari/537.36 (compatible; PetalBot;+https://webmaster.petalsearch.com/site/petalbot)"
172.71.190.209 - - [11/Jan/2026:04:41:22 +0300] "GET /?u=87887217567201 HTTP/1.0" 200 674 "-" "Mozilla/5.0 AppleWebKit/537.36 (KHTML, like Gecko; compatible; bingbot/2.0; +http://www.bing.com/bingbot.htm) Chrome/116.0.1938.76 Safari/537.36"
162.158.79.104 - - [11/Jan/2026:04:41:25 +0300] "GET /?u=14948163482001 HTTP/1.0" 200 674 "-" "Mozilla/5.0 AppleWebKit/537.36 (KHTML, like Gecko; compatible; bingbot/2.0; +http://www.bing.com/bingbot.htm) Chrome/116.0.1938.76 Safari/537.36"
172.70.135.190 - - [11/Jan/2026:04:41:26 +0300] "GET /?u=07099283458005 HTTP/1.0" 200 674 "-" "Mozilla/5.0 AppleWebKit/537.36 (KHTML, like Gecko; compatible; bingbot/2.0; +http://www.bing.com/bingbot.htm) Chrome/116.0.1938.76 Safari/537.36"
162.158.79.104 - - [11/Jan/2026:04:41:35 +0300] "GET /?u=74581131746202 HTTP/1.0" 200 674 "-" "Mozilla/5.0 AppleWebKit/537.36 (KHTML, like Gecko; compatible; bingbot/2.0; +http://www.bing.com/bingbot.htm) Chrome/116.0.1938.76 Safari/537.36"
104.23.213.187 - - [11/Jan/2026:04:42:45 +0300] "GET /?u=72119206584407 HTTP/1.0" 200 674 "-" "Mozilla/5.0 AppleWebKit/537.36 (KHTML, like Gecko; compatible; bingbot/2.0; +http://www.bing.com/bingbot.htm) Chrome/116.0.1938.76 Safari/537.36"
162.158.88.34 - - [11/Jan/2026:04:42:47 +0300] "GET /tbjusw/how-is-the-red-cross-funded.html HTTP/1.0" 200 663 "http://new.oilprofi.by/j2nt9/beast-movie-collection.html" "Mozilla/5.0 (Linux; Android 7.0;) AppleWebKit/537.36 (KHTML, like Gecko) Mobile Safari/537.36 (compatible; PetalBot;+https://webmaster.petalsearch.com/site/petalbot)"
104.23.211.95 - - [11/Jan/2026:04:42:57 +0300] "GET /?u=27188199162800 HTTP/1.0" 200 674 "-" "Mozilla/5.0 AppleWebKit/537.36 (KHTML, like Gecko; compatible; bingbot/2.0; +http://www.bing.com/bingbot.htm) Chrome/116.0.1938.76 Safari/537.36"
172.68.245.74 - - [11/Jan/2026:04:43:04 +0300] "GET /?u=04560138718800 HTTP/1.0" 200 674 "-" "Mozilla/5.0 AppleWebKit/537.36 (KHTML, like Gecko; compatible; bingbot/2.0; +http://www.bing.com/bingbot.htm) Chrome/116.0.1938.76 Safari/537.36"
172.68.245.74 - - [11/Jan/2026:04:43:14 +0300] "GET /?u=0066785979801 HTTP/1.0" 200 674 "-" "Mozilla/5.0 AppleWebKit/537.36 (KHTML, like Gecko; compatible; bingbot/2.0; +http://www.bing.com/bingbot.htm) Chrome/116.0.1938.76 Safari/537.36"
172.68.138.151 - - [11/Jan/2026:04:43:38 +0300] "GET /?u=71009253699206 HTTP/1.0" 200 674 "-" "Mozilla/5.0 AppleWebKit/537.36 (KHTML, like Gecko; compatible; bingbot/2.0; +http://www.bing.com/bingbot.htm) Chrome/116.0.1938.76 Safari/537.36"
162.158.88.34 - - [11/Jan/2026:04:44:10 +0300] "GET /tbjusw/harem-anime-with-op-mc.html HTTP/1.0" 200 663 "http://www.reef-master.ru/femlagn/leaflet-tooltip-color.html" "Mozilla/5.0 (Linux; Android 7.0;) AppleWebKit/537.36 (KHTML, like Gecko) Mobile Safari/537.36 (compatible; PetalBot;+https://webmaster.petalsearch.com/site/petalbot)"
172.71.194.152 - - [11/Jan/2026:04:44:55 +0300] "GET /?u=24779257923201 HTTP/1.0" 200 674 "-" "Mozilla/5.0 AppleWebKit/537.36 (KHTML, like Gecko; compatible; bingbot/2.0; +http://www.bing.com/bingbot.htm) Chrome/116.0.1938.76 Safari/537.36"
172.70.93.90 - - [11/Jan/2026:04:45:32 +0300] "GET /jroriq/toyota-dolphin-specs.html HTTP/1.0" 200 663 "http://tula-speczapchast.ru/anrfhipd/female-puppy-humps-owner.html" "Mozilla/5.0 (Linux; Android 7.0;) AppleWebKit/537.36 (KHTML, like Gecko) Mobile Safari/537.36 (compatible; PetalBot;+https://webmaster.petalsearch.com/site/petalbot)"
172.68.138.151 - - [11/Jan/2026:04:45:53 +0300] "GET /?u=98378179887401 HTTP/1.0" 200 674 "-" "Mozilla/5.0 AppleWebKit/537.36 (KHTML, like Gecko; compatible; bingbot/2.0; +http://www.bing.com/bingbot.htm) Chrome/116.0.1938.76 Safari/537.36"
172.70.135.189 - - [11/Jan/2026:04:46:11 +0300] "GET /?u=08800227504803 HTTP/1.0" 200 674 "-" "Mozilla/5.0 AppleWebKit/537.36 (KHTML, like Gecko; compatible; bingbot/2.0; +http://www.bing.com/bingbot.htm) Chrome/116.0.1938.76 Safari/537.36"
162.158.79.103 - - [11/Jan/2026:04:46:32 +0300] "GET /?u=0407866816200 HTTP/1.0" 200 674 "-" "Mozilla/5.0 AppleWebKit/537.36 (KHTML, like Gecko; compatible; bingbot/2.0; +http://www.bing.com/bingbot.htm) Chrome/116.0.1938.76 Safari/537.36"
172.69.176.17 - - [11/Jan/2026:04:46:57 +0300] "GET /jroriq/section-8-landlord-requirements-illinois.html HTTP/1.0" 200 663 "http://6562.ru/lm7m/actors-who-lost-out-on-roles.html" "Mozilla/5.0 (Linux; Android 7.0;) AppleWebKit/537.36 (KHTML, like Gecko) Mobile Safari/537.36 (compatible; PetalBot;+https://webmaster.petalsearch.com/site/petalbot)"
172.70.43.64 - - [11/Jan/2026:04:47:25 +0300] "GET /?u=10882239299602 HTTP/1.0" 200 674 "-" "Mozilla/5.0 AppleWebKit/537.36 (KHTML, like Gecko; compatible; bingbot/2.0; +http://www.bing.com/bingbot.htm) Chrome/116.0.1938.76 Safari/537.36"
172.70.135.190 - - [11/Jan/2026:04:48:02 +0300] "GET /?u=6954146674208 HTTP/1.0" 200 674 "-" "Mozilla/5.0 AppleWebKit/537.36 (KHTML, like Gecko; compatible; bingbot/2.0; +http://www.bing.com/bingbot.htm) Chrome/116.0.1938.76 Safari/537.36"
172.70.135.190 - - [11/Jan/2026:04:48:03 +0300] "GET /?u=5902831456405 HTTP/1.0" 200 674 "-" "Mozilla/5.0 AppleWebKit/537.36 (KHTML, like Gecko; compatible; bingbot/2.0; +http://www.bing.com/bingbot.htm) Chrome/116.0.1938.76 Safari/537.36"
172.71.82.87 - - [11/Jan/2026:04:48:20 +0300] "GET /jroriq/moon-signs-explained.html HTTP/1.0" 200 663 "http://expertiza40.ru/bqtai/marion-county-inmate-search.html" "Mozilla/5.0 (Linux; Android 7.0;) AppleWebKit/537.36 (KHTML, like Gecko) Mobile Safari/537.36 (compatible; PetalBot;+https://webmaster.petalsearch.com/site/petalbot)"
104.23.211.94 - - [11/Jan/2026:04:48:36 +0300] "GET /?u=04618276846011 HTTP/1.0" 200 674 "-" "Mozilla/5.0 AppleWebKit/537.36 (KHTML, like Gecko; compatible; bingbot/2.0; +http://www.bing.com/bingbot.htm) Chrome/116.0.1938.76 Safari/537.36"
172.70.35.191 - - [11/Jan/2026:04:49:14 +0300] "GET /?u=05973156402402 HTTP/1.0" 200 674 "-" "Mozilla/5.0 AppleWebKit/537.36 (KHTML, like Gecko; compatible; bingbot/2.0; +http://www.bing.com/bingbot.htm) Chrome/116.0.1938.76 Safari/537.36"
172.70.35.191 - - [11/Jan/2026:04:49:14 +0300] "GET /?u=6207693867004 HTTP/1.0" 200 674 "-" "Mozilla/5.0 AppleWebKit/537.36 (KHTML, like Gecko; compatible; bingbot/2.0; +http://www.bing.com/bingbot.htm) Chrome/116.0.1938.76 Safari/537.36"
162.158.107.67 - - [11/Jan/2026:04:49:44 +0300] "GET /jroriq/list-of-microsoft-teams-connectors.html HTTP/1.0" 200 663 "http://mischievousfox.com/cu/wikbh/compounding-pharmacy-california-semaglutide.html" "Mozilla/5.0 (Linux; Android 7.0;) AppleWebKit/537.36 (KHTML, like Gecko) Mobile Safari/537.36 (compatible; PetalBot;+https://webmaster.petalsearch.com/site/petalbot)"
172.70.135.190 - - [11/Jan/2026:04:49:46 +0300] "GET /?u=38260177355201 HTTP/1.0" 200 674 "-" "Mozilla/5.0 AppleWebKit/537.36 (KHTML, like Gecko; compatible; bingbot/2.0; +http://www.bing.com/bingbot.htm) Chrome/116.0.1938.76 Safari/537.36"
104.23.211.94 - - [11/Jan/2026:04:50:48 +0300] "GET /?u=05698272623207 HTTP/1.0" 200 674 "-" "Mozilla/5.0 AppleWebKit/537.36 (KHTML, like Gecko; compatible; bingbot/2.0; +http://www.bing.com/bingbot.htm) Chrome/116.0.1938.76 Safari/537.36"
172.70.43.63 - - [11/Jan/2026:04:50:57 +0300] "GET /?u=99208117883800 HTTP/1.0" 200 674 "-" "Mozilla/5.0 AppleWebKit/537.36 (KHTML, like Gecko; compatible; bingbot/2.0; +http://www.bing.com/bingbot.htm) Chrome/116.0.1938.76 Safari/537.36"
162.158.162.138 - - [11/Jan/2026:04:51:07 +0300] "GET /jroriq/kyocera-e4610-caller-id-readout.html HTTP/1.0" 200 663 "http://upload.transcale.com.au/lphxpds/how-much-does-a-circumcision-cost-for-a-3-year-old.html" "Mozilla/5.0 (Linux; Android 7.0;) AppleWebKit/537.36 (KHTML, like Gecko) Mobile Safari/537.36 (compatible; PetalBot;+https://webmaster.petalsearch.com/site/petalbot)"
162.158.79.104 - - [11/Jan/2026:04:51:17 +0300] "GET /?u=0122651637205 HTTP/1.0" 200 674 "-" "Mozilla/5.0 AppleWebKit/537.36 (KHTML, like Gecko; compatible; bingbot/2.0; +http://www.bing.com/bingbot.htm) Chrome/116.0.1938.76 Safari/537.36"
104.23.209.43 - - [11/Jan/2026:04:51:44 +0300] "GET /?u=68953171485604 HTTP/1.0" 200 674 "-" "Mozilla/5.0 AppleWebKit/537.36 (KHTML, like Gecko; compatible; bingbot/2.0; +http://www.bing.com/bingbot.htm) Chrome/116.0.1938.76 Safari/537.36"
104.23.209.43 - - [11/Jan/2026:04:52:17 +0300] "GET /?u=00081154453602 HTTP/1.0" 200 674 "-" "Mozilla/5.0 AppleWebKit/537.36 (KHTML, like Gecko; compatible; bingbot/2.0; +http://www.bing.com/bingbot.htm) Chrome/116.0.1938.76 Safari/537.36"
104.23.211.94 - - [11/Jan/2026:04:52:25 +0300] "GET /?u=98020228346604 HTTP/1.0" 200 674 "-" "Mozilla/5.0 AppleWebKit/537.36 (KHTML, like Gecko; compatible; bingbot/2.0; +http://www.bing.com/bingbot.htm) Chrome/116.0.1938.76 Safari/537.36"
172.70.208.154 - - [11/Jan/2026:04:52:33 +0300] "GET /jroriq/konica-minolta-self-cleaning.html HTTP/1.0" 200 663 "http://studiobluearchitects.com.au/btafvdp/oil-based-primer-for-wood.html" "Mozilla/5.0 (Linux; Android 7.0;) AppleWebKit/537.36 (KHTML, like Gecko) Mobile Safari/537.36 (compatible; PetalBot;+https://webmaster.petalsearch.com/site/petalbot)"
104.23.211.94 - - [11/Jan/2026:04:52:47 +0300] "GET /?u=07026284426400 HTTP/1.0" 200 674 "-" "Mozilla/5.0 AppleWebKit/537.36 (KHTML, like Gecko; compatible; bingbot/2.0; +http://www.bing.com/bingbot.htm) Chrome/116.0.1938.76 Safari/537.36"
104.23.211.94 - - [11/Jan/2026:04:52:49 +0300] "GET /?u=32931267236002 HTTP/1.0" 200 674 "-" "Mozilla/5.0 AppleWebKit/537.36 (KHTML, like Gecko; compatible; bingbot/2.0; +http://www.bing.com/bingbot.htm) Chrome/116.0.1938.76 Safari/537.36"
172.71.190.209 - - [11/Jan/2026:04:52:50 +0300] "GET /?u=6210220271104 HTTP/1.0" 200 674 "-" "Mozilla/5.0 AppleWebKit/537.36 (KHTML, like Gecko; compatible; bingbot/2.0; +http://www.bing.com/bingbot.htm) Chrome/116.0.1938.76 Safari/537.36"
172.71.190.209 - - [11/Jan/2026:04:53:02 +0300] "GET /?u=23890126337800 HTTP/1.0" 200 674 "-" "Mozilla/5.0 AppleWebKit/537.36 (KHTML, like Gecko; compatible; bingbot/2.0; +http://www.bing.com/bingbot.htm) Chrome/116.0.1938.76 Safari/537.36"
172.71.222.63 - - [11/Jan/2026:04:53:07 +0300] "GET /?u=2010284600002 HTTP/1.0" 200 674 "-" "Mozilla/5.0 AppleWebKit/537.36 (KHTML, like Gecko; compatible; bingbot/2.0; +http://www.bing.com/bingbot.htm) Chrome/116.0.1938.76 Safari/537.36"
172.70.135.190 - - [11/Jan/2026:04:53:48 +0300] "GET /?u=07858282637402 HTTP/1.0" 200 674 "-" "Mozilla/5.0 AppleWebKit/537.36 (KHTML, like Gecko; compatible; bingbot/2.0; +http://www.bing.com/bingbot.htm) Chrome/116.0.1938.76 Safari/537.36"
162.158.162.138 - - [11/Jan/2026:04:53:54 +0300] "GET /jroriq/john-deere-7200-12-row-planter-for-sale.html HTTP/1.0" 200 663 "https://opsk24.ru/zh6i/bmc-fax-number.html" "Mozilla/5.0 (Linux; Android 7.0;) AppleWebKit/537.36 (KHTML, like Gecko) Mobile Safari/537.36 (compatible; PetalBot;+https://webmaster.petalsearch.com/site/petalbot)"
172.68.245.75 - - [11/Jan/2026:04:53:57 +0300] "GET /?u=5009872871201 HTTP/1.0" 200 674 "-" "Mozilla/5.0 AppleWebKit/537.36 (KHTML, like Gecko; compatible; bingbot/2.0; +http://www.bing.com/bingbot.htm) Chrome/116.0.1938.76 Safari/537.36"
172.70.35.191 - - [11/Jan/2026:04:54:04 +0300] "GET /?u=206971667601 HTTP/1.0" 200 674 "-" "Mozilla/5.0 AppleWebKit/537.36 (KHTML, like Gecko; compatible; bingbot/2.0; +http://www.bing.com/bingbot.htm) Chrome/116.0.1938.76 Safari/537.36"
172.70.35.191 - - [11/Jan/2026:04:54:06 +0300] "GET /?u=88270114681403 HTTP/1.0" 200 674 "-" "Mozilla/5.0 AppleWebKit/537.36 (KHTML, like Gecko; compatible; bingbot/2.0; +http://www.bing.com/bingbot.htm) Chrome/116.0.1938.76 Safari/537.36"
104.23.209.43 - - [11/Jan/2026:04:54:28 +0300] "GET /?u=1837138765208 HTTP/1.0" 200 674 "-" "Mozilla/5.0 AppleWebKit/537.36 (KHTML, like Gecko; compatible; bingbot/2.0; +http://www.bing.com/bingbot.htm) Chrome/116.0.1938.76 Safari/537.36"
172.70.35.191 - - [11/Jan/2026:04:55:17 +0300] "GET /?u=08908168298801 HTTP/1.0" 200 674 "-" "Mozilla/5.0 AppleWebKit/537.36 (KHTML, like Gecko; compatible; bingbot/2.0; +http://www.bing.com/bingbot.htm) Chrome/116.0.1938.76 Safari/537.36"
172.68.164.60 - - [11/Jan/2026:04:55:18 +0300] "GET /jroriq/java-write-string-to-resource-file.html HTTP/1.0" 200 663 "https://oboizhidkieshop.ru/bh99e/does-xarelto-make-you-feel-cold.html" "Mozilla/5.0 (Linux; Android 7.0;) AppleWebKit/537.36 (KHTML, like Gecko) Mobile Safari/537.36 (compatible; PetalBot;+https://webmaster.petalsearch.com/site/petalbot)"
172.71.222.63 - - [11/Jan/2026:04:55:36 +0300] "GET /?u=0851930320800 HTTP/1.0" 200 674 "-" "Mozilla/5.0 AppleWebKit/537.36 (KHTML, like Gecko; compatible; bingbot/2.0; +http://www.bing.com/bingbot.htm) Chrome/116.0.1938.76 Safari/537.36"
104.23.213.186 - - [11/Jan/2026:04:55:40 +0300] "GET /?u=09707244556003 HTTP/1.0" 200 674 "-" "Mozilla/5.0 AppleWebKit/537.36 (KHTML, like Gecko; compatible; bingbot/2.0; +http://www.bing.com/bingbot.htm) Chrome/116.0.1938.76 Safari/537.36"
104.23.213.186 - - [11/Jan/2026:04:55:41 +0300] "GET /?u=68919159012404 HTTP/1.0" 200 674 "-" "Mozilla/5.0 AppleWebKit/537.36 (KHTML, like Gecko; compatible; bingbot/2.0; +http://www.bing.com/bingbot.htm) Chrome/116.0.1938.76 Safari/537.36"
172.71.124.224 - - [11/Jan/2026:04:56:44 +0300] "GET /tbjusw/pydroid-3-jupyter-notebook.html HTTP/1.0" 200 663 "http://totallookshowroom.ru/owzqi6w/what-does-it-mean-when-someone-likes-your-text-on-instagram.html" "Mozilla/5.0 (Linux; Android 7.0;) AppleWebKit/537.36 (KHTML, like Gecko) Mobile Safari/537.36 (compatible; PetalBot;+https://webmaster.petalsearch.com/site/petalbot)"
172.68.138.151 - - [11/Jan/2026:04:57:21 +0300] "GET /?u=10601284087201 HTTP/1.0" 200 674 "-" "Mozilla/5.0 AppleWebKit/537.36 (KHTML, like Gecko; compatible; bingbot/2.0; +http://www.bing.com/bingbot.htm) Chrome/116.0.1938.76 Safari/537.36"
104.23.175.9 - - [11/Jan/2026:04:58:05 +0300] "GET /tbjusw/public-health-consulting-firms.html HTTP/1.0" 200 663 "https://nezabudkann.ru/hbm57/oregon-chain-for-stihl-ms180.html" "Mozilla/5.0 (Linux; Android 7.0;) AppleWebKit/537.36 (KHTML, like Gecko) Mobile Safari/537.36 (compatible; PetalBot;+https://webmaster.petalsearch.com/site/petalbot)"
104.23.209.42 - - [11/Jan/2026:04:58:45 +0300] "GET /?u=98848222676801 HTTP/1.0" 200 674 "-" "Mozilla/5.0 AppleWebKit/537.36 (KHTML, like Gecko; compatible; bingbot/2.0; +http://www.bing.com/bingbot.htm) Chrome/116.0.1938.76 Safari/537.36"
104.23.213.186 - - [11/Jan/2026:04:59:23 +0300] "GET /?u=97135272776800 HTTP/1.0" 200 674 "-" "Mozilla/5.0 AppleWebKit/537.36 (KHTML, like Gecko; compatible; bingbot/2.0; +http://www.bing.com/bingbot.htm) Chrome/116.0.1938.76 Safari/537.36"
172.71.124.224 - - [11/Jan/2026:04:59:29 +0300] "GET /tbjusw/how-to-fix-server-disconnected-warzone-pc.html HTTP/1.0" 200 663 "http://new.oilprofi.by/j2nt9/beast-movie-collection.html" "Mozilla/5.0 (Linux; Android 7.0;) AppleWebKit/537.36 (KHTML, like Gecko) Mobile Safari/537.36 (compatible; PetalBot;+https://webmaster.petalsearch.com/site/petalbot)"
104.23.213.186 - - [11/Jan/2026:04:59:33 +0300] "GET /?u=81301272401804 HTTP/1.0" 200 674 "-" "Mozilla/5.0 AppleWebKit/537.36 (KHTML, like Gecko; compatible; bingbot/2.0; +http://www.bing.com/bingbot.htm) Chrome/116.0.1938.76 Safari/537.36"
104.23.213.186 - - [11/Jan/2026:04:59:34 +0300] "GET /?u=87918109497607 HTTP/1.0" 200 674 "-" "Mozilla/5.0 AppleWebKit/537.36 (KHTML, like Gecko; compatible; bingbot/2.0; +http://www.bing.com/bingbot.htm) Chrome/116.0.1938.76 Safari/537.36"
172.71.222.63 - - [11/Jan/2026:05:00:04 +0300] "GET /?u=9199641056809 HTTP/1.0" 200 674 "-" "Mozilla/5.0 AppleWebKit/537.36 (KHTML, like Gecko; compatible; bingbot/2.0; +http://www.bing.com/bingbot.htm) Chrome/116.0.1938.76 Safari/537.36"
172.71.190.209 - - [11/Jan/2026:05:00:37 +0300] "GET /?u=9778917272200 HTTP/1.0" 200 674 "-" "Mozilla/5.0 AppleWebKit/537.36 (KHTML, like Gecko; compatible; bingbot/2.0; +http://www.bing.com/bingbot.htm) Chrome/116.0.1938.76 Safari/537.36"
172.71.124.225 - - [11/Jan/2026:05:00:53 +0300] "GET /tbjusw/cum-model.html HTTP/1.0" 200 663 "https://bindcenter.ru/90uym/casual-dining-atlanta.html" "Mozilla/5.0 (Linux; Android 7.0;) AppleWebKit/537.36 (KHTML, like Gecko) Mobile Safari/537.36 (compatible; PetalBot;+https://webmaster.petalsearch.com/site/petalbot)"
172.71.124.224 - - [11/Jan/2026:05:02:16 +0300] "GET /tbjusw/coronation-real-estate.html HTTP/1.0" 200 663 "http://zhangdonglin.chalkart.net.au/aicuus/narrowboat-for-sale-in-usa.html" "Mozilla/5.0 (Linux; Android 7.0;) AppleWebKit/537.36 (KHTML, like Gecko) Mobile Safari/537.36 (compatible; PetalBot;+https://webmaster.petalsearch.com/site/petalbot)"
162.159.113.35 - - [11/Jan/2026:05:02:45 +0300] "GET /.git/config HTTP/1.0" 200 663 "-" "Mozilla/5.0 (Macintosh; Intel Mac OS X 11_7_0) AppleWebKit/605.1.15 (KHTML, like Gecko) Version/16.1 Safari/605.1.15"
198.41.227.22 - - [11/Jan/2026:05:02:54 +0300] "GET /?u=87814254370406 HTTP/1.0" 200 1943 "-" "Mozilla/5.0 (Linux; Android 6.0.1; Nexus 5X Build/MMB29P) AppleWebKit/537.36 (KHTML, like Gecko) Chrome/143.0.7499.169 Mobile Safari/537.36 (compatible; Googlebot/2.1; +http://www.google.com/bot.html)"
172.71.194.153 - - [11/Jan/2026:05:03:38 +0300] "GET /?u=67818145156806 HTTP/1.0" 200 674 "-" "Mozilla/5.0 AppleWebKit/537.36 (KHTML, like Gecko; compatible; bingbot/2.0; +http://www.bing.com/bingbot.htm) Chrome/116.0.1938.76 Safari/537.36"
172.69.176.17 - - [11/Jan/2026:05:03:39 +0300] "GET /tbjusw/citizenship-interview-questions.html HTTP/1.0" 200 663 "https://nezabudkann.ru/hbm57/oregon-chain-for-stihl-ms180.html" "Mozilla/5.0 (Linux; Android 7.0;) AppleWebKit/537.36 (KHTML, like Gecko) Mobile Safari/537.36 (compatible; PetalBot;+https://webmaster.petalsearch.com/site/petalbot)"
104.23.175.9 - - [11/Jan/2026:05:05:05 +0300] "GET /tbjusw/boone-county-dispatch-calls.html HTTP/1.0" 200 663 "https://mnfs.ru/frqxf/how-to-find-out-who-owns-an-instagram-account-free.html" "Mozilla/5.0 (Linux; Android 7.0;) AppleWebKit/537.36 (KHTML, like Gecko) Mobile Safari/537.36 (compatible; PetalBot;+https://webmaster.petalsearch.com/site/petalbot)"
172.68.138.150 - - [11/Jan/2026:05:05:08 +0300] "GET /?u=58120105115202 HTTP/1.0" 200 674 "-" "Mozilla/5.0 AppleWebKit/537.36 (KHTML, like Gecko; compatible; bingbot/2.0; +http://www.bing.com/bingbot.htm) Chrome/116.0.1938.76 Safari/537.36"
172.68.138.150 - - [11/Jan/2026:05:05:26 +0300] "GET /?u=4239198115603 HTTP/1.0" 200 674 "-" "Mozilla/5.0 AppleWebKit/537.36 (KHTML, like Gecko; compatible; bingbot/2.0; +http://www.bing.com/bingbot.htm) Chrome/116.0.1938.76 Safari/537.36"
104.23.209.43 - - [11/Jan/2026:05:05:48 +0300] "GET /?u=25824157598500 HTTP/1.0" 200 674 "-" "Mozilla/5.0 AppleWebKit/537.36 (KHTML, like Gecko; compatible; bingbot/2.0; +http://www.bing.com/bingbot.htm) Chrome/116.0.1938.76 Safari/537.36"
172.71.194.152 - - [11/Jan/2026:05:06:06 +0300] "GET /?u=07127191915206 HTTP/1.0" 200 674 "-" "Mozilla/5.0 AppleWebKit/537.36 (KHTML, like Gecko; compatible; bingbot/2.0; +http://www.bing.com/bingbot.htm) Chrome/116.0.1938.76 Safari/537.36"
172.71.194.152 - - [11/Jan/2026:05:06:07 +0300] "GET /?u=8892756007003 HTTP/1.0" 200 674 "-" "Mozilla/5.0 AppleWebKit/537.36 (KHTML, like Gecko; compatible; bingbot/2.0; +http://www.bing.com/bingbot.htm) Chrome/116.0.1938.76 Safari/537.36"
162.158.108.17 - - [11/Jan/2026:05:06:28 +0300] "GET /tbjusw/1965-mercury-cougar-for-sale.html HTTP/1.0" 200 663 "http://safemsg.portablechemistsconsultant.com/apvom/how-much-do-you-tip-for-ombre-powder-brows.html" "Mozilla/5.0 (Linux; Android 7.0;) AppleWebKit/537.36 (KHTML, like Gecko) Mobile Safari/537.36 (compatible; PetalBot;+https://webmaster.petalsearch.com/site/petalbot)"
172.71.222.62 - - [11/Jan/2026:05:07:26 +0300] "GET /?u=6231962698403 HTTP/1.0" 200 674 "-" "Mozilla/5.0 AppleWebKit/537.36 (KHTML, like Gecko; compatible; bingbot/2.0; +http://www.bing.com/bingbot.htm) Chrome/116.0.1938.76 Safari/537.36"
172.71.222.62 - - [11/Jan/2026:05:07:26 +0300] "GET /?u=44892172901601 HTTP/1.0" 200 674 "-" "Mozilla/5.0 AppleWebKit/537.36 (KHTML, like Gecko; compatible; bingbot/2.0; +http://www.bing.com/bingbot.htm) Chrome/116.0.1938.76 Safari/537.36"
172.71.190.208 - - [11/Jan/2026:05:07:50 +0300] "GET /?u=445227709600 HTTP/1.0" 200 674 "-" "Mozilla/5.0 AppleWebKit/537.36 (KHTML, like Gecko; compatible; bingbot/2.0; +http://www.bing.com/bingbot.htm) Chrome/116.0.1938.76 Safari/537.36"
162.158.107.67 - - [11/Jan/2026:05:07:51 +0300] "GET /jroriq/wire-sag-calculator.html HTTP/1.0" 200 663 "https://opsk24.ru/zh6i/bmc-fax-number.html" "Mozilla/5.0 (Linux; Android 7.0;) AppleWebKit/537.36 (KHTML, like Gecko) Mobile Safari/537.36 (compatible; PetalBot;+https://webmaster.petalsearch.com/site/petalbot)"
172.71.194.153 - - [11/Jan/2026:05:08:37 +0300] "GET /?u=80030229516200 HTTP/1.0" 200 674 "-" "Mozilla/5.0 AppleWebKit/537.36 (KHTML, like Gecko; compatible; bingbot/2.0; +http://www.bing.com/bingbot.htm) Chrome/116.0.1938.76 Safari/537.36"
172.71.190.208 - - [11/Jan/2026:05:08:45 +0300] "GET /?u=0259197007201 HTTP/1.0" 200 674 "-" "Mozilla/5.0 AppleWebKit/537.36 (KHTML, like Gecko; compatible; bingbot/2.0; +http://www.bing.com/bingbot.htm) Chrome/116.0.1938.76 Safari/537.36"
172.71.124.224 - - [11/Jan/2026:05:09:14 +0300] "GET /jroriq/uniswap-v2-contract.html HTTP/1.0" 200 663 "http://piumino.ru/qnms/australia-post-collection-authorisation-form-pdf.html" "Mozilla/5.0 (Linux; Android 7.0;) AppleWebKit/537.36 (KHTML, like Gecko) Mobile Safari/537.36 (compatible; PetalBot;+https://webmaster.petalsearch.com/site/petalbot)"
172.70.188.30 - - [11/Jan/2026:05:10:37 +0300] "GET /jroriq/soi-cowboy-freelancers.html HTTP/1.0" 200 663 "https://promsnab888.ru/jqopcol/flexnet-license-finder-crack-revit-2022.html" "Mozilla/5.0 (Linux; Android 7.0;) AppleWebKit/537.36 (KHTML, like Gecko) Mobile Safari/537.36 (compatible; PetalBot;+https://webmaster.petalsearch.com/site/petalbot)"
162.158.182.203 - - [11/Jan/2026:05:11:00 +0300] "GET /?u=12589104269801 HTTP/1.0" 200 674 "-" "Mozilla/5.0 AppleWebKit/537.36 (KHTML, like Gecko; compatible; bingbot/2.0; +http://www.bing.com/bingbot.htm) Chrome/116.0.1938.76 Safari/537.36"
172.70.35.191 - - [11/Jan/2026:05:11:55 +0300] "GET /?u=84920189438601 HTTP/1.0" 200 674 "-" "Mozilla/5.0 AppleWebKit/537.36 (KHTML, like Gecko; compatible; bingbot/2.0; +http://www.bing.com/bingbot.htm) Chrome/116.0.1938.76 Safari/537.36"
172.70.208.155 - - [11/Jan/2026:05:12:01 +0300] "GET /jroriq/search-ebay-buyer-history.html HTTP/1.0" 200 663 "https://bars-buh.ru/xegq/brush-dc-motor.html" "Mozilla/5.0 (Linux; Android 7.0;) AppleWebKit/537.36 (KHTML, like Gecko) Mobile Safari/537.36 (compatible; PetalBot;+https://webmaster.petalsearch.com/site/petalbot)"
162.159.113.34 - - [11/Jan/2026:05:13:14 +0300] "GET /bitrix/css/main/themes/0x1.php HTTP/1.0" 200 663 "-" "ALittle Client"
104.23.175.8 - - [11/Jan/2026:05:13:25 +0300] "GET /jroriq/machinist-red-seal-exam-questions.html HTTP/1.0" 200 663 "http://russar.gramor.site/qhh4y/dragon-quest-builders-2-clothes.html" "Mozilla/5.0 (Linux; Android 7.0;) AppleWebKit/537.36 (KHTML, like Gecko) Mobile Safari/537.36 (compatible; PetalBot;+https://webmaster.petalsearch.com/site/petalbot)"
172.71.124.225 - - [11/Jan/2026:05:14:49 +0300] "GET /jroriq/kershaw-lucha-kydex-sheath.html HTTP/1.0" 200 663 "http://contacts.smarttouch-eg.com/__MACOSX/occyii/future-meaning-tamil.html" "Mozilla/5.0 (Linux; Android 7.0;) AppleWebKit/537.36 (KHTML, like Gecko) Mobile Safari/537.36 (compatible; PetalBot;+https://webmaster.petalsearch.com/site/petalbot)"
172.70.43.64 - - [11/Jan/2026:05:14:51 +0300] "GET /?u=2106633963607 HTTP/1.0" 200 674 "-" "Mozilla/5.0 AppleWebKit/537.36 (KHTML, like Gecko; compatible; bingbot/2.0; +http://www.bing.com/bingbot.htm) Chrome/116.0.1938.76 Safari/537.36"
172.71.194.153 - - [11/Jan/2026:05:15:57 +0300] "GET /?u=79441122670402 HTTP/1.0" 200 674 "-" "Mozilla/5.0 AppleWebKit/537.36 (KHTML, like Gecko; compatible; bingbot/2.0; +http://www.bing.com/bingbot.htm) Chrome/116.0.1938.76 Safari/537.36"
172.71.82.86 - - [11/Jan/2026:05:16:12 +0300] "GET /jroriq/index-of-cartoons-download.html HTTP/1.0" 200 663 "https://promsnab888.ru/jqopcol/flexnet-license-finder-crack-revit-2022.html" "Mozilla/5.0 (Linux; Android 7.0;) AppleWebKit/537.36 (KHTML, like Gecko) Mobile Safari/537.36 (compatible; PetalBot;+https://webmaster.petalsearch.com/site/petalbot)"
172.70.43.63 - - [11/Jan/2026:05:17:22 +0300] "GET /?u=05010172063000 HTTP/1.0" 200 674 "-" "Mozilla/5.0 AppleWebKit/537.36 (KHTML, like Gecko; compatible; bingbot/2.0; +http://www.bing.com/bingbot.htm) Chrome/116.0.1938.76 Safari/537.36"
172.70.43.63 - - [11/Jan/2026:05:17:23 +0300] "GET /?u=87890252025805 HTTP/1.0" 200 674 "-" "Mozilla/5.0 AppleWebKit/537.36 (KHTML, like Gecko; compatible; bingbot/2.0; +http://www.bing.com/bingbot.htm) Chrome/116.0.1938.76 Safari/537.36"
172.68.164.60 - - [11/Jan/2026:05:17:36 +0300] "GET /jroriq/ikea-white-desk.html HTTP/1.0" 200 663 "http://contacts.smarttouch-eg.com/__MACOSX/occyii/single-sided-swingarm-motorcycles.html" "Mozilla/5.0 (Linux; Android 7.0;) AppleWebKit/537.36 (KHTML, like Gecko) Mobile Safari/537.36 (compatible; PetalBot;+https://webmaster.petalsearch.com/site/petalbot)"
104.23.211.95 - - [11/Jan/2026:05:18:47 +0300] "GET /?u=9990489370401 HTTP/1.0" 200 674 "-" "Mozilla/5.0 AppleWebKit/537.36 (KHTML, like Gecko; compatible; bingbot/2.0; +http://www.bing.com/bingbot.htm) Chrome/116.0.1938.76 Safari/537.36"
172.71.194.152 - - [11/Jan/2026:05:18:52 +0300] "GET /?u=06857247780003 HTTP/1.0" 200 674 "-" "Mozilla/5.0 AppleWebKit/537.36 (KHTML, like Gecko; compatible; bingbot/2.0; +http://www.bing.com/bingbot.htm) Chrome/116.0.1938.76 Safari/537.36"
172.70.93.91 - - [11/Jan/2026:05:18:59 +0300] "GET /jroriq/ikea-komplement-drawer-alternative.html HTTP/1.0" 200 663 "http://bombo.sewingwithshirley.com.au/scumn21/maxim-defense-stock-only.html" "Mozilla/5.0 (Linux; Android 7.0;) AppleWebKit/537.36 (KHTML, like Gecko) Mobile Safari/537.36 (compatible; PetalBot;+https://webmaster.petalsearch.com/site/petalbot)"
172.70.174.16 - - [11/Jan/2026:05:19:41 +0300] "GET /?u=04746218622805 HTTP/1.0" 200 674 "-" "Mozilla/5.0 AppleWebKit/537.36 (KHTML, like Gecko; compatible; bingbot/2.0; +http://www.bing.com/bingbot.htm) Chrome/116.0.1938.76 Safari/537.36"
172.70.174.16 - - [11/Jan/2026:05:19:41 +0300] "GET /?u=04808134369400 HTTP/1.0" 200 674 "-" "Mozilla/5.0 AppleWebKit/537.36 (KHTML, like Gecko; compatible; bingbot/2.0; +http://www.bing.com/bingbot.htm) Chrome/116.0.1938.76 Safari/537.36"
172.70.174.16 - - [11/Jan/2026:05:19:56 +0300] "GET /?u=08772100116002 HTTP/1.0" 200 674 "-" "Mozilla/5.0 AppleWebKit/537.36 (KHTML, like Gecko; compatible; bingbot/2.0; +http://www.bing.com/bingbot.htm) Chrome/116.0.1938.76 Safari/537.36"
172.71.124.224 - - [11/Jan/2026:05:20:23 +0300] "GET /jroriq/ielts-placement-test-online.html HTTP/1.0" 200 663 "https://gpstrade.com.au/stmc/free-offline-bible-download-for-pc.html" "Mozilla/5.0 (Linux; Android 7.0;) AppleWebKit/537.36 (KHTML, like Gecko) Mobile Safari/537.36 (compatible; PetalBot;+https://webmaster.petalsearch.com/site/petalbot)"
172.71.194.254 - - [11/Jan/2026:05:21:04 +0300] "GET /robots.txt HTTP/1.1" 404 576 "-" "Mozilla/5.0 AppleWebKit/537.36 (KHTML, like Gecko; compatible; bingbot/2.0; +http://www.bing.com/bingbot.htm) Chrome/116.0.1938.76 Safari/537.36"
172.71.222.63 - - [11/Jan/2026:05:21:08 +0300] "GET /?u=91088293768802 HTTP/1.0" 200 674 "-" "Mozilla/5.0 AppleWebKit/537.36 (KHTML, like Gecko; compatible; bingbot/2.0; +http://www.bing.com/bingbot.htm) Chrome/116.0.1938.76 Safari/537.36"
172.71.124.225 - - [11/Jan/2026:05:21:47 +0300] "GET /jroriq/how-to-turn-off-dolby-digital-on-sony-bravia.html HTTP/1.0" 200 663 "http://internettvbilling.com/ajkfvivd/should-i-text-my-crush-everyday.html" "Mozilla/5.0 (Linux; Android 7.0;) AppleWebKit/537.36 (KHTML, like Gecko) Mobile Safari/537.36 (compatible; PetalBot;+https://webmaster.petalsearch.com/site/petalbot)"
172.70.135.189 - - [11/Jan/2026:05:21:57 +0300] "GET /?u=09069239816801 HTTP/1.0" 200 674 "-" "Mozilla/5.0 AppleWebKit/537.36 (KHTML, like Gecko; compatible; bingbot/2.0; +http://www.bing.com/bingbot.htm) Chrome/116.0.1938.76 Safari/537.36"
172.70.135.189 - - [11/Jan/2026:05:22:01 +0300] "GET /?u=21181252369601 HTTP/1.0" 200 674 "-" "Mozilla/5.0 AppleWebKit/537.36 (KHTML, like Gecko; compatible; bingbot/2.0; +http://www.bing.com/bingbot.htm) Chrome/116.0.1938.76 Safari/537.36"
172.70.135.189 - - [11/Jan/2026:05:22:02 +0300] "GET /?u=055817347402 HTTP/1.0" 200 674 "-" "Mozilla/5.0 AppleWebKit/537.36 (KHTML, like Gecko; compatible; bingbot/2.0; +http://www.bing.com/bingbot.htm) Chrome/116.0.1938.76 Safari/537.36"
172.70.135.189 - - [11/Jan/2026:05:22:08 +0300] "GET /?u=01144178514405 HTTP/1.0" 200 674 "-" "Mozilla/5.0 AppleWebKit/537.36 (KHTML, like Gecko; compatible; bingbot/2.0; +http://www.bing.com/bingbot.htm) Chrome/116.0.1938.76 Safari/537.36"
104.23.211.94 - - [11/Jan/2026:05:22:57 +0300] "GET /?u=8729829301307 HTTP/1.0" 200 674 "-" "Mozilla/5.0 AppleWebKit/537.36 (KHTML, like Gecko; compatible; bingbot/2.0; +http://www.bing.com/bingbot.htm) Chrome/116.0.1938.76 Safari/537.36"
108.162.226.151 - - [11/Jan/2026:05:23:10 +0300] "GET /jroriq/how-to-plot-magnitude-and-phase-of-fourier-transform.html HTTP/1.0" 200 663 "https://teplook.ru/2t4jwxq/asus-zenbook-ux433f-screen-replacement.html" "Mozilla/5.0 (Linux; Android 7.0;) AppleWebKit/537.36 (KHTML, like Gecko) Mobile Safari/537.36 (compatible; PetalBot;+https://webmaster.petalsearch.com/site/petalbot)"
104.23.209.43 - - [11/Jan/2026:05:23:17 +0300] "GET /?u=27798264312806 HTTP/1.0" 200 674 "-" "Mozilla/5.0 AppleWebKit/537.36 (KHTML, like Gecko; compatible; bingbot/2.0; +http://www.bing.com/bingbot.htm) Chrome/116.0.1938.76 Safari/537.36"
104.23.213.187 - - [11/Jan/2026:05:24:08 +0300] "GET /?u=40814170276402 HTTP/1.0" 200 674 "-" "Mozilla/5.0 AppleWebKit/537.36 (KHTML, like Gecko; compatible; bingbot/2.0; +http://www.bing.com/bingbot.htm) Chrome/116.0.1938.76 Safari/537.36"
104.23.213.187 - - [11/Jan/2026:05:24:10 +0300] "GET /?u=9630913476007 HTTP/1.0" 200 674 "-" "Mozilla/5.0 AppleWebKit/537.36 (KHTML, like Gecko; compatible; bingbot/2.0; +http://www.bing.com/bingbot.htm) Chrome/116.0.1938.76 Safari/537.36"
172.70.35.191 - - [11/Jan/2026:05:24:12 +0300] "GET /?u=01798116660402 HTTP/1.0" 200 674 "-" "Mozilla/5.0 AppleWebKit/537.36 (KHTML, like Gecko; compatible; bingbot/2.0; +http://www.bing.com/bingbot.htm) Chrome/116.0.1938.76 Safari/537.36"
172.68.138.151 - - [11/Jan/2026:05:24:26 +0300] "GET /?u=9469143302902 HTTP/1.0" 200 674 "-" "Mozilla/5.0 AppleWebKit/537.36 (KHTML, like Gecko; compatible; bingbot/2.0; +http://www.bing.com/bingbot.htm) Chrome/116.0.1938.76 Safari/537.36"
172.68.164.61 - - [11/Jan/2026:05:24:35 +0300] "GET /jroriq/how-to-get-the-iron-man-skin-in-fortnite-for-free.html HTTP/1.0" 200 663 "http://onlinematters.com.au/bftqiwfv/fun-random-name-picker-race.html" "Mozilla/5.0 (Linux; Android 7.0;) AppleWebKit/537.36 (KHTML, like Gecko) Mobile Safari/537.36 (compatible; PetalBot;+https://webmaster.petalsearch.com/site/petalbot)"
172.68.138.151 - - [11/Jan/2026:05:24:35 +0300] "GET /?u=72248139805000 HTTP/1.0" 200 674 "-" "Mozilla/5.0 AppleWebKit/537.36 (KHTML, like Gecko; compatible; bingbot/2.0; +http://www.bing.com/bingbot.htm) Chrome/116.0.1938.76 Safari/537.36"
172.70.135.189 - - [11/Jan/2026:05:25:18 +0300] "GET /?u=09279124885600 HTTP/1.0" 200 674 "-" "Mozilla/5.0 AppleWebKit/537.36 (KHTML, like Gecko; compatible; bingbot/2.0; +http://www.bing.com/bingbot.htm) Chrome/116.0.1938.76 Safari/537.36"
162.158.107.67 - - [11/Jan/2026:05:25:58 +0300] "GET /jroriq/how-to-crop-image-in-matlab.html HTTP/1.0" 200 663 "http://fmcg.navicongroup.ru/q5tfd6l/10-hp-air-compressor.html" "Mozilla/5.0 (Linux; Android 7.0;) AppleWebKit/537.36 (KHTML, like Gecko) Mobile Safari/537.36 (compatible; PetalBot;+https://webmaster.petalsearch.com/site/petalbot)"
172.70.43.63 - - [11/Jan/2026:05:26:10 +0300] "GET /?u=02540260548800 HTTP/1.0" 200 674 "-" "Mozilla/5.0 AppleWebKit/537.36 (KHTML, like Gecko; compatible; bingbot/2.0; +http://www.bing.com/bingbot.htm) Chrome/116.0.1938.76 Safari/537.36"
172.70.43.63 - - [11/Jan/2026:05:26:11 +0300] "GET /?u=4492722895400 HTTP/1.0" 200 674 "-" "Mozilla/5.0 AppleWebKit/537.36 (KHTML, like Gecko; compatible; bingbot/2.0; +http://www.bing.com/bingbot.htm) Chrome/116.0.1938.76 Safari/537.36"
172.70.208.154 - - [11/Jan/2026:05:27:24 +0300] "GET /tbjusw/yugo-m92-parts-kit.html HTTP/1.0" 200 663 "https://sport74.ru/3pio7ly/content-index-state-unknown.html" "Mozilla/5.0 (Linux; Android 7.0;) AppleWebKit/537.36 (KHTML, like Gecko) Mobile Safari/537.36 (compatible; PetalBot;+https://webmaster.petalsearch.com/site/petalbot)"
172.68.164.60 - - [11/Jan/2026:05:28:45 +0300] "GET /tbjusw/vue-build-production-command.html HTTP/1.0" 200 663 "https://masterplus31.ru/hwraty/how-to-store-api-data-in-database.html" "Mozilla/5.0 (Linux; Android 7.0;) AppleWebKit/537.36 (KHTML, like Gecko) Mobile Safari/537.36 (compatible; PetalBot;+https://webmaster.petalsearch.com/site/petalbot)"
172.70.174.16 - - [11/Jan/2026:05:29:38 +0300] "GET /?u=01842233871608 HTTP/1.0" 200 674 "-" "Mozilla/5.0 AppleWebKit/537.36 (KHTML, like Gecko; compatible; bingbot/2.0; +http://www.bing.com/bingbot.htm) Chrome/116.0.1938.76 Safari/537.36"
104.23.211.95 - - [11/Jan/2026:05:29:59 +0300] "GET /?u=87273204675406 HTTP/1.0" 200 674 "-" "Mozilla/5.0 AppleWebKit/537.36 (KHTML, like Gecko; compatible; bingbot/2.0; +http://www.bing.com/bingbot.htm) Chrome/116.0.1938.76 Safari/537.36"
172.70.142.85 - - [11/Jan/2026:05:30:11 +0300] "GET /tbjusw/realme-2-pro-unlock-tool.html HTTP/1.0" 200 663 "http://www.irbio.ru/2pivqa/best-grinder-for-delonghi-dedica.html" "Mozilla/5.0 (Linux; Android 7.0;) AppleWebKit/537.36 (KHTML, like Gecko) Mobile Safari/537.36 (compatible; PetalBot;+https://webmaster.petalsearch.com/site/petalbot)"
172.68.245.75 - - [11/Jan/2026:05:30:19 +0300] "GET /?u=38671299258401 HTTP/1.0" 200 674 "-" "Mozilla/5.0 AppleWebKit/537.36 (KHTML, like Gecko; compatible; bingbot/2.0; +http://www.bing.com/bingbot.htm) Chrome/116.0.1938.76 Safari/537.36"
104.23.209.43 - - [11/Jan/2026:05:30:23 +0300] "GET /?u=8841923694000 HTTP/1.0" 200 674 "-" "Mozilla/5.0 AppleWebKit/537.36 (KHTML, like Gecko; compatible; bingbot/2.0; +http://www.bing.com/bingbot.htm) Chrome/116.0.1938.76 Safari/537.36"
172.70.43.63 - - [11/Jan/2026:05:30:58 +0300] "GET /?u=18850239376004 HTTP/1.0" 200 674 "-" "Mozilla/5.0 AppleWebKit/537.36 (KHTML, like Gecko; compatible; bingbot/2.0; +http://www.bing.com/bingbot.htm) Chrome/116.0.1938.76 Safari/537.36"
172.70.43.63 - - [11/Jan/2026:05:31:01 +0300] "GET /?u=981893306000 HTTP/1.0" 200 674 "-" "Mozilla/5.0 AppleWebKit/537.36 (KHTML, like Gecko; compatible; bingbot/2.0; +http://www.bing.com/bingbot.htm) Chrome/116.0.1938.76 Safari/537.36"
162.158.107.68 - - [11/Jan/2026:05:31:32 +0300] "GET /tbjusw/police-seized-car-auction.html HTTP/1.0" 200 663 "http://medaks72.ru/b8uwai/earn-and-donate-codes.html" "Mozilla/5.0 (Linux; Android 7.0;) AppleWebKit/537.36 (KHTML, like Gecko) Mobile Safari/537.36 (compatible; PetalBot;+https://webmaster.petalsearch.com/site/petalbot)"
172.70.43.63 - - [11/Jan/2026:05:31:32 +0300] "GET /?u=95282286207207 HTTP/1.0" 200 674 "-" "Mozilla/5.0 AppleWebKit/537.36 (KHTML, like Gecko; compatible; bingbot/2.0; +http://www.bing.com/bingbot.htm) Chrome/116.0.1938.76 Safari/537.36"
172.70.35.191 - - [11/Jan/2026:05:32:08 +0300] "GET /?u=81450203548602 HTTP/1.0" 200 674 "-" "Mozilla/5.0 AppleWebKit/537.36 (KHTML, like Gecko; compatible; bingbot/2.0; +http://www.bing.com/bingbot.htm) Chrome/116.0.1938.76 Safari/537.36"
172.71.124.224 - - [11/Jan/2026:05:32:56 +0300] "GET /tbjusw/play-sound-module.html HTTP/1.0" 200 663 "https://nezabudkann.ru/hbm57/oregon-chain-for-stihl-ms180.html" "Mozilla/5.0 (Linux; Android 7.0;) AppleWebKit/537.36 (KHTML, like Gecko) Mobile Safari/537.36 (compatible; PetalBot;+https://webmaster.petalsearch.com/site/petalbot)"
172.71.194.152 - - [11/Jan/2026:05:33:07 +0300] "GET /?u=81213225115602 HTTP/1.0" 200 674 "-" "Mozilla/5.0 AppleWebKit/537.36 (KHTML, like Gecko; compatible; bingbot/2.0; +http://www.bing.com/bingbot.htm) Chrome/116.0.1938.76 Safari/537.36"
172.70.174.17 - - [11/Jan/2026:05:33:18 +0300] "GET /?u=7851431893600 HTTP/1.0" 200 674 "-" "Mozilla/5.0 AppleWebKit/537.36 (KHTML, like Gecko; compatible; bingbot/2.0; +http://www.bing.com/bingbot.htm) Chrome/116.0.1938.76 Safari/537.36"
172.68.138.151 - - [11/Jan/2026:05:33:22 +0300] "GET /?u=52790102176800 HTTP/1.0" 200 674 "-" "Mozilla/5.0 AppleWebKit/537.36 (KHTML, like Gecko; compatible; bingbot/2.0; +http://www.bing.com/bingbot.htm) Chrome/116.0.1938.76 Safari/537.36"
172.68.138.151 - - [11/Jan/2026:05:33:40 +0300] "GET /?u=2418089103204 HTTP/1.0" 200 674 "-" "Mozilla/5.0 AppleWebKit/537.36 (KHTML, like Gecko; compatible; bingbot/2.0; +http://www.bing.com/bingbot.htm) Chrome/116.0.1938.76 Safari/537.36"
162.158.162.139 - - [11/Jan/2026:05:34:20 +0300] "GET /tbjusw/how-far-back-do-background-checks-go-in-illinois.html HTTP/1.0" 200 663 "http://fmcg.navicongroup.ru/zm9iil/wbbty-meaning-pi-phi.html" "Mozilla/5.0 (Linux; Android 7.0;) AppleWebKit/537.36 (KHTML, like Gecko) Mobile Safari/537.36 (compatible; PetalBot;+https://webmaster.petalsearch.com/site/petalbot)"
172.71.222.63 - - [11/Jan/2026:05:34:31 +0300] "GET /?u=03881295769809 HTTP/1.0" 200 674 "-" "Mozilla/5.0 AppleWebKit/537.36 (KHTML, like Gecko; compatible; bingbot/2.0; +http://www.bing.com/bingbot.htm) Chrome/116.0.1938.76 Safari/537.36"
162.158.108.17 - - [11/Jan/2026:05:35:43 +0300] "GET /tbjusw/how-did-they-film-titanic-water-scene.html HTTP/1.0" 200 663 "https://yk-dmitrovskaya.ru/maxu/home-assistant-ac86u.html" "Mozilla/5.0 (Linux; Android 7.0;) AppleWebKit/537.36 (KHTML, like Gecko) Mobile Safari/537.36 (compatible; PetalBot;+https://webmaster.petalsearch.com/site/petalbot)"
172.68.138.150 - - [11/Jan/2026:05:36:30 +0300] "GET /?u=6036467009203 HTTP/1.0" 200 674 "-" "Mozilla/5.0 AppleWebKit/537.36 (KHTML, like Gecko; compatible; bingbot/2.0; +http://www.bing.com/bingbot.htm) Chrome/116.0.1938.76 Safari/537.36"
172.71.124.224 - - [11/Jan/2026:05:37:07 +0300] "GET /tbjusw/glock-17-gen-5-release.html HTTP/1.0" 200 663 "https://optimsale.ru/gmcfr5/how-to-ask-your-crush-to-be-your-boyfriend-over-text.html" "Mozilla/5.0 (Linux; Android 7.0;) AppleWebKit/537.36 (KHTML, like Gecko) Mobile Safari/537.36 (compatible; PetalBot;+https://webmaster.petalsearch.com/site/petalbot)"
172.68.245.74 - - [11/Jan/2026:05:37:27 +0300] "GET /?u=5089630319803 HTTP/1.0" 200 674 "-" "Mozilla/5.0 AppleWebKit/537.36 (KHTML, like Gecko; compatible; bingbot/2.0; +http://www.bing.com/bingbot.htm) Chrome/116.0.1938.76 Safari/537.36"
172.68.245.74 - - [11/Jan/2026:05:37:39 +0300] "GET /?u=0888474864402 HTTP/1.0" 200 674 "-" "Mozilla/5.0 AppleWebKit/537.36 (KHTML, like Gecko; compatible; bingbot/2.0; +http://www.bing.com/bingbot.htm) Chrome/116.0.1938.76 Safari/537.36"
172.70.174.16 - - [11/Jan/2026:05:37:43 +0300] "GET /?u=5040741560600 HTTP/1.0" 200 674 "-" "Mozilla/5.0 AppleWebKit/537.36 (KHTML, like Gecko; compatible; bingbot/2.0; +http://www.bing.com/bingbot.htm) Chrome/116.0.1938.76 Safari/537.36"
172.69.176.16 - - [11/Jan/2026:05:38:30 +0300] "GET /tbjusw/dealership-page-on-facebook.html HTTP/1.0" 200 663 "http://dmsedes.ru/0il0jwz5/fake-friends-rap-lyrics.html" "Mozilla/5.0 (Linux; Android 7.0;) AppleWebKit/537.36 (KHTML, like Gecko) Mobile Safari/537.36 (compatible; PetalBot;+https://webmaster.petalsearch.com/site/petalbot)"
172.70.174.16 - - [11/Jan/2026:05:38:39 +0300] "GET /?u=79259213965401 HTTP/1.0" 200 674 "-" "Mozilla/5.0 AppleWebKit/537.36 (KHTML, like Gecko; compatible; bingbot/2.0; +http://www.bing.com/bingbot.htm) Chrome/116.0.1938.76 Safari/537.36"
172.68.138.151 - - [11/Jan/2026:05:38:58 +0300] "GET /?u=06571287059610 HTTP/1.0" 200 674 "-" "Mozilla/5.0 AppleWebKit/537.36 (KHTML, like Gecko; compatible; bingbot/2.0; +http://www.bing.com/bingbot.htm) Chrome/116.0.1938.76 Safari/537.36"
172.69.176.16 - - [11/Jan/2026:05:39:54 +0300] "GET /tbjusw/coulomb-scattering-pdf.html HTTP/1.0" 200 663 "http://zhangdonglin.chalkart.net.au/aicuus/narrowboat-for-sale-in-usa.html" "Mozilla/5.0 (Linux; Android 7.0;) AppleWebKit/537.36 (KHTML, like Gecko) Mobile Safari/537.36 (compatible; PetalBot;+https://webmaster.petalsearch.com/site/petalbot)"
172.68.138.151 - - [11/Jan/2026:05:39:58 +0300] "GET /?u=091005276804 HTTP/1.0" 200 674 "-" "Mozilla/5.0 AppleWebKit/537.36 (KHTML, like Gecko; compatible; bingbot/2.0; +http://www.bing.com/bingbot.htm) Chrome/116.0.1938.76 Safari/537.36"
172.70.174.17 - - [11/Jan/2026:05:40:49 +0300] "GET /?u=3815611609406 HTTP/1.0" 200 674 "-" "Mozilla/5.0 AppleWebKit/537.36 (KHTML, like Gecko; compatible; bingbot/2.0; +http://www.bing.com/bingbot.htm) Chrome/116.0.1938.76 Safari/537.36"
172.70.174.17 - - [11/Jan/2026:05:40:49 +0300] "GET /?u=05038271080600 HTTP/1.0" 200 674 "-" "Mozilla/5.0 AppleWebKit/537.36 (KHTML, like Gecko; compatible; bingbot/2.0; +http://www.bing.com/bingbot.htm) Chrome/116.0.1938.76 Safari/537.36"
172.68.138.151 - - [11/Jan/2026:05:40:57 +0300] "GET /?u=90207199559005 HTTP/1.0" 200 674 "-" "Mozilla/5.0 AppleWebKit/537.36 (KHTML, like Gecko; compatible; bingbot/2.0; +http://www.bing.com/bingbot.htm) Chrome/116.0.1938.76 Safari/537.36"
104.23.211.95 - - [11/Jan/2026:05:41:03 +0300] "GET /?u=17228291272000 HTTP/1.0" 200 674 "-" "Mozilla/5.0 AppleWebKit/537.36 (KHTML, like Gecko; compatible; bingbot/2.0; +http://www.bing.com/bingbot.htm) Chrome/116.0.1938.76 Safari/537.36"
162.158.108.16 - - [11/Jan/2026:05:41:18 +0300] "GET /tbjusw/clutch-pedal-not-returning-sometimes.html HTTP/1.0" 200 663 "https://batnik-tex.ru/b5rfr2/auto-reply-bot-discord.html" "Mozilla/5.0 (Linux; Android 7.0;) AppleWebKit/537.36 (KHTML, like Gecko) Mobile Safari/537.36 (compatible; PetalBot;+https://webmaster.petalsearch.com/site/petalbot)"
104.23.213.186 - - [11/Jan/2026:05:41:28 +0300] "GET /?u=44743224122401 HTTP/1.0" 200 674 "-" "Mozilla/5.0 AppleWebKit/537.36 (KHTML, like Gecko; compatible; bingbot/2.0; +http://www.bing.com/bingbot.htm) Chrome/116.0.1938.76 Safari/537.36"
172.71.222.62 - - [11/Jan/2026:05:41:32 +0300] "GET /?u=0589184113600 HTTP/1.0" 200 674 "-" "Mozilla/5.0 AppleWebKit/537.36 (KHTML, like Gecko; compatible; bingbot/2.0; +http://www.bing.com/bingbot.htm) Chrome/116.0.1938.76 Safari/537.36"
172.70.135.190 - - [11/Jan/2026:05:42:00 +0300] "GET /?u=05139175926610 HTTP/1.0" 200 674 "-" "Mozilla/5.0 AppleWebKit/537.36 (KHTML, like Gecko; compatible; bingbot/2.0; +http://www.bing.com/bingbot.htm) Chrome/116.0.1938.76 Safari/537.36"
172.71.124.224 - - [11/Jan/2026:05:42:42 +0300] "GET /jroriq/wgu-financial-services-contact.html HTTP/1.0" 200 663 "https://gustofood.ru/8eib2av/accounting-jobs-no-degree.html" "Mozilla/5.0 (Linux; Android 7.0;) AppleWebKit/537.36 (KHTML, like Gecko) Mobile Safari/537.36 (compatible; PetalBot;+https://webmaster.petalsearch.com/site/petalbot)"
172.71.194.152 - - [11/Jan/2026:05:43:29 +0300] "GET /?u=9130530181605 HTTP/1.0" 200 674 "-" "Mozilla/5.0 AppleWebKit/537.36 (KHTML, like Gecko; compatible; bingbot/2.0; +http://www.bing.com/bingbot.htm) Chrome/116.0.1938.76 Safari/537.36"
172.71.194.152 - - [11/Jan/2026:05:43:40 +0300] "GET /?u=88180122381001 HTTP/1.0" 200 674 "-" "Mozilla/5.0 AppleWebKit/537.36 (KHTML, like Gecko; compatible; bingbot/2.0; +http://www.bing.com/bingbot.htm) Chrome/116.0.1938.76 Safari/537.36"
172.70.142.84 - - [11/Jan/2026:05:44:06 +0300] "GET /jroriq/vw-golf-acceleration-problems.html HTTP/1.0" 200 663 "http://aplosai.com/phpmailnew/joxle/how-to-treat-sulfa-allergy.html" "Mozilla/5.0 (Linux; Android 7.0;) AppleWebKit/537.36 (KHTML, like Gecko) Mobile Safari/537.36 (compatible; PetalBot;+https://webmaster.petalsearch.com/site/petalbot)"
172.70.43.64 - - [11/Jan/2026:05:45:03 +0300] "GET /?u=90017245715600 HTTP/1.0" 200 674 "-" "Mozilla/5.0 AppleWebKit/537.36 (KHTML, like Gecko; compatible; bingbot/2.0; +http://www.bing.com/bingbot.htm) Chrome/116.0.1938.76 Safari/537.36"
172.71.124.225 - - [11/Jan/2026:05:45:29 +0300] "GET /jroriq/volvo-xc60-tcam-issue.html HTTP/1.0" 200 663 "http://mycommbank.com.au.activity.unusual.checkaccount.acount.resetting.commbank.account.loginauth.aspx.mindmatterspsychology.com.au/frav/spa-packages-charlotte-nc.html" "Mozilla/5.0 (Linux; Android 7.0;) AppleWebKit/537.36 (KHTML, like Gecko) Mobile Safari/537.36 (compatible; PetalBot;+https://webmaster.petalsearch.com/site/petalbot)"
162.158.79.103 - - [11/Jan/2026:05:46:42 +0300] "GET /?u=9470240308501 HTTP/1.0" 200 674 "-" "Mozilla/5.0 AppleWebKit/537.36 (KHTML, like Gecko; compatible; bingbot/2.0; +http://www.bing.com/bingbot.htm) Chrome/116.0.1938.76 Safari/537.36"
172.71.82.86 - - [11/Jan/2026:05:46:53 +0300] "GET /jroriq/transformational-leadership-ppt-free-download.html HTTP/1.0" 200 663 "http://moroz-pohoron.ru/ss2vyawv/vietnam-war-surplus.html" "Mozilla/5.0 (Linux; Android 7.0;) AppleWebKit/537.36 (KHTML, like Gecko) Mobile Safari/537.36 (compatible; PetalBot;+https://webmaster.petalsearch.com/site/petalbot)"
162.158.79.103 - - [11/Jan/2026:05:47:21 +0300] "GET /?u=88129142423200 HTTP/1.0" 200 674 "-" "Mozilla/5.0 AppleWebKit/537.36 (KHTML, like Gecko; compatible; bingbot/2.0; +http://www.bing.com/bingbot.htm) Chrome/116.0.1938.76 Safari/537.36"
172.70.35.191 - - [11/Jan/2026:05:47:28 +0300] "GET /?u=6402751408400 HTTP/1.0" 200 674 "-" "Mozilla/5.0 AppleWebKit/537.36 (KHTML, like Gecko; compatible; bingbot/2.0; +http://www.bing.com/bingbot.htm) Chrome/116.0.1938.76 Safari/537.36"
172.70.43.64 - - [11/Jan/2026:05:47:32 +0300] "GET /?u=0979130989202 HTTP/1.0" 200 674 "-" "Mozilla/5.0 AppleWebKit/537.36 (KHTML, like Gecko; compatible; bingbot/2.0; +http://www.bing.com/bingbot.htm) Chrome/116.0.1938.76 Safari/537.36"
