172.71.190.208 - - [11/Jan/2026:05:47:33 +0300] "GET /?u=09891191002400 HTTP/1.0" 200 674 "-" "Mozilla/5.0 AppleWebKit/537.36 (KHTML, like Gecko; compatible; bingbot/2.0; +http://www.bing.com/bingbot.htm) Chrome/116.0.1938.76 Safari/537.36"
172.71.190.208 - - [11/Jan/2026:05:47:41 +0300] "GET /?u=72898161814402 HTTP/1.0" 200 674 "-" "Mozilla/5.0 AppleWebKit/537.36 (KHTML, like Gecko; compatible; bingbot/2.0; +http://www.bing.com/bingbot.htm) Chrome/116.0.1938.76 Safari/537.36"
104.23.209.43 - - [11/Jan/2026:05:48:09 +0300] "GET /?u=730517231602 HTTP/1.0" 200 674 "-" "Mozilla/5.0 AppleWebKit/537.36 (KHTML, like Gecko; compatible; bingbot/2.0; +http://www.bing.com/bingbot.htm) Chrome/116.0.1938.76 Safari/537.36"
162.158.108.17 - - [11/Jan/2026:05:48:17 +0300] "GET /jroriq/the-wellington-countryside-properties.html HTTP/1.0" 200 663 "http://any.hongstkd.com.au/etygw/whitening-products-for-face.html" "Mozilla/5.0 (Linux; Android 7.0;) AppleWebKit/537.36 (KHTML, like Gecko) Mobile Safari/537.36 (compatible; PetalBot;+https://webmaster.petalsearch.com/site/petalbot)"
172.70.35.191 - - [11/Jan/2026:05:48:32 +0300] "GET /?u=66205201757001 HTTP/1.0" 200 674 "-" "Mozilla/5.0 AppleWebKit/537.36 (KHTML, like Gecko; compatible; bingbot/2.0; +http://www.bing.com/bingbot.htm) Chrome/116.0.1938.76 Safari/537.36"
172.68.164.60 - - [11/Jan/2026:05:49:39 +0300] "GET /jroriq/target-overnight-jobs.html HTTP/1.0" 200 663 "http://fmcg.navicongroup.ru/q5tfd6l/10-hp-air-compressor.html" "Mozilla/5.0 (Linux; Android 7.0;) AppleWebKit/537.36 (KHTML, like Gecko) Mobile Safari/537.36 (compatible; PetalBot;+https://webmaster.petalsearch.com/site/petalbot)"
172.70.135.189 - - [11/Jan/2026:05:50:39 +0300] "GET /?u=06071289065004 HTTP/1.0" 200 674 "-" "Mozilla/5.0 AppleWebKit/537.36 (KHTML, like Gecko; compatible; bingbot/2.0; +http://www.bing.com/bingbot.htm) Chrome/116.0.1938.76 Safari/537.36"
172.68.245.75 - - [11/Jan/2026:05:50:49 +0300] "GET /?u=04771234273406 HTTP/1.0" 200 674 "-" "Mozilla/5.0 AppleWebKit/537.36 (KHTML, like Gecko; compatible; bingbot/2.0; +http://www.bing.com/bingbot.htm) Chrome/116.0.1938.76 Safari/537.36"
172.70.43.64 - - [11/Jan/2026:05:51:03 +0300] "GET /?u=2187188993800 HTTP/1.0" 200 674 "-" "Mozilla/5.0 AppleWebKit/537.36 (KHTML, like Gecko; compatible; bingbot/2.0; +http://www.bing.com/bingbot.htm) Chrome/116.0.1938.76 Safari/537.36"
172.69.176.16 - - [11/Jan/2026:05:51:03 +0300] "GET /jroriq/taney-county-inmate-roster.html HTTP/1.0" 200 663 "https://opsk24.ru/zh6i/rtx-4070-ti-price.html" "Mozilla/5.0 (Linux; Android 7.0;) AppleWebKit/537.36 (KHTML, like Gecko) Mobile Safari/537.36 (compatible; PetalBot;+https://webmaster.petalsearch.com/site/petalbot)"
172.68.138.151 - - [11/Jan/2026:05:51:08 +0300] "GET /?u=76189153860801 HTTP/1.0" 200 674 "-" "Mozilla/5.0 AppleWebKit/537.36 (KHTML, like Gecko; compatible; bingbot/2.0; +http://www.bing.com/bingbot.htm) Chrome/116.0.1938.76 Safari/537.36"
172.71.194.152 - - [11/Jan/2026:05:51:51 +0300] "GET /?u=6911337353209 HTTP/1.0" 200 674 "-" "Mozilla/5.0 AppleWebKit/537.36 (KHTML, like Gecko; compatible; bingbot/2.0; +http://www.bing.com/bingbot.htm) Chrome/116.0.1938.76 Safari/537.36"
172.71.194.152 - - [11/Jan/2026:05:52:28 +0300] "GET /?u=07790186300003 HTTP/1.0" 200 674 "-" "Mozilla/5.0 AppleWebKit/537.36 (KHTML, like Gecko; compatible; bingbot/2.0; +http://www.bing.com/bingbot.htm) Chrome/116.0.1938.76 Safari/537.36"
172.71.82.87 - - [11/Jan/2026:05:52:29 +0300] "GET /jroriq/social-media-portfolio-website-examples.html HTTP/1.0" 200 663 "https://atomcult.ru/oj0za/dd15-oil-pump-problems.html" "Mozilla/5.0 (Linux; Android 7.0;) AppleWebKit/537.36 (KHTML, like Gecko) Mobile Safari/537.36 (compatible; PetalBot;+https://webmaster.petalsearch.com/site/petalbot)"
104.23.229.102 - - [11/Jan/2026:05:52:40 +0300] "GET /robots.txt HTTP/1.1" 404 173 "-" "Mozilla/5.0 (compatible; AhrefsBot/7.0; +http://ahrefs.com/robot/)"
141.101.98.216 - - [11/Jan/2026:05:52:50 +0300] "GET / HTTP/1.0" 200 663 "-" "Mozilla/5.0 (compatible; AhrefsBot/7.0; +http://ahrefs.com/robot/)"
104.23.209.43 - - [11/Jan/2026:05:53:41 +0300] "GET /?u=69259112702600 HTTP/1.0" 200 674 "-" "Mozilla/5.0 AppleWebKit/537.36 (KHTML, like Gecko; compatible; bingbot/2.0; +http://www.bing.com/bingbot.htm) Chrome/116.0.1938.76 Safari/537.36"
172.71.124.225 - - [11/Jan/2026:05:53:50 +0300] "GET /jroriq/reply-to-condolence-message-in-islam.html HTTP/1.0" 200 663 "https://promsnab888.ru/jqopcol/flexnet-license-finder-crack-revit-2022.html" "Mozilla/5.0 (Linux; Android 7.0;) AppleWebKit/537.36 (KHTML, like Gecko) Mobile Safari/537.36 (compatible; PetalBot;+https://webmaster.petalsearch.com/site/petalbot)"
172.71.222.63 - - [11/Jan/2026:05:55:01 +0300] "GET /?u=10509256885601 HTTP/1.0" 200 674 "-" "Mozilla/5.0 AppleWebKit/537.36 (KHTML, like Gecko; compatible; bingbot/2.0; +http://www.bing.com/bingbot.htm) Chrome/116.0.1938.76 Safari/537.36"
162.158.108.16 - - [11/Jan/2026:05:55:13 +0300] "GET /jroriq/petta-tamil-movie-full.html HTTP/1.0" 200 663 "https://grossoil.ru/9cz9mdbt/candle-supply-with-free-shipping.html" "Mozilla/5.0 (Linux; Android 7.0;) AppleWebKit/537.36 (KHTML, like Gecko) Mobile Safari/537.36 (compatible; PetalBot;+https://webmaster.petalsearch.com/site/petalbot)"
172.71.190.209 - - [11/Jan/2026:05:55:29 +0300] "GET /?u=7083270221001 HTTP/1.0" 200 674 "-" "Mozilla/5.0 AppleWebKit/537.36 (KHTML, like Gecko; compatible; bingbot/2.0; +http://www.bing.com/bingbot.htm) Chrome/116.0.1938.76 Safari/537.36"
172.68.138.150 - - [11/Jan/2026:05:56:18 +0300] "GET /?u=96759270308600 HTTP/1.0" 200 674 "-" "Mozilla/5.0 AppleWebKit/537.36 (KHTML, like Gecko; compatible; bingbot/2.0; +http://www.bing.com/bingbot.htm) Chrome/116.0.1938.76 Safari/537.36"
172.71.194.152 - - [11/Jan/2026:05:56:22 +0300] "GET /?u=23808243396002 HTTP/1.0" 200 674 "-" "Mozilla/5.0 AppleWebKit/537.36 (KHTML, like Gecko; compatible; bingbot/2.0; +http://www.bing.com/bingbot.htm) Chrome/116.0.1938.76 Safari/537.36"
172.71.194.152 - - [11/Jan/2026:05:56:23 +0300] "GET /?u=0834148311400 HTTP/1.0" 200 674 "-" "Mozilla/5.0 AppleWebKit/537.36 (KHTML, like Gecko; compatible; bingbot/2.0; +http://www.bing.com/bingbot.htm) Chrome/116.0.1938.76 Safari/537.36"
172.70.208.154 - - [11/Jan/2026:05:56:38 +0300] "GET /jroriq/orangetheory-class-cancellation-policy-2022.html HTTP/1.0" 200 663 "http://test.jdmprint.com.au/8pukz/when-do-sfsu-decisions-come-out-reddit.html" "Mozilla/5.0 (Linux; Android 7.0;) AppleWebKit/537.36 (KHTML, like Gecko) Mobile Safari/537.36 (compatible; PetalBot;+https://webmaster.petalsearch.com/site/petalbot)"
172.70.135.189 - - [11/Jan/2026:05:57:30 +0300] "GET /?u=71750280255003 HTTP/1.0" 200 674 "-" "Mozilla/5.0 AppleWebKit/537.36 (KHTML, like Gecko; compatible; bingbot/2.0; +http://www.bing.com/bingbot.htm) Chrome/116.0.1938.76 Safari/537.36"
172.70.174.16 - - [11/Jan/2026:05:57:40 +0300] "GET /?u=60827266040801 HTTP/1.0" 200 674 "-" "Mozilla/5.0 AppleWebKit/537.36 (KHTML, like Gecko; compatible; bingbot/2.0; +http://www.bing.com/bingbot.htm) Chrome/116.0.1938.76 Safari/537.36"
172.71.194.153 - - [11/Jan/2026:05:57:45 +0300] "GET /?u=178085846003 HTTP/1.0" 200 674 "-" "Mozilla/5.0 AppleWebKit/537.36 (KHTML, like Gecko; compatible; bingbot/2.0; +http://www.bing.com/bingbot.htm) Chrome/116.0.1938.76 Safari/537.36"
172.70.35.191 - - [11/Jan/2026:05:58:20 +0300] "GET /?u=20282214593604 HTTP/1.0" 200 674 "-" "Mozilla/5.0 AppleWebKit/537.36 (KHTML, like Gecko; compatible; bingbot/2.0; +http://www.bing.com/bingbot.htm) Chrome/116.0.1938.76 Safari/537.36"
172.70.35.191 - - [11/Jan/2026:05:59:24 +0300] "GET /?u=4332747330403 HTTP/1.0" 200 674 "-" "Mozilla/5.0 AppleWebKit/537.36 (KHTML, like Gecko; compatible; bingbot/2.0; +http://www.bing.com/bingbot.htm) Chrome/116.0.1938.76 Safari/537.36"
172.70.208.155 - - [11/Jan/2026:06:00:04 +0300] "GET /jroriq/no-daughter-meme.html HTTP/1.0" 200 663 "http://expertiza40.ru/bqtai/marion-county-inmate-search.html" "Mozilla/5.0 (Linux; Android 7.0;) AppleWebKit/537.36 (KHTML, like Gecko) Mobile Safari/537.36 (compatible; PetalBot;+https://webmaster.petalsearch.com/site/petalbot)"
172.70.208.155 - - [11/Jan/2026:06:00:49 +0300] "GET /jroriq/mysql-query-multiple-databases-different-servers.html HTTP/1.0" 200 663 "http://smmart-pro.ru/ziyrq24/vanish-mode-messenger.html" "Mozilla/5.0 (Linux; Android 7.0;) AppleWebKit/537.36 (KHTML, like Gecko) Mobile Safari/537.36 (compatible; PetalBot;+https://webmaster.petalsearch.com/site/petalbot)"
162.158.88.34 - - [11/Jan/2026:06:01:24 +0300] "GET /jroriq/most-valuable-vhs-tapes-2022.html HTTP/1.0" 200 663 "https://teplook.ru/2t4jwxq/asus-zenbook-ux433f-screen-replacement.html" "Mozilla/5.0 (Linux; Android 7.0;) AppleWebKit/537.36 (KHTML, like Gecko) Mobile Safari/537.36 (compatible; PetalBot;+https://webmaster.petalsearch.com/site/petalbot)"
172.68.245.75 - - [11/Jan/2026:06:01:30 +0300] "GET /?u=29999270428408 HTTP/1.0" 200 674 "-" "Mozilla/5.0 AppleWebKit/537.36 (KHTML, like Gecko; compatible; bingbot/2.0; +http://www.bing.com/bingbot.htm) Chrome/116.0.1938.76 Safari/537.36"
172.68.138.151 - - [11/Jan/2026:06:01:41 +0300] "GET /?u=76133222699006 HTTP/1.0" 200 674 "-" "Mozilla/5.0 AppleWebKit/537.36 (KHTML, like Gecko; compatible; bingbot/2.0; +http://www.bing.com/bingbot.htm) Chrome/116.0.1938.76 Safari/537.36"
104.23.175.9 - - [11/Jan/2026:06:02:13 +0300] "GET /jroriq/linkedin-phishing-email-2022.html HTTP/1.0" 200 663 "https://oboizhidkieshop.ru/bh99e/professional-championship-bull-riders-reviews.html" "Mozilla/5.0 (Linux; Android 7.0;) AppleWebKit/537.36 (KHTML, like Gecko) Mobile Safari/537.36 (compatible; PetalBot;+https://webmaster.petalsearch.com/site/petalbot)"
172.71.190.208 - - [11/Jan/2026:06:02:24 +0300] "GET /?u=7587979560604 HTTP/1.0" 200 674 "-" "Mozilla/5.0 AppleWebKit/537.36 (KHTML, like Gecko; compatible; bingbot/2.0; +http://www.bing.com/bingbot.htm) Chrome/116.0.1938.76 Safari/537.36"
104.23.213.187 - - [11/Jan/2026:06:02:52 +0300] "GET /?u=02679283454402 HTTP/1.0" 200 674 "-" "Mozilla/5.0 AppleWebKit/537.36 (KHTML, like Gecko; compatible; bingbot/2.0; +http://www.bing.com/bingbot.htm) Chrome/116.0.1938.76 Safari/537.36"
162.158.88.34 - - [11/Jan/2026:06:03:37 +0300] "GET /jroriq/land-and-home-packages-near-me.html HTTP/1.0" 200 663 "https://oboizhidkieshop.ru/bh99e/does-xarelto-make-you-feel-cold.html" "Mozilla/5.0 (Linux; Android 7.0;) AppleWebKit/537.36 (KHTML, like Gecko) Mobile Safari/537.36 (compatible; PetalBot;+https://webmaster.petalsearch.com/site/petalbot)"
172.71.190.209 - - [11/Jan/2026:06:03:55 +0300] "GET /?u=0733120603 HTTP/1.0" 200 674 "-" "Mozilla/5.0 AppleWebKit/537.36 (KHTML, like Gecko; compatible; bingbot/2.0; +http://www.bing.com/bingbot.htm) Chrome/116.0.1938.76 Safari/537.36"
172.71.183.62 - - [11/Jan/2026:06:04:18 +0300] "GET /bitrix/css/main/themes/0x1.php HTTP/1.0" 200 663 "-" "ALittle Client"
172.68.138.150 - - [11/Jan/2026:06:04:43 +0300] "GET /?u=70488227672000 HTTP/1.0" 200 674 "-" "Mozilla/5.0 AppleWebKit/537.36 (KHTML, like Gecko; compatible; bingbot/2.0; +http://www.bing.com/bingbot.htm) Chrome/116.0.1938.76 Safari/537.36"
172.71.82.87 - - [11/Jan/2026:06:05:00 +0300] "GET /jroriq/jinja-multiline-comment.html HTTP/1.0" 200 663 "http://expertiza40.ru/bqtai/marion-county-inmate-search.html" "Mozilla/5.0 (Linux; Android 7.0;) AppleWebKit/537.36 (KHTML, like Gecko) Mobile Safari/537.36 (compatible; PetalBot;+https://webmaster.petalsearch.com/site/petalbot)"
172.68.138.150 - - [11/Jan/2026:06:05:35 +0300] "GET /?u=15207128209502 HTTP/1.0" 200 674 "-" "Mozilla/5.0 AppleWebKit/537.36 (KHTML, like Gecko; compatible; bingbot/2.0; +http://www.bing.com/bingbot.htm) Chrome/116.0.1938.76 Safari/537.36"
172.70.43.63 - - [11/Jan/2026:06:05:39 +0300] "GET /?u=0089181568603 HTTP/1.0" 200 674 "-" "Mozilla/5.0 AppleWebKit/537.36 (KHTML, like Gecko; compatible; bingbot/2.0; +http://www.bing.com/bingbot.htm) Chrome/116.0.1938.76 Safari/537.36"
162.158.79.103 - - [11/Jan/2026:06:06:21 +0300] "GET /?u=3906170726000 HTTP/1.0" 200 674 "-" "Mozilla/5.0 AppleWebKit/537.36 (KHTML, like Gecko; compatible; bingbot/2.0; +http://www.bing.com/bingbot.htm) Chrome/116.0.1938.76 Safari/537.36"
172.70.142.84 - - [11/Jan/2026:06:06:24 +0300] "GET /jroriq/increase-female-sensitivity-naturally.html HTTP/1.0" 200 663 "https://opsk24.ru/zh6i/bmc-fax-number.html" "Mozilla/5.0 (Linux; Android 7.0;) AppleWebKit/537.36 (KHTML, like Gecko) Mobile Safari/537.36 (compatible; PetalBot;+https://webmaster.petalsearch.com/site/petalbot)"
172.70.135.190 - - [11/Jan/2026:06:06:36 +0300] "GET /?u=79839298043404 HTTP/1.0" 200 674 "-" "Mozilla/5.0 AppleWebKit/537.36 (KHTML, like Gecko; compatible; bingbot/2.0; +http://www.bing.com/bingbot.htm) Chrome/116.0.1938.76 Safari/537.36"
172.68.138.151 - - [11/Jan/2026:06:06:53 +0300] "GET /?u=4450219232403 HTTP/1.0" 200 674 "-" "Mozilla/5.0 AppleWebKit/537.36 (KHTML, like Gecko; compatible; bingbot/2.0; +http://www.bing.com/bingbot.htm) Chrome/116.0.1938.76 Safari/537.36"
172.70.142.84 - - [11/Jan/2026:06:07:48 +0300] "GET /jroriq/how-to-reset-jabra-elite-4.html HTTP/1.0" 200 663 "https://promsnab888.ru/jqopcol/ros-imu-roll-pitch-yaw.html" "Mozilla/5.0 (Linux; Android 7.0;) AppleWebKit/537.36 (KHTML, like Gecko) Mobile Safari/537.36 (compatible; PetalBot;+https://webmaster.petalsearch.com/site/petalbot)"
172.71.194.153 - - [11/Jan/2026:06:07:51 +0300] "GET /?u=19478101254201 HTTP/1.0" 200 674 "-" "Mozilla/5.0 AppleWebKit/537.36 (KHTML, like Gecko; compatible; bingbot/2.0; +http://www.bing.com/bingbot.htm) Chrome/116.0.1938.76 Safari/537.36"
162.158.210.239 - - [11/Jan/2026:06:08:57 +0300] "GET /public.gz HTTP/1.0" 200 663 "-" "Mozilla/5.0 (Windows NT 10.0; Win64; x64) AppleWebKit/537.36 (KHTML, like Gecko) Chrome/101.0.4951.67 Safari/537.36"
172.70.135.190 - - [11/Jan/2026:06:09:02 +0300] "GET /?u=01225256893000 HTTP/1.0" 200 674 "-" "Mozilla/5.0 AppleWebKit/537.36 (KHTML, like Gecko; compatible; bingbot/2.0; +http://www.bing.com/bingbot.htm) Chrome/116.0.1938.76 Safari/537.36"
172.71.82.87 - - [11/Jan/2026:06:09:11 +0300] "GET /jroriq/how-to-clean-stainless-steel-kettle-with-lemon.html HTTP/1.0" 200 663 "http://reports.ogigemicrofinancebank.com/wp-nasdaq/8ggc3wd/halo-energy-sword-sound.html" "Mozilla/5.0 (Linux; Android 7.0;) AppleWebKit/537.36 (KHTML, like Gecko) Mobile Safari/537.36 (compatible; PetalBot;+https://webmaster.petalsearch.com/site/petalbot)"
104.23.211.95 - - [11/Jan/2026:06:09:31 +0300] "GET /?u=22366243148809 HTTP/1.0" 200 674 "-" "Mozilla/5.0 AppleWebKit/537.36 (KHTML, like Gecko; compatible; bingbot/2.0; +http://www.bing.com/bingbot.htm) Chrome/116.0.1938.76 Safari/537.36"
172.71.190.209 - - [11/Jan/2026:06:09:44 +0300] "GET /?u=70807293170400 HTTP/1.0" 200 674 "-" "Mozilla/5.0 AppleWebKit/537.36 (KHTML, like Gecko; compatible; bingbot/2.0; +http://www.bing.com/bingbot.htm) Chrome/116.0.1938.76 Safari/537.36"
172.70.174.17 - - [11/Jan/2026:06:09:52 +0300] "GET /?u=8579164408800 HTTP/1.0" 200 674 "-" "Mozilla/5.0 AppleWebKit/537.36 (KHTML, like Gecko; compatible; bingbot/2.0; +http://www.bing.com/bingbot.htm) Chrome/116.0.1938.76 Safari/537.36"
172.71.190.209 - - [11/Jan/2026:06:10:09 +0300] "GET /?u=09812256469604 HTTP/1.0" 200 674 "-" "Mozilla/5.0 AppleWebKit/537.36 (KHTML, like Gecko; compatible; bingbot/2.0; +http://www.bing.com/bingbot.htm) Chrome/116.0.1938.76 Safari/537.36"
162.158.88.34 - - [11/Jan/2026:06:10:35 +0300] "GET /jroriq/how-to-buy-seized-cars-from-banks-in-india.html HTTP/1.0" 200 663 "https://portal.screenmeapp.com/rte2ks/universal-no-drill-scope-mount.html" "Mozilla/5.0 (Linux; Android 7.0;) AppleWebKit/537.36 (KHTML, like Gecko) Mobile Safari/537.36 (compatible; PetalBot;+https://webmaster.petalsearch.com/site/petalbot)"
172.71.190.208 - - [11/Jan/2026:06:11:51 +0300] "GET /?u=19320197119005 HTTP/1.0" 200 674 "-" "Mozilla/5.0 AppleWebKit/537.36 (KHTML, like Gecko; compatible; bingbot/2.0; +http://www.bing.com/bingbot.htm) Chrome/116.0.1938.76 Safari/537.36"
162.158.107.67 - - [11/Jan/2026:06:11:58 +0300] "GET /jroriq/hilti-repair-center.html HTTP/1.0" 200 663 "http://pss-energy.com/itq99/paid-research-studies-cambridge.html" "Mozilla/5.0 (Linux; Android 7.0;) AppleWebKit/537.36 (KHTML, like Gecko) Mobile Safari/537.36 (compatible; PetalBot;+https://webmaster.petalsearch.com/site/petalbot)"
104.23.211.94 - - [11/Jan/2026:06:13:02 +0300] "GET /?u=85925160653603 HTTP/1.0" 200 674 "-" "Mozilla/5.0 AppleWebKit/537.36 (KHTML, like Gecko; compatible; bingbot/2.0; +http://www.bing.com/bingbot.htm) Chrome/116.0.1938.76 Safari/537.36"
104.23.175.8 - - [11/Jan/2026:06:13:23 +0300] "GET /jroriq/gre-scores-range-for-us-universities.html HTTP/1.0" 200 663 "http://otel-demo.webtm.ru/69xo5vg/goldman-sachs-locations.html" "Mozilla/5.0 (Linux; Android 7.0;) AppleWebKit/537.36 (KHTML, like Gecko) Mobile Safari/537.36 (compatible; PetalBot;+https://webmaster.petalsearch.com/site/petalbot)"
162.158.48.204 - - [11/Jan/2026:06:13:35 +0300] "GET /wp-login.php HTTP/1.0" 200 663 "-" "Mozilla/5.0 (Windows NT 11.0; Win64; x64; rv:119.0) Gecko/20100101 Firefox/119.0"
162.158.48.217 - - [11/Jan/2026:06:13:35 +0300] "GET /wp-login.php HTTP/1.0" 200 663 "https://www.facebook.com/" "Mozilla/5.0 (Windows NT 11.0; Win64; x64; rv:118.0) Gecko/20100101 Firefox/118.0"
162.158.48.217 - - [11/Jan/2026:06:13:36 +0300] "GET /wp-admin/ HTTP/1.0" 200 663 "https://www.facebook.com/" "Mozilla/5.0 (X11; Linux x86_64) AppleWebKit/537.36 (KHTML, like Gecko) Chrome/118.0.0.0 Safari/537.36"
162.158.108.16 - - [11/Jan/2026:06:14:46 +0300] "GET /jroriq/google-doodle-halloween-2021.html HTTP/1.0" 200 663 "http://tver.munys.ru/au0tu/pct-protocol-for-test-e-cycle.html" "Mozilla/5.0 (Linux; Android 7.0;) AppleWebKit/537.36 (KHTML, like Gecko) Mobile Safari/537.36 (compatible; PetalBot;+https://webmaster.petalsearch.com/site/petalbot)"
104.23.211.95 - - [11/Jan/2026:06:15:32 +0300] "GET /?u=0899532932806 HTTP/1.0" 200 674 "-" "Mozilla/5.0 AppleWebKit/537.36 (KHTML, like Gecko; compatible; bingbot/2.0; +http://www.bing.com/bingbot.htm) Chrome/116.0.1938.76 Safari/537.36"
162.158.162.139 - - [11/Jan/2026:06:16:09 +0300] "GET /jroriq/gay-agadir-num.html HTTP/1.0" 200 663 "http://any.trekaustralia.net/pxy1/corsair-fan-controller-software.html" "Mozilla/5.0 (Linux; Android 7.0;) AppleWebKit/537.36 (KHTML, like Gecko) Mobile Safari/537.36 (compatible; PetalBot;+https://webmaster.petalsearch.com/site/petalbot)"
172.71.190.208 - - [11/Jan/2026:06:16:12 +0300] "GET /?u=7617214379602 HTTP/1.0" 200 674 "-" "Mozilla/5.0 AppleWebKit/537.36 (KHTML, like Gecko; compatible; bingbot/2.0; +http://www.bing.com/bingbot.htm) Chrome/116.0.1938.76 Safari/537.36"
172.70.35.191 - - [11/Jan/2026:06:17:21 +0300] "GET /?u=0602757964803 HTTP/1.0" 200 674 "-" "Mozilla/5.0 AppleWebKit/537.36 (KHTML, like Gecko; compatible; bingbot/2.0; +http://www.bing.com/bingbot.htm) Chrome/116.0.1938.76 Safari/537.36"
172.70.35.191 - - [11/Jan/2026:06:17:22 +0300] "GET /?u=1424588950404 HTTP/1.0" 200 674 "-" "Mozilla/5.0 AppleWebKit/537.36 (KHTML, like Gecko; compatible; bingbot/2.0; +http://www.bing.com/bingbot.htm) Chrome/116.0.1938.76 Safari/537.36"
172.70.208.155 - - [11/Jan/2026:06:17:34 +0300] "GET /jroriq/gas-station-for-sale-in-modesto-ca.html HTTP/1.0" 200 663 "https://bars-buh.ru/xegq/my-husband-is-ocd-about-cleaning.html" "Mozilla/5.0 (Linux; Android 7.0;) AppleWebKit/537.36 (KHTML, like Gecko) Mobile Safari/537.36 (compatible; PetalBot;+https://webmaster.petalsearch.com/site/petalbot)"
172.71.190.208 - - [11/Jan/2026:06:17:55 +0300] "GET /?u=47222111847204 HTTP/1.0" 200 674 "-" "Mozilla/5.0 AppleWebKit/537.36 (KHTML, like Gecko; compatible; bingbot/2.0; +http://www.bing.com/bingbot.htm) Chrome/116.0.1938.76 Safari/537.36"
104.23.209.42 - - [11/Jan/2026:06:18:34 +0300] "GET /?u=28943294722408 HTTP/1.0" 200 674 "-" "Mozilla/5.0 AppleWebKit/537.36 (KHTML, like Gecko; compatible; bingbot/2.0; +http://www.bing.com/bingbot.htm) Chrome/116.0.1938.76 Safari/537.36"
172.71.124.224 - - [11/Jan/2026:06:18:58 +0300] "GET /jroriq/free-seed-packets.html HTTP/1.0" 200 663 "http://tishlees.com.au/vmat8i/telegram-database-technology.html" "Mozilla/5.0 (Linux; Android 7.0;) AppleWebKit/537.36 (KHTML, like Gecko) Mobile Safari/537.36 (compatible; PetalBot;+https://webmaster.petalsearch.com/site/petalbot)"
104.23.213.187 - - [11/Jan/2026:06:19:43 +0300] "GET /?u=3893294393201 HTTP/1.0" 200 674 "-" "Mozilla/5.0 AppleWebKit/537.36 (KHTML, like Gecko; compatible; bingbot/2.0; +http://www.bing.com/bingbot.htm) Chrome/116.0.1938.76 Safari/537.36"
104.23.175.9 - - [11/Jan/2026:06:20:21 +0300] "GET /tbjusw/what-does-it-mean-when-a-guy-rubs-the-palm-of-your-hand.html HTTP/1.0" 200 663 "https://optimsale.ru/gmcfr5/how-to-ask-your-crush-to-be-your-boyfriend-over-text.html" "Mozilla/5.0 (Linux; Android 7.0;) AppleWebKit/537.36 (KHTML, like Gecko) Mobile Safari/537.36 (compatible; PetalBot;+https://webmaster.petalsearch.com/site/petalbot)"
104.23.209.43 - - [11/Jan/2026:06:20:53 +0300] "GET /?u=71881299018404 HTTP/1.0" 200 674 "-" "Mozilla/5.0 AppleWebKit/537.36 (KHTML, like Gecko; compatible; bingbot/2.0; +http://www.bing.com/bingbot.htm) Chrome/116.0.1938.76 Safari/537.36"
104.23.209.43 - - [11/Jan/2026:06:20:53 +0300] "GET /?u=9119130789002 HTTP/1.0" 200 674 "-" "Mozilla/5.0 AppleWebKit/537.36 (KHTML, like Gecko; compatible; bingbot/2.0; +http://www.bing.com/bingbot.htm) Chrome/116.0.1938.76 Safari/537.36"
172.69.109.148 - - [11/Jan/2026:06:21:06 +0300] "GET /robots.txt HTTP/1.1" 404 576 "-" "Mozilla/5.0 (Windows NT 10.0; Win64; x64) AppleWebKit/537.36 (KHTML, like Gecko) Chrome/103.0.5060.134 Safari/537.36"
162.158.182.29 - - [11/Jan/2026:06:21:33 +0300] "GET /?u=4906274888400 HTTP/1.0" 200 674 "-" "Mozilla/5.0 AppleWebKit/537.36 (KHTML, like Gecko; compatible; bingbot/2.0; +http://www.bing.com/bingbot.htm) Chrome/116.0.1938.76 Safari/537.36"
172.70.208.155 - - [11/Jan/2026:06:21:45 +0300] "GET /tbjusw/villas-para-rentar-en-puerto-rico.html HTTP/1.0" 200 663 "http://old.eur-okna.ru/uiwbbm/thank-you-for-attending-the-meeting-example.html" "Mozilla/5.0 (Linux; Android 7.0;) AppleWebKit/537.36 (KHTML, like Gecko) Mobile Safari/537.36 (compatible; PetalBot;+https://webmaster.petalsearch.com/site/petalbot)"
172.71.194.152 - - [11/Jan/2026:06:21:51 +0300] "GET /?u=07008239941004 HTTP/1.0" 200 674 "-" "Mozilla/5.0 AppleWebKit/537.36 (KHTML, like Gecko; compatible; bingbot/2.0; +http://www.bing.com/bingbot.htm) Chrome/116.0.1938.76 Safari/537.36"
172.71.194.152 - - [11/Jan/2026:06:22:03 +0300] "GET /?u=69370114265401 HTTP/1.0" 200 674 "-" "Mozilla/5.0 AppleWebKit/537.36 (KHTML, like Gecko; compatible; bingbot/2.0; +http://www.bing.com/bingbot.htm) Chrome/116.0.1938.76 Safari/537.36"
172.68.245.74 - - [11/Jan/2026:06:22:52 +0300] "GET /?u=09896209112201 HTTP/1.0" 200 674 "-" "Mozilla/5.0 AppleWebKit/537.36 (KHTML, like Gecko; compatible; bingbot/2.0; +http://www.bing.com/bingbot.htm) Chrome/116.0.1938.76 Safari/537.36"
172.70.142.85 - - [11/Jan/2026:06:23:08 +0300] "GET /tbjusw/valley-fresh-canned-chicken-recipes.html HTTP/1.0" 200 663 "https://panaceya-clinic.ru/ntmycrm/the-backrooms-nightmare.html" "Mozilla/5.0 (Linux; Android 7.0;) AppleWebKit/537.36 (KHTML, like Gecko) Mobile Safari/537.36 (compatible; PetalBot;+https://webmaster.petalsearch.com/site/petalbot)"
104.23.211.94 - - [11/Jan/2026:06:23:56 +0300] "GET /?u=28283166974000 HTTP/1.0" 200 674 "-" "Mozilla/5.0 AppleWebKit/537.36 (KHTML, like Gecko; compatible; bingbot/2.0; +http://www.bing.com/bingbot.htm) Chrome/116.0.1938.76 Safari/537.36"
104.23.211.94 - - [11/Jan/2026:06:24:13 +0300] "GET /?u=31289192547801 HTTP/1.0" 200 674 "-" "Mozilla/5.0 AppleWebKit/537.36 (KHTML, like Gecko; compatible; bingbot/2.0; +http://www.bing.com/bingbot.htm) Chrome/116.0.1938.76 Safari/537.36"
172.69.95.91 - - [11/Jan/2026:06:24:22 +0300] "GET /.well-known/acme-challenge/file.php HTTP/1.1" 404 173 "https://duckduckgo.com/" "Mozilla/5.0 (iPad; CPU OS 16_7_2 like Mac OS X) AppleWebKit/605.1.15 (KHTML, like Gecko) Version/16.6 Mobile/15E148 Safari/604.1"
172.69.95.61 - - [11/Jan/2026:06:24:23 +0300] "GET /bk/index.php HTTP/1.0" 200 663 "https://www.bing.com/" "Mozilla/5.0 (iPhone; CPU iPhone OS 15_7_9 like Mac OS X) AppleWebKit/605.1.15 (KHTML, like Gecko) Version/15.6.5 Mobile/15E148 Safari/604.1"
172.69.95.61 - - [11/Jan/2026:06:24:24 +0300] "GET /byp8.php HTTP/1.0" 403 454 "https://www.google.fr/" "Mozilla/5.0 (iPhone; CPU iPhone OS 15_7_9 like Mac OS X) AppleWebKit/605.1.15 (KHTML, like Gecko) Version/15.6.5 Mobile/15E148 Safari/604.1"
172.69.95.61 - - [11/Jan/2026:06:24:24 +0300] "GET /mini.php HTTP/1.0" 403 454 "https://duckduckgo.com/" "Mozilla/5.0 (Linux; Android 10; K) AppleWebKit/537.36 (KHTML, like Gecko) Chrome/117.0.0.0 Mobile Safari/537.36"
172.69.95.61 - - [11/Jan/2026:06:24:24 +0300] "GET /wp-admin/css/colors/blue/atomlib.php HTTP/1.0" 200 663 "https://www.google.fr/" "Mozilla/5.0 (iPhone; CPU iPhone OS 17_1 like Mac OS X) AppleWebKit/605.1.15 (KHTML, like Gecko) CriOS/119.0.6045.109 Mobile/15E148 Safari/604.1"
172.69.95.91 - - [11/Jan/2026:06:24:25 +0300] "GET /wp-admin/css/colors/coffee HTTP/1.0" 200 663 "https://www.google.de/" "Mozilla/5.0 (Linux; Android 14; Pixel 8 Pro) AppleWebKit/537.36 (KHTML, like Gecko) Chrome/119.0.0.0 Mobile Safari/537.36"
172.69.95.91 - - [11/Jan/2026:06:24:25 +0300] "GET /wp-content/themes/twentytwentyfive/functions.php HTTP/1.0" 200 663 "https://www.google.co.uk/" "Mozilla/5.0 (Linux; Android 13; M2101K6G) AppleWebKit/537.36 (KHTML, like Gecko) Chrome/116.0.0.0 Mobile Safari/537.36"
172.69.95.91 - - [11/Jan/2026:06:24:25 +0300] "GET /wp-content/upgrade HTTP/1.0" 200 663 "https://duckduckgo.com/" "Mozilla/5.0 (iPad; CPU OS 16_7_2 like Mac OS X) AppleWebKit/605.1.15 (KHTML, like Gecko) Version/16.6 Mobile/15E148 Safari/604.1"
172.69.95.91 - - [11/Jan/2026:06:24:26 +0300] "GET /wp-content/uploads/de_fb_uploads/b.php HTTP/1.0" 200 663 "https://www.yahoo.com/" "Mozilla/5.0 (Linux; Android 13; SM-G991U) AppleWebKit/537.36 (KHTML, like Gecko) Chrome/117.0.0.0 Mobile Safari/537.36"
172.69.95.91 - - [11/Jan/2026:06:24:26 +0300] "GET /wp-includes/Requests HTTP/1.0" 200 663 "https://www.google.de/" "Mozilla/5.0 (Linux; Android 12; 2201116SG) AppleWebKit/537.36 (KHTML, like Gecko) Chrome/116.0.0.0 Mobile Safari/537.36"
172.69.95.91 - - [11/Jan/2026:06:24:27 +0300] "GET /wp-includes/Text/Diff/Engine/about.php HTTP/1.0" 200 663 "https://www.google.de/" "Mozilla/5.0 (Linux; Android 11; CPH2251) AppleWebKit/537.36 (KHTML, like Gecko) Chrome/116.0.0.0 Mobile Safari/537.36"
172.69.95.91 - - [11/Jan/2026:06:24:27 +0300] "GET /wp-includes/block-bindings/index.php HTTP/1.0" 200 663 "https://www.google.co.uk/" "Mozilla/5.0 (iPad; CPU OS 17_0_3 like Mac OS X) AppleWebKit/605.1.15 (KHTML, like Gecko) Version/17.0.1 Mobile/15E148 Safari/604.1"
172.69.95.91 - - [11/Jan/2026:06:24:27 +0300] "GET /ws28.php HTTP/1.0" 403 454 "https://www.bing.com/" "Mozilla/5.0 (Linux; Android 11; 21081111RG) AppleWebKit/537.36 (KHTML, like Gecko) Chrome/116.0.0.0 Mobile Safari/537.36"
172.69.95.91 - - [11/Jan/2026:06:24:28 +0300] "GET /admin-header.php HTTP/1.0" 403 454 "https://www.yahoo.com/" "Mozilla/5.g (Linux; Android 13; Pixel 7) AppleWebKit/537.36 (KHTML, like Gecko) Chrome/116.0.0.0 Mobile Safari/537.36"
172.69.95.91 - - [11/Jan/2026:06:24:28 +0300] "GET /c.php HTTP/1.0" 403 454 "https://www.bing.com/" "Mozilla/5.0 (Linux; Android 10; K) AppleWebKit/537.36 (KHTML, like Gecko) Chrome/117.0.0.0 Mobile Safari/537.36"
172.69.95.91 - - [11/Jan/2026:06:24:28 +0300] "GET /edit-tags.php HTTP/1.0" 403 454 "https://www.bing.com/" "Mozilla/5.0 (Linux; Android 13; SM-S908E) AppleWebKit/537.36 (KHTML, like Gecko) Chrome/116.0.0.0 Mobile Safari/537.36"
172.69.95.91 - - [11/Jan/2026:06:24:29 +0300] "GET /ee.php HTTP/1.0" 403 454 "https://www.google.co.uk/" "Mozilla/5.g (Linux; Android 13; Pixel 7) AppleWebKit/537.36 (KHTML, like Gecko) Chrome/116.0.0.0 Mobile Safari/537.36"
172.69.95.91 - - [11/Jan/2026:06:24:29 +0300] "GET /filemanager/dialog.php HTTP/1.0" 200 663 "https://www.google.co.uk/" "Mozilla/5.0 (Linux; Android 10; LM-Q720) AppleWebKit/537.36 (KHTML, like Gecko) Chrome/116.0.0.0 Mobile Safari/537.36"
172.69.95.91 - - [11/Jan/2026:06:24:29 +0300] "GET /lu4.php HTTP/1.0" 403 454 "https://www.bing.com/" "Mozilla/5.0 (Linux; Android 10; LM-Q720) AppleWebKit/537.36 (KHTML, like Gecko) Chrome/116.0.0.0 Mobile Safari/537.36"
172.69.95.91 - - [11/Jan/2026:06:24:30 +0300] "GET /wp-configs.php HTTP/1.0" 403 454 "https://www.google.com/" "Mozilla/5.0 (Linux; Android 14; Pixel 8 Pro) AppleWebKit/537.36 (KHTML, like Gecko) Chrome/119.0.0.0 Mobile Safari/537.36"
172.69.95.91 - - [11/Jan/2026:06:24:30 +0300] "GET /wp-content/admin-header.php HTTP/1.0" 200 663 "https://www.google.de/" "Mozilla/5.0 (iPad; CPU OS 17_0_3 like Mac OS X) AppleWebKit/605.1.15 (KHTML, like Gecko) Version/17.0.1 Mobile/15E148 Safari/604.1"
172.69.95.91 - - [11/Jan/2026:06:24:30 +0300] "GET /wp-content/themes/x/bypass.php HTTP/1.0" 200 663 "https://www.google.de/" "Mozilla/5.0 (Linux; Android 11; CPH2251) AppleWebKit/537.36 (KHTML, like Gecko) Chrome/116.0.0.0 Mobile Safari/537.36"
172.69.95.91 - - [11/Jan/2026:06:24:31 +0300] "GET /wp-includes/Text/Diff/Renderer HTTP/1.0" 200 663 "https://www.google.fr/" "Mozilla/5.0 (Linux; Android 12; 2201116SG) AppleWebKit/537.36 (KHTML, like Gecko) Chrome/116.0.0.0 Mobile Safari/537.36"
172.69.95.91 - - [11/Jan/2026:06:24:31 +0300] "GET /wp-includes/blocks/gallery/index.php HTTP/1.0" 200 663 "https://www.yahoo.com/" "Mozilla/5.0 (iPad; CPU OS 16_7_2 like Mac OS X) AppleWebKit/605.1.15 (KHTML, like Gecko) Version/16.6 Mobile/15E148 Safari/604.1"
172.69.95.91 - - [11/Jan/2026:06:24:32 +0300] "GET /wp-includes/header.php HTTP/1.0" 200 663 "https://duckduckgo.com/" "Mozilla/5.0 (Linux; Android 12; SM-A525F) AppleWebKit/537.36 (KHTML, like Gecko) Chrome/117.0.0.0 Mobile Safari/537.36"
108.162.226.151 - - [11/Jan/2026:06:24:32 +0300] "GET /tbjusw/trails-of-cold-steel-4-mods-nexus.html HTTP/1.0" 200 663 "https://strmpnz.ru/cgb83s76/bolens-large-frame-tractor-for-sale.html" "Mozilla/5.0 (Linux; Android 7.0;) AppleWebKit/537.36 (KHTML, like Gecko) Mobile Safari/537.36 (compatible; PetalBot;+https://webmaster.petalsearch.com/site/petalbot)"
172.69.95.91 - - [11/Jan/2026:06:24:32 +0300] "GET /xleet.php HTTP/1.0" 403 454 "https://www.google.co.uk/" "Mozilla/5.0 (iPhone; CPU iPhone OS 17_0_3 like Mac OS X) AppleWebKit/605.1.15 (KHTML, like Gecko) Version/17.0.1 Mobile/15E148 Safari/604.1"
172.69.95.91 - - [11/Jan/2026:06:24:32 +0300] "GET /.well-known/fierzashell.php HTTP/1.0" 200 663 "https://www.google.de/" "Mozilla/5.0 (Linux; Android 11; 21081111RG) AppleWebKit/537.36 (KHTML, like Gecko) Chrome/116.0.0.0 Mobile Safari/537.36"
172.69.95.91 - - [11/Jan/2026:06:24:33 +0300] "GET /0x.php HTTP/1.0" 403 454 "https://www.bing.com/" "Mozilla/5.0 (Linux; Android 12; V2134) AppleWebKit/537.36 (KHTML, like Gecko) Chrome/116.0.0.0 Mobile Safari/537.36"
172.69.95.91 - - [11/Jan/2026:06:24:33 +0300] "GET /akc.php HTTP/1.0" 403 454 "https://www.google.fr/" "Mozilla/5.0 (iPhone; CPU iPhone OS 16_6_1 like Mac OS X) AppleWebKit/605.1.15 (KHTML, like Gecko) Version/16.6 Mobile/15E148 Safari/604.1"
172.69.95.91 - - [11/Jan/2026:06:24:33 +0300] "GET /files HTTP/1.0" 200 663 "https://www.bing.com/" "Mozilla/5.0 (Linux; Android 12; 2201116SG) AppleWebKit/537.36 (KHTML, like Gecko) Chrome/116.0.0.0 Mobile Safari/537.36"
172.69.95.91 - - [11/Jan/2026:06:24:34 +0300] "GET /jga.php HTTP/1.0" 403 454 "https://www.google.fr/" "Mozilla/5.0 (Linux; Android 10; K) AppleWebKit/537.36 (KHTML, like Gecko) Chrome/117.0.0.0 Mobile Safari/537.36"
172.69.95.91 - - [11/Jan/2026:06:24:34 +0300] "GET /mini HTTP/1.0" 200 663 "https://www.google.de/" "Mozilla/5.0 (iPhone; CPU iPhone OS 16_0 like Mac OS X) AppleWebKit/605.1.15 (KHTML, like Gecko) FxiOS/118.0 Mobile/15E148 Safari/605.1.15"
172.69.95.91 - - [11/Jan/2026:06:24:34 +0300] "GET /nc4.php HTTP/1.0" 403 454 "https://www.yahoo.com/" "Mozilla/5.0 (Linux; Android 14; Pixel 8 Pro) AppleWebKit/537.36 (KHTML, like Gecko) Chrome/119.0.0.0 Mobile Safari/537.36"
172.69.95.91 - - [11/Jan/2026:06:24:35 +0300] "GET /s.php HTTP/1.0" 403 454 "https://duckduckgo.com/" "Mozilla/5.0 (Linux; Android 11; 21081111RG) AppleWebKit/537.36 (KHTML, like Gecko) Chrome/116.0.0.0 Mobile Safari/537.36"
172.69.95.91 - - [11/Jan/2026:06:24:35 +0300] "GET /style.php HTTP/1.0" 403 454 "https://www.google.co.uk/" "Mozilla/5.0 (Linux; Android 13; M2101K6G) AppleWebKit/537.36 (KHTML, like Gecko) Chrome/116.0.0.0 Mobile Safari/537.36"
172.69.95.91 - - [11/Jan/2026:06:24:35 +0300] "GET /t.php HTTP/1.0" 403 454 "https://www.google.co.uk/" "Mozilla/5.0 (iPhone; CPU iPhone OS 17_1 like Mac OS X) AppleWebKit/605.1.15 (KHTML, like Gecko) CriOS/119.0.6045.109 Mobile/15E148 Safari/604.1"
172.69.95.91 - - [11/Jan/2026:06:24:36 +0300] "GET /wp-admin/includes/about.php HTTP/1.0" 200 663 "https://www.yahoo.com/" "Mozilla/5.0 (iPhone; CPU iPhone OS 17_0_3 like Mac OS X) AppleWebKit/605.1.15 (KHTML, like Gecko) Version/17.0.1 Mobile/15E148 Safari/604.1"
172.69.95.91 - - [11/Jan/2026:06:24:36 +0300] "GET /wp-admin/radio.php HTTP/1.0" 200 663 "https://www.google.de/" "Mozilla/5.0 (iPad; CPU OS 16_7_2 like Mac OS X) AppleWebKit/605.1.15 (KHTML, like Gecko) Version/16.6 Mobile/15E148 Safari/604.1"
172.69.95.91 - - [11/Jan/2026:06:24:37 +0300] "GET /wp-content/autoload_classmap.php HTTP/1.0" 200 663 "https://www.google.co.uk/" "Mozilla/5.0 (iPad; CPU OS 17_0_3 like Mac OS X) AppleWebKit/605.1.15 (KHTML, like Gecko) Version/17.0.1 Mobile/15E148 Safari/604.1"
172.69.95.91 - - [11/Jan/2026:06:24:37 +0300] "GET /wp-content/classwithtostring.php HTTP/1.0" 200 663 "https://www.google.fr/" "Mozilla/5.0 (iPhone; CPU iPhone OS 16_0 like Mac OS X) AppleWebKit/605.1.15 (KHTML, like Gecko) FxiOS/118.0 Mobile/15E148 Safari/605.1.15"
172.69.95.91 - - [11/Jan/2026:06:24:37 +0300] "GET /wp-content/plugins/phpad/as.php HTTP/1.0" 200 663 "https://www.google.de/" "Mozilla/5.0 (Linux; Android 11; CPH2251) AppleWebKit/537.36 (KHTML, like Gecko) Chrome/116.0.0.0 Mobile Safari/537.36"
104.23.213.186 - - [11/Jan/2026:06:24:37 +0300] "GET /?u=88570104146602 HTTP/1.0" 200 674 "-" "Mozilla/5.0 AppleWebKit/537.36 (KHTML, like Gecko; compatible; bingbot/2.0; +http://www.bing.com/bingbot.htm) Chrome/116.0.1938.76 Safari/537.36"
172.69.95.91 - - [11/Jan/2026:06:24:38 +0300] "GET /wp-content/themes/twentytwentyfour/index.php HTTP/1.0" 200 663 "https://duckduckgo.com/" "Mozilla/5.0 (Linux; Android 13; M2101K6G) AppleWebKit/537.36 (KHTML, like Gecko) Chrome/116.0.0.0 Mobile Safari/537.36"
172.69.95.91 - - [11/Jan/2026:06:24:38 +0300] "GET /wp-includes/assets HTTP/1.0" 200 663 "https://duckduckgo.com/" "Mozilla/5.0 (Linux; Android 11; CPH2251) AppleWebKit/537.36 (KHTML, like Gecko) Chrome/116.0.0.0 Mobile Safari/537.36"
172.69.95.91 - - [11/Jan/2026:06:24:38 +0300] "GET /wp-includes/images/media HTTP/1.0" 200 663 "https://www.google.com/" "Mozilla/5.0 (Linux; Android 13; SM-S908E) AppleWebKit/537.36 (KHTML, like Gecko) Chrome/116.0.0.0 Mobile Safari/537.36"
172.69.95.91 - - [11/Jan/2026:06:24:39 +0300] "GET /wp-includes/pomo HTTP/1.0" 200 663 "https://www.google.com/" "Mozilla/5.0 (Linux; Android 13; SM-S908E) AppleWebKit/537.36 (KHTML, like Gecko) Chrome/116.0.0.0 Mobile Safari/537.36"
172.69.95.91 - - [11/Jan/2026:06:24:40 +0300] "GET /wp-info.php HTTP/1.0" 403 454 "https://www.bing.com/" "Mozilla/5.0 (iPhone; CPU iPhone OS 16_6_1 like Mac OS X) AppleWebKit/605.1.15 (KHTML, like Gecko) Version/16.6 Mobile/15E148 Safari/604.1"
172.69.95.91 - - [11/Jan/2026:06:24:40 +0300] "GET /wp-links-opml.php HTTP/1.0" 403 454 "https://duckduckgo.com/" "Mozilla/5.0 (Linux; Android 10; LM-Q720) AppleWebKit/537.36 (KHTML, like Gecko) Chrome/116.0.0.0 Mobile Safari/537.36"
172.69.95.91 - - [11/Jan/2026:06:24:40 +0300] "GET /xmrlpc.php HTTP/1.0" 403 454 "https://www.google.fr/" "Mozilla/5.0 (Linux; Android 12; V2134) AppleWebKit/537.36 (KHTML, like Gecko) Chrome/116.0.0.0 Mobile Safari/537.36"
172.69.95.91 - - [11/Jan/2026:06:24:41 +0300] "GET /ynz.PhP7 HTTP/1.0" 403 454 "https://www.google.co.uk/" "Mozilla/5.0 (Linux; Android 10; K) AppleWebKit/537.36 (KHTML, like Gecko) Chrome/117.0.0.0 Mobile Safari/537.36"
172.69.95.91 - - [11/Jan/2026:06:24:41 +0300] "GET /.trash7206/index.php HTTP/1.0" 200 663 "https://www.yahoo.com/" "Mozilla/5.0 (iPhone; CPU iPhone OS 15_7_9 like Mac OS X) AppleWebKit/605.1.15 (KHTML, like Gecko) Version/15.6.5 Mobile/15E148 Safari/604.1"
172.69.95.91 - - [11/Jan/2026:06:24:42 +0300] "GET /admin/controller/extension/extension HTTP/1.0" 200 663 "https://www.google.co.uk/" "Mozilla/5.0 (Linux; Android 12; 2201116SG) AppleWebKit/537.36 (KHTML, like Gecko) Chrome/116.0.0.0 Mobile Safari/537.36"
172.69.95.91 - - [11/Jan/2026:06:24:42 +0300] "GET /api.php HTTP/1.0" 403 454 "https://duckduckgo.com/" "Mozilla/5.0 (Linux; Android 10; K) AppleWebKit/537.36 (KHTML, like Gecko) Chrome/117.0.0.0 Mobile Safari/537.36"
172.69.95.91 - - [11/Jan/2026:06:24:42 +0300] "GET /cgi-bin/about.php HTTP/1.0" 404 451 "https://www.google.com/" "Mozilla/5.0 (iPhone; CPU iPhone OS 16_0 like Mac OS X) AppleWebKit/605.1.15 (KHTML, like Gecko) FxiOS/118.0 Mobile/15E148 Safari/605.1.15"
172.69.95.91 - - [11/Jan/2026:06:24:43 +0300] "GET /cgi-bin/index.php HTTP/1.0" 404 451 "https://www.bing.com/" "Mozilla/5.0 (iPhone; CPU iPhone OS 16_0 like Mac OS X) AppleWebKit/605.1.15 (KHTML, like Gecko) FxiOS/118.0 Mobile/15E148 Safari/605.1.15"
172.70.135.190 - - [11/Jan/2026:06:24:57 +0300] "GET /?u=07579119778204 HTTP/1.0" 200 674 "-" "Mozilla/5.0 AppleWebKit/537.36 (KHTML, like Gecko; compatible; bingbot/2.0; +http://www.bing.com/bingbot.htm) Chrome/116.0.1938.76 Safari/537.36"
172.71.190.208 - - [11/Jan/2026:06:25:25 +0300] "GET /?u=82878252034205 HTTP/1.0" 200 674 "-" "Mozilla/5.0 AppleWebKit/537.36 (KHTML, like Gecko; compatible; bingbot/2.0; +http://www.bing.com/bingbot.htm) Chrome/116.0.1938.76 Safari/537.36"
172.70.135.190 - - [11/Jan/2026:06:25:52 +0300] "GET /?u=70416270031604 HTTP/1.0" 200 674 "-" "Mozilla/5.0 AppleWebKit/537.36 (KHTML, like Gecko; compatible; bingbot/2.0; +http://www.bing.com/bingbot.htm) Chrome/116.0.1938.76 Safari/537.36"
172.68.164.60 - - [11/Jan/2026:06:25:56 +0300] "GET /tbjusw/the-marriage-lesson-that-i-learned-too-late-pdf.html HTTP/1.0" 200 663 "https://bindcenter.ru/90uym/casual-dining-atlanta.html" "Mozilla/5.0 (Linux; Android 7.0;) AppleWebKit/537.36 (KHTML, like Gecko) Mobile Safari/537.36 (compatible; PetalBot;+https://webmaster.petalsearch.com/site/petalbot)"
162.158.182.147 - - [11/Jan/2026:06:26:03 +0300] "GET /?u=0252022888201 HTTP/1.0" 200 674 "-" "Mozilla/5.0 AppleWebKit/537.36 (KHTML, like Gecko; compatible; bingbot/2.0; +http://www.bing.com/bingbot.htm) Chrome/116.0.1938.76 Safari/537.36"
172.70.135.190 - - [11/Jan/2026:06:26:08 +0300] "GET /?u=6329958830401 HTTP/1.0" 200 674 "-" "Mozilla/5.0 AppleWebKit/537.36 (KHTML, like Gecko; compatible; bingbot/2.0; +http://www.bing.com/bingbot.htm) Chrome/116.0.1938.76 Safari/537.36"
172.71.194.152 - - [11/Jan/2026:06:26:22 +0300] "GET /?u=0022232148002 HTTP/1.0" 200 674 "-" "Mozilla/5.0 AppleWebKit/537.36 (KHTML, like Gecko; compatible; bingbot/2.0; +http://www.bing.com/bingbot.htm) Chrome/116.0.1938.76 Safari/537.36"
104.23.211.94 - - [11/Jan/2026:06:26:26 +0300] "GET /?u=79052234929601 HTTP/1.0" 200 674 "-" "Mozilla/5.0 AppleWebKit/537.36 (KHTML, like Gecko; compatible; bingbot/2.0; +http://www.bing.com/bingbot.htm) Chrome/116.0.1938.76 Safari/537.36"
172.68.138.151 - - [11/Jan/2026:06:27:14 +0300] "GET /?u=18057125388005 HTTP/1.0" 200 674 "-" "Mozilla/5.0 AppleWebKit/537.36 (KHTML, like Gecko; compatible; bingbot/2.0; +http://www.bing.com/bingbot.htm) Chrome/116.0.1938.76 Safari/537.36"
172.70.208.155 - - [11/Jan/2026:06:27:19 +0300] "GET /tbjusw/stake-sports-betting-app.html HTTP/1.0" 200 663 "https://sport74.ru/3pio7ly/content-index-state-unknown.html" "Mozilla/5.0 (Linux; Android 7.0;) AppleWebKit/537.36 (KHTML, like Gecko) Mobile Safari/537.36 (compatible; PetalBot;+https://webmaster.petalsearch.com/site/petalbot)"
162.158.108.16 - - [11/Jan/2026:06:28:43 +0300] "GET /tbjusw/snyder-county-coroner.html HTTP/1.0" 200 663 "https://domani-nsk.ru/gvlaf2c4/canning-jars-for-sale.html" "Mozilla/5.0 (Linux; Android 7.0;) AppleWebKit/537.36 (KHTML, like Gecko) Mobile Safari/537.36 (compatible; PetalBot;+https://webmaster.petalsearch.com/site/petalbot)"
172.70.174.17 - - [11/Jan/2026:06:29:56 +0300] "GET /?u=2079885085000 HTTP/1.0" 200 674 "-" "Mozilla/5.0 AppleWebKit/537.36 (KHTML, like Gecko; compatible; bingbot/2.0; +http://www.bing.com/bingbot.htm) Chrome/116.0.1938.76 Safari/537.36"
172.70.174.17 - - [11/Jan/2026:06:29:57 +0300] "GET /?u=22597157505400 HTTP/1.0" 200 674 "-" "Mozilla/5.0 AppleWebKit/537.36 (KHTML, like Gecko; compatible; bingbot/2.0; +http://www.bing.com/bingbot.htm) Chrome/116.0.1938.76 Safari/537.36"
172.71.82.87 - - [11/Jan/2026:06:30:06 +0300] "GET /tbjusw/scripture-for-religious-exemption.html HTTP/1.0" 200 663 "http://belingva.ru/qoitpo/ultrasonic-flow-meter.html" "Mozilla/5.0 (Linux; Android 7.0;) AppleWebKit/537.36 (KHTML, like Gecko) Mobile Safari/537.36 (compatible; PetalBot;+https://webmaster.petalsearch.com/site/petalbot)"
172.68.138.150 - - [11/Jan/2026:06:30:55 +0300] "GET /?u=22588140034202 HTTP/1.0" 200 674 "-" "Mozilla/5.0 AppleWebKit/537.36 (KHTML, like Gecko; compatible; bingbot/2.0; +http://www.bing.com/bingbot.htm) Chrome/116.0.1938.76 Safari/537.36"
104.23.209.43 - - [11/Jan/2026:06:30:59 +0300] "GET /?u=6169176662002 HTTP/1.0" 200 674 "-" "Mozilla/5.0 AppleWebKit/537.36 (KHTML, like Gecko; compatible; bingbot/2.0; +http://www.bing.com/bingbot.htm) Chrome/116.0.1938.76 Safari/537.36"
104.23.209.43 - - [11/Jan/2026:06:31:14 +0300] "GET /?u=27397230774401 HTTP/1.0" 200 674 "-" "Mozilla/5.0 AppleWebKit/537.36 (KHTML, like Gecko; compatible; bingbot/2.0; +http://www.bing.com/bingbot.htm) Chrome/116.0.1938.76 Safari/537.36"
172.68.164.61 - - [11/Jan/2026:06:31:30 +0300] "GET /tbjusw/nc-released-eog-3rd-grade-math.html HTTP/1.0" 200 663 "http://fmcg.navicongroup.ru/zm9iil/wbbty-meaning-pi-phi.html" "Mozilla/5.0 (Linux; Android 7.0;) AppleWebKit/537.36 (KHTML, like Gecko) Mobile Safari/537.36 (compatible; PetalBot;+https://webmaster.petalsearch.com/site/petalbot)"
104.23.209.43 - - [11/Jan/2026:06:31:36 +0300] "GET /?u=58970267829205 HTTP/1.0" 200 674 "-" "Mozilla/5.0 AppleWebKit/537.36 (KHTML, like Gecko; compatible; bingbot/2.0; +http://www.bing.com/bingbot.htm) Chrome/116.0.1938.76 Safari/537.36"
172.70.176.56 - - [11/Jan/2026:06:31:54 +0300] "GET /.git/config HTTP/1.0" 200 663 "-" "Opera/9.64 (Macintosh; PPC Mac OS X; U; en) Presto/2.1.1"
162.158.79.104 - - [11/Jan/2026:06:32:30 +0300] "GET /?u=2760137112806 HTTP/1.0" 200 674 "-" "Mozilla/5.0 AppleWebKit/537.36 (KHTML, like Gecko; compatible; bingbot/2.0; +http://www.bing.com/bingbot.htm) Chrome/116.0.1938.76 Safari/537.36"
162.158.88.34 - - [11/Jan/2026:06:32:53 +0300] "GET /tbjusw/navi-950-intellilink-software-update.html HTTP/1.0" 200 663 "http://opopost.ru/vim9a/smart-home-behance.html" "Mozilla/5.0 (Linux; Android 7.0;) AppleWebKit/537.36 (KHTML, like Gecko) Mobile Safari/537.36 (compatible; PetalBot;+https://webmaster.petalsearch.com/site/petalbot)"
162.158.79.104 - - [11/Jan/2026:06:32:54 +0300] "GET /?u=0472828747201 HTTP/1.0" 200 674 "-" "Mozilla/5.0 AppleWebKit/537.36 (KHTML, like Gecko; compatible; bingbot/2.0; +http://www.bing.com/bingbot.htm) Chrome/116.0.1938.76 Safari/537.36"
162.158.79.104 - - [11/Jan/2026:06:33:05 +0300] "GET /?u=07767180743206 HTTP/1.0" 200 674 "-" "Mozilla/5.0 AppleWebKit/537.36 (KHTML, like Gecko; compatible; bingbot/2.0; +http://www.bing.com/bingbot.htm) Chrome/116.0.1938.76 Safari/537.36"
172.68.138.151 - - [11/Jan/2026:06:33:54 +0300] "GET /?u=83714187599605 HTTP/1.0" 200 674 "-" "Mozilla/5.0 AppleWebKit/537.36 (KHTML, like Gecko; compatible; bingbot/2.0; +http://www.bing.com/bingbot.htm) Chrome/116.0.1938.76 Safari/537.36"
172.68.138.151 - - [11/Jan/2026:06:33:55 +0300] "GET /?u=32091228024000 HTTP/1.0" 200 674 "-" "Mozilla/5.0 AppleWebKit/537.36 (KHTML, like Gecko; compatible; bingbot/2.0; +http://www.bing.com/bingbot.htm) Chrome/116.0.1938.76 Safari/537.36"
172.70.142.84 - - [11/Jan/2026:06:34:18 +0300] "GET /tbjusw/lowes-real-estate.html HTTP/1.0" 200 663 "http://dev.wscc.ru/a9um73eg/how-to-test-fuse-amperage.html" "Mozilla/5.0 (Linux; Android 7.0;) AppleWebKit/537.36 (KHTML, like Gecko) Mobile Safari/537.36 (compatible; PetalBot;+https://webmaster.petalsearch.com/site/petalbot)"
172.68.138.151 - - [11/Jan/2026:06:34:23 +0300] "GET /?u=95629144860000 HTTP/1.0" 200 674 "-" "Mozilla/5.0 AppleWebKit/537.36 (KHTML, like Gecko; compatible; bingbot/2.0; +http://www.bing.com/bingbot.htm) Chrome/116.0.1938.76 Safari/537.36"
172.71.194.153 - - [11/Jan/2026:06:34:38 +0300] "GET /?u=89678272314403 HTTP/1.0" 200 674 "-" "Mozilla/5.0 AppleWebKit/537.36 (KHTML, like Gecko; compatible; bingbot/2.0; +http://www.bing.com/bingbot.htm) Chrome/116.0.1938.76 Safari/537.36"
172.71.222.63 - - [11/Jan/2026:06:34:55 +0300] "GET /?u=6707986887801 HTTP/1.0" 200 674 "-" "Mozilla/5.0 AppleWebKit/537.36 (KHTML, like Gecko; compatible; bingbot/2.0; +http://www.bing.com/bingbot.htm) Chrome/116.0.1938.76 Safari/537.36"
172.70.39.22 - - [11/Jan/2026:06:35:23 +0300] "GET /?u=78838203634408 HTTP/1.0" 200 674 "-" "Mozilla/5.0 AppleWebKit/537.36 (KHTML, like Gecko; compatible; bingbot/2.0; +http://www.bing.com/bingbot.htm) Chrome/116.0.1938.76 Safari/537.36"
172.70.43.63 - - [11/Jan/2026:06:35:47 +0300] "GET /?u=04590280456802 HTTP/1.0" 200 674 "-" "Mozilla/5.0 AppleWebKit/537.36 (KHTML, like Gecko; compatible; bingbot/2.0; +http://www.bing.com/bingbot.htm) Chrome/116.0.1938.76 Safari/537.36"
162.158.88.34 - - [11/Jan/2026:06:37:03 +0300] "GET /tbjusw/i-have-a-job-but-nowhere-to-live.html HTTP/1.0" 200 663 "http://medaks72.ru/b8uwai/earn-and-donate-codes.html" "Mozilla/5.0 (Linux; Android 7.0;) AppleWebKit/537.36 (KHTML, like Gecko) Mobile Safari/537.36 (compatible; PetalBot;+https://webmaster.petalsearch.com/site/petalbot)"
172.71.190.209 - - [11/Jan/2026:06:37:16 +0300] "GET /?u=0914278812412 HTTP/1.0" 200 674 "-" "Mozilla/5.0 AppleWebKit/537.36 (KHTML, like Gecko; compatible; bingbot/2.0; +http://www.bing.com/bingbot.htm) Chrome/116.0.1938.76 Safari/537.36"
172.70.43.64 - - [11/Jan/2026:06:37:55 +0300] "GET /?u=6970129092806 HTTP/1.0" 200 674 "-" "Mozilla/5.0 AppleWebKit/537.36 (KHTML, like Gecko; compatible; bingbot/2.0; +http://www.bing.com/bingbot.htm) Chrome/116.0.1938.76 Safari/537.36"
172.70.43.64 - - [11/Jan/2026:06:38:07 +0300] "GET /?u=0586985275610 HTTP/1.0" 200 674 "-" "Mozilla/5.0 AppleWebKit/537.36 (KHTML, like Gecko; compatible; bingbot/2.0; +http://www.bing.com/bingbot.htm) Chrome/116.0.1938.76 Safari/537.36"
172.70.174.17 - - [11/Jan/2026:06:38:22 +0300] "GET /?u=2196136669000 HTTP/1.0" 200 674 "-" "Mozilla/5.0 AppleWebKit/537.36 (KHTML, like Gecko; compatible; bingbot/2.0; +http://www.bing.com/bingbot.htm) Chrome/116.0.1938.76 Safari/537.36"
104.23.175.9 - - [11/Jan/2026:06:38:27 +0300] "GET /tbjusw/how-to-make-triangle-tkinter.html HTTP/1.0" 200 663 "http://restauranttram.ru/vyx0b/keluaran-nomer-haka-6d.html" "Mozilla/5.0 (Linux; Android 7.0;) AppleWebKit/537.36 (KHTML, like Gecko) Mobile Safari/537.36 (compatible; PetalBot;+https://webmaster.petalsearch.com/site/petalbot)"
172.69.6.106 - - [11/Jan/2026:06:38:31 +0300] "GET / HTTP/1.0" 200 663 "-" "Mozilla/5.0 (Windows NT 10.0; Win64; x64) AppleWebKit/537.36 (KHTML, like Gecko) Chrome/134.0.0.0 Safari/537.36"
172.70.174.17 - - [11/Jan/2026:06:38:32 +0300] "GET /?u=09998280444000 HTTP/1.0" 200 674 "-" "Mozilla/5.0 AppleWebKit/537.36 (KHTML, like Gecko; compatible; bingbot/2.0; +http://www.bing.com/bingbot.htm) Chrome/116.0.1938.76 Safari/537.36"
172.70.35.191 - - [11/Jan/2026:06:39:25 +0300] "GET /?u=02886193023603 HTTP/1.0" 200 674 "-" "Mozilla/5.0 AppleWebKit/537.36 (KHTML, like Gecko; compatible; bingbot/2.0; +http://www.bing.com/bingbot.htm) Chrome/116.0.1938.76 Safari/537.36"
104.23.209.42 - - [11/Jan/2026:06:39:35 +0300] "GET /?u=2601794411001 HTTP/1.0" 200 674 "-" "Mozilla/5.0 AppleWebKit/537.36 (KHTML, like Gecko; compatible; bingbot/2.0; +http://www.bing.com/bingbot.htm) Chrome/116.0.1938.76 Safari/537.36"
172.70.208.154 - - [11/Jan/2026:06:39:51 +0300] "GET /tbjusw/how-to-change-folder-icon-in-windows-7.html HTTP/1.0" 200 663 "http://opopost.ru/vim9a/smart-home-behance.html" "Mozilla/5.0 (Linux; Android 7.0;) AppleWebKit/537.36 (KHTML, like Gecko) Mobile Safari/537.36 (compatible; PetalBot;+https://webmaster.petalsearch.com/site/petalbot)"
104.23.211.95 - - [11/Jan/2026:06:40:22 +0300] "GET /?u=4340263560402 HTTP/1.0" 200 674 "-" "Mozilla/5.0 AppleWebKit/537.36 (KHTML, like Gecko; compatible; bingbot/2.0; +http://www.bing.com/bingbot.htm) Chrome/116.0.1938.76 Safari/537.36"
172.71.190.209 - - [11/Jan/2026:06:40:26 +0300] "GET /?u=0751471578801 HTTP/1.0" 200 674 "-" "Mozilla/5.0 AppleWebKit/537.36 (KHTML, like Gecko; compatible; bingbot/2.0; +http://www.bing.com/bingbot.htm) Chrome/116.0.1938.76 Safari/537.36"
104.23.211.95 - - [11/Jan/2026:06:40:32 +0300] "GET /?u=8712085002000 HTTP/1.0" 200 674 "-" "Mozilla/5.0 AppleWebKit/537.36 (KHTML, like Gecko; compatible; bingbot/2.0; +http://www.bing.com/bingbot.htm) Chrome/116.0.1938.76 Safari/537.36"
172.71.222.63 - - [11/Jan/2026:06:41:14 +0300] "GET /?u=89137256147000 HTTP/1.0" 200 674 "-" "Mozilla/5.0 AppleWebKit/537.36 (KHTML, like Gecko; compatible; bingbot/2.0; +http://www.bing.com/bingbot.htm) Chrome/116.0.1938.76 Safari/537.36"
104.23.175.9 - - [11/Jan/2026:06:41:15 +0300] "GET /tbjusw/gas-pipe-underground-regulations.html HTTP/1.0" 200 663 "http://medaks72.ru/b8uwai/earn-and-donate-codes.html" "Mozilla/5.0 (Linux; Android 7.0;) AppleWebKit/537.36 (KHTML, like Gecko) Mobile Safari/537.36 (compatible; PetalBot;+https://webmaster.petalsearch.com/site/petalbot)"
