172.68.138.151 - - [11/Jan/2026:13:31:21 +0300] "GET /?u=47778213414601 HTTP/1.0" 200 674 "-" "Mozilla/5.0 AppleWebKit/537.36 (KHTML, like Gecko; compatible; bingbot/2.0; +http://www.bing.com/bingbot.htm) Chrome/116.0.1938.76 Safari/537.36"
172.68.138.151 - - [11/Jan/2026:13:31:21 +0300] "GET /?u=89108262947806 HTTP/1.0" 200 674 "-" "Mozilla/5.0 AppleWebKit/537.36 (KHTML, like Gecko; compatible; bingbot/2.0; +http://www.bing.com/bingbot.htm) Chrome/116.0.1938.76 Safari/537.36"
104.23.211.95 - - [11/Jan/2026:13:32:08 +0300] "GET /?u=2862163929310 HTTP/1.0" 200 674 "-" "Mozilla/5.0 AppleWebKit/537.36 (KHTML, like Gecko; compatible; bingbot/2.0; +http://www.bing.com/bingbot.htm) Chrome/116.0.1938.76 Safari/537.36"
172.71.190.209 - - [11/Jan/2026:13:32:12 +0300] "GET /?u=0908548051002 HTTP/1.0" 200 674 "-" "Mozilla/5.0 AppleWebKit/537.36 (KHTML, like Gecko; compatible; bingbot/2.0; +http://www.bing.com/bingbot.htm) Chrome/116.0.1938.76 Safari/537.36"
172.68.164.60 - - [11/Jan/2026:13:32:33 +0300] "GET /jroriq/how-to-get-ronaldo-in-fifa-22-mobile.html HTTP/1.0" 200 663 "http://expertiza40.ru/bqtai/marion-county-inmate-search.html" "Mozilla/5.0 (Linux; Android 7.0;) AppleWebKit/537.36 (KHTML, like Gecko) Mobile Safari/537.36 (compatible; PetalBot;+https://webmaster.petalsearch.com/site/petalbot)"
172.70.35.191 - - [11/Jan/2026:13:33:05 +0300] "GET /?u=21851257167208 HTTP/1.0" 200 674 "-" "Mozilla/5.0 AppleWebKit/537.36 (KHTML, like Gecko; compatible; bingbot/2.0; +http://www.bing.com/bingbot.htm) Chrome/116.0.1938.76 Safari/537.36"
172.70.35.191 - - [11/Jan/2026:13:33:07 +0300] "GET /?u=725768557802 HTTP/1.0" 200 674 "-" "Mozilla/5.0 AppleWebKit/537.36 (KHTML, like Gecko; compatible; bingbot/2.0; +http://www.bing.com/bingbot.htm) Chrome/116.0.1938.76 Safari/537.36"
162.158.108.17 - - [11/Jan/2026:13:33:58 +0300] "GET /jroriq/houses-for-rent-in-decatur-ga-under-$1000.html HTTP/1.0" 200 663 "http://bombo.sewingwithshirley.com.au/scumn21/maxim-defense-stock-only.html" "Mozilla/5.0 (Linux; Android 7.0;) AppleWebKit/537.36 (KHTML, like Gecko) Mobile Safari/537.36 (compatible; PetalBot;+https://webmaster.petalsearch.com/site/petalbot)"
172.70.94.187 - - [11/Jan/2026:13:34:15 +0300] "GET /?u=28006220270603 HTTP/1.0" 200 1921 "-" "Mozilla/5.0 (Linux; Android 6.0.1; Nexus 5X Build/MMB29P) AppleWebKit/537.36 (KHTML, like Gecko) Chrome/143.0.7499.169 Mobile Safari/537.36 (compatible; Googlebot/2.1; +http://www.google.com/bot.html)"
162.158.107.67 - - [11/Jan/2026:13:35:21 +0300] "GET /jroriq/goddess-of-sunset.html HTTP/1.0" 200 663 "https://stanlitop.ru/vum7n/brownsburg-high-school-basketball-schedule.html" "Mozilla/5.0 (Linux; Android 7.0;) AppleWebKit/537.36 (KHTML, like Gecko) Mobile Safari/537.36 (compatible; PetalBot;+https://webmaster.petalsearch.com/site/petalbot)"
172.70.94.187 - - [11/Jan/2026:13:35:30 +0300] "GET /?u=2697721517401 HTTP/1.0" 200 1918 "-" "Mozilla/5.0 (Linux; Android 6.0.1; Nexus 5X Build/MMB29P) AppleWebKit/537.36 (KHTML, like Gecko) Chrome/143.0.7499.169 Mobile Safari/537.36 (compatible; Googlebot/2.1; +http://www.google.com/bot.html)"
104.23.175.8 - - [11/Jan/2026:13:36:45 +0300] "GET /jroriq/cape-cod-webcam.html HTTP/1.0" 200 663 "https://fcc-cb.ru/l3dy/team-to-win-both-halves-tips.html" "Mozilla/5.0 (Linux; Android 7.0;) AppleWebKit/537.36 (KHTML, like Gecko) Mobile Safari/537.36 (compatible; PetalBot;+https://webmaster.petalsearch.com/site/petalbot)"
104.23.209.43 - - [11/Jan/2026:13:37:55 +0300] "GET /?u=99391299034007 HTTP/1.0" 200 674 "-" "Mozilla/5.0 AppleWebKit/537.36 (KHTML, like Gecko; compatible; bingbot/2.0; +http://www.bing.com/bingbot.htm) Chrome/116.0.1938.76 Safari/537.36"
172.71.190.208 - - [11/Jan/2026:13:37:59 +0300] "GET /?u=465956168002 HTTP/1.0" 200 674 "-" "Mozilla/5.0 AppleWebKit/537.36 (KHTML, like Gecko; compatible; bingbot/2.0; +http://www.bing.com/bingbot.htm) Chrome/116.0.1938.76 Safari/537.36"
172.68.71.112 - - [11/Jan/2026:13:38:01 +0300] "GET /robots.txt HTTP/1.1" 404 576 "-" "Mozilla/5.0 (Macintosh; Intel Mac OS X 10_15_7) AppleWebKit/537.36 (KHTML, like Gecko) Chrome/131.0.0.0 Safari/537.36; compatible; OAI-SearchBot/1.3; robots.txt; +https://openai.com/searchbot"
172.70.142.84 - - [11/Jan/2026:13:38:07 +0300] "GET /jroriq/bridges-in-mathematics-grade-1-answer-key-pdf.html HTTP/1.0" 200 663 "http://staging.obriengrouparena.com.au/zrzq/ncl-taste-menu.html" "Mozilla/5.0 (Linux; Android 7.0;) AppleWebKit/537.36 (KHTML, like Gecko) Mobile Safari/537.36 (compatible; PetalBot;+https://webmaster.petalsearch.com/site/petalbot)"
108.162.237.158 - - [11/Jan/2026:13:38:26 +0300] "GET / HTTP/1.0" 200 663 "-" "Mozilla/5.0 AppleWebKit/537.36 (KHTML, like Gecko; compatible; GPTBot/1.3; +https://openai.com/gptbot)"
172.71.222.62 - - [11/Jan/2026:13:38:44 +0300] "GET /?u=9949452746004 HTTP/1.0" 200 674 "-" "Mozilla/5.0 AppleWebKit/537.36 (KHTML, like Gecko; compatible; bingbot/2.0; +http://www.bing.com/bingbot.htm) Chrome/116.0.1938.76 Safari/537.36"
172.71.194.153 - - [11/Jan/2026:13:39:17 +0300] "GET /?u=0511827040807 HTTP/1.0" 200 674 "-" "Mozilla/5.0 AppleWebKit/537.36 (KHTML, like Gecko; compatible; bingbot/2.0; +http://www.bing.com/bingbot.htm) Chrome/116.0.1938.76 Safari/537.36"
172.71.124.225 - - [11/Jan/2026:13:39:32 +0300] "GET /jroriq/best-resorts-for-mental-health.html HTTP/1.0" 200 663 "http://graphic.bosetea.com/7vq57/self-hosted-omada-controller.html" "Mozilla/5.0 (Linux; Android 7.0;) AppleWebKit/537.36 (KHTML, like Gecko) Mobile Safari/537.36 (compatible; PetalBot;+https://webmaster.petalsearch.com/site/petalbot)"
172.70.135.190 - - [11/Jan/2026:13:40:43 +0300] "GET /?u=871326269201 HTTP/1.0" 200 674 "-" "Mozilla/5.0 AppleWebKit/537.36 (KHTML, like Gecko; compatible; bingbot/2.0; +http://www.bing.com/bingbot.htm) Chrome/116.0.1938.76 Safari/537.36"
172.70.135.190 - - [11/Jan/2026:13:40:52 +0300] "GET /?u=8200228875600 HTTP/1.0" 200 674 "-" "Mozilla/5.0 AppleWebKit/537.36 (KHTML, like Gecko; compatible; bingbot/2.0; +http://www.bing.com/bingbot.htm) Chrome/116.0.1938.76 Safari/537.36"
162.158.162.138 - - [11/Jan/2026:13:40:55 +0300] "GET /jroriq/bbc-script-submission.html HTTP/1.0" 200 663 "http://contacts.smarttouch-eg.com/__MACOSX/occyii/best-tattoo-artists-in-south-florida.html" "Mozilla/5.0 (Linux; Android 7.0;) AppleWebKit/537.36 (KHTML, like Gecko) Mobile Safari/537.36 (compatible; PetalBot;+https://webmaster.petalsearch.com/site/petalbot)"
172.71.222.63 - - [11/Jan/2026:13:41:14 +0300] "GET /?u=09156202891012 HTTP/1.0" 200 674 "-" "Mozilla/5.0 AppleWebKit/537.36 (KHTML, like Gecko; compatible; bingbot/2.0; +http://www.bing.com/bingbot.htm) Chrome/116.0.1938.76 Safari/537.36"
172.70.142.84 - - [11/Jan/2026:13:42:20 +0300] "GET /jroriq/bbc-documentary-production-companies.html HTTP/1.0" 200 663 "https://temmoroz.ru/4ymzp/minecraft-update-xbox-one.html" "Mozilla/5.0 (Linux; Android 7.0;) AppleWebKit/537.36 (KHTML, like Gecko) Mobile Safari/537.36 (compatible; PetalBot;+https://webmaster.petalsearch.com/site/petalbot)"
104.23.213.187 - - [11/Jan/2026:13:42:23 +0300] "GET /?u=99775131438000 HTTP/1.0" 200 674 "-" "Mozilla/5.0 AppleWebKit/537.36 (KHTML, like Gecko; compatible; bingbot/2.0; +http://www.bing.com/bingbot.htm) Chrome/116.0.1938.76 Safari/537.36"
172.68.164.61 - - [11/Jan/2026:13:43:43 +0300] "GET /tbjusw/falling-for-friends-with-benefits.html HTTP/1.0" 200 663 "https://masterplus31.ru/hwraty/how-to-store-api-data-in-database.html" "Mozilla/5.0 (Linux; Android 7.0;) AppleWebKit/537.36 (KHTML, like Gecko) Mobile Safari/537.36 (compatible; PetalBot;+https://webmaster.petalsearch.com/site/petalbot)"
162.158.108.17 - - [11/Jan/2026:13:45:06 +0300] "GET /jroriq/what-happened-the-day-marina-turned-17.html HTTP/1.0" 200 663 "https://oboizhidkieshop.ru/bh99e/professional-championship-bull-riders-reviews.html" "Mozilla/5.0 (Linux; Android 7.0;) AppleWebKit/537.36 (KHTML, like Gecko) Mobile Safari/537.36 (compatible; PetalBot;+https://webmaster.petalsearch.com/site/petalbot)"
172.71.194.153 - - [11/Jan/2026:13:45:15 +0300] "GET /?u=0314556775513 HTTP/1.0" 200 674 "-" "Mozilla/5.0 AppleWebKit/537.36 (KHTML, like Gecko; compatible; bingbot/2.0; +http://www.bing.com/bingbot.htm) Chrome/116.0.1938.76 Safari/537.36"
172.71.194.153 - - [11/Jan/2026:13:45:16 +0300] "GET /?u=0975923848801 HTTP/1.0" 200 674 "-" "Mozilla/5.0 AppleWebKit/537.36 (KHTML, like Gecko; compatible; bingbot/2.0; +http://www.bing.com/bingbot.htm) Chrome/116.0.1938.76 Safari/537.36"
172.70.208.155 - - [11/Jan/2026:13:46:30 +0300] "GET /jroriq/unhide-story-after-posting.html HTTP/1.0" 200 663 "https://krica.ru/lz5h/14-days-post-iui-negative-pregnancy-test.html" "Mozilla/5.0 (Linux; Android 7.0;) AppleWebKit/537.36 (KHTML, like Gecko) Mobile Safari/537.36 (compatible; PetalBot;+https://webmaster.petalsearch.com/site/petalbot)"
162.159.116.191 - - [11/Jan/2026:13:46:45 +0300] "GET /robots.txt HTTP/1.1" 404 173 "-" "Mozilla/5.0 (compatible; Googlebot/2.1; +http://www.google.com/bot.html)"
162.158.174.26 - - [11/Jan/2026:13:46:46 +0300] "GET / HTTP/1.0" 200 9096 "-" "Mozilla/5.0 (Linux; Android 6.0.1; Nexus 5X Build/MMB29P) AppleWebKit/537.36 (KHTML, like Gecko) Chrome/143.0.7499.169 Mobile Safari/537.36 (compatible; Googlebot/2.1; +http://www.google.com/bot.html)"
172.70.188.31 - - [11/Jan/2026:13:47:54 +0300] "GET /jroriq/how-to-render-video-in-unity.html HTTP/1.0" 200 663 "https://promsnab888.ru/jqopcol/train-bogie-suspension-system.html" "Mozilla/5.0 (Linux; Android 7.0;) AppleWebKit/537.36 (KHTML, like Gecko) Mobile Safari/537.36 (compatible; PetalBot;+https://webmaster.petalsearch.com/site/petalbot)"
172.71.191.128 - - [11/Jan/2026:13:48:10 +0300] "GET /?u=89743169692804 HTTP/1.0" 200 674 "-" "Mozilla/5.0 AppleWebKit/537.36 (KHTML, like Gecko; compatible; bingbot/2.0; +http://www.bing.com/bingbot.htm) Chrome/116.0.1938.76 Safari/537.36"
172.71.194.153 - - [11/Jan/2026:13:48:29 +0300] "GET /?u=00324256459200 HTTP/1.0" 200 674 "-" "Mozilla/5.0 AppleWebKit/537.36 (KHTML, like Gecko; compatible; bingbot/2.0; +http://www.bing.com/bingbot.htm) Chrome/116.0.1938.76 Safari/537.36"
172.71.194.153 - - [11/Jan/2026:13:48:56 +0300] "GET /?u=0984311297404 HTTP/1.0" 200 674 "-" "Mozilla/5.0 AppleWebKit/537.36 (KHTML, like Gecko; compatible; bingbot/2.0; +http://www.bing.com/bingbot.htm) Chrome/116.0.1938.76 Safari/537.36"
172.71.124.224 - - [11/Jan/2026:13:49:17 +0300] "GET /jroriq/how-much-weight-can-drywall-hold-with-anchors.html HTTP/1.0" 200 663 "https://weekenders.ru/sauqmo8fl/free-easy-checking-navy-federal.html" "Mozilla/5.0 (Linux; Android 7.0;) AppleWebKit/537.36 (KHTML, like Gecko) Mobile Safari/537.36 (compatible; PetalBot;+https://webmaster.petalsearch.com/site/petalbot)"
172.71.191.127 - - [11/Jan/2026:13:49:57 +0300] "GET /?u=20063212504404 HTTP/1.0" 200 674 "-" "Mozilla/5.0 AppleWebKit/537.36 (KHTML, like Gecko; compatible; bingbot/2.0; +http://www.bing.com/bingbot.htm) Chrome/116.0.1938.76 Safari/537.36"
172.68.164.61 - - [11/Jan/2026:13:50:41 +0300] "GET /jroriq/holy-spirit-tongues-of-fire-bible-verse.html HTTP/1.0" 200 663 "https://opsk24.ru/zh6i/bmc-fax-number.html" "Mozilla/5.0 (Linux; Android 7.0;) AppleWebKit/537.36 (KHTML, like Gecko) Mobile Safari/537.36 (compatible; PetalBot;+https://webmaster.petalsearch.com/site/petalbot)"
172.71.191.127 - - [11/Jan/2026:13:50:47 +0300] "GET /?u=9967142595202 HTTP/1.0" 200 674 "-" "Mozilla/5.0 AppleWebKit/537.36 (KHTML, like Gecko; compatible; bingbot/2.0; +http://www.bing.com/bingbot.htm) Chrome/116.0.1938.76 Safari/537.36"
172.68.245.75 - - [11/Jan/2026:13:50:51 +0300] "GET /?u=89924279704401 HTTP/1.0" 200 674 "-" "Mozilla/5.0 AppleWebKit/537.36 (KHTML, like Gecko; compatible; bingbot/2.0; +http://www.bing.com/bingbot.htm) Chrome/116.0.1938.76 Safari/537.36"
104.23.213.186 - - [11/Jan/2026:13:51:16 +0300] "GET /?u=98784266213400 HTTP/1.0" 200 674 "-" "Mozilla/5.0 AppleWebKit/537.36 (KHTML, like Gecko; compatible; bingbot/2.0; +http://www.bing.com/bingbot.htm) Chrome/116.0.1938.76 Safari/537.36"
162.158.108.17 - - [11/Jan/2026:13:52:04 +0300] "GET /jroriq/equitable-sharing-agreement-and-certification-form-2019.html HTTP/1.0" 200 663 "https://alternativa-td.ru/ieaovw/vanessa-fixed-matches-telegram.html" "Mozilla/5.0 (Linux; Android 7.0;) AppleWebKit/537.36 (KHTML, like Gecko) Mobile Safari/537.36 (compatible; PetalBot;+https://webmaster.petalsearch.com/site/petalbot)"
172.71.191.127 - - [11/Jan/2026:13:52:25 +0300] "GET /?u=47260258260003 HTTP/1.0" 200 674 "-" "Mozilla/5.0 AppleWebKit/537.36 (KHTML, like Gecko; compatible; bingbot/2.0; +http://www.bing.com/bingbot.htm) Chrome/116.0.1938.76 Safari/537.36"
172.71.222.62 - - [11/Jan/2026:13:53:26 +0300] "GET /?u=47212274728600 HTTP/1.0" 200 674 "-" "Mozilla/5.0 AppleWebKit/537.36 (KHTML, like Gecko; compatible; bingbot/2.0; +http://www.bing.com/bingbot.htm) Chrome/116.0.1938.76 Safari/537.36"
162.158.107.67 - - [11/Jan/2026:13:53:28 +0300] "GET /jroriq/cigar-lounge-san-antonio.html HTTP/1.0" 200 663 "http://fgupoktyabr.ru/lj0xw8hrs/connecticut-spring-antiques-show-2023.html" "Mozilla/5.0 (Linux; Android 7.0;) AppleWebKit/537.36 (KHTML, like Gecko) Mobile Safari/537.36 (compatible; PetalBot;+https://webmaster.petalsearch.com/site/petalbot)"
172.71.194.153 - - [11/Jan/2026:13:53:47 +0300] "GET /?u=25057165463201 HTTP/1.0" 200 674 "-" "Mozilla/5.0 AppleWebKit/537.36 (KHTML, like Gecko; compatible; bingbot/2.0; +http://www.bing.com/bingbot.htm) Chrome/116.0.1938.76 Safari/537.36"
172.70.135.189 - - [11/Jan/2026:13:53:54 +0300] "GET /?u=01768216009601 HTTP/1.0" 200 674 "-" "Mozilla/5.0 AppleWebKit/537.36 (KHTML, like Gecko; compatible; bingbot/2.0; +http://www.bing.com/bingbot.htm) Chrome/116.0.1938.76 Safari/537.36"
104.23.175.9 - - [11/Jan/2026:13:54:52 +0300] "GET /jroriq/birthday-party-ideas-for-8-year-old-boy-near-me.html HTTP/1.0" 200 663 "http://russar.gramor.site/qhh4y/dragon-quest-builders-2-clothes.html" "Mozilla/5.0 (Linux; Android 7.0;) AppleWebKit/537.36 (KHTML, like Gecko) Mobile Safari/537.36 (compatible; PetalBot;+https://webmaster.petalsearch.com/site/petalbot)"
172.70.43.63 - - [11/Jan/2026:13:54:57 +0300] "GET /?u=02958236531206 HTTP/1.0" 200 674 "-" "Mozilla/5.0 AppleWebKit/537.36 (KHTML, like Gecko; compatible; bingbot/2.0; +http://www.bing.com/bingbot.htm) Chrome/116.0.1938.76 Safari/537.36"
162.158.210.245 - - [11/Jan/2026:13:55:18 +0300] "GET /z.gz HTTP/1.0" 200 663 "-" "Mozilla/5.0 (Windows NT 10.0; Win64; x64) AppleWebKit/537.36 (KHTML, like Gecko) Chrome/101.0.4951.67 Safari/537.36"
162.158.108.17 - - [11/Jan/2026:13:56:15 +0300] "GET /jroriq/best-plays-on-youtube.html HTTP/1.0" 200 663 "https://bars-buh.ru/xegq/brush-dc-motor.html" "Mozilla/5.0 (Linux; Android 7.0;) AppleWebKit/537.36 (KHTML, like Gecko) Mobile Safari/537.36 (compatible; PetalBot;+https://webmaster.petalsearch.com/site/petalbot)"
172.71.191.128 - - [11/Jan/2026:13:56:58 +0300] "GET /?u=88306244581010 HTTP/1.0" 200 674 "-" "Mozilla/5.0 AppleWebKit/537.36 (KHTML, like Gecko; compatible; bingbot/2.0; +http://www.bing.com/bingbot.htm) Chrome/116.0.1938.76 Safari/537.36"
104.23.211.95 - - [11/Jan/2026:13:57:15 +0300] "GET /?u=0779940632000 HTTP/1.0" 200 674 "-" "Mozilla/5.0 AppleWebKit/537.36 (KHTML, like Gecko; compatible; bingbot/2.0; +http://www.bing.com/bingbot.htm) Chrome/116.0.1938.76 Safari/537.36"
104.23.211.95 - - [11/Jan/2026:13:57:16 +0300] "GET /?u=86042150956201 HTTP/1.0" 200 674 "-" "Mozilla/5.0 AppleWebKit/537.36 (KHTML, like Gecko; compatible; bingbot/2.0; +http://www.bing.com/bingbot.htm) Chrome/116.0.1938.76 Safari/537.36"
162.158.108.17 - - [11/Jan/2026:13:57:39 +0300] "GET /tbjusw/how-to-confront-a-cheater-when-you-snooped.html HTTP/1.0" 200 663 "https://knd25.ru/za74olp/morro-bay-fishing-charters.html" "Mozilla/5.0 (Linux; Android 7.0;) AppleWebKit/537.36 (KHTML, like Gecko) Mobile Safari/537.36 (compatible; PetalBot;+https://webmaster.petalsearch.com/site/petalbot)"
172.70.135.189 - - [11/Jan/2026:13:58:08 +0300] "GET /?u=74179181802400 HTTP/1.0" 200 674 "-" "Mozilla/5.0 AppleWebKit/537.36 (KHTML, like Gecko; compatible; bingbot/2.0; +http://www.bing.com/bingbot.htm) Chrome/116.0.1938.76 Safari/537.36"
172.70.35.191 - - [11/Jan/2026:13:58:29 +0300] "GET /?u=80717192604801 HTTP/1.0" 200 674 "-" "Mozilla/5.0 AppleWebKit/537.36 (KHTML, like Gecko; compatible; bingbot/2.0; +http://www.bing.com/bingbot.htm) Chrome/116.0.1938.76 Safari/537.36"
172.70.174.16 - - [11/Jan/2026:13:58:47 +0300] "GET /?u=97214121489800 HTTP/1.0" 200 674 "-" "Mozilla/5.0 AppleWebKit/537.36 (KHTML, like Gecko; compatible; bingbot/2.0; +http://www.bing.com/bingbot.htm) Chrome/116.0.1938.76 Safari/537.36"
172.70.208.155 - - [11/Jan/2026:13:59:03 +0300] "GET /jroriq/when-a-narcissist-loses-everything.html HTTP/1.0" 200 663 "https://grossoil.ru/9cz9mdbt/candle-supply-with-free-shipping.html" "Mozilla/5.0 (Linux; Android 7.0;) AppleWebKit/537.36 (KHTML, like Gecko) Mobile Safari/537.36 (compatible; PetalBot;+https://webmaster.petalsearch.com/site/petalbot)"
198.41.227.22 - - [11/Jan/2026:13:59:15 +0300] "GET /?u=66179123696202 HTTP/1.0" 200 1901 "-" "Mozilla/5.0 (Linux; Android 6.0.1; Nexus 5X Build/MMB29P) AppleWebKit/537.36 (KHTML, like Gecko) Chrome/143.0.7499.169 Mobile Safari/537.36 (compatible; Googlebot/2.1; +http://www.google.com/bot.html)"
172.70.135.189 - - [11/Jan/2026:13:59:19 +0300] "GET /?u=09829264669206 HTTP/1.0" 200 674 "-" "Mozilla/5.0 AppleWebKit/537.36 (KHTML, like Gecko; compatible; bingbot/2.0; +http://www.bing.com/bingbot.htm) Chrome/116.0.1938.76 Safari/537.36"
172.70.35.191 - - [11/Jan/2026:13:59:51 +0300] "GET /?u=91572175869600 HTTP/1.0" 200 674 "-" "Mozilla/5.0 AppleWebKit/537.36 (KHTML, like Gecko; compatible; bingbot/2.0; +http://www.bing.com/bingbot.htm) Chrome/116.0.1938.76 Safari/537.36"
104.23.209.42 - - [11/Jan/2026:14:00:15 +0300] "GET /?u=99674244965600 HTTP/1.0" 200 674 "-" "Mozilla/5.0 AppleWebKit/537.36 (KHTML, like Gecko; compatible; bingbot/2.0; +http://www.bing.com/bingbot.htm) Chrome/116.0.1938.76 Safari/537.36"
172.70.208.154 - - [11/Jan/2026:14:00:27 +0300] "GET /jroriq/you-would-never-date-someone-who-had-bad-top-7.html HTTP/1.0" 200 663 "http://russar.gramor.site/qhh4y/dragon-quest-builders-2-clothes.html" "Mozilla/5.0 (Linux; Android 7.0;) AppleWebKit/537.36 (KHTML, like Gecko) Mobile Safari/537.36 (compatible; PetalBot;+https://webmaster.petalsearch.com/site/petalbot)"
172.70.35.191 - - [11/Jan/2026:14:01:29 +0300] "GET /?u=99176300287604 HTTP/1.0" 200 674 "-" "Mozilla/5.0 AppleWebKit/537.36 (KHTML, like Gecko; compatible; bingbot/2.0; +http://www.bing.com/bingbot.htm) Chrome/116.0.1938.76 Safari/537.36"
162.159.110.121 - - [11/Jan/2026:14:01:35 +0300] "GET /wp-content HTTP/1.0" 200 663 "https://www.google.de/" "Mozilla/5.0 (Linux; Android 14; Pixel 8 Pro) AppleWebKit/537.36 (KHTML, like Gecko) Chrome/119.0.0.0 Mobile Safari/537.36"
162.159.110.121 - - [11/Jan/2026:14:01:35 +0300] "GET /404.php HTTP/1.0" 403 454 "https://www.google.co.uk/" "Mozilla/5.0 (Linux; Android 13; SM-S908E) AppleWebKit/537.36 (KHTML, like Gecko) Chrome/116.0.0.0 Mobile Safari/537.36"
162.159.110.121 - - [11/Jan/2026:14:01:36 +0300] "GET /av.php HTTP/1.0" 403 454 "https://www.google.co.uk/" "Mozilla/5.0 (Linux; Android 12; V2134) AppleWebKit/537.36 (KHTML, like Gecko) Chrome/116.0.0.0 Mobile Safari/537.36"
162.159.110.121 - - [11/Jan/2026:14:01:36 +0300] "GET /wp-includes/ID3/about.php HTTP/1.0" 200 663 "https://www.google.de/" "Mozilla/5.0 (Linux; Android 12; V2134) AppleWebKit/537.36 (KHTML, like Gecko) Chrome/116.0.0.0 Mobile Safari/537.36"
162.159.110.121 - - [11/Jan/2026:14:01:36 +0300] "GET /baxa1.php7 HTTP/1.0" 200 663 "https://www.bing.com/" "Mozilla/5.0 (Linux; Android 11; 21081111RG) AppleWebKit/537.36 (KHTML, like Gecko) Chrome/116.0.0.0 Mobile Safari/537.36"
162.159.110.121 - - [11/Jan/2026:14:01:37 +0300] "GET /wp-content/uploads HTTP/1.0" 200 663 "https://duckduckgo.com/" "Mozilla/5.0 (Linux; Android 13; SM-S908E) AppleWebKit/537.36 (KHTML, like Gecko) Chrome/116.0.0.0 Mobile Safari/537.36"
162.159.110.121 - - [11/Jan/2026:14:01:37 +0300] "GET /bolt.php HTTP/1.0" 403 454 "https://duckduckgo.com/" "Mozilla/5.g (Linux; Android 13; Pixel 7) AppleWebKit/537.36 (KHTML, like Gecko) Chrome/116.0.0.0 Mobile Safari/537.36"
162.159.110.121 - - [11/Jan/2026:14:01:37 +0300] "GET /manager.php HTTP/1.0" 403 454 "https://www.google.com/" "Mozilla/5.0 (Linux; Android 10; LM-Q720) AppleWebKit/537.36 (KHTML, like Gecko) Chrome/116.0.0.0 Mobile Safari/537.36"
162.159.110.121 - - [11/Jan/2026:14:01:37 +0300] "GET /buy.php HTTP/1.0" 403 454 "https://www.yahoo.com/" "Mozilla/5.0 (Linux; Android 10; LM-Q720) AppleWebKit/537.36 (KHTML, like Gecko) Chrome/116.0.0.0 Mobile Safari/537.36"
162.159.110.121 - - [11/Jan/2026:14:01:38 +0300] "GET /wp-content/admin.php HTTP/1.0" 200 663 "https://duckduckgo.com/" "Mozilla/5.0 (iPhone; CPU iPhone OS 17_1 like Mac OS X) AppleWebKit/605.1.15 (KHTML, like Gecko) CriOS/119.0.6045.109 Mobile/15E148 Safari/604.1"
162.159.110.121 - - [11/Jan/2026:14:01:38 +0300] "GET /wp-content/plugins/WordPressCore HTTP/1.0" 200 663 "https://www.google.com/" "Mozilla/5.0 (iPhone; CPU iPhone OS 17_0_3 like Mac OS X) AppleWebKit/605.1.15 (KHTML, like Gecko) Version/17.0.1 Mobile/15E148 Safari/604.1"
162.159.110.121 - - [11/Jan/2026:14:01:38 +0300] "GET /bless.php HTTP/1.0" 403 454 "https://www.google.de/" "Mozilla/5.0 (Linux; Android 12; V2134) AppleWebKit/537.36 (KHTML, like Gecko) Chrome/116.0.0.0 Mobile Safari/537.36"
162.159.110.121 - - [11/Jan/2026:14:01:39 +0300] "GET /gel4y.php HTTP/1.0" 403 454 "https://duckduckgo.com/" "Mozilla/5.0 (Linux; Android 11; 21081111RG) AppleWebKit/537.36 (KHTML, like Gecko) Chrome/116.0.0.0 Mobile Safari/537.36"
162.159.110.121 - - [11/Jan/2026:14:01:39 +0300] "GET /wp-includes/fonts HTTP/1.0" 200 663 "https://www.google.com/" "Mozilla/5.0 (Linux; Android 12; SM-A525F) AppleWebKit/537.36 (KHTML, like Gecko) Chrome/117.0.0.0 Mobile Safari/537.36"
162.159.110.121 - - [11/Jan/2026:14:01:39 +0300] "GET /wso.php HTTP/1.0" 403 454 "https://www.google.co.uk/" "Mozilla/5.0 (iPhone; CPU iPhone OS 16_0 like Mac OS X) AppleWebKit/605.1.15 (KHTML, like Gecko) FxiOS/118.0 Mobile/15E148 Safari/605.1.15"
162.159.110.121 - - [11/Jan/2026:14:01:40 +0300] "GET /num.php HTTP/1.0" 403 454 "https://duckduckgo.com/" "Mozilla/5.0 (Linux; Android 10; LM-Q720) AppleWebKit/537.36 (KHTML, like Gecko) Chrome/116.0.0.0 Mobile Safari/537.36"
162.159.110.121 - - [11/Jan/2026:14:01:40 +0300] "GET /wp-content/plugins/shell/index.php HTTP/1.0" 200 663 "https://www.google.fr/" "Mozilla/5.0 (iPad; CPU OS 17_0_3 like Mac OS X) AppleWebKit/605.1.15 (KHTML, like Gecko) Version/17.0.1 Mobile/15E148 Safari/604.1"
162.159.110.121 - - [11/Jan/2026:14:01:40 +0300] "GET /as.php HTTP/1.0" 403 454 "https://www.google.com/" "Mozilla/5.0 (Linux; Android 10; K) AppleWebKit/537.36 (KHTML, like Gecko) Chrome/117.0.0.0 Mobile Safari/537.36"
162.159.110.121 - - [11/Jan/2026:14:01:40 +0300] "GET /wp-admin/js HTTP/1.0" 200 663 "https://www.google.co.uk/" "Mozilla/5.0 (Linux; Android 10; LM-Q720) AppleWebKit/537.36 (KHTML, like Gecko) Chrome/116.0.0.0 Mobile Safari/537.36"
162.159.110.121 - - [11/Jan/2026:14:01:41 +0300] "GET /wp-content/plugins/wp-help/admin/wp-fclass.php HTTP/1.0" 200 663 "https://www.google.co.uk/" "Mozilla/5.0 (Linux; Android 11; 21081111RG) AppleWebKit/537.36 (KHTML, like Gecko) Chrome/116.0.0.0 Mobile Safari/537.36"
162.159.110.121 - - [11/Jan/2026:14:01:41 +0300] "GET /wp-admin/includes HTTP/1.0" 200 663 "https://duckduckgo.com/" "Mozilla/5.0 (iPhone; CPU iPhone OS 17_0_3 like Mac OS X) AppleWebKit/605.1.15 (KHTML, like Gecko) Version/17.0.1 Mobile/15E148 Safari/604.1"
162.159.110.121 - - [11/Jan/2026:14:01:41 +0300] "GET /fonts/index.php HTTP/1.0" 200 663 "https://www.google.co.uk/" "Mozilla/5.0 (iPhone; CPU iPhone OS 17_0_3 like Mac OS X) AppleWebKit/605.1.15 (KHTML, like Gecko) Version/17.0.1 Mobile/15E148 Safari/604.1"
162.159.110.121 - - [11/Jan/2026:14:01:42 +0300] "GET /new.php HTTP/1.0" 403 454 "https://duckduckgo.com/" "Mozilla/5.0 (iPhone; CPU iPhone OS 17_1_1 like Mac OS X) AppleWebKit/605.1.15 (KHTML, like Gecko) Version/17.1 Mobile/15E148 Safari/604.1"
162.159.110.121 - - [11/Jan/2026:14:01:42 +0300] "GET /text.php HTTP/1.0" 403 454 "https://www.bing.com/" "Mozilla/5.0 (iPhone; CPU iPhone OS 17_0_3 like Mac OS X) AppleWebKit/605.1.15 (KHTML, like Gecko) Version/17.0.1 Mobile/15E148 Safari/604.1"
162.159.110.121 - - [11/Jan/2026:14:01:42 +0300] "GET /baxa1.php HTTP/1.0" 403 454 "https://www.yahoo.com/" "Mozilla/5.0 (iPhone; CPU iPhone OS 15_7_9 like Mac OS X) AppleWebKit/605.1.15 (KHTML, like Gecko) Version/15.6.5 Mobile/15E148 Safari/604.1"
162.159.110.121 - - [11/Jan/2026:14:01:43 +0300] "GET /wp-admin/images/about.php HTTP/1.0" 200 663 "https://duckduckgo.com/" "Mozilla/5.0 (Linux; Android 12; V2134) AppleWebKit/537.36 (KHTML, like Gecko) Chrome/116.0.0.0 Mobile Safari/537.36"
162.159.110.121 - - [11/Jan/2026:14:01:43 +0300] "GET /wp-admin/network/index.php HTTP/1.0" 200 663 "https://www.google.co.uk/" "Mozilla/5.0 (Linux; Android 13; M2101K6G) AppleWebKit/537.36 (KHTML, like Gecko) Chrome/116.0.0.0 Mobile Safari/537.36"
162.159.110.121 - - [11/Jan/2026:14:01:43 +0300] "GET /elp.php HTTP/1.0" 403 454 "https://www.bing.com/" "Mozilla/5.0 (Linux; Android 13; SM-S908E) AppleWebKit/537.36 (KHTML, like Gecko) Chrome/116.0.0.0 Mobile Safari/537.36"
162.159.110.121 - - [11/Jan/2026:14:01:44 +0300] "GET /wp-includes/ID3 HTTP/1.0" 200 663 "https://www.google.com/" "Mozilla/5.0 (iPhone; CPU iPhone OS 16_0 like Mac OS X) AppleWebKit/605.1.15 (KHTML, like Gecko) FxiOS/118.0 Mobile/15E148 Safari/605.1.15"
162.159.110.121 - - [11/Jan/2026:14:01:44 +0300] "GET /wp-content/plugins/fix/up.php HTTP/1.0" 200 663 "https://www.bing.com/" "Mozilla/5.0 (Linux; Android 13; M2101K6G) AppleWebKit/537.36 (KHTML, like Gecko) Chrome/116.0.0.0 Mobile Safari/537.36"
162.159.110.121 - - [11/Jan/2026:14:01:44 +0300] "GET /admin/function.php HTTP/1.0" 200 663 "https://www.yahoo.com/" "Mozilla/5.0 (Linux; Android 12; SM-A525F) AppleWebKit/537.36 (KHTML, like Gecko) Chrome/117.0.0.0 Mobile Safari/537.36"
162.159.110.121 - - [11/Jan/2026:14:01:45 +0300] "GET /wp-admin/index.php HTTP/1.0" 200 663 "https://www.bing.com/" "Mozilla/5.0 (Linux; Android 10; K) AppleWebKit/537.36 (KHTML, like Gecko) Chrome/117.0.0.0 Mobile Safari/537.36"
162.159.110.121 - - [11/Jan/2026:14:01:45 +0300] "GET /wp-admin/js/widgets HTTP/1.0" 200 663 "https://www.google.co.uk/" "Mozilla/5.0 (Linux; Android 13; M2101K6G) AppleWebKit/537.36 (KHTML, like Gecko) Chrome/116.0.0.0 Mobile Safari/537.36"
162.159.110.121 - - [11/Jan/2026:14:01:45 +0300] "GET /.well-known HTTP/1.0" 200 663 "https://www.google.fr/" "Mozilla/5.0 (iPad; CPU OS 16_7_2 like Mac OS X) AppleWebKit/605.1.15 (KHTML, like Gecko) Version/16.6 Mobile/15E148 Safari/604.1"
162.159.110.121 - - [11/Jan/2026:14:01:46 +0300] "GET /.well-known/gecko-litespeed.php HTTP/1.0" 200 663 "https://www.google.de/" "Mozilla/5.0 (iPhone; CPU iPhone OS 16_0 like Mac OS X) AppleWebKit/605.1.15 (KHTML, like Gecko) FxiOS/118.0 Mobile/15E148 Safari/605.1.15"
162.159.110.121 - - [11/Jan/2026:14:01:46 +0300] "GET /wp-admin/images/wp-login.php HTTP/1.0" 200 663 "https://www.bing.com/" "Mozilla/5.0 (Linux; Android 12; SM-A525F) AppleWebKit/537.36 (KHTML, like Gecko) Chrome/117.0.0.0 Mobile Safari/537.36"
162.159.110.121 - - [11/Jan/2026:14:01:46 +0300] "GET /wp-admin/images/admin.php HTTP/1.0" 200 663 "https://www.yahoo.com/" "Mozilla/5.0 (iPad; CPU OS 17_0_3 like Mac OS X) AppleWebKit/605.1.15 (KHTML, like Gecko) Version/17.0.1 Mobile/15E148 Safari/604.1"
162.159.110.121 - - [11/Jan/2026:14:01:46 +0300] "GET /wp-includes/ID3/wp-login.php HTTP/1.0" 200 663 "https://www.google.com/" "Mozilla/5.0 (Linux; Android 12; 2201116SG) AppleWebKit/537.36 (KHTML, like Gecko) Chrome/116.0.0.0 Mobile Safari/537.36"
162.159.110.121 - - [11/Jan/2026:14:01:47 +0300] "GET /item.php HTTP/1.0" 403 454 "https://www.google.de/" "Mozilla/5.0 (Linux; Android 11; CPH2251) AppleWebKit/537.36 (KHTML, like Gecko) Chrome/116.0.0.0 Mobile Safari/537.36"
162.159.110.121 - - [11/Jan/2026:14:01:47 +0300] "GET /akcc.php HTTP/1.0" 403 454 "https://duckduckgo.com/" "Mozilla/5.g (Linux; Android 13; Pixel 7) AppleWebKit/537.36 (KHTML, like Gecko) Chrome/116.0.0.0 Mobile Safari/537.36"
162.159.110.121 - - [11/Jan/2026:14:01:48 +0300] "GET /autoload_classmap/function.php HTTP/1.0" 200 663 "https://www.bing.com/" "Mozilla/5.0 (iPhone; CPU iPhone OS 16_0 like Mac OS X) AppleWebKit/605.1.15 (KHTML, like Gecko) FxiOS/118.0 Mobile/15E148 Safari/605.1.15"
162.159.110.121 - - [11/Jan/2026:14:01:48 +0300] "GET /222.php HTTP/1.0" 403 454 "https://duckduckgo.com/" "Mozilla/5.0 (Linux; Android 13; SM-G991U) AppleWebKit/537.36 (KHTML, like Gecko) Chrome/117.0.0.0 Mobile Safari/537.36"
162.159.110.121 - - [11/Jan/2026:14:01:48 +0300] "GET /wp-content/plugins/erinyani/baxa1.php HTTP/1.0" 200 663 "https://www.yahoo.com/" "Mozilla/5.0 (iPhone; CPU iPhone OS 16_6_1 like Mac OS X) AppleWebKit/605.1.15 (KHTML, like Gecko) Version/16.6 Mobile/15E148 Safari/604.1"
162.159.110.121 - - [11/Jan/2026:14:01:49 +0300] "GET /wp-error.php HTTP/1.0" 403 454 "https://www.google.com/" "Mozilla/5.g (Linux; Android 13; Pixel 7) AppleWebKit/537.36 (KHTML, like Gecko) Chrome/116.0.0.0 Mobile Safari/537.36"
162.159.110.121 - - [11/Jan/2026:14:01:49 +0300] "GET /shell.php HTTP/1.0" 403 454 "https://duckduckgo.com/" "Mozilla/5.0 (iPhone; CPU iPhone OS 17_1 like Mac OS X) AppleWebKit/605.1.15 (KHTML, like Gecko) CriOS/119.0.6045.109 Mobile/15E148 Safari/604.1"
162.159.110.121 - - [11/Jan/2026:14:01:49 +0300] "GET /wp-content/plugins/core-plugin/include.php HTTP/1.0" 200 663 "https://www.google.fr/" "Mozilla/5.g (Linux; Android 13; Pixel 7) AppleWebKit/537.36 (KHTML, like Gecko) Chrome/116.0.0.0 Mobile Safari/537.36"
162.159.110.121 - - [11/Jan/2026:14:01:49 +0300] "GET /assets HTTP/1.0" 301 531 "https://duckduckgo.com/" "Mozilla/5.g (Linux; Android 13; Pixel 7) AppleWebKit/537.36 (KHTML, like Gecko) Chrome/116.0.0.0 Mobile Safari/537.36"
162.159.110.121 - - [11/Jan/2026:14:01:50 +0300] "GET /class.php HTTP/1.0" 403 454 "https://duckduckgo.com/" "Mozilla/5.0 (iPhone; CPU iPhone OS 17_0_3 like Mac OS X) AppleWebKit/605.1.15 (KHTML, like Gecko) Version/17.0.1 Mobile/15E148 Safari/604.1"
162.159.110.121 - - [11/Jan/2026:14:01:50 +0300] "GET /ioxi002.PhP7 HTTP/1.0" 403 454 "https://www.google.de/" "Mozilla/5.0 (Linux; Android 11; CPH2251) AppleWebKit/537.36 (KHTML, like Gecko) Chrome/116.0.0.0 Mobile Safari/537.36"
162.159.110.121 - - [11/Jan/2026:14:01:50 +0300] "GET /wp-admin/maint HTTP/1.0" 200 663 "https://www.google.fr/" "Mozilla/5.0 (Linux; Android 12; SM-A525F) AppleWebKit/537.36 (KHTML, like Gecko) Chrome/117.0.0.0 Mobile Safari/537.36"
162.159.110.121 - - [11/Jan/2026:14:01:51 +0300] "GET /wp-includes/assets/index.php HTTP/1.0" 200 663 "https://www.google.com/" "Mozilla/5.0 (iPhone; CPU iPhone OS 16_0 like Mac OS X) AppleWebKit/605.1.15 (KHTML, like Gecko) FxiOS/118.0 Mobile/15E148 Safari/605.1.15"
162.159.110.121 - - [11/Jan/2026:14:01:51 +0300] "GET /wp-links.php HTTP/1.0" 403 454 "https://www.google.com/" "Mozilla/5.0 (Linux; Android 12; V2134) AppleWebKit/537.36 (KHTML, like Gecko) Chrome/116.0.0.0 Mobile Safari/537.36"
162.159.110.121 - - [11/Jan/2026:14:01:51 +0300] "GET /nf_tracking.php HTTP/1.0" 403 454 "https://www.google.de/" "Mozilla/5.0 (iPhone; CPU iPhone OS 16_6_1 like Mac OS X) AppleWebKit/605.1.15 (KHTML, like Gecko) Version/16.6 Mobile/15E148 Safari/604.1"
172.70.208.155 - - [11/Jan/2026:14:01:51 +0300] "GET /jroriq/weekly-booth-rental-agreement.html HTTP/1.0" 200 663 "http://fgupoktyabr.ru/lj0xw8hrs/fuck-house-party.html" "Mozilla/5.0 (Linux; Android 7.0;) AppleWebKit/537.36 (KHTML, like Gecko) Mobile Safari/537.36 (compatible; PetalBot;+https://webmaster.petalsearch.com/site/petalbot)"
172.68.138.151 - - [11/Jan/2026:14:02:01 +0300] "GET /?u=89187160143800 HTTP/1.0" 200 674 "-" "Mozilla/5.0 AppleWebKit/537.36 (KHTML, like Gecko; compatible; bingbot/2.0; +http://www.bing.com/bingbot.htm) Chrome/116.0.1938.76 Safari/537.36"
172.68.245.74 - - [11/Jan/2026:14:03:05 +0300] "GET /?u=4100783001000 HTTP/1.0" 200 674 "-" "Mozilla/5.0 AppleWebKit/537.36 (KHTML, like Gecko; compatible; bingbot/2.0; +http://www.bing.com/bingbot.htm) Chrome/116.0.1938.76 Safari/537.36"
172.68.164.60 - - [11/Jan/2026:14:03:14 +0300] "GET /jroriq/usc-mfa-film.html HTTP/1.0" 200 663 "http://www.gruznesu.ru/zjo5jp/how-many-photos-in-a-mini-session.html" "Mozilla/5.0 (Linux; Android 7.0;) AppleWebKit/537.36 (KHTML, like Gecko) Mobile Safari/537.36 (compatible; PetalBot;+https://webmaster.petalsearch.com/site/petalbot)"
172.68.138.150 - - [11/Jan/2026:14:04:28 +0300] "GET /?u=4292841194200 HTTP/1.0" 200 674 "-" "Mozilla/5.0 AppleWebKit/537.36 (KHTML, like Gecko; compatible; bingbot/2.0; +http://www.bing.com/bingbot.htm) Chrome/116.0.1938.76 Safari/537.36"
172.71.124.225 - - [11/Jan/2026:14:04:39 +0300] "GET /jroriq/normal-fan-rpm-laptop.html HTTP/1.0" 200 663 "https://cummservice.ru/ea1n/indeed-berlin-english.html" "Mozilla/5.0 (Linux; Android 7.0;) AppleWebKit/537.36 (KHTML, like Gecko) Mobile Safari/537.36 (compatible; PetalBot;+https://webmaster.petalsearch.com/site/petalbot)"
172.71.82.86 - - [11/Jan/2026:14:06:01 +0300] "GET /jroriq/aws-rds-general-log.html HTTP/1.0" 200 663 "http://ecobumsclothnappies.com/ssa1xg/buffalo-sign-rental.html" "Mozilla/5.0 (Linux; Android 7.0;) AppleWebKit/537.36 (KHTML, like Gecko) Mobile Safari/537.36 (compatible; PetalBot;+https://webmaster.petalsearch.com/site/petalbot)"
104.23.209.42 - - [11/Jan/2026:14:06:26 +0300] "GET /?u=84785284680204 HTTP/1.0" 200 674 "-" "Mozilla/5.0 AppleWebKit/537.36 (KHTML, like Gecko; compatible; bingbot/2.0; +http://www.bing.com/bingbot.htm) Chrome/116.0.1938.76 Safari/537.36"
172.70.35.191 - - [11/Jan/2026:14:06:31 +0300] "GET /?u=01739265320200 HTTP/1.0" 200 674 "-" "Mozilla/5.0 AppleWebKit/537.36 (KHTML, like Gecko; compatible; bingbot/2.0; +http://www.bing.com/bingbot.htm) Chrome/116.0.1938.76 Safari/537.36"
162.158.88.35 - - [11/Jan/2026:14:07:25 +0300] "GET /jroriq/synchronous-generator-ppt.html HTTP/1.0" 200 663 "http://pss-energy.com/itq99/av1-sample-video-download.html" "Mozilla/5.0 (Linux; Android 7.0;) AppleWebKit/537.36 (KHTML, like Gecko) Mobile Safari/537.36 (compatible; PetalBot;+https://webmaster.petalsearch.com/site/petalbot)"
172.71.194.152 - - [11/Jan/2026:14:07:48 +0300] "GET /?u=80972273967800 HTTP/1.0" 200 674 "-" "Mozilla/5.0 AppleWebKit/537.36 (KHTML, like Gecko; compatible; bingbot/2.0; +http://www.bing.com/bingbot.htm) Chrome/116.0.1938.76 Safari/537.36"
104.23.213.186 - - [11/Jan/2026:14:08:18 +0300] "GET /?u=059523802 HTTP/1.0" 200 674 "-" "Mozilla/5.0 AppleWebKit/537.36 (KHTML, like Gecko; compatible; bingbot/2.0; +http://www.bing.com/bingbot.htm) Chrome/116.0.1938.76 Safari/537.36"
104.23.175.8 - - [11/Jan/2026:14:08:49 +0300] "GET /jroriq/auto-salvage-yards-phoenix.html HTTP/1.0" 200 663 "http://mummabubbas.com.au/higeyq/bosch-abs-m5-software.html" "Mozilla/5.0 (Linux; Android 7.0;) AppleWebKit/537.36 (KHTML, like Gecko) Mobile Safari/537.36 (compatible; PetalBot;+https://webmaster.petalsearch.com/site/petalbot)"
172.70.135.190 - - [11/Jan/2026:14:08:59 +0300] "GET /?u=20871290263206 HTTP/1.0" 200 674 "-" "Mozilla/5.0 AppleWebKit/537.36 (KHTML, like Gecko; compatible; bingbot/2.0; +http://www.bing.com/bingbot.htm) Chrome/116.0.1938.76 Safari/537.36"
172.71.191.128 - - [11/Jan/2026:14:09:30 +0300] "GET /?u=09273244171200 HTTP/1.0" 200 674 "-" "Mozilla/5.0 AppleWebKit/537.36 (KHTML, like Gecko; compatible; bingbot/2.0; +http://www.bing.com/bingbot.htm) Chrome/116.0.1938.76 Safari/537.36"
172.68.245.74 - - [11/Jan/2026:14:09:46 +0300] "GET /?u=63177274109005 HTTP/1.0" 200 674 "-" "Mozilla/5.0 AppleWebKit/537.36 (KHTML, like Gecko; compatible; bingbot/2.0; +http://www.bing.com/bingbot.htm) Chrome/116.0.1938.76 Safari/537.36"
172.71.194.153 - - [11/Jan/2026:14:10:11 +0300] "GET /?u=246873518201 HTTP/1.0" 200 674 "-" "Mozilla/5.0 AppleWebKit/537.36 (KHTML, like Gecko; compatible; bingbot/2.0; +http://www.bing.com/bingbot.htm) Chrome/116.0.1938.76 Safari/537.36"
172.71.82.87 - - [11/Jan/2026:14:10:13 +0300] "GET /jroriq/used-john-deere-ride-on-mowers-for-sale.html HTTP/1.0" 200 663 "https://gpstrade.com.au/stmc/free-offline-bible-download-for-pc.html" "Mozilla/5.0 (Linux; Android 7.0;) AppleWebKit/537.36 (KHTML, like Gecko) Mobile Safari/537.36 (compatible; PetalBot;+https://webmaster.petalsearch.com/site/petalbot)"
172.71.191.127 - - [11/Jan/2026:14:10:46 +0300] "GET /?u=00187265173601 HTTP/1.0" 200 674 "-" "Mozilla/5.0 AppleWebKit/537.36 (KHTML, like Gecko; compatible; bingbot/2.0; +http://www.bing.com/bingbot.htm) Chrome/116.0.1938.76 Safari/537.36"
172.70.208.155 - - [11/Jan/2026:14:11:36 +0300] "GET /jroriq/asus-rog-swift-pg32uqx-acer-predator-x32.html HTTP/1.0" 200 663 "https://nezabudkann.ru/z05gig/rtk-query-delay.html" "Mozilla/5.0 (Linux; Android 7.0;) AppleWebKit/537.36 (KHTML, like Gecko) Mobile Safari/537.36 (compatible; PetalBot;+https://webmaster.petalsearch.com/site/petalbot)"
172.71.167.82 - - [11/Jan/2026:14:12:15 +0300] "GET /?u=1980788753603 HTTP/1.0" 200 1916 "-" "Mozilla/5.0 (Linux; Android 6.0.1; Nexus 5X Build/MMB29P) AppleWebKit/537.36 (KHTML, like Gecko) Chrome/143.0.7499.169 Mobile Safari/537.36 (compatible; Googlebot/2.1; +http://www.google.com/bot.html)"
104.23.175.9 - - [11/Jan/2026:14:13:01 +0300] "GET /jroriq/asco-2023-floor-plan.html HTTP/1.0" 200 663 "https://opsk24.ru/zh6i/rtx-4070-ti-price.html" "Mozilla/5.0 (Linux; Android 7.0;) AppleWebKit/537.36 (KHTML, like Gecko) Mobile Safari/537.36 (compatible; PetalBot;+https://webmaster.petalsearch.com/site/petalbot)"
172.71.191.128 - - [11/Jan/2026:14:14:20 +0300] "GET /?u=25990193957201 HTTP/1.0" 200 674 "-" "Mozilla/5.0 AppleWebKit/537.36 (KHTML, like Gecko; compatible; bingbot/2.0; +http://www.bing.com/bingbot.htm) Chrome/116.0.1938.76 Safari/537.36"
172.71.124.225 - - [11/Jan/2026:14:14:25 +0300] "GET /jroriq/village-of-oak-lake-hoa.html HTTP/1.0" 200 663 "https://nashgazon-ekb.ru/g0k2ev/used-kawasaki-mule-sx-for-sale.html" "Mozilla/5.0 (Linux; Android 7.0;) AppleWebKit/537.36 (KHTML, like Gecko) Mobile Safari/537.36 (compatible; PetalBot;+https://webmaster.petalsearch.com/site/petalbot)"
172.68.245.75 - - [11/Jan/2026:14:14:51 +0300] "GET /?u=82582124979000 HTTP/1.0" 200 674 "-" "Mozilla/5.0 AppleWebKit/537.36 (KHTML, like Gecko; compatible; bingbot/2.0; +http://www.bing.com/bingbot.htm) Chrome/116.0.1938.76 Safari/537.36"
172.70.174.17 - - [11/Jan/2026:14:15:28 +0300] "GET /?u=0085065040001 HTTP/1.0" 200 674 "-" "Mozilla/5.0 AppleWebKit/537.36 (KHTML, like Gecko; compatible; bingbot/2.0; +http://www.bing.com/bingbot.htm) Chrome/116.0.1938.76 Safari/537.36"
172.70.174.17 - - [11/Jan/2026:14:15:29 +0300] "GET /?u=28411300218407 HTTP/1.0" 200 674 "-" "Mozilla/5.0 AppleWebKit/537.36 (KHTML, like Gecko; compatible; bingbot/2.0; +http://www.bing.com/bingbot.htm) Chrome/116.0.1938.76 Safari/537.36"
172.70.43.64 - - [11/Jan/2026:14:15:40 +0300] "GET /?u=0589553669000 HTTP/1.0" 200 674 "-" "Mozilla/5.0 AppleWebKit/537.36 (KHTML, like Gecko; compatible; bingbot/2.0; +http://www.bing.com/bingbot.htm) Chrome/116.0.1938.76 Safari/537.36"
104.23.175.9 - - [11/Jan/2026:14:15:47 +0300] "GET /jroriq/flint-city-council-members.html HTTP/1.0" 200 663 "https://lir24.ru/xdu8pjqa7g/arduino-touch-screen-library.html" "Mozilla/5.0 (Linux; Android 7.0;) AppleWebKit/537.36 (KHTML, like Gecko) Mobile Safari/537.36 (compatible; PetalBot;+https://webmaster.petalsearch.com/site/petalbot)"
172.71.191.128 - - [11/Jan/2026:14:16:12 +0300] "GET /?u=88795147635801 HTTP/1.0" 200 674 "-" "Mozilla/5.0 AppleWebKit/537.36 (KHTML, like Gecko; compatible; bingbot/2.0; +http://www.bing.com/bingbot.htm) Chrome/116.0.1938.76 Safari/537.36"
172.71.191.128 - - [11/Jan/2026:14:16:17 +0300] "GET /?u=0646242715802 HTTP/1.0" 200 674 "-" "Mozilla/5.0 AppleWebKit/537.36 (KHTML, like Gecko; compatible; bingbot/2.0; +http://www.bing.com/bingbot.htm) Chrome/116.0.1938.76 Safari/537.36"
172.71.222.62 - - [11/Jan/2026:14:16:50 +0300] "GET /?u=73771244474601 HTTP/1.0" 200 674 "-" "Mozilla/5.0 AppleWebKit/537.36 (KHTML, like Gecko; compatible; bingbot/2.0; +http://www.bing.com/bingbot.htm) Chrome/116.0.1938.76 Safari/537.36"
172.68.138.151 - - [11/Jan/2026:14:16:57 +0300] "GET /?u=08823888001 HTTP/1.0" 200 674 "-" "Mozilla/5.0 AppleWebKit/537.36 (KHTML, like Gecko; compatible; bingbot/2.0; +http://www.bing.com/bingbot.htm) Chrome/116.0.1938.76 Safari/537.36"
172.70.93.90 - - [11/Jan/2026:14:17:12 +0300] "GET /jroriq/vhl-lesson-1-test.html HTTP/1.0" 200 663 "http://bluestoneimages.com.au/2raz2z/how-to-send-a-message-on-whatsapp-to-a-new-number.html" "Mozilla/5.0 (Linux; Android 7.0;) AppleWebKit/537.36 (KHTML, like Gecko) Mobile Safari/537.36 (compatible; PetalBot;+https://webmaster.petalsearch.com/site/petalbot)"
162.158.162.139 - - [11/Jan/2026:14:20:21 +0300] "GET /jroriq/dot-shading-procreate.html HTTP/1.0" 200 663 "http://moroz-pohoron.ru/ss2vyawv/vietnam-war-surplus.html" "Mozilla/5.0 (Linux; Android 7.0;) AppleWebKit/537.36 (KHTML, like Gecko) Mobile Safari/537.36 (compatible; PetalBot;+https://webmaster.petalsearch.com/site/petalbot)"
172.70.43.63 - - [11/Jan/2026:14:20:41 +0300] "GET /?u=09884154479001 HTTP/1.0" 200 674 "-" "Mozilla/5.0 AppleWebKit/537.36 (KHTML, like Gecko; compatible; bingbot/2.0; +http://www.bing.com/bingbot.htm) Chrome/116.0.1938.76 Safari/537.36"
172.70.43.63 - - [11/Jan/2026:14:20:50 +0300] "GET /?u=0999860923500 HTTP/1.0" 200 674 "-" "Mozilla/5.0 AppleWebKit/537.36 (KHTML, like Gecko; compatible; bingbot/2.0; +http://www.bing.com/bingbot.htm) Chrome/116.0.1938.76 Safari/537.36"
162.158.107.68 - - [11/Jan/2026:14:21:03 +0300] "GET /jroriq/common-problems-with-kioti-tractors.html HTTP/1.0" 200 663 "http://totallookshowroom.ru/gnqxp1wb/audi-online-traffic-not-working.html" "Mozilla/5.0 (Linux; Android 7.0;) AppleWebKit/537.36 (KHTML, like Gecko) Mobile Safari/537.36 (compatible; PetalBot;+https://webmaster.petalsearch.com/site/petalbot)"
172.71.191.128 - - [11/Jan/2026:14:21:07 +0300] "GET /?u=43488162558000 HTTP/1.0" 200 674 "-" "Mozilla/5.0 AppleWebKit/537.36 (KHTML, like Gecko; compatible; bingbot/2.0; +http://www.bing.com/bingbot.htm) Chrome/116.0.1938.76 Safari/537.36"
172.71.191.128 - - [11/Jan/2026:14:21:07 +0300] "GET /?u=76841291290004 HTTP/1.0" 200 674 "-" "Mozilla/5.0 AppleWebKit/537.36 (KHTML, like Gecko; compatible; bingbot/2.0; +http://www.bing.com/bingbot.htm) Chrome/116.0.1938.76 Safari/537.36"
104.23.209.42 - - [11/Jan/2026:14:21:09 +0300] "GET /?u=1938868557500 HTTP/1.0" 200 674 "-" "Mozilla/5.0 AppleWebKit/537.36 (KHTML, like Gecko; compatible; bingbot/2.0; +http://www.bing.com/bingbot.htm) Chrome/116.0.1938.76 Safari/537.36"
172.70.43.63 - - [11/Jan/2026:14:21:38 +0300] "GET /?u=15075225930000 HTTP/1.0" 200 674 "-" "Mozilla/5.0 AppleWebKit/537.36 (KHTML, like Gecko; compatible; bingbot/2.0; +http://www.bing.com/bingbot.htm) Chrome/116.0.1938.76 Safari/537.36"
172.70.142.84 - - [11/Jan/2026:14:21:51 +0300] "GET /jroriq/ardhastama-shani-period.html HTTP/1.0" 200 663 "https://opsk24.ru/zh6i/bmc-fax-number.html" "Mozilla/5.0 (Linux; Android 7.0;) AppleWebKit/537.36 (KHTML, like Gecko) Mobile Safari/537.36 (compatible; PetalBot;+https://webmaster.petalsearch.com/site/petalbot)"
172.68.245.75 - - [11/Jan/2026:14:21:58 +0300] "GET /?u=5803379933400 HTTP/1.0" 200 674 "-" "Mozilla/5.0 AppleWebKit/537.36 (KHTML, like Gecko; compatible; bingbot/2.0; +http://www.bing.com/bingbot.htm) Chrome/116.0.1938.76 Safari/537.36"
172.70.174.17 - - [11/Jan/2026:14:22:37 +0300] "GET /?u=78590171095501 HTTP/1.0" 200 674 "-" "Mozilla/5.0 AppleWebKit/537.36 (KHTML, like Gecko; compatible; bingbot/2.0; +http://www.bing.com/bingbot.htm) Chrome/116.0.1938.76 Safari/537.36"
172.70.188.30 - - [11/Jan/2026:14:23:10 +0300] "GET /jroriq/what-does-it-mean-when-a-girl-follows-you-on-instagram-first.html HTTP/1.0" 200 663 "http://tula-speczapchast.ru/anrfhipd/xilinx-fpga-price.html" "Mozilla/5.0 (Linux; Android 7.0;) AppleWebKit/537.36 (KHTML, like Gecko) Mobile Safari/537.36 (compatible; PetalBot;+https://webmaster.petalsearch.com/site/petalbot)"
172.71.82.86 - - [11/Jan/2026:14:24:10 +0300] "GET /jroriq/aquatic-veterinarian-salary.html HTTP/1.0" 200 663 "https://nezabudkann.ru/z05gig/vn-video-editor-apk-download-without-watermark.html" "Mozilla/5.0 (Linux; Android 7.0;) AppleWebKit/537.36 (KHTML, like Gecko) Mobile Safari/537.36 (compatible; PetalBot;+https://webmaster.petalsearch.com/site/petalbot)"
172.71.194.153 - - [11/Jan/2026:14:24:21 +0300] "GET /?u=75557171058802 HTTP/1.0" 200 674 "-" "Mozilla/5.0 AppleWebKit/537.36 (KHTML, like Gecko; compatible; bingbot/2.0; +http://www.bing.com/bingbot.htm) Chrome/116.0.1938.76 Safari/537.36"
172.68.245.75 - - [11/Jan/2026:14:24:26 +0300] "GET /?u=07631123730402 HTTP/1.0" 200 674 "-" "Mozilla/5.0 AppleWebKit/537.36 (KHTML, like Gecko; compatible; bingbot/2.0; +http://www.bing.com/bingbot.htm) Chrome/116.0.1938.76 Safari/537.36"
172.69.67.216 - - [11/Jan/2026:14:25:15 +0300] "GET /?u=38729205016403 HTTP/1.0" 200 1912 "-" "Mozilla/5.0 (Linux; Android 6.0.1; Nexus 5X Build/MMB29P) AppleWebKit/537.36 (KHTML, like Gecko) Chrome/143.0.7499.169 Mobile Safari/537.36 (compatible; Googlebot/2.1; +http://www.google.com/bot.html)"
172.70.142.85 - - [11/Jan/2026:14:25:34 +0300] "GET /jroriq/python-input-username-and-password.html HTTP/1.0" 200 663 "https://opsk24.ru/zh6i/bmc-fax-number.html" "Mozilla/5.0 (Linux; Android 7.0;) AppleWebKit/537.36 (KHTML, like Gecko) Mobile Safari/537.36 (compatible; PetalBot;+https://webmaster.petalsearch.com/site/petalbot)"
172.70.174.16 - - [11/Jan/2026:14:25:37 +0300] "GET /?u=05249223607802 HTTP/1.0" 200 674 "-" "Mozilla/5.0 AppleWebKit/537.36 (KHTML, like Gecko; compatible; bingbot/2.0; +http://www.bing.com/bingbot.htm) Chrome/116.0.1938.76 Safari/537.36"
104.23.211.95 - - [11/Jan/2026:14:26:43 +0300] "GET /?u=8415221397804 HTTP/1.0" 200 674 "-" "Mozilla/5.0 AppleWebKit/537.36 (KHTML, like Gecko; compatible; bingbot/2.0; +http://www.bing.com/bingbot.htm) Chrome/116.0.1938.76 Safari/537.36"
104.23.211.95 - - [11/Jan/2026:14:26:44 +0300] "GET /?u=04909136593601 HTTP/1.0" 200 674 "-" "Mozilla/5.0 AppleWebKit/537.36 (KHTML, like Gecko; compatible; bingbot/2.0; +http://www.bing.com/bingbot.htm) Chrome/116.0.1938.76 Safari/537.36"
172.71.124.224 - - [11/Jan/2026:14:26:57 +0300] "GET /jroriq/apple-carplay-golf-7-2014.html HTTP/1.0" 200 663 "https://opsk24.ru/zh6i/african-pet-names-for-boyfriend.html" "Mozilla/5.0 (Linux; Android 7.0;) AppleWebKit/537.36 (KHTML, like Gecko) Mobile Safari/537.36 (compatible; PetalBot;+https://webmaster.petalsearch.com/site/petalbot)"
172.68.27.169 - - [11/Jan/2026:14:27:31 +0300] "GET / HTTP/1.0" 200 9096 "-" "Mozilla/5.0 (Linux; Android 6.0.1; Nexus 5X Build/MMB29P) AppleWebKit/537.36 (KHTML, like Gecko) Chrome/99.0.4844.84 Mobile Safari/537.36 (compatible; Googlebot/2.1; +http://www.google.com/bot.html)"
162.158.174.27 - - [11/Jan/2026:14:27:33 +0300] "GET / HTTP/1.0" 200 9096 "-" "Mozilla/5.0 (compatible; Googlebot/2.1; +http://www.google.com/bot.html)"
172.68.27.19 - - [11/Jan/2026:14:27:35 +0300] "GET /favicon.ico HTTP/1.0" 200 1949 "-" "Googlebot-Image/1.0"
172.68.27.19 - - [11/Jan/2026:14:27:36 +0300] "GET /favicon.ico HTTP/1.0" 200 1939 "-" "Googlebot-Image/1.0"
162.158.162.138 - - [11/Jan/2026:14:28:21 +0300] "GET /jroriq/amoxicillin-not-working-tooth-infection-reddit.html HTTP/1.0" 200 663 "https://bars-buh.ru/xegq/brush-dc-motor.html" "Mozilla/5.0 (Linux; Android 7.0;) AppleWebKit/537.36 (KHTML, like Gecko) Mobile Safari/537.36 (compatible; PetalBot;+https://webmaster.petalsearch.com/site/petalbot)"
172.70.35.191 - - [11/Jan/2026:14:28:41 +0300] "GET /?u=04605117724000 HTTP/1.0" 200 674 "-" "Mozilla/5.0 AppleWebKit/537.36 (KHTML, like Gecko; compatible; bingbot/2.0; +http://www.bing.com/bingbot.htm) Chrome/116.0.1938.76 Safari/537.36"
172.70.34.48 - - [11/Jan/2026:14:28:42 +0300] "GET /?u=1897898403600 HTTP/1.0" 200 674 "-" "Mozilla/5.0 AppleWebKit/537.36 (KHTML, like Gecko; compatible; bingbot/2.0; +http://www.bing.com/bingbot.htm) Chrome/116.0.1938.76 Safari/537.36"
172.70.43.64 - - [11/Jan/2026:14:29:00 +0300] "GET /?u=96394227742804 HTTP/1.0" 200 674 "-" "Mozilla/5.0 AppleWebKit/537.36 (KHTML, like Gecko; compatible; bingbot/2.0; +http://www.bing.com/bingbot.htm) Chrome/116.0.1938.76 Safari/537.36"
104.23.209.42 - - [11/Jan/2026:14:29:31 +0300] "GET /?u=03278298231000 HTTP/1.0" 200 674 "-" "Mozilla/5.0 AppleWebKit/537.36 (KHTML, like Gecko; compatible; bingbot/2.0; +http://www.bing.com/bingbot.htm) Chrome/116.0.1938.76 Safari/537.36"
172.70.208.155 - - [11/Jan/2026:14:29:44 +0300] "GET /jroriq/unloading-muzzleloader-with-air-compressor.html HTTP/1.0" 200 663 "http://aplosai.com/phpmailnew/joxle/how-to-treat-sulfa-allergy.html" "Mozilla/5.0 (Linux; Android 7.0;) AppleWebKit/537.36 (KHTML, like Gecko) Mobile Safari/537.36 (compatible; PetalBot;+https://webmaster.petalsearch.com/site/petalbot)"
172.70.135.190 - - [11/Jan/2026:14:30:01 +0300] "GET /?u=91543174550400 HTTP/1.0" 200 674 "-" "Mozilla/5.0 AppleWebKit/537.36 (KHTML, like Gecko; compatible; bingbot/2.0; +http://www.bing.com/bingbot.htm) Chrome/116.0.1938.76 Safari/537.36"
172.70.135.190 - - [11/Jan/2026:14:30:21 +0300] "GET /?u=92516173284001 HTTP/1.0" 200 674 "-" "Mozilla/5.0 AppleWebKit/537.36 (KHTML, like Gecko; compatible; bingbot/2.0; +http://www.bing.com/bingbot.htm) Chrome/116.0.1938.76 Safari/537.36"
172.70.43.64 - - [11/Jan/2026:14:30:51 +0300] "GET /?u=27054228350600 HTTP/1.0" 200 674 "-" "Mozilla/5.0 AppleWebKit/537.36 (KHTML, like Gecko; compatible; bingbot/2.0; +http://www.bing.com/bingbot.htm) Chrome/116.0.1938.76 Safari/537.36"
