172.70.135.189 - - [11/Jan/2026:06:42:32 +0300] "GET /?u=06148239940600 HTTP/1.0" 200 674 "-" "Mozilla/5.0 AppleWebKit/537.36 (KHTML, like Gecko; compatible; bingbot/2.0; +http://www.bing.com/bingbot.htm) Chrome/116.0.1938.76 Safari/537.36"
172.69.176.16 - - [11/Jan/2026:06:42:37 +0300] "GET /tbjusw/forza-3-title-screen.html HTTP/1.0" 200 663 "http://restauranttram.ru/vyx0b/keluaran-nomer-haka-6d.html" "Mozilla/5.0 (Linux; Android 7.0;) AppleWebKit/537.36 (KHTML, like Gecko) Mobile Safari/537.36 (compatible; PetalBot;+https://webmaster.petalsearch.com/site/petalbot)"
162.158.79.103 - - [11/Jan/2026:06:42:37 +0300] "GET /?u=17601250006402 HTTP/1.0" 200 674 "-" "Mozilla/5.0 AppleWebKit/537.36 (KHTML, like Gecko; compatible; bingbot/2.0; +http://www.bing.com/bingbot.htm) Chrome/116.0.1938.76 Safari/537.36"
162.158.170.19 - - [11/Jan/2026:06:45:26 +0300] "GET /tbjusw/digital-signage-display-samsung.html HTTP/1.0" 200 663 "http://restauranttram.ru/vyx0b/keluaran-nomer-haka-6d.html" "Mozilla/5.0 (Linux; Android 7.0;) AppleWebKit/537.36 (KHTML, like Gecko) Mobile Safari/537.36 (compatible; PetalBot;+https://webmaster.petalsearch.com/site/petalbot)"
162.158.170.18 - - [11/Jan/2026:06:46:50 +0300] "GET /tbjusw/chrome-deactivate-breakpoints-not-working.html HTTP/1.0" 200 663 "https://www.ballthai.com/%e0%b9%84%e0%b8%a1%e0%b9%88%e0%b8%97%e0%b8%b1%e0%b8%99%e0%b9%84%e0%b8%97%e0%b8%a2%e0%b8%a5%e0%b8%b5%e0%b8%81-%e0%b8%9a%e0%b8%b4%e0%b9%8a%e0%b8%81%e0%b8%ad%e0%b9%8a%e0%b8%ad%e0%b8%94" "Mozilla/5.0 (Linux; Android 7.0;) AppleWebKit/537.36 (KHTML, like Gecko) Mobile Safari/537.36 (compatible; PetalBot;+https://webmaster.petalsearch.com/site/petalbot)"
172.71.190.209 - - [11/Jan/2026:06:46:55 +0300] "GET /?u=19909157760400 HTTP/1.0" 200 674 "-" "Mozilla/5.0 AppleWebKit/537.36 (KHTML, like Gecko; compatible; bingbot/2.0; +http://www.bing.com/bingbot.htm) Chrome/116.0.1938.76 Safari/537.36"
104.23.170.20 - - [11/Jan/2026:06:47:31 +0300] "GET / HTTP/1.0" 200 663 "http://www.tanuha.ru/" "Mozilla/5.0 (Macintosh; Intel Mac OS X 10.15; rv:122.0) Gecko/20100101 Firefox/122.0"
104.23.209.43 - - [11/Jan/2026:06:48:07 +0300] "GET /?u=26422177657600 HTTP/1.0" 200 674 "-" "Mozilla/5.0 AppleWebKit/537.36 (KHTML, like Gecko; compatible; bingbot/2.0; +http://www.bing.com/bingbot.htm) Chrome/116.0.1938.76 Safari/537.36"
162.158.88.35 - - [11/Jan/2026:06:48:13 +0300] "GET /tbjusw/best-vape-ksa.html HTTP/1.0" 200 663 "http://midwestlegal.com.au/ldol/crosley-record-player-power-cord.html" "Mozilla/5.0 (Linux; Android 7.0;) AppleWebKit/537.36 (KHTML, like Gecko) Mobile Safari/537.36 (compatible; PetalBot;+https://webmaster.petalsearch.com/site/petalbot)"
104.23.209.43 - - [11/Jan/2026:06:48:15 +0300] "GET /?u=89362271896000 HTTP/1.0" 200 674 "-" "Mozilla/5.0 AppleWebKit/537.36 (KHTML, like Gecko; compatible; bingbot/2.0; +http://www.bing.com/bingbot.htm) Chrome/116.0.1938.76 Safari/537.36"
172.70.35.191 - - [11/Jan/2026:06:48:44 +0300] "GET /?u=03297254818807 HTTP/1.0" 200 674 "-" "Mozilla/5.0 AppleWebKit/537.36 (KHTML, like Gecko; compatible; bingbot/2.0; +http://www.bing.com/bingbot.htm) Chrome/116.0.1938.76 Safari/537.36"
172.70.174.16 - - [11/Jan/2026:06:49:06 +0300] "GET /?u=07274180079400 HTTP/1.0" 200 674 "-" "Mozilla/5.0 AppleWebKit/537.36 (KHTML, like Gecko; compatible; bingbot/2.0; +http://www.bing.com/bingbot.htm) Chrome/116.0.1938.76 Safari/537.36"
172.71.82.86 - - [11/Jan/2026:06:49:37 +0300] "GET /tbjusw/best-magic-items-for-swashbuckler-5e.html HTTP/1.0" 200 663 "http://medaks72.ru/b8uwai/earn-and-donate-codes.html" "Mozilla/5.0 (Linux; Android 7.0;) AppleWebKit/537.36 (KHTML, like Gecko) Mobile Safari/537.36 (compatible; PetalBot;+https://webmaster.petalsearch.com/site/petalbot)"
162.158.79.103 - - [11/Jan/2026:06:49:55 +0300] "GET /?u=84907108876413 HTTP/1.0" 200 674 "-" "Mozilla/5.0 AppleWebKit/537.36 (KHTML, like Gecko; compatible; bingbot/2.0; +http://www.bing.com/bingbot.htm) Chrome/116.0.1938.76 Safari/537.36"
172.68.245.75 - - [11/Jan/2026:06:50:48 +0300] "GET /?u=0081034106002 HTTP/1.0" 200 674 "-" "Mozilla/5.0 AppleWebKit/537.36 (KHTML, like Gecko; compatible; bingbot/2.0; +http://www.bing.com/bingbot.htm) Chrome/116.0.1938.76 Safari/537.36"
172.70.93.90 - - [11/Jan/2026:06:50:59 +0300] "GET /tbjusw/authentic-native-american-mens-jewelry.html HTTP/1.0" 200 663 "http://restauranttram.ru/vyx0b/keluaran-nomer-haka-6d.html" "Mozilla/5.0 (Linux; Android 7.0;) AppleWebKit/537.36 (KHTML, like Gecko) Mobile Safari/537.36 (compatible; PetalBot;+https://webmaster.petalsearch.com/site/petalbot)"
172.68.138.151 - - [11/Jan/2026:06:51:15 +0300] "GET /?u=01962197423403 HTTP/1.0" 200 674 "-" "Mozilla/5.0 AppleWebKit/537.36 (KHTML, like Gecko; compatible; bingbot/2.0; +http://www.bing.com/bingbot.htm) Chrome/116.0.1938.76 Safari/537.36"
172.70.93.91 - - [11/Jan/2026:06:52:24 +0300] "GET /tbjusw/6th-gen-camaro-ss-turbo-kit.html HTTP/1.0" 200 663 "https://pechnoetoplivo.com/jisg0ye/what-if-you-and-i-were-meant-to-part-ways-only-so-that-we-could-find-each-other-again-meaning.html" "Mozilla/5.0 (Linux; Android 7.0;) AppleWebKit/537.36 (KHTML, like Gecko) Mobile Safari/537.36 (compatible; PetalBot;+https://webmaster.petalsearch.com/site/petalbot)"
172.71.190.209 - - [11/Jan/2026:06:52:55 +0300] "GET /?u=95185254516400 HTTP/1.0" 200 674 "-" "Mozilla/5.0 AppleWebKit/537.36 (KHTML, like Gecko; compatible; bingbot/2.0; +http://www.bing.com/bingbot.htm) Chrome/116.0.1938.76 Safari/537.36"
172.69.176.16 - - [11/Jan/2026:06:53:47 +0300] "GET /jroriq/when-is-chicago-fire-department-hiring.html HTTP/1.0" 200 663 "http://aplosai.com/phpmailnew/joxle/signs-candida-is-going-away-reddit.html" "Mozilla/5.0 (Linux; Android 7.0;) AppleWebKit/537.36 (KHTML, like Gecko) Mobile Safari/537.36 (compatible; PetalBot;+https://webmaster.petalsearch.com/site/petalbot)"
104.23.209.43 - - [11/Jan/2026:06:54:35 +0300] "GET /?u=01706134810000 HTTP/1.0" 200 674 "-" "Mozilla/5.0 AppleWebKit/537.36 (KHTML, like Gecko; compatible; bingbot/2.0; +http://www.bing.com/bingbot.htm) Chrome/116.0.1938.76 Safari/537.36"
172.71.124.224 - - [11/Jan/2026:06:55:10 +0300] "GET /jroriq/what-is-bt-blend-tobacco.html HTTP/1.0" 200 663 "http://new.oilprofi.by/j2nt9/how-much-weight-can-i-lose-by-this-date-calculator.html" "Mozilla/5.0 (Linux; Android 7.0;) AppleWebKit/537.36 (KHTML, like Gecko) Mobile Safari/537.36 (compatible; PetalBot;+https://webmaster.petalsearch.com/site/petalbot)"
172.70.43.64 - - [11/Jan/2026:06:55:25 +0300] "GET /?u=0039659771200 HTTP/1.0" 200 674 "-" "Mozilla/5.0 AppleWebKit/537.36 (KHTML, like Gecko; compatible; bingbot/2.0; +http://www.bing.com/bingbot.htm) Chrome/116.0.1938.76 Safari/537.36"
172.71.222.63 - - [11/Jan/2026:06:55:35 +0300] "GET /?u=79848113330207 HTTP/1.0" 200 674 "-" "Mozilla/5.0 AppleWebKit/537.36 (KHTML, like Gecko; compatible; bingbot/2.0; +http://www.bing.com/bingbot.htm) Chrome/116.0.1938.76 Safari/537.36"
172.71.194.153 - - [11/Jan/2026:06:55:49 +0300] "GET /?u=1477714183617 HTTP/1.0" 200 674 "-" "Mozilla/5.0 AppleWebKit/537.36 (KHTML, like Gecko; compatible; bingbot/2.0; +http://www.bing.com/bingbot.htm) Chrome/116.0.1938.76 Safari/537.36"
104.23.170.30 - - [11/Jan/2026:06:56:04 +0300] "GET /robots.txt HTTP/1.1" 404 173 "-" "Mozilla/5.0 (compatible; AhrefsBot/7.0; +http://ahrefs.com/robot/)"
172.70.43.64 - - [11/Jan/2026:06:56:07 +0300] "GET /?u=3800154227203 HTTP/1.0" 200 674 "-" "Mozilla/5.0 AppleWebKit/537.36 (KHTML, like Gecko; compatible; bingbot/2.0; +http://www.bing.com/bingbot.htm) Chrome/116.0.1938.76 Safari/537.36"
162.158.216.184 - - [11/Jan/2026:06:56:14 +0300] "GET / HTTP/1.0" 200 663 "-" "Mozilla/5.0 (compatible; AhrefsBot/7.0; +http://ahrefs.com/robot/)"
172.68.245.74 - - [11/Jan/2026:06:56:25 +0300] "GET /?u=9472268659212 HTTP/1.0" 200 674 "-" "Mozilla/5.0 AppleWebKit/537.36 (KHTML, like Gecko; compatible; bingbot/2.0; +http://www.bing.com/bingbot.htm) Chrome/116.0.1938.76 Safari/537.36"
162.158.108.17 - - [11/Jan/2026:06:56:36 +0300] "GET /jroriq/tyler-county-obituaries-2021.html HTTP/1.0" 200 663 "https://domani-nsk.ru/qkk0mibh/tool-repair-parts.html" "Mozilla/5.0 (Linux; Android 7.0;) AppleWebKit/537.36 (KHTML, like Gecko) Mobile Safari/537.36 (compatible; PetalBot;+https://webmaster.petalsearch.com/site/petalbot)"
104.23.213.186 - - [11/Jan/2026:06:57:05 +0300] "GET /?u=7479946645605 HTTP/1.0" 200 674 "-" "Mozilla/5.0 AppleWebKit/537.36 (KHTML, like Gecko; compatible; bingbot/2.0; +http://www.bing.com/bingbot.htm) Chrome/116.0.1938.76 Safari/537.36"
172.70.188.31 - - [11/Jan/2026:06:57:59 +0300] "GET /jroriq/tinder-pickup-lines.html HTTP/1.0" 200 663 "https://promsnab888.ru/jqopcol/m1-luton-crash.html" "Mozilla/5.0 (Linux; Android 7.0;) AppleWebKit/537.36 (KHTML, like Gecko) Mobile Safari/537.36 (compatible; PetalBot;+https://webmaster.petalsearch.com/site/petalbot)"
104.23.209.42 - - [11/Jan/2026:06:58:10 +0300] "GET /?u=40767215749601 HTTP/1.0" 200 674 "-" "Mozilla/5.0 AppleWebKit/537.36 (KHTML, like Gecko; compatible; bingbot/2.0; +http://www.bing.com/bingbot.htm) Chrome/116.0.1938.76 Safari/537.36"
172.68.138.151 - - [11/Jan/2026:06:58:48 +0300] "GET /?u=29380154994402 HTTP/1.0" 200 674 "-" "Mozilla/5.0 AppleWebKit/537.36 (KHTML, like Gecko; compatible; bingbot/2.0; +http://www.bing.com/bingbot.htm) Chrome/116.0.1938.76 Safari/537.36"
104.23.213.186 - - [11/Jan/2026:06:59:06 +0300] "GET /?u=09722475404 HTTP/1.0" 200 674 "-" "Mozilla/5.0 AppleWebKit/537.36 (KHTML, like Gecko; compatible; bingbot/2.0; +http://www.bing.com/bingbot.htm) Chrome/116.0.1938.76 Safari/537.36"
172.71.194.153 - - [11/Jan/2026:06:59:20 +0300] "GET /?u=9223774680004 HTTP/1.0" 200 674 "-" "Mozilla/5.0 AppleWebKit/537.36 (KHTML, like Gecko; compatible; bingbot/2.0; +http://www.bing.com/bingbot.htm) Chrome/116.0.1938.76 Safari/537.36"
104.23.175.8 - - [11/Jan/2026:06:59:22 +0300] "GET /jroriq/time-magazine-jesus-revolution-article-author.html HTTP/1.0" 200 663 "http://any.trekaustralia.net/pxy1/importance-of-nutrition-in-nursing-slideshare.html" "Mozilla/5.0 (Linux; Android 7.0;) AppleWebKit/537.36 (KHTML, like Gecko) Mobile Safari/537.36 (compatible; PetalBot;+https://webmaster.petalsearch.com/site/petalbot)"
162.158.88.34 - - [11/Jan/2026:07:00:46 +0300] "GET /jroriq/super-mario-world-apk-full-version-download.html HTTP/1.0" 200 663 "http://moroz-pohoron.ru/ss2vyawv/white-hairs-coming-out-of-pores.html" "Mozilla/5.0 (Linux; Android 7.0;) AppleWebKit/537.36 (KHTML, like Gecko) Mobile Safari/537.36 (compatible; PetalBot;+https://webmaster.petalsearch.com/site/petalbot)"
172.68.138.151 - - [11/Jan/2026:07:00:56 +0300] "GET /?u=91572225421605 HTTP/1.0" 200 674 "-" "Mozilla/5.0 AppleWebKit/537.36 (KHTML, like Gecko; compatible; bingbot/2.0; +http://www.bing.com/bingbot.htm) Chrome/116.0.1938.76 Safari/537.36"
172.71.194.153 - - [11/Jan/2026:07:01:18 +0300] "GET /?u=8830237409004 HTTP/1.0" 200 674 "-" "Mozilla/5.0 AppleWebKit/537.36 (KHTML, like Gecko; compatible; bingbot/2.0; +http://www.bing.com/bingbot.htm) Chrome/116.0.1938.76 Safari/537.36"
172.71.194.153 - - [11/Jan/2026:07:01:19 +0300] "GET /?u=09891244156000 HTTP/1.0" 200 674 "-" "Mozilla/5.0 AppleWebKit/537.36 (KHTML, like Gecko; compatible; bingbot/2.0; +http://www.bing.com/bingbot.htm) Chrome/116.0.1938.76 Safari/537.36"
172.71.194.153 - - [11/Jan/2026:07:01:20 +0300] "GET /?u=85262285265004 HTTP/1.0" 200 674 "-" "Mozilla/5.0 AppleWebKit/537.36 (KHTML, like Gecko; compatible; bingbot/2.0; +http://www.bing.com/bingbot.htm) Chrome/116.0.1938.76 Safari/537.36"
172.71.82.86 - - [11/Jan/2026:07:02:09 +0300] "GET /jroriq/stata-addition-command.html HTTP/1.0" 200 663 "https://test.atletika24.ru/pn5tk/public-api-for-testing.html" "Mozilla/5.0 (Linux; Android 7.0;) AppleWebKit/537.36 (KHTML, like Gecko) Mobile Safari/537.36 (compatible; PetalBot;+https://webmaster.petalsearch.com/site/petalbot)"
162.158.79.104 - - [11/Jan/2026:07:03:31 +0300] "GET /?u=03899243542401 HTTP/1.0" 200 674 "-" "Mozilla/5.0 AppleWebKit/537.36 (KHTML, like Gecko; compatible; bingbot/2.0; +http://www.bing.com/bingbot.htm) Chrome/116.0.1938.76 Safari/537.36"
172.71.124.225 - - [11/Jan/2026:07:03:33 +0300] "GET /jroriq/randbetween-no-duplicates-google-sheets.html HTTP/1.0" 200 663 "http://esperto.in/img/0biln/sleeping-on-top-of-someone.html" "Mozilla/5.0 (Linux; Android 7.0;) AppleWebKit/537.36 (KHTML, like Gecko) Mobile Safari/537.36 (compatible; PetalBot;+https://webmaster.petalsearch.com/site/petalbot)"
172.68.245.75 - - [11/Jan/2026:07:03:59 +0300] "GET /?u=43401182388600 HTTP/1.0" 200 674 "-" "Mozilla/5.0 AppleWebKit/537.36 (KHTML, like Gecko; compatible; bingbot/2.0; +http://www.bing.com/bingbot.htm) Chrome/116.0.1938.76 Safari/537.36"
172.70.35.191 - - [11/Jan/2026:07:04:07 +0300] "GET /?u=6218378330800 HTTP/1.0" 200 674 "-" "Mozilla/5.0 AppleWebKit/537.36 (KHTML, like Gecko; compatible; bingbot/2.0; +http://www.bing.com/bingbot.htm) Chrome/116.0.1938.76 Safari/537.36"
104.23.211.94 - - [11/Jan/2026:07:04:35 +0300] "GET /?u=02158111450901 HTTP/1.0" 200 674 "-" "Mozilla/5.0 AppleWebKit/537.36 (KHTML, like Gecko; compatible; bingbot/2.0; +http://www.bing.com/bingbot.htm) Chrome/116.0.1938.76 Safari/537.36"
172.70.174.16 - - [11/Jan/2026:07:04:40 +0300] "GET /?u=0727375659806 HTTP/1.0" 200 674 "-" "Mozilla/5.0 AppleWebKit/537.36 (KHTML, like Gecko; compatible; bingbot/2.0; +http://www.bing.com/bingbot.htm) Chrome/116.0.1938.76 Safari/537.36"
172.70.142.84 - - [11/Jan/2026:07:04:58 +0300] "GET /jroriq/pearson-edexcel-international-a-level-pure-mathematics-2-solution-bank.html HTTP/1.0" 200 663 "https://oboizhidkieshop.ru/bh99e/professional-championship-bull-riders-reviews.html" "Mozilla/5.0 (Linux; Android 7.0;) AppleWebKit/537.36 (KHTML, like Gecko) Mobile Safari/537.36 (compatible; PetalBot;+https://webmaster.petalsearch.com/site/petalbot)"
172.71.194.153 - - [11/Jan/2026:07:06:09 +0300] "GET /?u=93141257426406 HTTP/1.0" 200 674 "-" "Mozilla/5.0 AppleWebKit/537.36 (KHTML, like Gecko; compatible; bingbot/2.0; +http://www.bing.com/bingbot.htm) Chrome/116.0.1938.76 Safari/537.36"
104.23.175.8 - - [11/Jan/2026:07:06:20 +0300] "GET /jroriq/peach-face-love-birds-for-sale-near-me.html HTTP/1.0" 200 663 "https://www.cmediya.ru/klmlt/california-fires-caused-by-laser.html" "Mozilla/5.0 (Linux; Android 7.0;) AppleWebKit/537.36 (KHTML, like Gecko) Mobile Safari/537.36 (compatible; PetalBot;+https://webmaster.petalsearch.com/site/petalbot)"
172.69.176.17 - - [11/Jan/2026:07:07:43 +0300] "GET /jroriq/ohio-auto-dealer-license-requirements.html HTTP/1.0" 200 663 "https://gustofood.ru/8eib2av/dendrobium-orchid-care-after-flowering.html" "Mozilla/5.0 (Linux; Android 7.0;) AppleWebKit/537.36 (KHTML, like Gecko) Mobile Safari/537.36 (compatible; PetalBot;+https://webmaster.petalsearch.com/site/petalbot)"
172.70.135.189 - - [11/Jan/2026:07:07:46 +0300] "GET /?u=04022210904802 HTTP/1.0" 200 674 "-" "Mozilla/5.0 AppleWebKit/537.36 (KHTML, like Gecko; compatible; bingbot/2.0; +http://www.bing.com/bingbot.htm) Chrome/116.0.1938.76 Safari/537.36"
104.23.211.95 - - [11/Jan/2026:07:07:57 +0300] "GET /?u=60323268710001 HTTP/1.0" 200 674 "-" "Mozilla/5.0 AppleWebKit/537.36 (KHTML, like Gecko; compatible; bingbot/2.0; +http://www.bing.com/bingbot.htm) Chrome/116.0.1938.76 Safari/537.36"
104.23.223.33 - - [11/Jan/2026:07:08:17 +0300] "GET /?u=11916110550400 HTTP/1.0" 200 674 "-" "Mozilla/5.0 AppleWebKit/537.36 (KHTML, like Gecko; compatible; bingbot/2.0; +http://www.bing.com/bingbot.htm) Chrome/116.0.1938.76 Safari/537.36"
172.70.35.191 - - [11/Jan/2026:07:08:40 +0300] "GET /?u=95512150132603 HTTP/1.0" 200 674 "-" "Mozilla/5.0 AppleWebKit/537.36 (KHTML, like Gecko; compatible; bingbot/2.0; +http://www.bing.com/bingbot.htm) Chrome/116.0.1938.76 Safari/537.36"
172.70.43.64 - - [11/Jan/2026:07:08:58 +0300] "GET /?u=0779638937700 HTTP/1.0" 200 674 "-" "Mozilla/5.0 AppleWebKit/537.36 (KHTML, like Gecko; compatible; bingbot/2.0; +http://www.bing.com/bingbot.htm) Chrome/116.0.1938.76 Safari/537.36"
172.71.222.62 - - [11/Jan/2026:07:09:02 +0300] "GET /?u=82025288759801 HTTP/1.0" 200 674 "-" "Mozilla/5.0 AppleWebKit/537.36 (KHTML, like Gecko; compatible; bingbot/2.0; +http://www.bing.com/bingbot.htm) Chrome/116.0.1938.76 Safari/537.36"
104.23.175.9 - - [11/Jan/2026:07:09:07 +0300] "GET /jroriq/obey-me-x-reader-he-hurts-you.html HTTP/1.0" 200 663 "https://zk-pz.ru/xapl6u/palm-sunday-object-lesson.html" "Mozilla/5.0 (Linux; Android 7.0;) AppleWebKit/537.36 (KHTML, like Gecko) Mobile Safari/537.36 (compatible; PetalBot;+https://webmaster.petalsearch.com/site/petalbot)"
104.23.223.143 - - [11/Jan/2026:07:09:48 +0300] "GET /?u=73871165246001 HTTP/1.0" 200 674 "-" "Mozilla/5.0 AppleWebKit/537.36 (KHTML, like Gecko; compatible; bingbot/2.0; +http://www.bing.com/bingbot.htm) Chrome/116.0.1938.76 Safari/537.36"
172.68.138.150 - - [11/Jan/2026:07:10:11 +0300] "GET /?u=06512178841800 HTTP/1.0" 200 674 "-" "Mozilla/5.0 AppleWebKit/537.36 (KHTML, like Gecko; compatible; bingbot/2.0; +http://www.bing.com/bingbot.htm) Chrome/116.0.1938.76 Safari/537.36"
172.70.188.30 - - [11/Jan/2026:07:10:31 +0300] "GET /jroriq/new-seaton-pickering-price-list.html HTTP/1.0" 200 663 "https://u004.it2c.ru/lc4d/xpand-2-vst-crack-reddit.html" "Mozilla/5.0 (Linux; Android 7.0;) AppleWebKit/537.36 (KHTML, like Gecko) Mobile Safari/537.36 (compatible; PetalBot;+https://webmaster.petalsearch.com/site/petalbot)"
162.158.170.18 - - [11/Jan/2026:07:11:55 +0300] "GET /jroriq/my-husband-is-always-gone-for-work.html HTTP/1.0" 200 663 "http://test.jdmprint.com.au/8pukz/when-do-sfsu-decisions-come-out-reddit.html" "Mozilla/5.0 (Linux; Android 7.0;) AppleWebKit/537.36 (KHTML, like Gecko) Mobile Safari/537.36 (compatible; PetalBot;+https://webmaster.petalsearch.com/site/petalbot)"
172.71.190.208 - - [11/Jan/2026:07:12:09 +0300] "GET /?u=06878202134200 HTTP/1.0" 200 674 "-" "Mozilla/5.0 AppleWebKit/537.36 (KHTML, like Gecko; compatible; bingbot/2.0; +http://www.bing.com/bingbot.htm) Chrome/116.0.1938.76 Safari/537.36"
162.158.88.34 - - [11/Jan/2026:07:13:19 +0300] "GET /jroriq/mercedes-takes-long-to-start.html HTTP/1.0" 200 663 "http://n-gineering.com.au/htyoan2ew/how-to-create-anonymous-whatsapp-account.html" "Mozilla/5.0 (Linux; Android 7.0;) AppleWebKit/537.36 (KHTML, like Gecko) Mobile Safari/537.36 (compatible; PetalBot;+https://webmaster.petalsearch.com/site/petalbot)"
172.69.176.17 - - [11/Jan/2026:07:14:42 +0300] "GET /jroriq/large-resin-planters-for-outside.html HTTP/1.0" 200 663 "http://mischievousfox.com/cu/wikbh/compounding-pharmacy-california-semaglutide.html" "Mozilla/5.0 (Linux; Android 7.0;) AppleWebKit/537.36 (KHTML, like Gecko) Mobile Safari/537.36 (compatible; PetalBot;+https://webmaster.petalsearch.com/site/petalbot)"
162.158.108.16 - - [11/Jan/2026:07:16:05 +0300] "GET /jroriq/kubota-g5200-manual.html HTTP/1.0" 200 663 "http://www.xlservice.ru/yksnvc/ender-3-s1-pro-cura-profile-download.html" "Mozilla/5.0 (Linux; Android 7.0;) AppleWebKit/537.36 (KHTML, like Gecko) Mobile Safari/537.36 (compatible; PetalBot;+https://webmaster.petalsearch.com/site/petalbot)"
172.68.138.151 - - [11/Jan/2026:07:17:27 +0300] "GET /?u=43583145468201 HTTP/1.0" 200 674 "-" "Mozilla/5.0 AppleWebKit/537.36 (KHTML, like Gecko; compatible; bingbot/2.0; +http://www.bing.com/bingbot.htm) Chrome/116.0.1938.76 Safari/537.36"
162.158.88.34 - - [11/Jan/2026:07:17:28 +0300] "GET /jroriq/kern-county-crime-news.html HTTP/1.0" 200 663 "https://www.web-trump.ru/xzjfv/used-wood-stoves-for-sale-by-owner-near-massachusetts.html" "Mozilla/5.0 (Linux; Android 7.0;) AppleWebKit/537.36 (KHTML, like Gecko) Mobile Safari/537.36 (compatible; PetalBot;+https://webmaster.petalsearch.com/site/petalbot)"
172.68.245.75 - - [11/Jan/2026:07:17:32 +0300] "GET /?u=01923168868208 HTTP/1.0" 200 674 "-" "Mozilla/5.0 AppleWebKit/537.36 (KHTML, like Gecko; compatible; bingbot/2.0; +http://www.bing.com/bingbot.htm) Chrome/116.0.1938.76 Safari/537.36"
172.68.245.75 - - [11/Jan/2026:07:17:33 +0300] "GET /?u=00788190227800 HTTP/1.0" 200 674 "-" "Mozilla/5.0 AppleWebKit/537.36 (KHTML, like Gecko; compatible; bingbot/2.0; +http://www.bing.com/bingbot.htm) Chrome/116.0.1938.76 Safari/537.36"
172.68.138.151 - - [11/Jan/2026:07:17:37 +0300] "GET /?u=06320146632800 HTTP/1.0" 200 674 "-" "Mozilla/5.0 AppleWebKit/537.36 (KHTML, like Gecko; compatible; bingbot/2.0; +http://www.bing.com/bingbot.htm) Chrome/116.0.1938.76 Safari/537.36"
104.23.213.187 - - [11/Jan/2026:07:17:58 +0300] "GET /?u=9988219291806 HTTP/1.0" 200 674 "-" "Mozilla/5.0 AppleWebKit/537.36 (KHTML, like Gecko; compatible; bingbot/2.0; +http://www.bing.com/bingbot.htm) Chrome/116.0.1938.76 Safari/537.36"
172.70.135.189 - - [11/Jan/2026:07:18:38 +0300] "GET /?u=47829274161800 HTTP/1.0" 200 674 "-" "Mozilla/5.0 AppleWebKit/537.36 (KHTML, like Gecko; compatible; bingbot/2.0; +http://www.bing.com/bingbot.htm) Chrome/116.0.1938.76 Safari/537.36"
162.158.108.17 - - [11/Jan/2026:07:18:52 +0300] "GET /jroriq/john-deere-425-time-delay-module-test.html HTTP/1.0" 200 663 "https://test.atletika24.ru/pn5tk/public-api-for-testing.html" "Mozilla/5.0 (Linux; Android 7.0;) AppleWebKit/537.36 (KHTML, like Gecko) Mobile Safari/537.36 (compatible; PetalBot;+https://webmaster.petalsearch.com/site/petalbot)"
172.70.174.16 - - [11/Jan/2026:07:19:30 +0300] "GET /?u=96709298495205 HTTP/1.0" 200 674 "-" "Mozilla/5.0 AppleWebKit/537.36 (KHTML, like Gecko; compatible; bingbot/2.0; +http://www.bing.com/bingbot.htm) Chrome/116.0.1938.76 Safari/537.36"
172.70.174.16 - - [11/Jan/2026:07:19:51 +0300] "GET /?u=23226140626602 HTTP/1.0" 200 674 "-" "Mozilla/5.0 AppleWebKit/537.36 (KHTML, like Gecko; compatible; bingbot/2.0; +http://www.bing.com/bingbot.htm) Chrome/116.0.1938.76 Safari/537.36"
162.158.162.139 - - [11/Jan/2026:07:20:17 +0300] "GET /jroriq/importance-of-school-nurses.html HTTP/1.0" 200 663 "http://smmart-pro.ru/ziyrq24/vanish-mode-messenger.html" "Mozilla/5.0 (Linux; Android 7.0;) AppleWebKit/537.36 (KHTML, like Gecko) Mobile Safari/537.36 (compatible; PetalBot;+https://webmaster.petalsearch.com/site/petalbot)"
104.23.209.42 - - [11/Jan/2026:07:20:30 +0300] "GET /?u=0034255459203 HTTP/1.0" 200 674 "-" "Mozilla/5.0 AppleWebKit/537.36 (KHTML, like Gecko; compatible; bingbot/2.0; +http://www.bing.com/bingbot.htm) Chrome/116.0.1938.76 Safari/537.36"
104.23.211.95 - - [11/Jan/2026:07:20:39 +0300] "GET /?u=0365713754804 HTTP/1.0" 200 674 "-" "Mozilla/5.0 AppleWebKit/537.36 (KHTML, like Gecko; compatible; bingbot/2.0; +http://www.bing.com/bingbot.htm) Chrome/116.0.1938.76 Safari/537.36"
172.71.194.152 - - [11/Jan/2026:07:21:07 +0300] "GET /?u=8610989661001 HTTP/1.0" 200 674 "-" "Mozilla/5.0 AppleWebKit/537.36 (KHTML, like Gecko; compatible; bingbot/2.0; +http://www.bing.com/bingbot.htm) Chrome/116.0.1938.76 Safari/537.36"
172.70.135.190 - - [11/Jan/2026:07:21:21 +0300] "GET /?u=88951108119002 HTTP/1.0" 200 674 "-" "Mozilla/5.0 AppleWebKit/537.36 (KHTML, like Gecko; compatible; bingbot/2.0; +http://www.bing.com/bingbot.htm) Chrome/116.0.1938.76 Safari/537.36"
172.70.135.190 - - [11/Jan/2026:07:21:28 +0300] "GET /?u=07522229507205 HTTP/1.0" 200 674 "-" "Mozilla/5.0 AppleWebKit/537.36 (KHTML, like Gecko; compatible; bingbot/2.0; +http://www.bing.com/bingbot.htm) Chrome/116.0.1938.76 Safari/537.36"
172.70.135.190 - - [11/Jan/2026:07:21:29 +0300] "GET /?u=09875136275601 HTTP/1.0" 200 674 "-" "Mozilla/5.0 AppleWebKit/537.36 (KHTML, like Gecko; compatible; bingbot/2.0; +http://www.bing.com/bingbot.htm) Chrome/116.0.1938.76 Safari/537.36"
172.70.135.190 - - [11/Jan/2026:07:21:30 +0300] "GET /?u=9630730596405 HTTP/1.0" 200 674 "-" "Mozilla/5.0 AppleWebKit/537.36 (KHTML, like Gecko; compatible; bingbot/2.0; +http://www.bing.com/bingbot.htm) Chrome/116.0.1938.76 Safari/537.36"
172.70.135.190 - - [11/Jan/2026:07:21:41 +0300] "GET /?u=28422160576008 HTTP/1.0" 200 674 "-" "Mozilla/5.0 AppleWebKit/537.36 (KHTML, like Gecko; compatible; bingbot/2.0; +http://www.bing.com/bingbot.htm) Chrome/116.0.1938.76 Safari/537.36"
172.70.142.84 - - [11/Jan/2026:07:21:56 +0300] "GET /jroriq/grimaldi-nigeria-vessel-schedule.html HTTP/1.0" 200 663 "http://aplosai.com/phpmailnew/joxle/mushroom-shortbread-cookies.html" "Mozilla/5.0 (Linux; Android 7.0;) AppleWebKit/537.36 (KHTML, like Gecko) Mobile Safari/537.36 (compatible; PetalBot;+https://webmaster.petalsearch.com/site/petalbot)"
104.23.211.94 - - [11/Jan/2026:07:22:09 +0300] "GET /?u=88299233539402 HTTP/1.0" 200 674 "-" "Mozilla/5.0 AppleWebKit/537.36 (KHTML, like Gecko; compatible; bingbot/2.0; +http://www.bing.com/bingbot.htm) Chrome/116.0.1938.76 Safari/537.36"
172.71.82.86 - - [11/Jan/2026:07:23:08 +0300] "GET /jroriq/ford-2722e-engine-for-sale.html HTTP/1.0" 200 663 "https://test.atletika24.ru/pn5tk/public-api-for-testing.html" "Mozilla/5.0 (Linux; Android 7.0;) AppleWebKit/537.36 (KHTML, like Gecko) Mobile Safari/537.36 (compatible; PetalBot;+https://webmaster.petalsearch.com/site/petalbot)"
172.70.135.190 - - [11/Jan/2026:07:23:08 +0300] "GET /?u=8268783574400 HTTP/1.0" 200 674 "-" "Mozilla/5.0 AppleWebKit/537.36 (KHTML, like Gecko; compatible; bingbot/2.0; +http://www.bing.com/bingbot.htm) Chrome/116.0.1938.76 Safari/537.36"
172.71.124.225 - - [11/Jan/2026:07:24:29 +0300] "GET /jroriq/floating-aluminum-docks.html HTTP/1.0" 200 663 "http://pss-energy.com/itq99/paid-research-studies-cambridge.html" "Mozilla/5.0 (Linux; Android 7.0;) AppleWebKit/537.36 (KHTML, like Gecko) Mobile Safari/537.36 (compatible; PetalBot;+https://webmaster.petalsearch.com/site/petalbot)"
172.71.82.86 - - [11/Jan/2026:07:25:51 +0300] "GET /jroriq/fix-my-mic-speaker.html HTTP/1.0" 200 663 "http://fmcg.navicongroup.ru/q5tfd6l/10-hp-air-compressor.html" "Mozilla/5.0 (Linux; Android 7.0;) AppleWebKit/537.36 (KHTML, like Gecko) Mobile Safari/537.36 (compatible; PetalBot;+https://webmaster.petalsearch.com/site/petalbot)"
172.68.138.151 - - [11/Jan/2026:07:27:13 +0300] "GET /?u=11031142692000 HTTP/1.0" 200 674 "-" "Mozilla/5.0 AppleWebKit/537.36 (KHTML, like Gecko; compatible; bingbot/2.0; +http://www.bing.com/bingbot.htm) Chrome/116.0.1938.76 Safari/537.36"
172.70.142.84 - - [11/Jan/2026:07:27:15 +0300] "GET /jroriq/elvis-50th-anniversary-vinyl.html HTTP/1.0" 200 663 "https://temmoroz.ru/4ymzp/west-virginia-squatters-rights.html" "Mozilla/5.0 (Linux; Android 7.0;) AppleWebKit/537.36 (KHTML, like Gecko) Mobile Safari/537.36 (compatible; PetalBot;+https://webmaster.petalsearch.com/site/petalbot)"
172.70.135.190 - - [11/Jan/2026:07:27:17 +0300] "GET /?u=1482925558006 HTTP/1.0" 200 674 "-" "Mozilla/5.0 AppleWebKit/537.36 (KHTML, like Gecko; compatible; bingbot/2.0; +http://www.bing.com/bingbot.htm) Chrome/116.0.1938.76 Safari/537.36"
104.23.209.43 - - [11/Jan/2026:07:27:31 +0300] "GET /?u=81912280139203 HTTP/1.0" 200 674 "-" "Mozilla/5.0 AppleWebKit/537.36 (KHTML, like Gecko; compatible; bingbot/2.0; +http://www.bing.com/bingbot.htm) Chrome/116.0.1938.76 Safari/537.36"
172.68.245.75 - - [11/Jan/2026:07:27:43 +0300] "GET /?u=50759134552202 HTTP/1.0" 200 674 "-" "Mozilla/5.0 AppleWebKit/537.36 (KHTML, like Gecko; compatible; bingbot/2.0; +http://www.bing.com/bingbot.htm) Chrome/116.0.1938.76 Safari/537.36"
172.68.245.75 - - [11/Jan/2026:07:27:47 +0300] "GET /?u=70807181147203 HTTP/1.0" 200 674 "-" "Mozilla/5.0 AppleWebKit/537.36 (KHTML, like Gecko; compatible; bingbot/2.0; +http://www.bing.com/bingbot.htm) Chrome/116.0.1938.76 Safari/537.36"
172.68.245.75 - - [11/Jan/2026:07:28:09 +0300] "GET /?u=2082976488004 HTTP/1.0" 200 674 "-" "Mozilla/5.0 AppleWebKit/537.36 (KHTML, like Gecko; compatible; bingbot/2.0; +http://www.bing.com/bingbot.htm) Chrome/116.0.1938.76 Safari/537.36"
172.70.43.63 - - [11/Jan/2026:07:28:14 +0300] "GET /?u=325772293202 HTTP/1.0" 200 674 "-" "Mozilla/5.0 AppleWebKit/537.36 (KHTML, like Gecko; compatible; bingbot/2.0; +http://www.bing.com/bingbot.htm) Chrome/116.0.1938.76 Safari/537.36"
172.70.43.63 - - [11/Jan/2026:07:28:29 +0300] "GET /?u=8109041243401 HTTP/1.0" 200 674 "-" "Mozilla/5.0 AppleWebKit/537.36 (KHTML, like Gecko; compatible; bingbot/2.0; +http://www.bing.com/bingbot.htm) Chrome/116.0.1938.76 Safari/537.36"
162.158.170.18 - - [11/Jan/2026:07:28:38 +0300] "GET /jroriq/does-insurance-cover-airbag-theft.html HTTP/1.0" 200 663 "http://test.jdmprint.com.au/8pukz/when-do-sfsu-decisions-come-out-reddit.html" "Mozilla/5.0 (Linux; Android 7.0;) AppleWebKit/537.36 (KHTML, like Gecko) Mobile Safari/537.36 (compatible; PetalBot;+https://webmaster.petalsearch.com/site/petalbot)"
104.23.213.187 - - [11/Jan/2026:07:29:02 +0300] "GET /?u=28452153196804 HTTP/1.0" 200 674 "-" "Mozilla/5.0 AppleWebKit/537.36 (KHTML, like Gecko; compatible; bingbot/2.0; +http://www.bing.com/bingbot.htm) Chrome/116.0.1938.76 Safari/537.36"
172.68.138.150 - - [11/Jan/2026:07:29:22 +0300] "GET /?u=97081124254403 HTTP/1.0" 200 674 "-" "Mozilla/5.0 AppleWebKit/537.36 (KHTML, like Gecko; compatible; bingbot/2.0; +http://www.bing.com/bingbot.htm) Chrome/116.0.1938.76 Safari/537.36"
104.23.175.8 - - [11/Jan/2026:07:30:02 +0300] "GET /jroriq/do-catalytic-converter-alarms-work.html HTTP/1.0" 200 663 "https://weekenders.ru/sauqmo8fl/free-easy-checking-navy-federal.html" "Mozilla/5.0 (Linux; Android 7.0;) AppleWebKit/537.36 (KHTML, like Gecko) Mobile Safari/537.36 (compatible; PetalBot;+https://webmaster.petalsearch.com/site/petalbot)"
104.23.211.94 - - [11/Jan/2026:07:30:29 +0300] "GET /?u=2992576125201 HTTP/1.0" 200 674 "-" "Mozilla/5.0 AppleWebKit/537.36 (KHTML, like Gecko; compatible; bingbot/2.0; +http://www.bing.com/bingbot.htm) Chrome/116.0.1938.76 Safari/537.36"
172.68.138.151 - - [11/Jan/2026:07:30:34 +0300] "GET /?u=22811111553005 HTTP/1.0" 200 674 "-" "Mozilla/5.0 AppleWebKit/537.36 (KHTML, like Gecko; compatible; bingbot/2.0; +http://www.bing.com/bingbot.htm) Chrome/116.0.1938.76 Safari/537.36"
172.68.138.151 - - [11/Jan/2026:07:30:49 +0300] "GET /?u=92279265386603 HTTP/1.0" 200 674 "-" "Mozilla/5.0 AppleWebKit/537.36 (KHTML, like Gecko; compatible; bingbot/2.0; +http://www.bing.com/bingbot.htm) Chrome/116.0.1938.76 Safari/537.36"
141.101.84.146 - - [11/Jan/2026:07:30:56 +0300] "GET /files.php HTTP/1.0" 403 454 "https://www.google.de/" "Mozilla/5.0 (Linux; Android 14; Pixel 8 Pro) AppleWebKit/537.36 (KHTML, like Gecko) Chrome/119.0.0.0 Mobile Safari/537.36"
141.101.84.146 - - [11/Jan/2026:07:30:57 +0300] "GET /ws.php HTTP/1.0" 403 454 "https://duckduckgo.com/" "Mozilla/5.0 (iPhone; CPU iPhone OS 17_1 like Mac OS X) AppleWebKit/605.1.15 (KHTML, like Gecko) CriOS/119.0.6045.109 Mobile/15E148 Safari/604.1"
141.101.84.146 - - [11/Jan/2026:07:30:57 +0300] "GET /NewFile.php HTTP/1.0" 403 454 "https://www.yahoo.com/" "Mozilla/5.g (Linux; Android 13; Pixel 7) AppleWebKit/537.36 (KHTML, like Gecko) Chrome/116.0.0.0 Mobile Safari/537.36"
141.101.84.146 - - [11/Jan/2026:07:30:57 +0300] "GET /mail.php HTTP/1.0" 403 454 "https://www.google.fr/" "Mozilla/5.0 (Linux; Android 12; 2201116SG) AppleWebKit/537.36 (KHTML, like Gecko) Chrome/116.0.0.0 Mobile Safari/537.36"
141.101.84.146 - - [11/Jan/2026:07:30:58 +0300] "GET /tiny.php HTTP/1.0" 403 454 "https://www.yahoo.com/" "Mozilla/5.0 (iPhone; CPU iPhone OS 17_1 like Mac OS X) AppleWebKit/605.1.15 (KHTML, like Gecko) CriOS/119.0.6045.109 Mobile/15E148 Safari/604.1"
141.101.84.146 - - [11/Jan/2026:07:30:58 +0300] "GET /wp-content/about.php HTTP/1.0" 200 663 "https://www.google.co.uk/" "Mozilla/5.0 (iPhone; CPU iPhone OS 16_0 like Mac OS X) AppleWebKit/605.1.15 (KHTML, like Gecko) FxiOS/118.0 Mobile/15E148 Safari/605.1.15"
141.101.84.146 - - [11/Jan/2026:07:30:58 +0300] "GET /wp-content/themes/seotheme/mar.php HTTP/1.0" 200 663 "https://www.google.co.uk/" "Mozilla/5.0 (Linux; Android 10; K) AppleWebKit/537.36 (KHTML, like Gecko) Chrome/117.0.0.0 Mobile Safari/537.36"
141.101.84.146 - - [11/Jan/2026:07:30:59 +0300] "GET /system_log.php HTTP/1.0" 403 454 "https://www.bing.com/" "Mozilla/5.0 (Linux; Android 12; 2201116SG) AppleWebKit/537.36 (KHTML, like Gecko) Chrome/116.0.0.0 Mobile Safari/537.36"
141.101.84.146 - - [11/Jan/2026:07:30:59 +0300] "GET /wp-content/uploads/index.php HTTP/1.0" 200 663 "https://duckduckgo.com/" "Mozilla/5.0 (iPhone; CPU iPhone OS 16_6_1 like Mac OS X) AppleWebKit/605.1.15 (KHTML, like Gecko) Version/16.6 Mobile/15E148 Safari/604.1"
141.101.84.146 - - [11/Jan/2026:07:30:59 +0300] "GET /.well-known/wso112233.php HTTP/1.0" 200 663 "https://www.bing.com/" "Mozilla/5.0 (Linux; Android 11; CPH2251) AppleWebKit/537.36 (KHTML, like Gecko) Chrome/116.0.0.0 Mobile Safari/537.36"
141.101.84.146 - - [11/Jan/2026:07:31:00 +0300] "GET /log.php HTTP/1.0" 403 454 "https://www.bing.com/" "Mozilla/5.0 (iPhone; CPU iPhone OS 15_7_9 like Mac OS X) AppleWebKit/605.1.15 (KHTML, like Gecko) Version/15.6.5 Mobile/15E148 Safari/604.1"
141.101.84.146 - - [11/Jan/2026:07:31:00 +0300] "GET /wp-content/plugins HTTP/1.0" 200 663 "https://www.google.de/" "Mozilla/5.0 (iPad; CPU OS 17_0_3 like Mac OS X) AppleWebKit/605.1.15 (KHTML, like Gecko) Version/17.0.1 Mobile/15E148 Safari/604.1"
141.101.84.146 - - [11/Jan/2026:07:31:00 +0300] "GET /wp-content/plugins/autoload_classmap.php HTTP/1.0" 200 663 "https://www.google.com/" "Mozilla/5.0 (iPhone; CPU iPhone OS 16_6_1 like Mac OS X) AppleWebKit/605.1.15 (KHTML, like Gecko) Version/16.6 Mobile/15E148 Safari/604.1"
141.101.84.146 - - [11/Jan/2026:07:31:01 +0300] "GET /wp-includes HTTP/1.0" 200 663 "https://www.google.co.uk/" "Mozilla/5.0 (Linux; Android 13; SM-G991U) AppleWebKit/537.36 (KHTML, like Gecko) Chrome/117.0.0.0 Mobile Safari/537.36"
141.101.84.146 - - [11/Jan/2026:07:31:01 +0300] "GET /themes.php HTTP/1.0" 403 454 "https://duckduckgo.com/" "Mozilla/5.0 (iPad; CPU OS 16_7_2 like Mac OS X) AppleWebKit/605.1.15 (KHTML, like Gecko) Version/16.6 Mobile/15E148 Safari/604.1"
141.101.84.146 - - [11/Jan/2026:07:31:01 +0300] "GET /wp-admin/includes/index.php HTTP/1.0" 200 663 "https://www.bing.com/" "Mozilla/5.0 (Linux; Android 11; 21081111RG) AppleWebKit/537.36 (KHTML, like Gecko) Chrome/116.0.0.0 Mobile Safari/537.36"
141.101.84.146 - - [11/Jan/2026:07:31:02 +0300] "GET /wp-admin/images/index.php HTTP/1.0" 200 663 "https://www.google.co.uk/" "Mozilla/5.g (Linux; Android 13; Pixel 7) AppleWebKit/537.36 (KHTML, like Gecko) Chrome/116.0.0.0 Mobile Safari/537.36"
141.101.84.146 - - [11/Jan/2026:07:31:02 +0300] "GET /.well-known/acme-challenge/index.php HTTP/1.1" 404 576 "https://www.google.de/" "Mozilla/5.0 (Linux; Android 10; LM-Q720) AppleWebKit/537.36 (KHTML, like Gecko) Chrome/116.0.0.0 Mobile Safari/537.36"
141.101.84.146 - - [11/Jan/2026:07:31:03 +0300] "GET /post.php HTTP/1.0" 403 454 "https://www.google.de/" "Mozilla/5.0 (Linux; Android 11; 21081111RG) AppleWebKit/537.36 (KHTML, like Gecko) Chrome/116.0.0.0 Mobile Safari/537.36"
141.101.84.146 - - [11/Jan/2026:07:31:03 +0300] "GET /wp-includes/Text/about.php HTTP/1.0" 200 663 "https://www.yahoo.com/" "Mozilla/5.0 (Linux; Android 13; SM-S908E) AppleWebKit/537.36 (KHTML, like Gecko) Chrome/116.0.0.0 Mobile Safari/537.36"
141.101.84.146 - - [11/Jan/2026:07:31:03 +0300] "GET /alfa-rex.php7 HTTP/1.0" 200 663 "https://www.yahoo.com/" "Mozilla/5.0 (iPhone; CPU iPhone OS 16_0 like Mac OS X) AppleWebKit/605.1.15 (KHTML, like Gecko) FxiOS/118.0 Mobile/15E148 Safari/605.1.15"
141.101.84.146 - - [11/Jan/2026:07:31:04 +0300] "GET /options.php HTTP/1.0" 403 454 "https://www.google.de/" "Mozilla/5.0 (iPad; CPU OS 16_7_2 like Mac OS X) AppleWebKit/605.1.15 (KHTML, like Gecko) Version/16.6 Mobile/15E148 Safari/604.1"
141.101.84.146 - - [11/Jan/2026:07:31:04 +0300] "GET /wp-admin/about.php HTTP/1.0" 200 663 "https://www.google.co.uk/" "Mozilla/5.0 (Linux; Android 13; M2101K6G) AppleWebKit/537.36 (KHTML, like Gecko) Chrome/116.0.0.0 Mobile Safari/537.36"
141.101.84.146 - - [11/Jan/2026:07:31:04 +0300] "GET /wordpress/wp-admin/maint HTTP/1.0" 200 663 "https://duckduckgo.com/" "Mozilla/5.0 (iPhone; CPU iPhone OS 17_0_3 like Mac OS X) AppleWebKit/605.1.15 (KHTML, like Gecko) Version/17.0.1 Mobile/15E148 Safari/604.1"
141.101.84.146 - - [11/Jan/2026:07:31:05 +0300] "GET /wp-admin/classwithtostring.php HTTP/1.0" 200 663 "https://duckduckgo.com/" "Mozilla/5.0 (Linux; Android 13; SM-S908E) AppleWebKit/537.36 (KHTML, like Gecko) Chrome/116.0.0.0 Mobile Safari/537.36"
141.101.84.146 - - [11/Jan/2026:07:31:05 +0300] "GET /hplfuns.php HTTP/1.0" 403 454 "https://www.google.com/" "Mozilla/5.0 (iPhone; CPU iPhone OS 17_1_1 like Mac OS X) AppleWebKit/605.1.15 (KHTML, like Gecko) Version/17.1 Mobile/15E148 Safari/604.1"
141.101.84.146 - - [11/Jan/2026:07:31:05 +0300] "GET /wp-content/upgrade-temp-backup/about.php HTTP/1.0" 200 663 "https://www.google.de/" "Mozilla/5.0 (Linux; Android 11; 21081111RG) AppleWebKit/537.36 (KHTML, like Gecko) Chrome/116.0.0.0 Mobile Safari/537.36"
141.101.84.146 - - [11/Jan/2026:07:31:06 +0300] "GET /wp-conflg.php HTTP/1.0" 403 454 "https://www.bing.com/" "Mozilla/5.0 (Linux; Android 12; V2134) AppleWebKit/537.36 (KHTML, like Gecko) Chrome/116.0.0.0 Mobile Safari/537.36"
141.101.84.146 - - [11/Jan/2026:07:31:07 +0300] "GET /wp-content/plugins/admin.php HTTP/1.0" 200 663 "https://duckduckgo.com/" "Mozilla/5.0 (Linux; Android 10; LM-Q720) AppleWebKit/537.36 (KHTML, like Gecko) Chrome/116.0.0.0 Mobile Safari/537.36"
141.101.84.146 - - [11/Jan/2026:07:31:08 +0300] "GET /ca5.php HTTP/1.0" 403 454 "https://www.google.fr/" "Mozilla/5.0 (Linux; Android 14; Pixel 8 Pro) AppleWebKit/537.36 (KHTML, like Gecko) Chrome/119.0.0.0 Mobile Safari/537.36"
141.101.84.146 - - [11/Jan/2026:07:31:08 +0300] "GET /wp-admin.php HTTP/1.0" 200 663 "https://www.google.com/" "Mozilla/5.g (Linux; Android 13; Pixel 7) AppleWebKit/537.36 (KHTML, like Gecko) Chrome/116.0.0.0 Mobile Safari/537.36"
141.101.84.146 - - [11/Jan/2026:07:31:09 +0300] "GET /wp-includes/fonts/index.php HTTP/1.0" 200 663 "https://www.google.fr/" "Mozilla/5.0 (iPhone; CPU iPhone OS 17_0_3 like Mac OS X) AppleWebKit/605.1.15 (KHTML, like Gecko) Version/17.0.1 Mobile/15E148 Safari/604.1"
141.101.84.146 - - [11/Jan/2026:07:31:09 +0300] "GET /wp-signin.php HTTP/1.0" 403 454 "https://www.google.co.uk/" "Mozilla/5.0 (Linux; Android 12; 2201116SG) AppleWebKit/537.36 (KHTML, like Gecko) Chrome/116.0.0.0 Mobile Safari/537.36"
141.101.84.146 - - [11/Jan/2026:07:31:09 +0300] "GET /cgi-bin HTTP/1.0" 200 663 "https://www.google.com/" "Mozilla/5.0 (Linux; Android 12; V2134) AppleWebKit/537.36 (KHTML, like Gecko) Chrome/116.0.0.0 Mobile Safari/537.36"
141.101.84.146 - - [11/Jan/2026:07:31:10 +0300] "GET /cong.php HTTP/1.0" 403 454 "https://duckduckgo.com/" "Mozilla/5.0 (Linux; Android 11; CPH2251) AppleWebKit/537.36 (KHTML, like Gecko) Chrome/116.0.0.0 Mobile Safari/537.36"
141.101.84.146 - - [11/Jan/2026:07:31:10 +0300] "GET /wp-content/dn.php HTTP/1.0" 200 663 "https://www.google.de/" "Mozilla/5.0 (iPhone; CPU iPhone OS 16_0 like Mac OS X) AppleWebKit/605.1.15 (KHTML, like Gecko) FxiOS/118.0 Mobile/15E148 Safari/605.1.15"
141.101.84.146 - - [11/Jan/2026:07:31:10 +0300] "GET /wp-content/themes/admin.php HTTP/1.0" 200 663 "https://www.yahoo.com/" "Mozilla/5.0 (Linux; Android 14; Pixel 8 Pro) AppleWebKit/537.36 (KHTML, like Gecko) Chrome/119.0.0.0 Mobile Safari/537.36"
141.101.84.146 - - [11/Jan/2026:07:31:11 +0300] "GET /wp-signup.php HTTP/1.0" 403 454 "https://www.google.co.uk/" "Mozilla/5.0 (Linux; Android 12; 2201116SG) AppleWebKit/537.36 (KHTML, like Gecko) Chrome/116.0.0.0 Mobile Safari/537.36"
141.101.84.146 - - [11/Jan/2026:07:31:11 +0300] "GET /wp-themes.php HTTP/1.0" 403 454 "https://www.google.co.uk/" "Mozilla/5.0 (iPhone; CPU iPhone OS 17_0_3 like Mac OS X) AppleWebKit/605.1.15 (KHTML, like Gecko) Version/17.0.1 Mobile/15E148 Safari/604.1"
141.101.84.146 - - [11/Jan/2026:07:31:11 +0300] "GET /wso112233.php HTTP/1.0" 403 454 "https://www.google.de/" "Mozilla/5.0 (Linux; Android 12; V2134) AppleWebKit/537.36 (KHTML, like Gecko) Chrome/116.0.0.0 Mobile Safari/537.36"
141.101.84.146 - - [11/Jan/2026:07:31:12 +0300] "GET /ALFA_DATA/alfacgiapi HTTP/1.0" 200 663 "https://www.google.com/" "Mozilla/5.0 (Linux; Android 10; K) AppleWebKit/537.36 (KHTML, like Gecko) Chrome/117.0.0.0 Mobile Safari/537.36"
141.101.84.146 - - [11/Jan/2026:07:31:12 +0300] "GET /hehe.php HTTP/1.0" 403 454 "https://www.google.co.uk/" "Mozilla/5.0 (Linux; Android 12; V2134) AppleWebKit/537.36 (KHTML, like Gecko) Chrome/116.0.0.0 Mobile Safari/537.36"
141.101.84.146 - - [11/Jan/2026:07:31:12 +0300] "GET /mln.php HTTP/1.0" 403 454 "https://duckduckgo.com/" "Mozilla/5.0 (Linux; Android 12; SM-A525F) AppleWebKit/537.36 (KHTML, like Gecko) Chrome/117.0.0.0 Mobile Safari/537.36"
141.101.84.146 - - [11/Jan/2026:07:31:13 +0300] "GET /test1.php HTTP/1.0" 403 454 "https://www.google.fr/" "Mozilla/5.0 (iPhone; CPU iPhone OS 17_1 like Mac OS X) AppleWebKit/605.1.15 (KHTML, like Gecko) CriOS/119.0.6045.109 Mobile/15E148 Safari/604.1"
141.101.84.146 - - [11/Jan/2026:07:31:13 +0300] "GET /accah.php HTTP/1.0" 403 454 "https://www.google.fr/" "Mozilla/5.0 (Linux; Android 13; M2101K6G) AppleWebKit/537.36 (KHTML, like Gecko) Chrome/116.0.0.0 Mobile Safari/537.36"
141.101.84.146 - - [11/Jan/2026:07:31:13 +0300] "GET /gecko-new.php HTTP/1.0" 403 454 "https://www.google.de/" "Mozilla/5.0 (iPad; CPU OS 17_0_3 like Mac OS X) AppleWebKit/605.1.15 (KHTML, like Gecko) Version/17.0.1 Mobile/15E148 Safari/604.1"
141.101.84.146 - - [11/Jan/2026:07:31:14 +0300] "GET /x.php HTTP/1.0" 403 454 "https://www.google.com/" "Mozilla/5.0 (Linux; Android 13; SM-S908E) AppleWebKit/537.36 (KHTML, like Gecko) Chrome/116.0.0.0 Mobile Safari/537.36"
141.101.84.146 - - [11/Jan/2026:07:31:14 +0300] "GET /.trash7309/index.php HTTP/1.0" 200 663 "https://www.google.com/" "Mozilla/5.0 (Linux; Android 13; SM-G991U) AppleWebKit/537.36 (KHTML, like Gecko) Chrome/117.0.0.0 Mobile Safari/537.36"
141.101.84.146 - - [11/Jan/2026:07:31:14 +0300] "GET /sf.php HTTP/1.0" 403 454 "https://www.google.fr/" "Mozilla/5.0 (Linux; Android 12; 2201116SG) AppleWebKit/537.36 (KHTML, like Gecko) Chrome/116.0.0.0 Mobile Safari/537.36"
141.101.84.146 - - [11/Jan/2026:07:31:15 +0300] "GET /sts.php HTTP/1.0" 403 454 "https://www.bing.com/" "Mozilla/5.0 (iPhone; CPU iPhone OS 17_1 like Mac OS X) AppleWebKit/605.1.15 (KHTML, like Gecko) CriOS/119.0.6045.109 Mobile/15E148 Safari/604.1"
141.101.84.146 - - [11/Jan/2026:07:31:15 +0300] "GET /wp-includes/css HTTP/1.0" 200 663 "https://duckduckgo.com/" "Mozilla/5.0 (iPhone; CPU iPhone OS 17_0_3 like Mac OS X) AppleWebKit/605.1.15 (KHTML, like Gecko) Version/17.0.1 Mobile/15E148 Safari/604.1"
141.101.84.146 - - [11/Jan/2026:07:31:15 +0300] "GET /wp-includes/index.php HTTP/1.0" 200 663 "https://www.google.com/" "Mozilla/5.0 (Linux; Android 13; SM-G991U) AppleWebKit/537.36 (KHTML, like Gecko) Chrome/117.0.0.0 Mobile Safari/537.36"
141.101.84.146 - - [11/Jan/2026:07:31:16 +0300] "GET /xwpg.php HTTP/1.0" 403 454 "https://www.google.com/" "Mozilla/5.0 (iPhone; CPU iPhone OS 17_1 like Mac OS X) AppleWebKit/605.1.15 (KHTML, like Gecko) CriOS/119.0.6045.109 Mobile/15E148 Safari/604.1"
141.101.84.146 - - [11/Jan/2026:07:31:16 +0300] "GET /.well-known/index.php HTTP/1.0" 200 663 "https://www.yahoo.com/" "Mozilla/5.g (Linux; Android 13; Pixel 7) AppleWebKit/537.36 (KHTML, like Gecko) Chrome/116.0.0.0 Mobile Safari/537.36"
141.101.84.146 - - [11/Jan/2026:07:31:16 +0300] "GET /images/index.php HTTP/1.0" 200 663 "https://www.google.de/" "Mozilla/5.0 (iPhone; CPU iPhone OS 17_1_1 like Mac OS X) AppleWebKit/605.1.15 (KHTML, like Gecko) Version/17.1 Mobile/15E148 Safari/604.1"
104.23.211.94 - - [11/Jan/2026:07:31:21 +0300] "GET /?u=96588266840603 HTTP/1.0" 200 674 "-" "Mozilla/5.0 AppleWebKit/537.36 (KHTML, like Gecko; compatible; bingbot/2.0; +http://www.bing.com/bingbot.htm) Chrome/116.0.1938.76 Safari/537.36"
172.71.124.224 - - [11/Jan/2026:07:31:31 +0300] "GET /jroriq/dhl-send-documents-international.html HTTP/1.0" 200 663 "https://inkpaper.ru/xgtrb/should-i-take-winstrol-on-off-days.html" "Mozilla/5.0 (Linux; Android 7.0;) AppleWebKit/537.36 (KHTML, like Gecko) Mobile Safari/537.36 (compatible; PetalBot;+https://webmaster.petalsearch.com/site/petalbot)"
172.68.245.75 - - [11/Jan/2026:07:31:51 +0300] "GET /?u=89410171839601 HTTP/1.0" 200 674 "-" "Mozilla/5.0 AppleWebKit/537.36 (KHTML, like Gecko; compatible; bingbot/2.0; +http://www.bing.com/bingbot.htm) Chrome/116.0.1938.76 Safari/537.36"
172.70.43.63 - - [11/Jan/2026:07:32:18 +0300] "GET /?u=5096461510402 HTTP/1.0" 200 674 "-" "Mozilla/5.0 AppleWebKit/537.36 (KHTML, like Gecko; compatible; bingbot/2.0; +http://www.bing.com/bingbot.htm) Chrome/116.0.1938.76 Safari/537.36"
172.71.194.152 - - [11/Jan/2026:07:32:31 +0300] "GET /?u=12640119028609 HTTP/1.0" 200 674 "-" "Mozilla/5.0 AppleWebKit/537.36 (KHTML, like Gecko; compatible; bingbot/2.0; +http://www.bing.com/bingbot.htm) Chrome/116.0.1938.76 Safari/537.36"
104.23.175.8 - - [11/Jan/2026:07:32:49 +0300] "GET /jroriq/devoucoux-dressage-saddle-reviews.html HTTP/1.0" 200 663 "https://promsnab888.ru/jqopcol/m1-luton-crash.html" "Mozilla/5.0 (Linux; Android 7.0;) AppleWebKit/537.36 (KHTML, like Gecko) Mobile Safari/537.36 (compatible; PetalBot;+https://webmaster.petalsearch.com/site/petalbot)"
172.68.245.74 - - [11/Jan/2026:07:33:40 +0300] "GET /?u=08357157304800 HTTP/1.0" 200 674 "-" "Mozilla/5.0 AppleWebKit/537.36 (KHTML, like Gecko; compatible; bingbot/2.0; +http://www.bing.com/bingbot.htm) Chrome/116.0.1938.76 Safari/537.36"
172.68.245.74 - - [11/Jan/2026:07:33:47 +0300] "GET /?u=5285269368201 HTTP/1.0" 200 674 "-" "Mozilla/5.0 AppleWebKit/537.36 (KHTML, like Gecko; compatible; bingbot/2.0; +http://www.bing.com/bingbot.htm) Chrome/116.0.1938.76 Safari/537.36"
172.71.194.153 - - [11/Jan/2026:07:33:52 +0300] "GET /?u=98141130227901 HTTP/1.0" 200 674 "-" "Mozilla/5.0 AppleWebKit/537.36 (KHTML, like Gecko; compatible; bingbot/2.0; +http://www.bing.com/bingbot.htm) Chrome/116.0.1938.76 Safari/537.36"
162.158.108.16 - - [11/Jan/2026:07:34:15 +0300] "GET /jroriq/deloitte-usi-salary-structure.html HTTP/1.0" 200 663 "http://pss-energy.com/itq99/av1-sample-video-download.html" "Mozilla/5.0 (Linux; Android 7.0;) AppleWebKit/537.36 (KHTML, like Gecko) Mobile Safari/537.36 (compatible; PetalBot;+https://webmaster.petalsearch.com/site/petalbot)"
172.71.194.153 - - [11/Jan/2026:07:34:29 +0300] "GET /?u=0875267168605 HTTP/1.0" 200 674 "-" "Mozilla/5.0 AppleWebKit/537.36 (KHTML, like Gecko; compatible; bingbot/2.0; +http://www.bing.com/bingbot.htm) Chrome/116.0.1938.76 Safari/537.36"
172.68.138.151 - - [11/Jan/2026:07:34:39 +0300] "GET /?u=9698092559001 HTTP/1.0" 200 674 "-" "Mozilla/5.0 AppleWebKit/537.36 (KHTML, like Gecko; compatible; bingbot/2.0; +http://www.bing.com/bingbot.htm) Chrome/116.0.1938.76 Safari/537.36"
104.23.211.94 - - [11/Jan/2026:07:35:00 +0300] "GET /?u=943229367004 HTTP/1.0" 200 674 "-" "Mozilla/5.0 AppleWebKit/537.36 (KHTML, like Gecko; compatible; bingbot/2.0; +http://www.bing.com/bingbot.htm) Chrome/116.0.1938.76 Safari/537.36"
172.68.138.151 - - [11/Jan/2026:07:35:29 +0300] "GET /?u=08819197350805 HTTP/1.0" 200 674 "-" "Mozilla/5.0 AppleWebKit/537.36 (KHTML, like Gecko; compatible; bingbot/2.0; +http://www.bing.com/bingbot.htm) Chrome/116.0.1938.76 Safari/537.36"
172.70.208.154 - - [11/Jan/2026:07:35:36 +0300] "GET /jroriq/dark-heresy-map-maker.html HTTP/1.0" 200 663 "https://optimsale.ru/bjo3pla/moen-hose-kit-150259.html" "Mozilla/5.0 (Linux; Android 7.0;) AppleWebKit/537.36 (KHTML, like Gecko) Mobile Safari/537.36 (compatible; PetalBot;+https://webmaster.petalsearch.com/site/petalbot)"
104.23.209.43 - - [11/Jan/2026:07:36:08 +0300] "GET /?u=7009199745007 HTTP/1.0" 200 674 "-" "Mozilla/5.0 AppleWebKit/537.36 (KHTML, like Gecko; compatible; bingbot/2.0; +http://www.bing.com/bingbot.htm) Chrome/116.0.1938.76 Safari/537.36"
172.70.35.191 - - [11/Jan/2026:07:36:28 +0300] "GET /?u=0501537100200 HTTP/1.0" 200 674 "-" "Mozilla/5.0 AppleWebKit/537.36 (KHTML, like Gecko; compatible; bingbot/2.0; +http://www.bing.com/bingbot.htm) Chrome/116.0.1938.76 Safari/537.36"
172.70.135.189 - - [11/Jan/2026:07:36:53 +0300] "GET /?u=8275680048600 HTTP/1.0" 200 674 "-" "Mozilla/5.0 AppleWebKit/537.36 (KHTML, like Gecko; compatible; bingbot/2.0; +http://www.bing.com/bingbot.htm) Chrome/116.0.1938.76 Safari/537.36"
172.71.222.62 - - [11/Jan/2026:07:37:14 +0300] "GET /?u=0188768991400 HTTP/1.0" 200 674 "-" "Mozilla/5.0 AppleWebKit/537.36 (KHTML, like Gecko; compatible; bingbot/2.0; +http://www.bing.com/bingbot.htm) Chrome/116.0.1938.76 Safari/537.36"
172.68.245.74 - - [11/Jan/2026:07:37:18 +0300] "GET /?u=2373975407201 HTTP/1.0" 200 674 "-" "Mozilla/5.0 AppleWebKit/537.36 (KHTML, like Gecko; compatible; bingbot/2.0; +http://www.bing.com/bingbot.htm) Chrome/116.0.1938.76 Safari/537.36"
172.70.43.64 - - [11/Jan/2026:07:37:52 +0300] "GET /?u=18500232392805 HTTP/1.0" 200 674 "-" "Mozilla/5.0 AppleWebKit/537.36 (KHTML, like Gecko; compatible; bingbot/2.0; +http://www.bing.com/bingbot.htm) Chrome/116.0.1938.76 Safari/537.36"
104.23.175.9 - - [11/Jan/2026:07:38:23 +0300] "GET /jroriq/clear-stretchy-mucus-during-period-reddit.html HTTP/1.0" 200 663 "https://inkpaper.ru/xgtrb/should-i-take-winstrol-on-off-days.html" "Mozilla/5.0 (Linux; Android 7.0;) AppleWebKit/537.36 (KHTML, like Gecko) Mobile Safari/537.36 (compatible; PetalBot;+https://webmaster.petalsearch.com/site/petalbot)"
172.68.245.75 - - [11/Jan/2026:07:39:38 +0300] "GET /?u=04989147714000 HTTP/1.0" 200 674 "-" "Mozilla/5.0 AppleWebKit/537.36 (KHTML, like Gecko; compatible; bingbot/2.0; +http://www.bing.com/bingbot.htm) Chrome/116.0.1938.76 Safari/537.36"
172.70.43.64 - - [11/Jan/2026:07:39:43 +0300] "GET /?u=09380125799002 HTTP/1.0" 200 674 "-" "Mozilla/5.0 AppleWebKit/537.36 (KHTML, like Gecko; compatible; bingbot/2.0; +http://www.bing.com/bingbot.htm) Chrome/116.0.1938.76 Safari/537.36"
162.158.108.16 - - [11/Jan/2026:07:39:47 +0300] "GET /jroriq/citrix-director-logging-off.html HTTP/1.0" 200 663 "https://test.atletika24.ru/pn5tk/public-api-for-testing.html" "Mozilla/5.0 (Linux; Android 7.0;) AppleWebKit/537.36 (KHTML, like Gecko) Mobile Safari/537.36 (compatible; PetalBot;+https://webmaster.petalsearch.com/site/petalbot)"
