162.158.88.34 - - [11/Jan/2026:11:10:20 +0300] "GET /jroriq/oil-furnace-lockout-reset.html HTTP/1.0" 200 663 "http://contacts.smarttouch-eg.com/__MACOSX/occyii/single-sided-swingarm-motorcycles.html" "Mozilla/5.0 (Linux; Android 7.0;) AppleWebKit/537.36 (KHTML, like Gecko) Mobile Safari/537.36 (compatible; PetalBot;+https://webmaster.petalsearch.com/site/petalbot)"
172.71.194.153 - - [11/Jan/2026:11:11:40 +0300] "GET /?u=0918798203 HTTP/1.0" 200 674 "-" "Mozilla/5.0 AppleWebKit/537.36 (KHTML, like Gecko; compatible; bingbot/2.0; +http://www.bing.com/bingbot.htm) Chrome/116.0.1938.76 Safari/537.36"
162.158.162.138 - - [11/Jan/2026:11:11:44 +0300] "GET /jroriq/mountain-cur-kennels-in-tennessee.html HTTP/1.0" 200 663 "http://mischievousfox.com/cu/wikbh/compounding-pharmacy-california-semaglutide.html" "Mozilla/5.0 (Linux; Android 7.0;) AppleWebKit/537.36 (KHTML, like Gecko) Mobile Safari/537.36 (compatible; PetalBot;+https://webmaster.petalsearch.com/site/petalbot)"
172.71.190.209 - - [11/Jan/2026:11:11:50 +0300] "GET /?u=7229219931400 HTTP/1.0" 200 674 "-" "Mozilla/5.0 AppleWebKit/537.36 (KHTML, like Gecko; compatible; bingbot/2.0; +http://www.bing.com/bingbot.htm) Chrome/116.0.1938.76 Safari/537.36"
172.70.174.17 - - [11/Jan/2026:11:11:55 +0300] "GET /?u=72227115552005 HTTP/1.0" 200 674 "-" "Mozilla/5.0 AppleWebKit/537.36 (KHTML, like Gecko; compatible; bingbot/2.0; +http://www.bing.com/bingbot.htm) Chrome/116.0.1938.76 Safari/537.36"
172.68.26.143 - - [11/Jan/2026:11:12:30 +0300] "GET /?u=93002278988602 HTTP/1.0" 200 663 "-" "Mozilla/5.0 (X11; Linux x86_64) AppleWebKit/537.36 (KHTML, like Gecko) Chrome/143.0.7499.169 Safari/537.36"
162.159.116.149 - - [11/Jan/2026:11:12:31 +0300] "GET /france.jpg HTTP/1.1" 304 0 "https://www.tanuha.ru/?u=93002278988602" "Mozilla/5.0 (X11; Linux x86_64) AppleWebKit/537.36 (KHTML, like Gecko) Chrome/143.0.7499.169 Safari/537.36"
172.70.94.188 - - [11/Jan/2026:11:12:31 +0300] "GET /ryadom.jpeg HTTP/1.1" 304 0 "https://www.tanuha.ru/?u=93002278988602" "Mozilla/5.0 (X11; Linux x86_64) AppleWebKit/537.36 (KHTML, like Gecko) Chrome/143.0.7499.169 Safari/537.36"
172.70.94.99 - - [11/Jan/2026:11:12:32 +0300] "GET /anya.JPG HTTP/1.1" 304 0 "https://www.tanuha.ru/?u=93002278988602" "Mozilla/5.0 (X11; Linux x86_64) AppleWebKit/537.36 (KHTML, like Gecko) Chrome/143.0.7499.169 Safari/537.36"
172.68.210.175 - - [11/Jan/2026:11:12:35 +0300] "GET /wp-admin/maint/index.php HTTP/1.0" 200 663 "https://www.google.fr/" "Mozilla/5.0 (Linux; Android 13; SM-G991U) AppleWebKit/537.36 (KHTML, like Gecko) Chrome/117.0.0.0 Mobile Safari/537.36"
172.68.210.172 - - [11/Jan/2026:11:12:36 +0300] "GET /wp-content/shell20211028.php HTTP/1.0" 200 663 "https://duckduckgo.com/" "Mozilla/5.0 (Linux; Android 10; LM-Q720) AppleWebKit/537.36 (KHTML, like Gecko) Chrome/116.0.0.0 Mobile Safari/537.36"
172.68.210.172 - - [11/Jan/2026:11:12:37 +0300] "GET /wp-includes/assets/autoload_classmap.php HTTP/1.0" 200 663 "https://www.google.co.uk/" "Mozilla/5.0 (Linux; Android 12; V2134) AppleWebKit/537.36 (KHTML, like Gecko) Chrome/116.0.0.0 Mobile Safari/537.36"
172.68.210.172 - - [11/Jan/2026:11:12:37 +0300] "GET /bjfl.php HTTP/1.0" 403 454 "https://www.google.com/" "Mozilla/5.0 (iPhone; CPU iPhone OS 15_7_9 like Mac OS X) AppleWebKit/605.1.15 (KHTML, like Gecko) Version/15.6.5 Mobile/15E148 Safari/604.1"
172.68.210.172 - - [11/Jan/2026:11:12:37 +0300] "GET /byp.php HTTP/1.0" 403 454 "https://www.google.co.uk/" "Mozilla/5.0 (Linux; Android 12; SM-A525F) AppleWebKit/537.36 (KHTML, like Gecko) Chrome/117.0.0.0 Mobile Safari/537.36"
172.68.210.172 - - [11/Jan/2026:11:12:38 +0300] "GET /man.php HTTP/1.0" 403 454 "https://www.yahoo.com/" "Mozilla/5.0 (iPad; CPU OS 17_0_3 like Mac OS X) AppleWebKit/605.1.15 (KHTML, like Gecko) Version/17.0.1 Mobile/15E148 Safari/604.1"
172.68.210.172 - - [11/Jan/2026:11:12:38 +0300] "GET /upload HTTP/1.0" 200 663 "https://duckduckgo.com/" "Mozilla/5.0 (Linux; Android 13; M2101K6G) AppleWebKit/537.36 (KHTML, like Gecko) Chrome/116.0.0.0 Mobile Safari/537.36"
172.68.210.172 - - [11/Jan/2026:11:12:38 +0300] "GET /user.php HTTP/1.0" 403 454 "https://www.google.com/" "Mozilla/5.g (Linux; Android 13; Pixel 7) AppleWebKit/537.36 (KHTML, like Gecko) Chrome/116.0.0.0 Mobile Safari/537.36"
172.68.210.172 - - [11/Jan/2026:11:12:39 +0300] "GET /wp-content/mu-plugins-old HTTP/1.0" 200 663 "https://www.bing.com/" "Mozilla/5.0 (Linux; Android 14; Pixel 8 Pro) AppleWebKit/537.36 (KHTML, like Gecko) Chrome/119.0.0.0 Mobile Safari/537.36"
172.68.210.175 - - [11/Jan/2026:11:12:39 +0300] "GET /wp-content/themes/pridmag/404.php HTTP/1.0" 200 663 "https://www.google.co.uk/" "Mozilla/5.0 (iPhone; CPU iPhone OS 17_1 like Mac OS X) AppleWebKit/605.1.15 (KHTML, like Gecko) CriOS/119.0.6045.109 Mobile/15E148 Safari/604.1"
172.68.210.175 - - [11/Jan/2026:11:12:39 +0300] "GET /.well-known/pki-validation/index.php HTTP/1.0" 200 663 "https://www.bing.com/" "Mozilla/5.0 (Linux; Android 13; M2101K6G) AppleWebKit/537.36 (KHTML, like Gecko) Chrome/116.0.0.0 Mobile Safari/537.36"
172.68.210.175 - - [11/Jan/2026:11:12:40 +0300] "GET /admin/upload/css.php HTTP/1.0" 200 663 "https://www.yahoo.com/" "Mozilla/5.0 (Linux; Android 10; K) AppleWebKit/537.36 (KHTML, like Gecko) Chrome/117.0.0.0 Mobile Safari/537.36"
172.68.210.175 - - [11/Jan/2026:11:12:40 +0300] "GET /alfanew.php HTTP/1.0" 403 454 "https://www.google.fr/" "Mozilla/5.0 (Linux; Android 11; 21081111RG) AppleWebKit/537.36 (KHTML, like Gecko) Chrome/116.0.0.0 Mobile Safari/537.36"
172.68.210.175 - - [11/Jan/2026:11:12:41 +0300] "GET /file2.php HTTP/1.0" 403 454 "https://www.google.fr/" "Mozilla/5.0 (iPad; CPU OS 16_7_2 like Mac OS X) AppleWebKit/605.1.15 (KHTML, like Gecko) Version/16.6 Mobile/15E148 Safari/604.1"
172.68.210.175 - - [11/Jan/2026:11:12:41 +0300] "GET /index2.php HTTP/1.0" 403 454 "https://www.google.fr/" "Mozilla/5.0 (Linux; Android 11; 21081111RG) AppleWebKit/537.36 (KHTML, like Gecko) Chrome/116.0.0.0 Mobile Safari/537.36"
172.68.210.175 - - [11/Jan/2026:11:12:41 +0300] "GET /v.php HTTP/1.0" 403 454 "https://www.google.fr/" "Mozilla/5.0 (iPhone; CPU iPhone OS 15_7_9 like Mac OS X) AppleWebKit/605.1.15 (KHTML, like Gecko) Version/15.6.5 Mobile/15E148 Safari/604.1"
172.68.210.175 - - [11/Jan/2026:11:12:42 +0300] "GET /wp-content/plugins/seoxx/randkeyword.php HTTP/1.0" 200 663 "https://www.bing.com/" "Mozilla/5.0 (Linux; Android 10; K) AppleWebKit/537.36 (KHTML, like Gecko) Chrome/117.0.0.0 Mobile Safari/537.36"
172.68.210.175 - - [11/Jan/2026:11:12:42 +0300] "GET /wp-includes/IXR HTTP/1.0" 200 663 "https://www.google.fr/" "Mozilla/5.0 (iPhone; CPU iPhone OS 17_1_1 like Mac OS X) AppleWebKit/605.1.15 (KHTML, like Gecko) Version/17.1 Mobile/15E148 Safari/604.1"
172.68.210.175 - - [11/Jan/2026:11:12:42 +0300] "GET /wp-includes/rest-api HTTP/1.0" 200 663 "https://www.google.com/" "Mozilla/5.0 (Linux; Android 12; SM-A525F) AppleWebKit/537.36 (KHTML, like Gecko) Chrome/117.0.0.0 Mobile Safari/537.36"
172.68.210.175 - - [11/Jan/2026:11:12:43 +0300] "GET /wp-includes/rest-api/about.php HTTP/1.0" 200 663 "https://www.google.fr/" "Mozilla/5.0 (Linux; Android 14; Pixel 8 Pro) AppleWebKit/537.36 (KHTML, like Gecko) Chrome/119.0.0.0 Mobile Safari/537.36"
172.68.210.175 - - [11/Jan/2026:11:12:43 +0300] "GET /wsa.php HTTP/1.0" 403 454 "https://www.google.co.uk/" "Mozilla/5.0 (iPhone; CPU iPhone OS 16_0 like Mac OS X) AppleWebKit/605.1.15 (KHTML, like Gecko) FxiOS/118.0 Mobile/15E148 Safari/605.1.15"
172.68.210.175 - - [11/Jan/2026:11:12:43 +0300] "GET /ad.php HTTP/1.0" 403 454 "https://www.google.com/" "Mozilla/5.0 (Linux; Android 10; LM-Q720) AppleWebKit/537.36 (KHTML, like Gecko) Chrome/116.0.0.0 Mobile Safari/537.36"
172.68.210.175 - - [11/Jan/2026:11:12:44 +0300] "GET /b.php HTTP/1.0" 403 454 "https://www.google.com/" "Mozilla/5.0 (Linux; Android 10; K) AppleWebKit/537.36 (KHTML, like Gecko) Chrome/117.0.0.0 Mobile Safari/537.36"
172.68.210.175 - - [11/Jan/2026:11:12:44 +0300] "GET /fm1.php HTTP/1.0" 403 454 "https://www.google.com/" "Mozilla/5.0 (Linux; Android 11; 21081111RG) AppleWebKit/537.36 (KHTML, like Gecko) Chrome/116.0.0.0 Mobile Safari/537.36"
172.68.210.175 - - [11/Jan/2026:11:12:44 +0300] "GET /lv.php HTTP/1.0" 403 454 "https://www.google.co.uk/" "Mozilla/5.0 (Linux; Android 12; 2201116SG) AppleWebKit/537.36 (KHTML, like Gecko) Chrome/116.0.0.0 Mobile Safari/537.36"
172.68.210.175 - - [11/Jan/2026:11:12:45 +0300] "GET /private HTTP/1.0" 200 663 "https://www.google.com/" "Mozilla/5.0 (iPhone; CPU iPhone OS 17_1_1 like Mac OS X) AppleWebKit/605.1.15 (KHTML, like Gecko) Version/17.1 Mobile/15E148 Safari/604.1"
172.68.210.175 - - [11/Jan/2026:11:12:45 +0300] "GET /uploaded_script.php HTTP/1.0" 403 454 "https://www.bing.com/" "Mozilla/5.0 (iPad; CPU OS 17_0_3 like Mac OS X) AppleWebKit/605.1.15 (KHTML, like Gecko) Version/17.0.1 Mobile/15E148 Safari/604.1"
172.68.210.175 - - [11/Jan/2026:11:12:45 +0300] "GET /wp-admin/css/colors/index.php HTTP/1.0" 200 663 "https://www.google.co.uk/" "Mozilla/5.0 (Linux; Android 12; V2134) AppleWebKit/537.36 (KHTML, like Gecko) Chrome/116.0.0.0 Mobile Safari/537.36"
172.68.210.175 - - [11/Jan/2026:11:12:46 +0300] "GET /wp-admin/css/index.php HTTP/1.0" 200 663 "https://duckduckgo.com/" "Mozilla/5.0 (Linux; Android 12; 2201116SG) AppleWebKit/537.36 (KHTML, like Gecko) Chrome/116.0.0.0 Mobile Safari/537.36"
172.68.210.175 - - [11/Jan/2026:11:12:46 +0300] "GET /wp-content/xc.php HTTP/1.0" 200 663 "https://www.google.fr/" "Mozilla/5.0 (Linux; Android 12; 2201116SG) AppleWebKit/537.36 (KHTML, like Gecko) Chrome/116.0.0.0 Mobile Safari/537.36"
172.68.210.175 - - [11/Jan/2026:11:12:47 +0300] "GET /wp-includes/Text/index.php HTTP/1.0" 200 663 "https://www.google.fr/" "Mozilla/5.0 (Linux; Android 13; SM-S908E) AppleWebKit/537.36 (KHTML, like Gecko) Chrome/116.0.0.0 Mobile Safari/537.36"
172.68.210.175 - - [11/Jan/2026:11:12:47 +0300] "GET /wp-includes/assets/about.php HTTP/1.0" 200 663 "https://www.google.fr/" "Mozilla/5.0 (Linux; Android 10; LM-Q720) AppleWebKit/537.36 (KHTML, like Gecko) Chrome/116.0.0.0 Mobile Safari/537.36"
172.68.210.175 - - [11/Jan/2026:11:12:47 +0300] "GET /.well-known/acme-challenge/about.php HTTP/1.1" 404 576 "https://www.google.fr/" "Mozilla/5.0 (Linux; Android 12; SM-A525F) AppleWebKit/537.36 (KHTML, like Gecko) Chrome/117.0.0.0 Mobile Safari/537.36"
172.68.210.175 - - [11/Jan/2026:11:12:48 +0300] "GET /.well-known/admin.php HTTP/1.0" 200 663 "https://www.bing.com/" "Mozilla/5.0 (iPhone; CPU iPhone OS 15_7_9 like Mac OS X) AppleWebKit/605.1.15 (KHTML, like Gecko) Version/15.6.5 Mobile/15E148 Safari/604.1"
172.68.210.175 - - [11/Jan/2026:11:12:48 +0300] "GET /he.php HTTP/1.0" 403 454 "https://www.google.fr/" "Mozilla/5.g (Linux; Android 13; Pixel 7) AppleWebKit/537.36 (KHTML, like Gecko) Chrome/116.0.0.0 Mobile Safari/537.36"
172.68.210.175 - - [11/Jan/2026:11:12:48 +0300] "GET /leafmailer.php HTTP/1.0" 403 454 "https://duckduckgo.com/" "Mozilla/5.0 (iPhone; CPU iPhone OS 16_0 like Mac OS X) AppleWebKit/605.1.15 (KHTML, like Gecko) FxiOS/118.0 Mobile/15E148 Safari/605.1.15"
172.68.210.175 - - [11/Jan/2026:11:12:49 +0300] "GET /users.php HTTP/1.0" 403 454 "https://www.google.co.uk/" "Mozilla/5.0 (iPhone; CPU iPhone OS 17_1 like Mac OS X) AppleWebKit/605.1.15 (KHTML, like Gecko) CriOS/119.0.6045.109 Mobile/15E148 Safari/604.1"
172.68.210.175 - - [11/Jan/2026:11:12:49 +0300] "GET /wp-admin/css/about.php HTTP/1.0" 200 663 "https://www.yahoo.com/" "Mozilla/5.0 (iPhone; CPU iPhone OS 17_1 like Mac OS X) AppleWebKit/605.1.15 (KHTML, like Gecko) CriOS/119.0.6045.109 Mobile/15E148 Safari/604.1"
172.68.210.175 - - [11/Jan/2026:11:12:49 +0300] "GET /wp-admin/install.php HTTP/1.0" 200 663 "https://www.bing.com/" "Mozilla/5.0 (Linux; Android 10; LM-Q720) AppleWebKit/537.36 (KHTML, like Gecko) Chrome/116.0.0.0 Mobile Safari/537.36"
172.68.210.175 - - [11/Jan/2026:11:12:50 +0300] "GET /wp-content/file.php HTTP/1.0" 200 663 "https://www.yahoo.com/" "Mozilla/5.0 (Linux; Android 12; 2201116SG) AppleWebKit/537.36 (KHTML, like Gecko) Chrome/116.0.0.0 Mobile Safari/537.36"
172.68.210.175 - - [11/Jan/2026:11:12:50 +0300] "GET /wp-content/plugins/zgdsfagk/rk3.php HTTP/1.0" 200 663 "https://www.yahoo.com/" "Mozilla/5.0 (Linux; Android 12; V2134) AppleWebKit/537.36 (KHTML, like Gecko) Chrome/116.0.0.0 Mobile Safari/537.36"
172.68.210.175 - - [11/Jan/2026:11:12:50 +0300] "GET /wp-editor.php HTTP/1.0" 403 454 "https://www.yahoo.com/" "Mozilla/5.0 (Linux; Android 12; V2134) AppleWebKit/537.36 (KHTML, like Gecko) Chrome/116.0.0.0 Mobile Safari/537.36"
172.68.210.175 - - [11/Jan/2026:11:12:51 +0300] "GET /wp-head.php HTTP/1.0" 403 454 "https://www.bing.com/" "Mozilla/5.0 (iPhone; CPU iPhone OS 17_1_1 like Mac OS X) AppleWebKit/605.1.15 (KHTML, like Gecko) Version/17.1 Mobile/15E148 Safari/604.1"
172.68.210.175 - - [11/Jan/2026:11:12:51 +0300] "GET /wp-includes/Requests/library/index.php HTTP/1.0" 200 663 "https://duckduckgo.com/" "Mozilla/5.0 (Linux; Android 11; CPH2251) AppleWebKit/537.36 (KHTML, like Gecko) Chrome/116.0.0.0 Mobile Safari/537.36"
172.68.210.175 - - [11/Jan/2026:11:12:51 +0300] "GET /wp-includes/js/crop/cropper.php HTTP/1.0" 200 663 "https://www.google.co.uk/" "Mozilla/5.0 (Linux; Android 13; SM-G991U) AppleWebKit/537.36 (KHTML, like Gecko) Chrome/117.0.0.0 Mobile Safari/537.36"
172.68.210.175 - - [11/Jan/2026:11:12:52 +0300] "GET /wp-includes/theme-compat HTTP/1.0" 200 663 "https://duckduckgo.com/" "Mozilla/5.0 (Linux; Android 13; SM-S908E) AppleWebKit/537.36 (KHTML, like Gecko) Chrome/116.0.0.0 Mobile Safari/537.36"
172.68.210.175 - - [11/Jan/2026:11:12:52 +0300] "GET /.well-known/acme-challenge HTTP/1.0" 200 663 "https://www.bing.com/" "Mozilla/5.0 (iPad; CPU OS 17_0_3 like Mac OS X) AppleWebKit/605.1.15 (KHTML, like Gecko) Version/17.0.1 Mobile/15E148 Safari/604.1"
172.68.210.175 - - [11/Jan/2026:11:12:53 +0300] "GET /app.php HTTP/1.0" 403 454 "https://duckduckgo.com/" "Mozilla/5.0 (iPhone; CPU iPhone OS 16_6_1 like Mac OS X) AppleWebKit/605.1.15 (KHTML, like Gecko) Version/16.6 Mobile/15E148 Safari/604.1"
172.68.210.175 - - [11/Jan/2026:11:12:53 +0300] "GET /link.php HTTP/1.0" 403 454 "https://www.google.de/" "Mozilla/5.0 (Linux; Android 11; 21081111RG) AppleWebKit/537.36 (KHTML, like Gecko) Chrome/116.0.0.0 Mobile Safari/537.36"
172.68.210.175 - - [11/Jan/2026:11:12:53 +0300] "GET /randkeyword.PhP7 HTTP/1.0" 403 454 "https://www.yahoo.com/" "Mozilla/5.0 (Linux; Android 11; CPH2251) AppleWebKit/537.36 (KHTML, like Gecko) Chrome/116.0.0.0 Mobile Safari/537.36"
172.68.210.175 - - [11/Jan/2026:11:12:54 +0300] "GET /wp-content/plugins/sid/sidwso.php HTTP/1.0" 200 663 "https://www.google.com/" "Mozilla/5.0 (Linux; Android 11; 21081111RG) AppleWebKit/537.36 (KHTML, like Gecko) Chrome/116.0.0.0 Mobile Safari/537.36"
172.68.210.175 - - [11/Jan/2026:11:12:54 +0300] "GET /wp-includes/admin.php HTTP/1.0" 200 663 "https://www.google.fr/" "Mozilla/5.0 (Linux; Android 12; V2134) AppleWebKit/537.36 (KHTML, like Gecko) Chrome/116.0.0.0 Mobile Safari/537.36"
172.68.210.175 - - [11/Jan/2026:11:12:54 +0300] "GET /wp-includes/block-patterns HTTP/1.0" 200 663 "https://www.google.fr/" "Mozilla/5.0 (Linux; Android 10; K) AppleWebKit/537.36 (KHTML, like Gecko) Chrome/117.0.0.0 Mobile Safari/537.36"
172.68.210.175 - - [11/Jan/2026:11:12:55 +0300] "GET /wp-includes/blocks/navigation-submenu/wp HTTP/1.0" 200 663 "https://www.google.com/" "Mozilla/5.0 (Linux; Android 13; M2101K6G) AppleWebKit/537.36 (KHTML, like Gecko) Chrome/116.0.0.0 Mobile Safari/537.36"
172.68.210.175 - - [11/Jan/2026:11:12:55 +0300] "GET /wp-includes/interactivity-api/index.php HTTP/1.0" 200 663 "https://duckduckgo.com/" "Mozilla/5.0 (Linux; Android 12; 2201116SG) AppleWebKit/537.36 (KHTML, like Gecko) Chrome/116.0.0.0 Mobile Safari/537.36"
172.68.138.150 - - [11/Jan/2026:11:13:05 +0300] "GET /?u=97222168426609 HTTP/1.0" 200 674 "-" "Mozilla/5.0 AppleWebKit/537.36 (KHTML, like Gecko; compatible; bingbot/2.0; +http://www.bing.com/bingbot.htm) Chrome/116.0.1938.76 Safari/537.36"
172.70.142.84 - - [11/Jan/2026:11:13:08 +0300] "GET /jroriq/man-turned-into-a-woman-against-his-will-story.html HTTP/1.0" 200 663 "https://promsnab888.ru/jqopcol/flexnet-license-finder-crack-revit-2022.html" "Mozilla/5.0 (Linux; Android 7.0;) AppleWebKit/537.36 (KHTML, like Gecko) Mobile Safari/537.36 (compatible; PetalBot;+https://webmaster.petalsearch.com/site/petalbot)"
104.23.211.95 - - [11/Jan/2026:11:13:13 +0300] "GET /?u=07057121416401 HTTP/1.0" 200 674 "-" "Mozilla/5.0 AppleWebKit/537.36 (KHTML, like Gecko; compatible; bingbot/2.0; +http://www.bing.com/bingbot.htm) Chrome/116.0.1938.76 Safari/537.36"
162.158.174.133 - - [11/Jan/2026:11:14:12 +0300] "GET /robots.txt HTTP/1.1" 404 173 "-" "Mozilla/5.0 (compatible; Googlebot/2.1; +http://www.google.com/bot.html)"
162.159.106.29 - - [11/Jan/2026:11:14:13 +0300] "GET /hg/ HTTP/1.0" 200 9708 "-" "Mozilla/5.0 (Linux; Android 6.0.1; Nexus 5X Build/MMB29P) AppleWebKit/537.36 (KHTML, like Gecko) Chrome/143.0.7499.169 Mobile Safari/537.36 (compatible; Googlebot/2.1; +http://www.google.com/bot.html)"
162.158.189.36 - - [11/Jan/2026:11:14:31 +0300] "GET /jroriq/lincoln-transmission-problems.html HTTP/1.0" 200 663 "http://contacts.smarttouch-eg.com/__MACOSX/occyii/best-tattoo-artists-in-south-florida.html" "Mozilla/5.0 (Linux; Android 7.0;) AppleWebKit/537.36 (KHTML, like Gecko) Mobile Safari/537.36 (compatible; PetalBot;+https://webmaster.petalsearch.com/site/petalbot)"
172.68.164.61 - - [11/Jan/2026:11:15:55 +0300] "GET /jroriq/lexus-rx-350-bulb-chart.html HTTP/1.0" 200 663 "http://otel-demo.webtm.ru/69xo5vg/goldman-sachs-locations.html" "Mozilla/5.0 (Linux; Android 7.0;) AppleWebKit/537.36 (KHTML, like Gecko) Mobile Safari/537.36 (compatible; PetalBot;+https://webmaster.petalsearch.com/site/petalbot)"
172.71.222.63 - - [11/Jan/2026:11:16:10 +0300] "GET /?u=8474457404603 HTTP/1.0" 200 674 "-" "Mozilla/5.0 AppleWebKit/537.36 (KHTML, like Gecko; compatible; bingbot/2.0; +http://www.bing.com/bingbot.htm) Chrome/116.0.1938.76 Safari/537.36"
172.71.222.63 - - [11/Jan/2026:11:16:12 +0300] "GET /?u=21735114142003 HTTP/1.0" 200 674 "-" "Mozilla/5.0 AppleWebKit/537.36 (KHTML, like Gecko; compatible; bingbot/2.0; +http://www.bing.com/bingbot.htm) Chrome/116.0.1938.76 Safari/537.36"
162.158.107.68 - - [11/Jan/2026:11:17:17 +0300] "GET /jroriq/humana-healthy-foods-card-list.html HTTP/1.0" 200 663 "https://optimsale.ru/bjo3pla/moen-hose-kit-150259.html" "Mozilla/5.0 (Linux; Android 7.0;) AppleWebKit/537.36 (KHTML, like Gecko) Mobile Safari/537.36 (compatible; PetalBot;+https://webmaster.petalsearch.com/site/petalbot)"
104.23.213.186 - - [11/Jan/2026:11:17:24 +0300] "GET /?u=80530193786403 HTTP/1.0" 200 674 "-" "Mozilla/5.0 AppleWebKit/537.36 (KHTML, like Gecko; compatible; bingbot/2.0; +http://www.bing.com/bingbot.htm) Chrome/116.0.1938.76 Safari/537.36"
104.23.213.186 - - [11/Jan/2026:11:17:25 +0300] "GET /?u=29952218534804 HTTP/1.0" 200 674 "-" "Mozilla/5.0 AppleWebKit/537.36 (KHTML, like Gecko; compatible; bingbot/2.0; +http://www.bing.com/bingbot.htm) Chrome/116.0.1938.76 Safari/537.36"
104.23.213.186 - - [11/Jan/2026:11:17:28 +0300] "GET /?u=2988990689005 HTTP/1.0" 200 674 "-" "Mozilla/5.0 AppleWebKit/537.36 (KHTML, like Gecko; compatible; bingbot/2.0; +http://www.bing.com/bingbot.htm) Chrome/116.0.1938.76 Safari/537.36"
162.158.88.34 - - [11/Jan/2026:11:18:41 +0300] "GET /jroriq/html-include-html-from-external-file-without-javascript.html HTTP/1.0" 200 663 "https://promsnab888.ru/jqopcol/celebrity-before-and-after-plastic-surgery-instagram.html" "Mozilla/5.0 (Linux; Android 7.0;) AppleWebKit/537.36 (KHTML, like Gecko) Mobile Safari/537.36 (compatible; PetalBot;+https://webmaster.petalsearch.com/site/petalbot)"
172.68.138.150 - - [11/Jan/2026:11:19:02 +0300] "GET /?u=03839218218801 HTTP/1.0" 200 674 "-" "Mozilla/5.0 AppleWebKit/537.36 (KHTML, like Gecko; compatible; bingbot/2.0; +http://www.bing.com/bingbot.htm) Chrome/116.0.1938.76 Safari/537.36"
172.70.43.64 - - [11/Jan/2026:11:19:06 +0300] "GET /?u=98008202258601 HTTP/1.0" 200 674 "-" "Mozilla/5.0 AppleWebKit/537.36 (KHTML, like Gecko; compatible; bingbot/2.0; +http://www.bing.com/bingbot.htm) Chrome/116.0.1938.76 Safari/537.36"
172.70.174.17 - - [11/Jan/2026:11:19:12 +0300] "GET /?u=12186147505606 HTTP/1.0" 200 674 "-" "Mozilla/5.0 AppleWebKit/537.36 (KHTML, like Gecko; compatible; bingbot/2.0; +http://www.bing.com/bingbot.htm) Chrome/116.0.1938.76 Safari/537.36"
172.70.35.191 - - [11/Jan/2026:11:19:24 +0300] "GET /?u=37076193277602 HTTP/1.0" 200 674 "-" "Mozilla/5.0 AppleWebKit/537.36 (KHTML, like Gecko; compatible; bingbot/2.0; +http://www.bing.com/bingbot.htm) Chrome/116.0.1938.76 Safari/537.36"
172.70.142.84 - - [11/Jan/2026:11:20:06 +0300] "GET /jroriq/honda-crf250x-review.html HTTP/1.0" 200 663 "http://fgupoktyabr.ru/lj0xw8hrs/connecticut-spring-antiques-show-2023.html" "Mozilla/5.0 (Linux; Android 7.0;) AppleWebKit/537.36 (KHTML, like Gecko) Mobile Safari/537.36 (compatible; PetalBot;+https://webmaster.petalsearch.com/site/petalbot)"
104.23.213.187 - - [11/Jan/2026:11:20:10 +0300] "GET /?u=5972165510500 HTTP/1.0" 200 674 "-" "Mozilla/5.0 AppleWebKit/537.36 (KHTML, like Gecko; compatible; bingbot/2.0; +http://www.bing.com/bingbot.htm) Chrome/116.0.1938.76 Safari/537.36"
172.71.194.153 - - [11/Jan/2026:11:20:41 +0300] "GET /?u=79201241493200 HTTP/1.0" 200 674 "-" "Mozilla/5.0 AppleWebKit/537.36 (KHTML, like Gecko; compatible; bingbot/2.0; +http://www.bing.com/bingbot.htm) Chrome/116.0.1938.76 Safari/537.36"
104.23.175.9 - - [11/Jan/2026:11:21:29 +0300] "GET /jroriq/homes-for-sale-14615.html HTTP/1.0" 200 663 "https://test.atletika24.ru/pn5tk/public-api-for-testing.html" "Mozilla/5.0 (Linux; Android 7.0;) AppleWebKit/537.36 (KHTML, like Gecko) Mobile Safari/537.36 (compatible; PetalBot;+https://webmaster.petalsearch.com/site/petalbot)"
104.23.175.8 - - [11/Jan/2026:11:22:52 +0300] "GET /jroriq/hoda-kotb-daughter-ethnicity.html HTTP/1.0" 200 663 "https://promsnab888.ru/jqopcol/m1-luton-crash.html" "Mozilla/5.0 (Linux; Android 7.0;) AppleWebKit/537.36 (KHTML, like Gecko) Mobile Safari/537.36 (compatible; PetalBot;+https://webmaster.petalsearch.com/site/petalbot)"
104.23.213.187 - - [11/Jan/2026:11:23:14 +0300] "GET /?u=11211227578203 HTTP/1.0" 200 674 "-" "Mozilla/5.0 AppleWebKit/537.36 (KHTML, like Gecko; compatible; bingbot/2.0; +http://www.bing.com/bingbot.htm) Chrome/116.0.1938.76 Safari/537.36"
172.71.194.152 - - [11/Jan/2026:11:23:21 +0300] "GET /?u=27634168192000 HTTP/1.0" 200 674 "-" "Mozilla/5.0 AppleWebKit/537.36 (KHTML, like Gecko; compatible; bingbot/2.0; +http://www.bing.com/bingbot.htm) Chrome/116.0.1938.76 Safari/537.36"
172.70.35.191 - - [11/Jan/2026:11:24:09 +0300] "GET /?u=8819832088003 HTTP/1.0" 200 674 "-" "Mozilla/5.0 AppleWebKit/537.36 (KHTML, like Gecko; compatible; bingbot/2.0; +http://www.bing.com/bingbot.htm) Chrome/116.0.1938.76 Safari/537.36"
172.70.93.90 - - [11/Jan/2026:11:24:17 +0300] "GET /jroriq/heatonist-net-worth.html HTTP/1.0" 200 663 "https://bars-buh.ru/xegq/distressed-floor-vase.html" "Mozilla/5.0 (Linux; Android 7.0;) AppleWebKit/537.36 (KHTML, like Gecko) Mobile Safari/537.36 (compatible; PetalBot;+https://webmaster.petalsearch.com/site/petalbot)"
172.70.135.190 - - [11/Jan/2026:11:24:30 +0300] "GET /shop/storeSearch/KeepCriteriaInput.aspx?transition=top HTTP/1.0" 200 279 "-" "Mozilla/5.0 AppleWebKit/537.36 (KHTML, like Gecko; compatible; bingbot/2.0; +http://www.bing.com/bingbot.htm) Chrome/116.0.1938.76 Safari/537.36"
172.70.174.16 - - [11/Jan/2026:11:25:22 +0300] "GET /?u=0592554610603 HTTP/1.0" 200 674 "-" "Mozilla/5.0 AppleWebKit/537.36 (KHTML, like Gecko; compatible; bingbot/2.0; +http://www.bing.com/bingbot.htm) Chrome/116.0.1938.76 Safari/537.36"
172.71.82.86 - - [11/Jan/2026:11:25:40 +0300] "GET /jroriq/ford-bumper-parts.html HTTP/1.0" 200 663 "https://opsk24.ru/zh6i/rtx-4070-ti-price.html" "Mozilla/5.0 (Linux; Android 7.0;) AppleWebKit/537.36 (KHTML, like Gecko) Mobile Safari/537.36 (compatible; PetalBot;+https://webmaster.petalsearch.com/site/petalbot)"
172.70.35.191 - - [11/Jan/2026:11:25:40 +0300] "GET /?u=99309225005002 HTTP/1.0" 200 674 "-" "Mozilla/5.0 AppleWebKit/537.36 (KHTML, like Gecko; compatible; bingbot/2.0; +http://www.bing.com/bingbot.htm) Chrome/116.0.1938.76 Safari/537.36"
172.70.43.64 - - [11/Jan/2026:11:26:21 +0300] "GET /?u=34600212588807 HTTP/1.0" 200 674 "-" "Mozilla/5.0 AppleWebKit/537.36 (KHTML, like Gecko; compatible; bingbot/2.0; +http://www.bing.com/bingbot.htm) Chrome/116.0.1938.76 Safari/537.36"
172.71.190.208 - - [11/Jan/2026:11:26:33 +0300] "GET /?u=62708208065609 HTTP/1.0" 200 674 "-" "Mozilla/5.0 AppleWebKit/537.36 (KHTML, like Gecko; compatible; bingbot/2.0; +http://www.bing.com/bingbot.htm) Chrome/116.0.1938.76 Safari/537.36"
172.70.93.90 - - [11/Jan/2026:11:27:03 +0300] "GET /jroriq/foods-that-lower-insulin-production.html HTTP/1.0" 200 663 "https://lemanskarting.ru/ggy6/can-people-see-if-i-view-their-tiktok-profiles-without-an-actual-account.html" "Mozilla/5.0 (Linux; Android 7.0;) AppleWebKit/537.36 (KHTML, like Gecko) Mobile Safari/537.36 (compatible; PetalBot;+https://webmaster.petalsearch.com/site/petalbot)"
172.71.194.153 - - [11/Jan/2026:11:27:25 +0300] "GET /?u=97140127702801 HTTP/1.0" 200 674 "-" "Mozilla/5.0 AppleWebKit/537.36 (KHTML, like Gecko; compatible; bingbot/2.0; +http://www.bing.com/bingbot.htm) Chrome/116.0.1938.76 Safari/537.36"
104.23.223.39 - - [11/Jan/2026:11:27:52 +0300] "GET /?u=04771130574401 HTTP/1.0" 200 674 "-" "Mozilla/5.0 AppleWebKit/537.36 (KHTML, like Gecko; compatible; bingbot/2.0; +http://www.bing.com/bingbot.htm) Chrome/116.0.1938.76 Safari/537.36"
104.23.211.94 - - [11/Jan/2026:11:28:11 +0300] "GET /?u=7840488803203 HTTP/1.0" 200 674 "-" "Mozilla/5.0 AppleWebKit/537.36 (KHTML, like Gecko; compatible; bingbot/2.0; +http://www.bing.com/bingbot.htm) Chrome/116.0.1938.76 Safari/537.36"
104.23.211.94 - - [11/Jan/2026:11:28:22 +0300] "GET /?u=98579420400 HTTP/1.0" 200 674 "-" "Mozilla/5.0 AppleWebKit/537.36 (KHTML, like Gecko; compatible; bingbot/2.0; +http://www.bing.com/bingbot.htm) Chrome/116.0.1938.76 Safari/537.36"
172.70.208.155 - - [11/Jan/2026:11:28:28 +0300] "GET /jroriq/equestrian-property-for-sale-in-the-west-midlands.html HTTP/1.0" 200 663 "https://mscat.ru/l2pl2b/fatal-crash-marianna-fl.html" "Mozilla/5.0 (Linux; Android 7.0;) AppleWebKit/537.36 (KHTML, like Gecko) Mobile Safari/537.36 (compatible; PetalBot;+https://webmaster.petalsearch.com/site/petalbot)"
172.71.190.209 - - [11/Jan/2026:11:29:01 +0300] "GET /?u=6240156033817 HTTP/1.0" 200 674 "-" "Mozilla/5.0 AppleWebKit/537.36 (KHTML, like Gecko; compatible; bingbot/2.0; +http://www.bing.com/bingbot.htm) Chrome/116.0.1938.76 Safari/537.36"
104.23.223.38 - - [11/Jan/2026:11:29:05 +0300] "GET /?u=02054225275404 HTTP/1.0" 200 674 "-" "Mozilla/5.0 AppleWebKit/537.36 (KHTML, like Gecko; compatible; bingbot/2.0; +http://www.bing.com/bingbot.htm) Chrome/116.0.1938.76 Safari/537.36"
104.23.213.187 - - [11/Jan/2026:11:29:13 +0300] "GET /?u=87851105144000 HTTP/1.0" 200 674 "-" "Mozilla/5.0 AppleWebKit/537.36 (KHTML, like Gecko; compatible; bingbot/2.0; +http://www.bing.com/bingbot.htm) Chrome/116.0.1938.76 Safari/537.36"
172.71.124.225 - - [11/Jan/2026:11:29:50 +0300] "GET /jroriq/dwarf-battle-cry-warhammer.html HTTP/1.0" 200 663 "https://bars-buh.ru/xegq/distressed-floor-vase.html" "Mozilla/5.0 (Linux; Android 7.0;) AppleWebKit/537.36 (KHTML, like Gecko) Mobile Safari/537.36 (compatible; PetalBot;+https://webmaster.petalsearch.com/site/petalbot)"
172.70.35.191 - - [11/Jan/2026:11:31:03 +0300] "GET /?u=75383281491201 HTTP/1.0" 200 674 "-" "Mozilla/5.0 AppleWebKit/537.36 (KHTML, like Gecko; compatible; bingbot/2.0; +http://www.bing.com/bingbot.htm) Chrome/116.0.1938.76 Safari/537.36"
104.23.211.95 - - [11/Jan/2026:11:31:07 +0300] "GET /?u=89604277541404 HTTP/1.0" 200 674 "-" "Mozilla/5.0 AppleWebKit/537.36 (KHTML, like Gecko; compatible; bingbot/2.0; +http://www.bing.com/bingbot.htm) Chrome/116.0.1938.76 Safari/537.36"
104.23.223.50 - - [11/Jan/2026:11:31:24 +0300] "GET /?u=02212782000 HTTP/1.0" 200 674 "-" "Mozilla/5.0 AppleWebKit/537.36 (KHTML, like Gecko; compatible; bingbot/2.0; +http://www.bing.com/bingbot.htm) Chrome/116.0.1938.76 Safari/537.36"
104.23.223.52 - - [11/Jan/2026:11:31:25 +0300] "GET /?u=9935965015401 HTTP/1.0" 200 674 "-" "Mozilla/5.0 AppleWebKit/537.36 (KHTML, like Gecko; compatible; bingbot/2.0; +http://www.bing.com/bingbot.htm) Chrome/116.0.1938.76 Safari/537.36"
172.70.174.16 - - [11/Jan/2026:11:32:01 +0300] "GET /?u=1988050273001 HTTP/1.0" 200 674 "-" "Mozilla/5.0 AppleWebKit/537.36 (KHTML, like Gecko; compatible; bingbot/2.0; +http://www.bing.com/bingbot.htm) Chrome/116.0.1938.76 Safari/537.36"
172.70.174.16 - - [11/Jan/2026:11:32:12 +0300] "GET /?u=0855496712400 HTTP/1.0" 200 674 "-" "Mozilla/5.0 AppleWebKit/537.36 (KHTML, like Gecko; compatible; bingbot/2.0; +http://www.bing.com/bingbot.htm) Chrome/116.0.1938.76 Safari/537.36"
172.70.35.191 - - [11/Jan/2026:11:32:51 +0300] "GET /?u=9011731540000 HTTP/1.0" 200 674 "-" "Mozilla/5.0 AppleWebKit/537.36 (KHTML, like Gecko; compatible; bingbot/2.0; +http://www.bing.com/bingbot.htm) Chrome/116.0.1938.76 Safari/537.36"
172.71.124.224 - - [11/Jan/2026:11:33:01 +0300] "GET /jroriq/countryside-naples-homes-for-sale-by-owner.html HTTP/1.0" 200 663 "http://kaizen.hostmandriva.com/njugivi/backworth-club-ltd.html" "Mozilla/5.0 (Linux; Android 7.0;) AppleWebKit/537.36 (KHTML, like Gecko) Mobile Safari/537.36 (compatible; PetalBot;+https://webmaster.petalsearch.com/site/petalbot)"
104.23.209.43 - - [11/Jan/2026:11:33:22 +0300] "GET /?u=0939555321800 HTTP/1.0" 200 674 "-" "Mozilla/5.0 AppleWebKit/537.36 (KHTML, like Gecko; compatible; bingbot/2.0; +http://www.bing.com/bingbot.htm) Chrome/116.0.1938.76 Safari/537.36"
104.23.211.95 - - [11/Jan/2026:11:33:53 +0300] "GET /?u=8519023249601 HTTP/1.0" 200 674 "-" "Mozilla/5.0 AppleWebKit/537.36 (KHTML, like Gecko; compatible; bingbot/2.0; +http://www.bing.com/bingbot.htm) Chrome/116.0.1938.76 Safari/537.36"
108.162.226.151 - - [11/Jan/2026:11:34:00 +0300] "GET /jroriq/clear-voice-bandlab-preset.html HTTP/1.0" 200 663 "http://vash-house.ru/47zgwh/nightshades-border-collies.html" "Mozilla/5.0 (Linux; Android 7.0;) AppleWebKit/537.36 (KHTML, like Gecko) Mobile Safari/537.36 (compatible; PetalBot;+https://webmaster.petalsearch.com/site/petalbot)"
172.71.82.87 - - [11/Jan/2026:11:34:37 +0300] "GET /jroriq/catholic-husband-duties.html HTTP/1.0" 200 663 "http://esperto.in/img/0biln/ways-he-can-make-it-up-to-me.html" "Mozilla/5.0 (Linux; Android 7.0;) AppleWebKit/537.36 (KHTML, like Gecko) Mobile Safari/537.36 (compatible; PetalBot;+https://webmaster.petalsearch.com/site/petalbot)"
104.23.213.187 - - [11/Jan/2026:11:35:01 +0300] "GET /?u=30594282198403 HTTP/1.0" 200 674 "-" "Mozilla/5.0 AppleWebKit/537.36 (KHTML, like Gecko; compatible; bingbot/2.0; +http://www.bing.com/bingbot.htm) Chrome/116.0.1938.76 Safari/537.36"
172.71.124.225 - - [11/Jan/2026:11:35:26 +0300] "GET /jroriq/canada-cigarettes-online.html HTTP/1.0" 200 663 "https://www.ballthai.com/author/admin/page/1285/?C=S%3BO%3DA" "Mozilla/5.0 (Linux; Android 7.0;) AppleWebKit/537.36 (KHTML, like Gecko) Mobile Safari/537.36 (compatible; PetalBot;+https://webmaster.petalsearch.com/site/petalbot)"
172.71.194.153 - - [11/Jan/2026:11:36:41 +0300] "GET /?u=03175195363605 HTTP/1.0" 200 674 "-" "Mozilla/5.0 AppleWebKit/537.36 (KHTML, like Gecko; compatible; bingbot/2.0; +http://www.bing.com/bingbot.htm) Chrome/116.0.1938.76 Safari/537.36"
172.68.245.75 - - [11/Jan/2026:11:37:00 +0300] "GET /?u=91598192814400 HTTP/1.0" 200 674 "-" "Mozilla/5.0 AppleWebKit/537.36 (KHTML, like Gecko; compatible; bingbot/2.0; +http://www.bing.com/bingbot.htm) Chrome/116.0.1938.76 Safari/537.36"
172.68.245.75 - - [11/Jan/2026:11:37:02 +0300] "GET /?u=81017150106201 HTTP/1.0" 200 674 "-" "Mozilla/5.0 AppleWebKit/537.36 (KHTML, like Gecko; compatible; bingbot/2.0; +http://www.bing.com/bingbot.htm) Chrome/116.0.1938.76 Safari/537.36"
172.68.245.75 - - [11/Jan/2026:11:37:03 +0300] "GET /?u=01067127761003 HTTP/1.0" 200 674 "-" "Mozilla/5.0 AppleWebKit/537.36 (KHTML, like Gecko; compatible; bingbot/2.0; +http://www.bing.com/bingbot.htm) Chrome/116.0.1938.76 Safari/537.36"
172.69.176.16 - - [11/Jan/2026:11:37:03 +0300] "GET /jroriq/california-medical-board-complaint-lookup.html HTTP/1.0" 200 663 "https://nashgazon-ekb.ru/g0k2ev/used-kawasaki-mule-sx-for-sale.html" "Mozilla/5.0 (Linux; Android 7.0;) AppleWebKit/537.36 (KHTML, like Gecko) Mobile Safari/537.36 (compatible; PetalBot;+https://webmaster.petalsearch.com/site/petalbot)"
104.23.209.43 - - [11/Jan/2026:11:37:10 +0300] "GET /?u=7189710385401 HTTP/1.0" 200 674 "-" "Mozilla/5.0 AppleWebKit/537.36 (KHTML, like Gecko; compatible; bingbot/2.0; +http://www.bing.com/bingbot.htm) Chrome/116.0.1938.76 Safari/537.36"
104.23.211.94 - - [11/Jan/2026:11:37:44 +0300] "GET /?u=08009731613 HTTP/1.0" 200 674 "-" "Mozilla/5.0 AppleWebKit/537.36 (KHTML, like Gecko; compatible; bingbot/2.0; +http://www.bing.com/bingbot.htm) Chrome/116.0.1938.76 Safari/537.36"
172.70.208.154 - - [11/Jan/2026:11:38:13 +0300] "GET /jroriq/body-found-in-houston-2022.html HTTP/1.0" 200 663 "http://stluce-design.ru/6lo9j4l/peugeot-3008-battery-charging.html" "Mozilla/5.0 (Linux; Android 7.0;) AppleWebKit/537.36 (KHTML, like Gecko) Mobile Safari/537.36 (compatible; PetalBot;+https://webmaster.petalsearch.com/site/petalbot)"
104.23.213.187 - - [11/Jan/2026:11:38:28 +0300] "GET /?u=96847134659204 HTTP/1.0" 200 674 "-" "Mozilla/5.0 AppleWebKit/537.36 (KHTML, like Gecko; compatible; bingbot/2.0; +http://www.bing.com/bingbot.htm) Chrome/116.0.1938.76 Safari/537.36"
172.71.194.153 - - [11/Jan/2026:11:39:36 +0300] "GET /?u=9634777250007 HTTP/1.0" 200 674 "-" "Mozilla/5.0 AppleWebKit/537.36 (KHTML, like Gecko; compatible; bingbot/2.0; +http://www.bing.com/bingbot.htm) Chrome/116.0.1938.76 Safari/537.36"
162.158.88.35 - - [11/Jan/2026:11:39:37 +0300] "GET /jroriq/blitzer-precalculus-2nd-edition-pdf.html HTTP/1.0" 200 663 "http://www.gruznesu.ru/zjo5jp/how-many-photos-in-a-mini-session.html" "Mozilla/5.0 (Linux; Android 7.0;) AppleWebKit/537.36 (KHTML, like Gecko) Mobile Safari/537.36 (compatible; PetalBot;+https://webmaster.petalsearch.com/site/petalbot)"
172.71.194.152 - - [11/Jan/2026:11:40:51 +0300] "GET /?u=1612230034800 HTTP/1.0" 200 674 "-" "Mozilla/5.0 AppleWebKit/537.36 (KHTML, like Gecko; compatible; bingbot/2.0; +http://www.bing.com/bingbot.htm) Chrome/116.0.1938.76 Safari/537.36"
172.70.208.154 - - [11/Jan/2026:11:41:00 +0300] "GET /jroriq/biggest-drug-bust-in-fort-mcmurray.html HTTP/1.0" 200 663 "https://lir24.ru/xdu8pjqa7g/arduino-touch-screen-library.html" "Mozilla/5.0 (Linux; Android 7.0;) AppleWebKit/537.36 (KHTML, like Gecko) Mobile Safari/537.36 (compatible; PetalBot;+https://webmaster.petalsearch.com/site/petalbot)"
172.69.109.200 - - [11/Jan/2026:11:41:04 +0300] "GET /robots.txt HTTP/1.1" 404 576 "-" "Mozilla/5.0 (Windows NT 10.0; Win64; x64) AppleWebKit/537.36 (KHTML, like Gecko) Chrome/103.0.5060.134 Safari/537.36"
172.70.208.155 - - [11/Jan/2026:11:42:24 +0300] "GET /tbjusw/synchronicity-police-review.html HTTP/1.0" 200 663 "http://medaks72.ru/b8uwai/earn-and-donate-codes.html" "Mozilla/5.0 (Linux; Android 7.0;) AppleWebKit/537.36 (KHTML, like Gecko) Mobile Safari/537.36 (compatible; PetalBot;+https://webmaster.petalsearch.com/site/petalbot)"
162.158.189.36 - - [11/Jan/2026:11:43:48 +0300] "GET /tbjusw/solo-hockey-drills.html HTTP/1.0" 200 663 "http://totallookshowroom.ru/owzqi6w/what-does-it-mean-when-someone-likes-your-text-on-instagram.html" "Mozilla/5.0 (Linux; Android 7.0;) AppleWebKit/537.36 (KHTML, like Gecko) Mobile Safari/537.36 (compatible; PetalBot;+https://webmaster.petalsearch.com/site/petalbot)"
172.68.245.74 - - [11/Jan/2026:11:43:52 +0300] "GET /?u=179689053408 HTTP/1.0" 200 674 "-" "Mozilla/5.0 AppleWebKit/537.36 (KHTML, like Gecko; compatible; bingbot/2.0; +http://www.bing.com/bingbot.htm) Chrome/116.0.1938.76 Safari/537.36"
162.158.107.68 - - [11/Jan/2026:11:45:12 +0300] "GET /tbjusw/signs-you-are-liked-at-work.html HTTP/1.0" 200 663 "https://xn--80aegenruum.xn--p1ai/1zeh/1970s-female-celebrities.html" "Mozilla/5.0 (Linux; Android 7.0;) AppleWebKit/537.36 (KHTML, like Gecko) Mobile Safari/537.36 (compatible; PetalBot;+https://webmaster.petalsearch.com/site/petalbot)"
172.70.43.64 - - [11/Jan/2026:11:46:04 +0300] "GET /?u=09912121338600 HTTP/1.0" 200 674 "-" "Mozilla/5.0 AppleWebKit/537.36 (KHTML, like Gecko; compatible; bingbot/2.0; +http://www.bing.com/bingbot.htm) Chrome/116.0.1938.76 Safari/537.36"
104.23.175.8 - - [11/Jan/2026:11:46:34 +0300] "GET /tbjusw/microtech-stitch-price.html HTTP/1.0" 200 663 "https://medicaledu.online/q7n7/enderman-slayer-hypixel-skyblock.html" "Mozilla/5.0 (Linux; Android 7.0;) AppleWebKit/537.36 (KHTML, like Gecko) Mobile Safari/537.36 (compatible; PetalBot;+https://webmaster.petalsearch.com/site/petalbot)"
104.23.211.95 - - [11/Jan/2026:11:47:04 +0300] "GET /?u=5420355497601 HTTP/1.0" 200 674 "-" "Mozilla/5.0 AppleWebKit/537.36 (KHTML, like Gecko; compatible; bingbot/2.0; +http://www.bing.com/bingbot.htm) Chrome/116.0.1938.76 Safari/537.36"
172.71.190.208 - - [11/Jan/2026:11:47:43 +0300] "GET /?u=90907223437200 HTTP/1.0" 200 674 "-" "Mozilla/5.0 AppleWebKit/537.36 (KHTML, like Gecko; compatible; bingbot/2.0; +http://www.bing.com/bingbot.htm) Chrome/116.0.1938.76 Safari/537.36"
162.158.170.18 - - [11/Jan/2026:11:47:58 +0300] "GET /tbjusw/journeys-decodable-readers-grade-2-pdf.html HTTP/1.0" 200 663 "https://bindcenter.ru/90uym/casual-dining-atlanta.html" "Mozilla/5.0 (Linux; Android 7.0;) AppleWebKit/537.36 (KHTML, like Gecko) Mobile Safari/537.36 (compatible; PetalBot;+https://webmaster.petalsearch.com/site/petalbot)"
172.71.190.208 - - [11/Jan/2026:11:48:36 +0300] "GET /?u=91971179620004 HTTP/1.0" 200 674 "-" "Mozilla/5.0 AppleWebKit/537.36 (KHTML, like Gecko; compatible; bingbot/2.0; +http://www.bing.com/bingbot.htm) Chrome/116.0.1938.76 Safari/537.36"
172.71.190.208 - - [11/Jan/2026:11:48:42 +0300] "GET /?u=1944554009408 HTTP/1.0" 200 674 "-" "Mozilla/5.0 AppleWebKit/537.36 (KHTML, like Gecko; compatible; bingbot/2.0; +http://www.bing.com/bingbot.htm) Chrome/116.0.1938.76 Safari/537.36"
172.69.176.17 - - [11/Jan/2026:11:49:21 +0300] "GET /tbjusw/hertz-truck-rental-near-illinois.html HTTP/1.0" 200 663 "https://bindcenter.ru/90uym/casual-dining-atlanta.html" "Mozilla/5.0 (Linux; Android 7.0;) AppleWebKit/537.36 (KHTML, like Gecko) Mobile Safari/537.36 (compatible; PetalBot;+https://webmaster.petalsearch.com/site/petalbot)"
172.70.43.63 - - [11/Jan/2026:11:49:43 +0300] "GET /?u=59851196956002 HTTP/1.0" 200 674 "-" "Mozilla/5.0 AppleWebKit/537.36 (KHTML, like Gecko; compatible; bingbot/2.0; +http://www.bing.com/bingbot.htm) Chrome/116.0.1938.76 Safari/537.36"
172.71.222.63 - - [11/Jan/2026:11:50:08 +0300] "GET /?u=98139108802207 HTTP/1.0" 200 674 "-" "Mozilla/5.0 AppleWebKit/537.36 (KHTML, like Gecko; compatible; bingbot/2.0; +http://www.bing.com/bingbot.htm) Chrome/116.0.1938.76 Safari/537.36"
172.70.174.17 - - [11/Jan/2026:11:50:15 +0300] "GET /?u=0249948202 HTTP/1.0" 200 674 "-" "Mozilla/5.0 AppleWebKit/537.36 (KHTML, like Gecko; compatible; bingbot/2.0; +http://www.bing.com/bingbot.htm) Chrome/116.0.1938.76 Safari/537.36"
162.158.170.18 - - [11/Jan/2026:11:50:45 +0300] "GET /tbjusw/greater-than-gatsby-painterly-ii.html HTTP/1.0" 200 663 "https://www.superbagi.ru/ywpk2gk9/undp-consultant-daily-rate-calculator.html" "Mozilla/5.0 (Linux; Android 7.0;) AppleWebKit/537.36 (KHTML, like Gecko) Mobile Safari/537.36 (compatible; PetalBot;+https://webmaster.petalsearch.com/site/petalbot)"
172.68.245.75 - - [11/Jan/2026:11:51:31 +0300] "GET /?u=78777107102400 HTTP/1.0" 200 674 "-" "Mozilla/5.0 AppleWebKit/537.36 (KHTML, like Gecko; compatible; bingbot/2.0; +http://www.bing.com/bingbot.htm) Chrome/116.0.1938.76 Safari/537.36"
104.23.209.42 - - [11/Jan/2026:11:51:44 +0300] "GET /?u=23808243396001 HTTP/1.0" 200 674 "-" "Mozilla/5.0 AppleWebKit/537.36 (KHTML, like Gecko; compatible; bingbot/2.0; +http://www.bing.com/bingbot.htm) Chrome/116.0.1938.76 Safari/537.36"
162.159.104.40 - - [11/Jan/2026:11:52:12 +0300] "GET /?u=39279236266815 HTTP/1.0" 200 1925 "-" "Mozilla/5.0 (Linux; Android 6.0.1; Nexus 5X Build/MMB29P) AppleWebKit/537.36 (KHTML, like Gecko) Chrome/143.0.7499.169 Mobile Safari/537.36 (compatible; Googlebot/2.1; +http://www.google.com/bot.html)"
172.68.138.150 - - [11/Jan/2026:11:52:12 +0300] "GET /?u=0839890109201 HTTP/1.0" 200 674 "-" "Mozilla/5.0 AppleWebKit/537.36 (KHTML, like Gecko; compatible; bingbot/2.0; +http://www.bing.com/bingbot.htm) Chrome/116.0.1938.76 Safari/537.36"
172.69.176.16 - - [11/Jan/2026:11:52:13 +0300] "GET /tbjusw/cryptocurrency-trading-pdf-book.html HTTP/1.0" 200 663 "https://travel.netwiz.ru/lxp67/qatar-companies-email-address.html" "Mozilla/5.0 (Linux; Android 7.0;) AppleWebKit/537.36 (KHTML, like Gecko) Mobile Safari/537.36 (compatible; PetalBot;+https://webmaster.petalsearch.com/site/petalbot)"
104.23.213.186 - - [11/Jan/2026:11:52:33 +0300] "GET /?u=00875149808408 HTTP/1.0" 200 674 "-" "Mozilla/5.0 AppleWebKit/537.36 (KHTML, like Gecko; compatible; bingbot/2.0; +http://www.bing.com/bingbot.htm) Chrome/116.0.1938.76 Safari/537.36"
172.68.138.150 - - [11/Jan/2026:11:52:37 +0300] "GET /?u=09187288416001 HTTP/1.0" 200 674 "-" "Mozilla/5.0 AppleWebKit/537.36 (KHTML, like Gecko; compatible; bingbot/2.0; +http://www.bing.com/bingbot.htm) Chrome/116.0.1938.76 Safari/537.36"
162.158.88.34 - - [11/Jan/2026:11:53:32 +0300] "GET /tbjusw/composite-roof-shingles-types.html HTTP/1.0" 200 663 "http://medaks72.ru/b8uwai/earn-and-donate-codes.html" "Mozilla/5.0 (Linux; Android 7.0;) AppleWebKit/537.36 (KHTML, like Gecko) Mobile Safari/537.36 (compatible; PetalBot;+https://webmaster.petalsearch.com/site/petalbot)"
172.70.43.64 - - [11/Jan/2026:11:54:04 +0300] "GET /?u=0108627605400 HTTP/1.0" 200 674 "-" "Mozilla/5.0 AppleWebKit/537.36 (KHTML, like Gecko; compatible; bingbot/2.0; +http://www.bing.com/bingbot.htm) Chrome/116.0.1938.76 Safari/537.36"
104.23.213.186 - - [11/Jan/2026:11:54:24 +0300] "GET /?u=65124135153601 HTTP/1.0" 200 674 "-" "Mozilla/5.0 AppleWebKit/537.36 (KHTML, like Gecko; compatible; bingbot/2.0; +http://www.bing.com/bingbot.htm) Chrome/116.0.1938.76 Safari/537.36"
162.158.79.104 - - [11/Jan/2026:11:54:45 +0300] "GET /?u=07531239412203 HTTP/1.0" 200 674 "-" "Mozilla/5.0 AppleWebKit/537.36 (KHTML, like Gecko; compatible; bingbot/2.0; +http://www.bing.com/bingbot.htm) Chrome/116.0.1938.76 Safari/537.36"
162.158.162.139 - - [11/Jan/2026:11:54:56 +0300] "GET /tbjusw/argocd-ingress-traefik.html HTTP/1.0" 200 663 "http://opopost.ru/vim9a/smart-home-behance.html" "Mozilla/5.0 (Linux; Android 7.0;) AppleWebKit/537.36 (KHTML, like Gecko) Mobile Safari/537.36 (compatible; PetalBot;+https://webmaster.petalsearch.com/site/petalbot)"
162.158.79.103 - - [11/Jan/2026:11:55:03 +0300] "GET /?u=0390029165800 HTTP/1.0" 200 674 "-" "Mozilla/5.0 AppleWebKit/537.36 (KHTML, like Gecko; compatible; bingbot/2.0; +http://www.bing.com/bingbot.htm) Chrome/116.0.1938.76 Safari/537.36"
172.71.190.209 - - [11/Jan/2026:11:55:33 +0300] "GET /?u=82964228943200 HTTP/1.0" 200 674 "-" "Mozilla/5.0 AppleWebKit/537.36 (KHTML, like Gecko; compatible; bingbot/2.0; +http://www.bing.com/bingbot.htm) Chrome/116.0.1938.76 Safari/537.36"
162.158.79.103 - - [11/Jan/2026:11:56:03 +0300] "GET /?u=38497233769002 HTTP/1.0" 200 674 "-" "Mozilla/5.0 AppleWebKit/537.36 (KHTML, like Gecko; compatible; bingbot/2.0; +http://www.bing.com/bingbot.htm) Chrome/116.0.1938.76 Safari/537.36"
162.158.88.34 - - [11/Jan/2026:11:56:20 +0300] "GET /jroriq/stool-sample-for-vet-how-recent.html HTTP/1.0" 200 663 "http://aplosai.com/phpmailnew/joxle/how-to-treat-sulfa-allergy.html" "Mozilla/5.0 (Linux; Android 7.0;) AppleWebKit/537.36 (KHTML, like Gecko) Mobile Safari/537.36 (compatible; PetalBot;+https://webmaster.petalsearch.com/site/petalbot)"
104.23.213.186 - - [11/Jan/2026:11:56:54 +0300] "GET /?u=00798125781603 HTTP/1.0" 200 674 "-" "Mozilla/5.0 AppleWebKit/537.36 (KHTML, like Gecko; compatible; bingbot/2.0; +http://www.bing.com/bingbot.htm) Chrome/116.0.1938.76 Safari/537.36"
104.23.213.186 - - [11/Jan/2026:11:56:58 +0300] "GET /?u=0435222720807 HTTP/1.0" 200 674 "-" "Mozilla/5.0 AppleWebKit/537.36 (KHTML, like Gecko; compatible; bingbot/2.0; +http://www.bing.com/bingbot.htm) Chrome/116.0.1938.76 Safari/537.36"
104.23.209.42 - - [11/Jan/2026:11:57:14 +0300] "GET /?u=10798122784202 HTTP/1.0" 200 674 "-" "Mozilla/5.0 AppleWebKit/537.36 (KHTML, like Gecko; compatible; bingbot/2.0; +http://www.bing.com/bingbot.htm) Chrome/116.0.1938.76 Safari/537.36"
172.70.142.84 - - [11/Jan/2026:11:57:42 +0300] "GET /jroriq/sports-and-casino-20-free-spins.html HTTP/1.0" 200 663 "http://onlinematters.com.au/bftqiwfv/fun-random-name-picker-race.html" "Mozilla/5.0 (Linux; Android 7.0;) AppleWebKit/537.36 (KHTML, like Gecko) Mobile Safari/537.36 (compatible; PetalBot;+https://webmaster.petalsearch.com/site/petalbot)"
172.71.222.63 - - [11/Jan/2026:11:58:17 +0300] "GET /?u=18419225685605 HTTP/1.0" 200 674 "-" "Mozilla/5.0 AppleWebKit/537.36 (KHTML, like Gecko; compatible; bingbot/2.0; +http://www.bing.com/bingbot.htm) Chrome/116.0.1938.76 Safari/537.36"
162.158.210.89 - - [11/Jan/2026:11:58:21 +0300] "GET /modx.gz HTTP/1.0" 200 663 "-" "Mozilla/5.0 (Windows NT 10.0; Win64; x64) AppleWebKit/537.36 (KHTML, like Gecko) Chrome/101.0.4951.67 Safari/537.36"
172.68.164.60 - - [11/Jan/2026:11:59:09 +0300] "GET /jroriq/sound-of-freedom-release-date-2022.html HTTP/1.0" 200 663 "http://new.oilprofi.by/j2nt9/how-much-weight-can-i-lose-by-this-date-calculator.html" "Mozilla/5.0 (Linux; Android 7.0;) AppleWebKit/537.36 (KHTML, like Gecko) Mobile Safari/537.36 (compatible; PetalBot;+https://webmaster.petalsearch.com/site/petalbot)"
172.68.245.75 - - [11/Jan/2026:11:59:10 +0300] "GET /?u=29661153231408 HTTP/1.0" 200 674 "-" "Mozilla/5.0 AppleWebKit/537.36 (KHTML, like Gecko; compatible; bingbot/2.0; +http://www.bing.com/bingbot.htm) Chrome/116.0.1938.76 Safari/537.36"
172.68.245.75 - - [11/Jan/2026:11:59:11 +0300] "GET /?u=009792219200 HTTP/1.0" 200 674 "-" "Mozilla/5.0 AppleWebKit/537.36 (KHTML, like Gecko; compatible; bingbot/2.0; +http://www.bing.com/bingbot.htm) Chrome/116.0.1938.76 Safari/537.36"
172.71.190.209 - - [11/Jan/2026:11:59:25 +0300] "GET /?u=2883855589605 HTTP/1.0" 200 674 "-" "Mozilla/5.0 AppleWebKit/537.36 (KHTML, like Gecko; compatible; bingbot/2.0; +http://www.bing.com/bingbot.htm) Chrome/116.0.1938.76 Safari/537.36"
172.71.190.209 - - [11/Jan/2026:11:59:26 +0300] "GET /?u=06789267159602 HTTP/1.0" 200 674 "-" "Mozilla/5.0 AppleWebKit/537.36 (KHTML, like Gecko; compatible; bingbot/2.0; +http://www.bing.com/bingbot.htm) Chrome/116.0.1938.76 Safari/537.36"
172.71.190.209 - - [11/Jan/2026:11:59:47 +0300] "GET /?u=9000798634005 HTTP/1.0" 200 674 "-" "Mozilla/5.0 AppleWebKit/537.36 (KHTML, like Gecko; compatible; bingbot/2.0; +http://www.bing.com/bingbot.htm) Chrome/116.0.1938.76 Safari/537.36"
172.71.190.209 - - [11/Jan/2026:11:59:48 +0300] "GET /?u=34206111553605 HTTP/1.0" 200 674 "-" "Mozilla/5.0 AppleWebKit/537.36 (KHTML, like Gecko; compatible; bingbot/2.0; +http://www.bing.com/bingbot.htm) Chrome/116.0.1938.76 Safari/537.36"
172.70.174.17 - - [11/Jan/2026:12:00:07 +0300] "GET /?u=08325174028800 HTTP/1.0" 200 674 "-" "Mozilla/5.0 AppleWebKit/537.36 (KHTML, like Gecko; compatible; bingbot/2.0; +http://www.bing.com/bingbot.htm) Chrome/116.0.1938.76 Safari/537.36"
172.70.142.84 - - [11/Jan/2026:12:00:30 +0300] "GET /jroriq/sm64ex-co-op-not-working.html HTTP/1.0" 200 663 "https://tkt-stroy.ru/c1yvgc0o/mercedes-fault-codes-forum.html" "Mozilla/5.0 (Linux; Android 7.0;) AppleWebKit/537.36 (KHTML, like Gecko) Mobile Safari/537.36 (compatible; PetalBot;+https://webmaster.petalsearch.com/site/petalbot)"
162.158.79.103 - - [11/Jan/2026:12:01:40 +0300] "GET /?u=812672697609 HTTP/1.0" 200 674 "-" "Mozilla/5.0 AppleWebKit/537.36 (KHTML, like Gecko; compatible; bingbot/2.0; +http://www.bing.com/bingbot.htm) Chrome/116.0.1938.76 Safari/537.36"
104.23.175.8 - - [11/Jan/2026:12:01:54 +0300] "GET /jroriq/roman-shield-facts.html HTTP/1.0" 200 663 "http://fgupoktyabr.ru/lj0xw8hrs/connecticut-spring-antiques-show-2023.html" "Mozilla/5.0 (Linux; Android 7.0;) AppleWebKit/537.36 (KHTML, like Gecko) Mobile Safari/537.36 (compatible; PetalBot;+https://webmaster.petalsearch.com/site/petalbot)"
172.71.124.224 - - [11/Jan/2026:12:03:17 +0300] "GET /jroriq/read-specific-line-in-text-file-vbscript.html HTTP/1.0" 200 663 "https://domani-nsk.ru/qkk0mibh/best-mini-projector-for-netflix.html" "Mozilla/5.0 (Linux; Android 7.0;) AppleWebKit/537.36 (KHTML, like Gecko) Mobile Safari/537.36 (compatible; PetalBot;+https://webmaster.petalsearch.com/site/petalbot)"
172.68.138.150 - - [11/Jan/2026:12:04:39 +0300] "GET /?u=08171129074401 HTTP/1.0" 200 674 "-" "Mozilla/5.0 AppleWebKit/537.36 (KHTML, like Gecko; compatible; bingbot/2.0; +http://www.bing.com/bingbot.htm) Chrome/116.0.1938.76 Safari/537.36"
172.70.208.155 - - [11/Jan/2026:12:04:41 +0300] "GET /jroriq/polo-shirt-designer.html HTTP/1.0" 200 663 "https://domani-nsk.ru/qkk0mibh/best-mini-projector-for-netflix.html" "Mozilla/5.0 (Linux; Android 7.0;) AppleWebKit/537.36 (KHTML, like Gecko) Mobile Safari/537.36 (compatible; PetalBot;+https://webmaster.petalsearch.com/site/petalbot)"
162.158.162.138 - - [11/Jan/2026:12:06:04 +0300] "GET /jroriq/oshawa-election-candidates.html HTTP/1.0" 200 663 "https://evraz72.ru/92v8/ertugrul-season-2-episode-11-english-subtitles.html" "Mozilla/5.0 (Linux; Android 7.0;) AppleWebKit/537.36 (KHTML, like Gecko) Mobile Safari/537.36 (compatible; PetalBot;+https://webmaster.petalsearch.com/site/petalbot)"
