104.23.209.111 - - [11/Jan/2026:00:59:29 +0300] "GET /4188447739.shtm HTTP/1.0" 404 456 "-" "Mozilla/5.0 AppleWebKit/537.36 (KHTML, like Gecko; compatible; bingbot/2.0; +http://www.bing.com/bingbot.htm) Chrome/116.0.1938.76 Safari/537.36"
162.159.104.108 - - [11/Jan/2026:01:01:56 +0300] "GET /?ID=7843.html HTTP/1.0" 200 10908 "-" "Mozilla/5.0 AppleWebKit/537.36 (KHTML, like Gecko; compatible; Googlebot/2.1; +http://www.google.com/bot.html) Chrome/143.0.7499.169 Safari/537.36"
172.68.245.207 - - [11/Jan/2026:01:03:25 +0300] "GET /?n=18033229563608 HTTP/1.0" 200 1418 "-" "Mozilla/5.0 AppleWebKit/537.36 (KHTML, like Gecko; compatible; bingbot/2.0; +http://www.bing.com/bingbot.htm) Chrome/116.0.1938.76 Safari/537.36"
172.68.245.207 - - [11/Jan/2026:01:03:36 +0300] "GET /3266911573.shtm HTTP/1.0" 404 456 "-" "Mozilla/5.0 AppleWebKit/537.36 (KHTML, like Gecko; compatible; bingbot/2.0; +http://www.bing.com/bingbot.htm) Chrome/116.0.1938.76 Safari/537.36"
162.158.79.165 - - [11/Jan/2026:01:03:40 +0300] "GET /?n=78894190723006 HTTP/1.0" 200 1418 "-" "Mozilla/5.0 AppleWebKit/537.36 (KHTML, like Gecko; compatible; bingbot/2.0; +http://www.bing.com/bingbot.htm) Chrome/116.0.1938.76 Safari/537.36"
172.70.34.224 - - [11/Jan/2026:01:04:01 +0300] "GET /339450220.shtm HTTP/1.0" 404 456 "-" "Mozilla/5.0 AppleWebKit/537.36 (KHTML, like Gecko; compatible; bingbot/2.0; +http://www.bing.com/bingbot.htm) Chrome/116.0.1938.76 Safari/537.36"
172.70.34.224 - - [11/Jan/2026:01:05:03 +0300] "GET /?n=29082197302205 HTTP/1.0" 200 1418 "-" "Mozilla/5.0 AppleWebKit/537.36 (KHTML, like Gecko; compatible; bingbot/2.0; +http://www.bing.com/bingbot.htm) Chrome/116.0.1938.76 Safari/537.36"
104.23.209.111 - - [11/Jan/2026:01:05:19 +0300] "GET /3159117543.shtm HTTP/1.0" 404 456 "-" "Mozilla/5.0 AppleWebKit/537.36 (KHTML, like Gecko; compatible; bingbot/2.0; +http://www.bing.com/bingbot.htm) Chrome/116.0.1938.76 Safari/537.36"
172.71.166.216 - - [11/Jan/2026:01:06:28 +0300] "GET /?GameID=2026-01-10/yyxnao.html HTTP/1.0" 200 11666 "-" "Mozilla/5.0 (Linux; Android 6.0.1; Nexus 5X Build/MMB29P) AppleWebKit/537.36 (KHTML, like Gecko) Chrome/143.0.7499.192 Mobile Safari/537.36 (compatible; Googlebot/2.1; +http://www.google.com/bot.html)"
172.68.15.218 - - [11/Jan/2026:01:06:43 +0300] "GET /?n=81859275513000 HTTP/1.0" 200 1418 "-" "Mozilla/5.0 AppleWebKit/537.36 (KHTML, like Gecko; compatible; bingbot/2.0; +http://www.bing.com/bingbot.htm) Chrome/116.0.1938.76 Safari/537.36"
172.70.94.72 - - [11/Jan/2026:01:07:30 +0300] "GET /?GameID=2026-01-06/4328.html HTTP/1.0" 200 10501 "-" "Mozilla/5.0 (compatible; Googlebot/2.1; +http://www.google.com/bot.html)"
172.68.245.206 - - [11/Jan/2026:01:09:55 +0300] "GET /?n=0809346872001 HTTP/1.0" 200 1418 "-" "Mozilla/5.0 AppleWebKit/537.36 (KHTML, like Gecko; compatible; bingbot/2.0; +http://www.bing.com/bingbot.htm) Chrome/116.0.1938.76 Safari/537.36"
172.71.190.86 - - [11/Jan/2026:01:10:00 +0300] "GET /?n=89032106229801 HTTP/1.0" 200 1418 "-" "Mozilla/5.0 AppleWebKit/537.36 (KHTML, like Gecko; compatible; bingbot/2.0; +http://www.bing.com/bingbot.htm) Chrome/116.0.1938.76 Safari/537.36"
172.68.26.73 - - [11/Jan/2026:01:11:51 +0300] "GET /?ID=6761.html HTTP/1.0" 200 11381 "-" "Mozilla/5.0 (compatible; Googlebot/2.1; +http://www.google.com/bot.html)"
172.68.245.206 - - [11/Jan/2026:01:11:54 +0300] "GET /?n=002798592605 HTTP/1.0" 200 1418 "-" "Mozilla/5.0 AppleWebKit/537.36 (KHTML, like Gecko; compatible; bingbot/2.0; +http://www.bing.com/bingbot.htm) Chrome/116.0.1938.76 Safari/537.36"
104.23.213.53 - - [11/Jan/2026:01:13:12 +0300] "GET /193365771.shtm HTTP/1.0" 404 456 "-" "Mozilla/5.0 AppleWebKit/537.36 (KHTML, like Gecko; compatible; bingbot/2.0; +http://www.bing.com/bingbot.htm) Chrome/116.0.1938.76 Safari/537.36"
172.71.194.99 - - [11/Jan/2026:01:13:29 +0300] "GET /2152989726.shtm HTTP/1.0" 404 456 "-" "Mozilla/5.0 AppleWebKit/537.36 (KHTML, like Gecko; compatible; bingbot/2.0; +http://www.bing.com/bingbot.htm) Chrome/116.0.1938.76 Safari/537.36"
172.71.194.99 - - [11/Jan/2026:01:13:30 +0300] "GET /1850435001.shtm HTTP/1.0" 404 456 "-" "Mozilla/5.0 AppleWebKit/537.36 (KHTML, like Gecko; compatible; bingbot/2.0; +http://www.bing.com/bingbot.htm) Chrome/116.0.1938.76 Safari/537.36"
172.68.15.218 - - [11/Jan/2026:01:13:51 +0300] "GET /4185049625.shtm HTTP/1.0" 404 456 "-" "Mozilla/5.0 AppleWebKit/537.36 (KHTML, like Gecko; compatible; bingbot/2.0; +http://www.bing.com/bingbot.htm) Chrome/116.0.1938.76 Safari/537.36"
172.70.39.144 - - [11/Jan/2026:01:13:55 +0300] "GET /3305181744.shtm HTTP/1.0" 404 456 "-" "Mozilla/5.0 AppleWebKit/537.36 (KHTML, like Gecko; compatible; bingbot/2.0; +http://www.bing.com/bingbot.htm) Chrome/116.0.1938.76 Safari/537.36"
172.71.194.98 - - [11/Jan/2026:01:15:01 +0300] "GET /?n=27219243603004 HTTP/1.0" 200 1418 "-" "Mozilla/5.0 AppleWebKit/537.36 (KHTML, like Gecko; compatible; bingbot/2.0; +http://www.bing.com/bingbot.htm) Chrome/116.0.1938.76 Safari/537.36"
172.70.42.79 - - [11/Jan/2026:01:16:13 +0300] "GET /?n=03227247502503 HTTP/1.0" 200 1418 "-" "Mozilla/5.0 AppleWebKit/537.36 (KHTML, like Gecko; compatible; bingbot/2.0; +http://www.bing.com/bingbot.htm) Chrome/116.0.1938.76 Safari/537.36"
172.71.194.99 - - [11/Jan/2026:01:17:31 +0300] "GET /4238414177.shtm HTTP/1.0" 404 456 "-" "Mozilla/5.0 AppleWebKit/537.36 (KHTML, like Gecko; compatible; bingbot/2.0; +http://www.bing.com/bingbot.htm) Chrome/116.0.1938.76 Safari/537.36"
198.41.227.157 - - [11/Jan/2026:01:18:22 +0300] "GET /robots.txt HTTP/1.1" 404 576 "-" "Mozilla/5.0 (Macintosh; Intel Mac OS X 10_15_7) AppleWebKit/537.36 (KHTML, like Gecko) Chrome/131.0.0.0 Safari/537.36; compatible; OAI-SearchBot/1.0; +https://openai.com/searchbot"
172.70.174.129 - - [11/Jan/2026:01:19:17 +0300] "GET /?n=48787127901600 HTTP/1.0" 200 1418 "-" "Mozilla/5.0 AppleWebKit/537.36 (KHTML, like Gecko; compatible; bingbot/2.0; +http://www.bing.com/bingbot.htm) Chrome/116.0.1938.76 Safari/537.36"
104.23.221.116 - - [11/Jan/2026:01:19:51 +0300] "GET /?n=23102176663007 HTTP/1.0" 200 1418 "-" "Mozilla/5.0 AppleWebKit/537.36 (KHTML, like Gecko; compatible; bingbot/2.0; +http://www.bing.com/bingbot.htm) Chrome/116.0.1938.76 Safari/537.36"
172.70.174.129 - - [11/Jan/2026:01:20:19 +0300] "GET /4009840723.shtm HTTP/1.0" 404 456 "-" "Mozilla/5.0 AppleWebKit/537.36 (KHTML, like Gecko; compatible; bingbot/2.0; +http://www.bing.com/bingbot.htm) Chrome/116.0.1938.76 Safari/537.36"
162.159.104.2 - - [11/Jan/2026:01:20:59 +0300] "GET / HTTP/1.0" 200 23181 "-" "Mozilla/5.0 (Linux; Android 6.0.1; Nexus 5X Build/MMB29P) AppleWebKit/537.36 (KHTML, like Gecko) Chrome/143.0.7499.192 Mobile Safari/537.36 (compatible; Googlebot/2.1; +http://www.google.com/bot.html)"
172.71.166.217 - - [11/Jan/2026:01:21:09 +0300] "GET /?GameID=3650.html HTTP/1.0" 200 10862 "-" "Mozilla/5.0 (compatible; Googlebot/2.1; +http://www.google.com/bot.html)"
172.70.34.224 - - [11/Jan/2026:01:22:51 +0300] "GET /4058852623.shtm HTTP/1.0" 404 456 "-" "Mozilla/5.0 AppleWebKit/537.36 (KHTML, like Gecko; compatible; bingbot/2.0; +http://www.bing.com/bingbot.htm) Chrome/116.0.1938.76 Safari/537.36"
172.70.42.78 - - [11/Jan/2026:01:22:56 +0300] "GET /?n=83462130494505 HTTP/1.0" 200 1418 "-" "Mozilla/5.0 AppleWebKit/537.36 (KHTML, like Gecko; compatible; bingbot/2.0; +http://www.bing.com/bingbot.htm) Chrome/116.0.1938.76 Safari/537.36"
172.71.166.216 - - [11/Jan/2026:01:23:07 +0300] "GET /?GameID=1386.html HTTP/1.0" 200 9412 "-" "Mozilla/5.0 (Linux; Android 6.0.1; Nexus 5X Build/MMB29P) AppleWebKit/537.36 (KHTML, like Gecko) Chrome/143.0.7499.192 Mobile Safari/537.36 (compatible; Googlebot/2.1; +http://www.google.com/bot.html)"
104.23.166.31 - - [11/Jan/2026:01:23:29 +0300] "GET /phpsso_server/statics/images/logo_1.gif HTTP/1.0" 404 452 "http://tkanika.ru" "Mozilla/5.0 (Macintosh; Intel Mac OS X 10_15_7) AppleWebKit/537.36 (KHTML, like Gecko) Chrome/138.0.0.0 Safari/537.36"
104.23.221.184 - - [11/Jan/2026:01:25:14 +0300] "GET /?n=24209155689802 HTTP/1.0" 200 1418 "-" "Mozilla/5.0 AppleWebKit/537.36 (KHTML, like Gecko; compatible; bingbot/2.0; +http://www.bing.com/bingbot.htm) Chrome/116.0.1938.76 Safari/537.36"
172.70.39.143 - - [11/Jan/2026:01:27:30 +0300] "GET /3889362056.shtm HTTP/1.0" 404 456 "-" "Mozilla/5.0 AppleWebKit/537.36 (KHTML, like Gecko; compatible; bingbot/2.0; +http://www.bing.com/bingbot.htm) Chrome/116.0.1938.76 Safari/537.36"
172.71.223.183 - - [11/Jan/2026:01:28:15 +0300] "GET /3956666243.shtm HTTP/1.0" 404 456 "-" "Mozilla/5.0 AppleWebKit/537.36 (KHTML, like Gecko; compatible; bingbot/2.0; +http://www.bing.com/bingbot.htm) Chrome/116.0.1938.76 Safari/537.36"
172.70.39.144 - - [11/Jan/2026:01:29:26 +0300] "GET /?n=7878080550401 HTTP/1.0" 200 1418 "-" "Mozilla/5.0 AppleWebKit/537.36 (KHTML, like Gecko; compatible; bingbot/2.0; +http://www.bing.com/bingbot.htm) Chrome/116.0.1938.76 Safari/537.36"
104.23.209.110 - - [11/Jan/2026:01:29:59 +0300] "GET /477598516.shtm HTTP/1.0" 404 456 "-" "Mozilla/5.0 AppleWebKit/537.36 (KHTML, like Gecko; compatible; bingbot/2.0; +http://www.bing.com/bingbot.htm) Chrome/116.0.1938.76 Safari/537.36"
104.23.211.225 - - [11/Jan/2026:01:30:16 +0300] "GET /2738076190.shtm HTTP/1.0" 404 456 "-" "Mozilla/5.0 AppleWebKit/537.36 (KHTML, like Gecko; compatible; bingbot/2.0; +http://www.bing.com/bingbot.htm) Chrome/116.0.1938.76 Safari/537.36"
172.71.223.184 - - [11/Jan/2026:01:31:31 +0300] "GET /538343736.shtm HTTP/1.0" 404 456 "-" "Mozilla/5.0 AppleWebKit/537.36 (KHTML, like Gecko; compatible; bingbot/2.0; +http://www.bing.com/bingbot.htm) Chrome/116.0.1938.76 Safari/537.36"
172.70.174.129 - - [11/Jan/2026:01:34:22 +0300] "GET /?n=07325204361502 HTTP/1.0" 200 1418 "-" "Mozilla/5.0 AppleWebKit/537.36 (KHTML, like Gecko; compatible; bingbot/2.0; +http://www.bing.com/bingbot.htm) Chrome/116.0.1938.76 Safari/537.36"
172.68.15.219 - - [11/Jan/2026:01:35:15 +0300] "GET /639008633.shtm HTTP/1.0" 404 456 "-" "Mozilla/5.0 AppleWebKit/537.36 (KHTML, like Gecko; compatible; bingbot/2.0; +http://www.bing.com/bingbot.htm) Chrome/116.0.1938.76 Safari/537.36"
172.70.42.78 - - [11/Jan/2026:01:36:44 +0300] "GET /?n=62149230723000 HTTP/1.0" 200 1418 "-" "Mozilla/5.0 AppleWebKit/537.36 (KHTML, like Gecko; compatible; bingbot/2.0; +http://www.bing.com/bingbot.htm) Chrome/116.0.1938.76 Safari/537.36"
162.158.79.166 - - [11/Jan/2026:01:36:48 +0300] "GET /?n=68082297503400 HTTP/1.0" 200 1418 "-" "Mozilla/5.0 AppleWebKit/537.36 (KHTML, like Gecko; compatible; bingbot/2.0; +http://www.bing.com/bingbot.htm) Chrome/116.0.1938.76 Safari/537.36"
172.70.39.144 - - [11/Jan/2026:01:37:23 +0300] "GET /?n=69107119456409 HTTP/1.0" 200 1418 "-" "Mozilla/5.0 AppleWebKit/537.36 (KHTML, like Gecko; compatible; bingbot/2.0; +http://www.bing.com/bingbot.htm) Chrome/116.0.1938.76 Safari/537.36"
104.23.211.225 - - [11/Jan/2026:01:37:56 +0300] "GET /?n=1054455968200 HTTP/1.0" 200 1418 "-" "Mozilla/5.0 AppleWebKit/537.36 (KHTML, like Gecko; compatible; bingbot/2.0; +http://www.bing.com/bingbot.htm) Chrome/116.0.1938.76 Safari/537.36"
172.68.26.72 - - [11/Jan/2026:01:38:28 +0300] "GET /?GameID=2026-01-10/3782.html HTTP/1.0" 200 19307 "-" "Mozilla/5.0 (Linux; Android 6.0.1; Nexus 5X Build/MMB29P) AppleWebKit/537.36 (KHTML, like Gecko) Chrome/143.0.7499.192 Mobile Safari/537.36 (compatible; Googlebot/2.1; +http://www.google.com/bot.html)"
172.71.194.98 - - [11/Jan/2026:01:38:46 +0300] "GET /?n=92908124323500 HTTP/1.0" 200 1418 "-" "Mozilla/5.0 AppleWebKit/537.36 (KHTML, like Gecko; compatible; bingbot/2.0; +http://www.bing.com/bingbot.htm) Chrome/116.0.1938.76 Safari/537.36"
172.71.190.87 - - [11/Jan/2026:01:38:55 +0300] "GET /1139161297.shtm HTTP/1.0" 404 456 "-" "Mozilla/5.0 AppleWebKit/537.36 (KHTML, like Gecko; compatible; bingbot/2.0; +http://www.bing.com/bingbot.htm) Chrome/116.0.1938.76 Safari/537.36"
172.71.190.87 - - [11/Jan/2026:01:38:55 +0300] "GET /?n=8711122609504 HTTP/1.0" 200 1418 "-" "Mozilla/5.0 AppleWebKit/537.36 (KHTML, like Gecko; compatible; bingbot/2.0; +http://www.bing.com/bingbot.htm) Chrome/116.0.1938.76 Safari/537.36"
172.70.42.79 - - [11/Jan/2026:01:39:25 +0300] "GET /?n=3995285712000 HTTP/1.0" 200 1418 "-" "Mozilla/5.0 AppleWebKit/537.36 (KHTML, like Gecko; compatible; bingbot/2.0; +http://www.bing.com/bingbot.htm) Chrome/116.0.1938.76 Safari/537.36"
104.23.209.110 - - [11/Jan/2026:01:40:54 +0300] "GET /4064103859.shtm HTTP/1.0" 404 456 "-" "Mozilla/5.0 AppleWebKit/537.36 (KHTML, like Gecko; compatible; bingbot/2.0; +http://www.bing.com/bingbot.htm) Chrome/116.0.1938.76 Safari/537.36"
172.68.26.72 - - [11/Jan/2026:01:41:31 +0300] "GET /?ID=6522.html HTTP/1.0" 200 35477 "-" "Mozilla/5.0 (Linux; Android 6.0.1; Nexus 5X Build/MMB29P) AppleWebKit/537.36 (KHTML, like Gecko) Chrome/143.0.7499.192 Mobile Safari/537.36 (compatible; Googlebot/2.1; +http://www.google.com/bot.html)"
172.68.26.72 - - [11/Jan/2026:01:41:31 +0300] "GET /?GameID=2026-01-02/9896.html HTTP/1.0" 200 50694 "-" "Mozilla/5.0 (Linux; Android 6.0.1; Nexus 5X Build/MMB29P) AppleWebKit/537.36 (KHTML, like Gecko) Chrome/143.0.7499.192 Mobile Safari/537.36 (compatible; Googlebot/2.1; +http://www.google.com/bot.html)"
172.68.15.219 - - [11/Jan/2026:01:41:33 +0300] "GET /267380170.shtm HTTP/1.0" 404 456 "-" "Mozilla/5.0 AppleWebKit/537.36 (KHTML, like Gecko; compatible; bingbot/2.0; +http://www.bing.com/bingbot.htm) Chrome/116.0.1938.76 Safari/537.36"
172.69.65.120 - - [11/Jan/2026:01:41:34 +0300] "GET /?GameID=1666.html HTTP/1.0" 200 50207 "https://www.tkanika.ru/?ID=6522.html" "Mozilla/5.0 (Linux; Android 6.0.1; Nexus 5X Build/MMB29P) AppleWebKit/537.36 (KHTML, like Gecko) Chrome/143.0.7499.169 Mobile Safari/537.36 (compatible; Googlebot/2.1; +http://www.google.com/bot.html)"
172.69.65.120 - - [11/Jan/2026:01:41:35 +0300] "GET /?GameID=1601.html HTTP/1.0" 200 49352 "https://www.tkanika.ru/?ID=6522.html" "Mozilla/5.0 (Linux; Android 6.0.1; Nexus 5X Build/MMB29P) AppleWebKit/537.36 (KHTML, like Gecko) Chrome/143.0.7499.169 Mobile Safari/537.36 (compatible; Googlebot/2.1; +http://www.google.com/bot.html)"
104.23.209.111 - - [11/Jan/2026:01:43:53 +0300] "GET /?n=69288221391603 HTTP/1.0" 200 1418 "-" "Mozilla/5.0 AppleWebKit/537.36 (KHTML, like Gecko; compatible; bingbot/2.0; +http://www.bing.com/bingbot.htm) Chrome/116.0.1938.76 Safari/537.36"
172.68.26.72 - - [11/Jan/2026:01:46:40 +0300] "GET /?GameID=2026-01-08/613.html HTTP/1.0" 200 9620 "-" "Mozilla/5.0 (Linux; Android 6.0.1; Nexus 5X Build/MMB29P) AppleWebKit/537.36 (KHTML, like Gecko) Chrome/143.0.7499.192 Mobile Safari/537.36 (compatible; Googlebot/2.1; +http://www.google.com/bot.html)"
172.71.147.131 - - [11/Jan/2026:01:47:29 +0300] "GET /robots.txt HTTP/1.1" 404 173 "-" "Mozilla/5.0 (compatible; DotBot/1.2; +https://opensiteexplorer.org/dotbot; help@moz.com)"
172.70.39.144 - - [11/Jan/2026:01:49:56 +0300] "GET /2423622137.shtm HTTP/1.0" 404 456 "-" "Mozilla/5.0 AppleWebKit/537.36 (KHTML, like Gecko; compatible; bingbot/2.0; +http://www.bing.com/bingbot.htm) Chrome/116.0.1938.76 Safari/537.36"
162.158.79.166 - - [11/Jan/2026:01:50:14 +0300] "GET /?n=38114260379003 HTTP/1.0" 200 1418 "-" "Mozilla/5.0 AppleWebKit/537.36 (KHTML, like Gecko; compatible; bingbot/2.0; +http://www.bing.com/bingbot.htm) Chrome/116.0.1938.76 Safari/537.36"
162.158.174.167 - - [11/Jan/2026:01:50:25 +0300] "GET /?n=34489210913200 HTTP/1.0" 200 2681 "-" "Mozilla/5.0 (Linux; Android 6.0.1; Nexus 5X Build/MMB29P) AppleWebKit/537.36 (KHTML, like Gecko) Chrome/143.0.7499.192 Mobile Safari/537.36 (compatible; Googlebot/2.1; +http://www.google.com/bot.html)"
172.71.194.99 - - [11/Jan/2026:01:51:32 +0300] "GET /2242819231.shtm HTTP/1.0" 404 456 "-" "Mozilla/5.0 AppleWebKit/537.36 (KHTML, like Gecko; compatible; bingbot/2.0; +http://www.bing.com/bingbot.htm) Chrome/116.0.1938.76 Safari/537.36"
162.158.91.70 - - [11/Jan/2026:01:52:04 +0300] "GET / HTTP/1.0" 200 1407 "-" "Mozilla/5.0 (Windows NT 10.0; Win64; x64) AppleWebKit/537.36 (KHTML, like Gecko) Chrome/78.0.3904.108 Safari/537.36"
162.158.91.70 - - [11/Jan/2026:01:52:04 +0300] "GET //wp-includes/wlwmanifest.xml HTTP/1.0" 404 452 "-" "Mozilla/5.0 (Windows NT 10.0; Win64; x64) AppleWebKit/537.36 (KHTML, like Gecko) Chrome/78.0.3904.108 Safari/537.36"
162.158.91.70 - - [11/Jan/2026:01:52:04 +0300] "GET //xmlrpc.php?rsd HTTP/1.0" 404 452 "-" "Mozilla/5.0 (Windows NT 10.0; Win64; x64) AppleWebKit/537.36 (KHTML, like Gecko) Chrome/78.0.3904.108 Safari/537.36"
162.158.91.70 - - [11/Jan/2026:01:52:04 +0300] "GET / HTTP/1.0" 200 1407 "-" "Mozilla/5.0 (Windows NT 10.0; Win64; x64) AppleWebKit/537.36 (KHTML, like Gecko) Chrome/78.0.3904.108 Safari/537.36"
162.158.91.70 - - [11/Jan/2026:01:52:04 +0300] "GET //blog/wp-includes/wlwmanifest.xml HTTP/1.0" 404 452 "-" "Mozilla/5.0 (Windows NT 10.0; Win64; x64) AppleWebKit/537.36 (KHTML, like Gecko) Chrome/78.0.3904.108 Safari/537.36"
162.158.91.70 - - [11/Jan/2026:01:52:05 +0300] "GET //web/wp-includes/wlwmanifest.xml HTTP/1.0" 404 452 "-" "Mozilla/5.0 (Windows NT 10.0; Win64; x64) AppleWebKit/537.36 (KHTML, like Gecko) Chrome/78.0.3904.108 Safari/537.36"
162.158.91.70 - - [11/Jan/2026:01:52:05 +0300] "GET //wordpress/wp-includes/wlwmanifest.xml HTTP/1.0" 404 452 "-" "Mozilla/5.0 (Windows NT 10.0; Win64; x64) AppleWebKit/537.36 (KHTML, like Gecko) Chrome/78.0.3904.108 Safari/537.36"
162.158.91.70 - - [11/Jan/2026:01:52:05 +0300] "GET //website/wp-includes/wlwmanifest.xml HTTP/1.0" 404 452 "-" "Mozilla/5.0 (Windows NT 10.0; Win64; x64) AppleWebKit/537.36 (KHTML, like Gecko) Chrome/78.0.3904.108 Safari/537.36"
162.158.91.70 - - [11/Jan/2026:01:52:05 +0300] "GET //wp/wp-includes/wlwmanifest.xml HTTP/1.0" 404 452 "-" "Mozilla/5.0 (Windows NT 10.0; Win64; x64) AppleWebKit/537.36 (KHTML, like Gecko) Chrome/78.0.3904.108 Safari/537.36"
162.158.91.70 - - [11/Jan/2026:01:52:06 +0300] "GET //news/wp-includes/wlwmanifest.xml HTTP/1.0" 404 452 "-" "Mozilla/5.0 (Windows NT 10.0; Win64; x64) AppleWebKit/537.36 (KHTML, like Gecko) Chrome/78.0.3904.108 Safari/537.36"
162.158.91.70 - - [11/Jan/2026:01:52:07 +0300] "GET //2018/wp-includes/wlwmanifest.xml HTTP/1.0" 404 452 "-" "Mozilla/5.0 (Windows NT 10.0; Win64; x64) AppleWebKit/537.36 (KHTML, like Gecko) Chrome/78.0.3904.108 Safari/537.36"
162.158.91.70 - - [11/Jan/2026:01:52:07 +0300] "GET //2019/wp-includes/wlwmanifest.xml HTTP/1.0" 404 452 "-" "Mozilla/5.0 (Windows NT 10.0; Win64; x64) AppleWebKit/537.36 (KHTML, like Gecko) Chrome/78.0.3904.108 Safari/537.36"
162.158.91.70 - - [11/Jan/2026:01:52:08 +0300] "GET //shop/wp-includes/wlwmanifest.xml HTTP/1.0" 404 452 "-" "Mozilla/5.0 (Windows NT 10.0; Win64; x64) AppleWebKit/537.36 (KHTML, like Gecko) Chrome/78.0.3904.108 Safari/537.36"
162.158.91.70 - - [11/Jan/2026:01:52:08 +0300] "GET //wp1/wp-includes/wlwmanifest.xml HTTP/1.0" 404 452 "-" "Mozilla/5.0 (Windows NT 10.0; Win64; x64) AppleWebKit/537.36 (KHTML, like Gecko) Chrome/78.0.3904.108 Safari/537.36"
162.158.91.70 - - [11/Jan/2026:01:52:08 +0300] "GET //test/wp-includes/wlwmanifest.xml HTTP/1.0" 404 452 "-" "Mozilla/5.0 (Windows NT 10.0; Win64; x64) AppleWebKit/537.36 (KHTML, like Gecko) Chrome/78.0.3904.108 Safari/537.36"
162.158.91.70 - - [11/Jan/2026:01:52:09 +0300] "GET //media/wp-includes/wlwmanifest.xml HTTP/1.0" 404 452 "-" "Mozilla/5.0 (Windows NT 10.0; Win64; x64) AppleWebKit/537.36 (KHTML, like Gecko) Chrome/78.0.3904.108 Safari/537.36"
162.158.91.70 - - [11/Jan/2026:01:52:09 +0300] "GET //wp2/wp-includes/wlwmanifest.xml HTTP/1.0" 404 452 "-" "Mozilla/5.0 (Windows NT 10.0; Win64; x64) AppleWebKit/537.36 (KHTML, like Gecko) Chrome/78.0.3904.108 Safari/537.36"
162.158.91.70 - - [11/Jan/2026:01:52:09 +0300] "GET //site/wp-includes/wlwmanifest.xml HTTP/1.0" 404 452 "-" "Mozilla/5.0 (Windows NT 10.0; Win64; x64) AppleWebKit/537.36 (KHTML, like Gecko) Chrome/78.0.3904.108 Safari/537.36"
162.158.91.70 - - [11/Jan/2026:01:52:09 +0300] "GET //cms/wp-includes/wlwmanifest.xml HTTP/1.0" 404 452 "-" "Mozilla/5.0 (Windows NT 10.0; Win64; x64) AppleWebKit/537.36 (KHTML, like Gecko) Chrome/78.0.3904.108 Safari/537.36"
162.158.91.70 - - [11/Jan/2026:01:52:09 +0300] "GET //sito/wp-includes/wlwmanifest.xml HTTP/1.0" 404 452 "-" "Mozilla/5.0 (Windows NT 10.0; Win64; x64) AppleWebKit/537.36 (KHTML, like Gecko) Chrome/78.0.3904.108 Safari/537.36"
104.23.213.53 - - [11/Jan/2026:01:53:16 +0300] "GET /?n=98628268341505 HTTP/1.0" 200 1418 "-" "Mozilla/5.0 AppleWebKit/537.36 (KHTML, like Gecko; compatible; bingbot/2.0; +http://www.bing.com/bingbot.htm) Chrome/116.0.1938.76 Safari/537.36"
172.69.192.156 - - [11/Jan/2026:01:53:30 +0300] "HEAD / HTTP/1.0" 200 260 "-" "python-requests/2.32.5"
172.69.192.156 - - [11/Jan/2026:01:54:00 +0300] "GET /wp-admin/ HTTP/1.0" 404 452 "binance.com" "Mozilla/5.0 (Macintosh; Intel Mac OS X 14_3) AppleWebKit/537.36 (KHTML, like Gecko) Chrome/121.0.0.0 Safari/537.36"
104.23.213.53 - - [11/Jan/2026:01:54:08 +0300] "GET /?n=94099119210004 HTTP/1.0" 200 1418 "-" "Mozilla/5.0 AppleWebKit/537.36 (KHTML, like Gecko; compatible; bingbot/2.0; +http://www.bing.com/bingbot.htm) Chrome/116.0.1938.76 Safari/537.36"
104.23.213.53 - - [11/Jan/2026:01:54:09 +0300] "GET /943017168.shtm HTTP/1.0" 404 456 "-" "Mozilla/5.0 AppleWebKit/537.36 (KHTML, like Gecko; compatible; bingbot/2.0; +http://www.bing.com/bingbot.htm) Chrome/116.0.1938.76 Safari/537.36"
104.23.213.53 - - [11/Jan/2026:01:54:10 +0300] "GET /3198236742.shtm HTTP/1.0" 404 456 "-" "Mozilla/5.0 AppleWebKit/537.36 (KHTML, like Gecko; compatible; bingbot/2.0; +http://www.bing.com/bingbot.htm) Chrome/116.0.1938.76 Safari/537.36"
162.158.79.165 - - [11/Jan/2026:01:54:47 +0300] "GET /3064831008.shtm HTTP/1.0" 404 456 "-" "Mozilla/5.0 AppleWebKit/537.36 (KHTML, like Gecko; compatible; bingbot/2.0; +http://www.bing.com/bingbot.htm) Chrome/116.0.1938.76 Safari/537.36"
172.70.174.128 - - [11/Jan/2026:01:54:51 +0300] "GET /1176014584.shtm HTTP/1.0" 404 456 "-" "Mozilla/5.0 AppleWebKit/537.36 (KHTML, like Gecko; compatible; bingbot/2.0; +http://www.bing.com/bingbot.htm) Chrome/116.0.1938.76 Safari/537.36"
104.23.209.111 - - [11/Jan/2026:01:54:56 +0300] "GET /2598012266.shtm HTTP/1.0" 404 456 "-" "Mozilla/5.0 AppleWebKit/537.36 (KHTML, like Gecko; compatible; bingbot/2.0; +http://www.bing.com/bingbot.htm) Chrome/116.0.1938.76 Safari/537.36"
198.41.227.152 - - [11/Jan/2026:01:56:56 +0300] "GET /?GameID=2026-01-10/885.html HTTP/1.0" 200 50637 "-" "Mozilla/5.0 (Linux; Android 6.0.1; Nexus 5X Build/MMB29P) AppleWebKit/537.36 (KHTML, like Gecko) Chrome/143.0.7499.192 Mobile Safari/537.36 (compatible; Googlebot/2.1; +http://www.google.com/bot.html)"
104.23.209.110 - - [11/Jan/2026:01:57:05 +0300] "GET /2829539540.shtm HTTP/1.0" 404 456 "-" "Mozilla/5.0 AppleWebKit/537.36 (KHTML, like Gecko; compatible; bingbot/2.0; +http://www.bing.com/bingbot.htm) Chrome/116.0.1938.76 Safari/537.36"
104.23.213.52 - - [11/Jan/2026:01:57:47 +0300] "GET /545128377.shtm HTTP/1.0" 404 456 "-" "Mozilla/5.0 AppleWebKit/537.36 (KHTML, like Gecko; compatible; bingbot/2.0; +http://www.bing.com/bingbot.htm) Chrome/116.0.1938.76 Safari/537.36"
104.23.213.52 - - [11/Jan/2026:01:57:48 +0300] "GET /?n=29287159318301 HTTP/1.0" 200 1418 "-" "Mozilla/5.0 AppleWebKit/537.36 (KHTML, like Gecko; compatible; bingbot/2.0; +http://www.bing.com/bingbot.htm) Chrome/116.0.1938.76 Safari/537.36"
172.70.34.224 - - [11/Jan/2026:01:58:09 +0300] "GET /3420053019.shtm HTTP/1.0" 404 456 "-" "Mozilla/5.0 AppleWebKit/537.36 (KHTML, like Gecko; compatible; bingbot/2.0; +http://www.bing.com/bingbot.htm) Chrome/116.0.1938.76 Safari/537.36"
172.71.147.234 - - [11/Jan/2026:01:58:20 +0300] "GET /db0aws/industrial-blast-furnace.html HTTP/1.0" 404 452 "-" "Mozilla/5.0 (compatible; DotBot/1.2; +https://opensiteexplorer.org/dotbot; help@moz.com)"
172.71.147.234 - - [11/Jan/2026:01:58:25 +0300] "GET /noquemi/being-the-other-woman-in-an-open-relationship.html HTTP/1.0" 404 452 "-" "Mozilla/5.0 (compatible; DotBot/1.2; +https://opensiteexplorer.org/dotbot; help@moz.com)"
162.159.120.177 - - [11/Jan/2026:01:58:29 +0300] "GET /noquemi/re4-remake-exclusive-upgrade-ticket.html HTTP/1.0" 404 452 "-" "Mozilla/5.0 (compatible; DotBot/1.2; +https://opensiteexplorer.org/dotbot; help@moz.com)"
172.71.190.87 - - [11/Jan/2026:01:58:34 +0300] "GET /?n=91001295512000 HTTP/1.0" 200 1418 "-" "Mozilla/5.0 AppleWebKit/537.36 (KHTML, like Gecko; compatible; bingbot/2.0; +http://www.bing.com/bingbot.htm) Chrome/116.0.1938.76 Safari/537.36"
162.158.79.166 - - [11/Jan/2026:01:59:15 +0300] "GET /1753099394.shtm HTTP/1.0" 404 456 "-" "Mozilla/5.0 AppleWebKit/537.36 (KHTML, like Gecko; compatible; bingbot/2.0; +http://www.bing.com/bingbot.htm) Chrome/116.0.1938.76 Safari/537.36"
172.70.39.143 - - [11/Jan/2026:01:59:26 +0300] "GET /?n=8768637795100 HTTP/1.0" 200 1418 "-" "Mozilla/5.0 AppleWebKit/537.36 (KHTML, like Gecko; compatible; bingbot/2.0; +http://www.bing.com/bingbot.htm) Chrome/116.0.1938.76 Safari/537.36"
172.70.94.72 - - [11/Jan/2026:01:59:29 +0300] "GET /?ID=4477.html HTTP/1.0" 200 9948 "-" "Mozilla/5.0 (Linux; Android 6.0.1; Nexus 5X Build/MMB29P) AppleWebKit/537.36 (KHTML, like Gecko) Chrome/143.0.7499.192 Mobile Safari/537.36 (compatible; Googlebot/2.1; +http://www.google.com/bot.html)"
172.69.65.119 - - [11/Jan/2026:01:59:57 +0300] "GET /?ID=%EA%B2%80%EC%A6%9D%20%EC%BB%A4%EB%AE%A4%EB%8B%88%ED%8B%B0%20%EB%B2%A0%EC%8A%A4%ED%8A%B8%20%EC%98%A8%EB%9D%BC%EC%9D%B8%20%EC%B9%B4%EC%A7%80%EB%85%B8.html HTTP/1.0" 200 19990 "-" "Mozilla/5.0 (Linux; Android 6.0.1; Nexus 5X Build/MMB29P) AppleWebKit/537.36 (KHTML, like Gecko) Chrome/143.0.7499.192 Mobile Safari/537.36 (compatible; Googlebot/2.1; +http://www.google.com/bot.html)"
172.70.94.72 - - [11/Jan/2026:02:00:06 +0300] "GET /?GameID=2026-01-09/269.html HTTP/1.0" 200 10583 "-" "Mozilla/5.0 (compatible; Googlebot/2.1; +http://www.google.com/bot.html)"
162.158.88.84 - - [11/Jan/2026:02:00:09 +0300] "GET /noquemi/cardinal-dolan-net-worth.html HTTP/1.0" 404 452 "http://talmans.com/qdbjyl/sage-green-satin-dress-modest.html" "Mozilla/5.0 (Linux; Android 7.0;) AppleWebKit/537.36 (KHTML, like Gecko) Mobile Safari/537.36 (compatible; PetalBot;+https://webmaster.petalsearch.com/site/petalbot)"
172.70.34.224 - - [11/Jan/2026:02:00:29 +0300] "GET /?n=77778153940809 HTTP/1.0" 200 1418 "-" "Mozilla/5.0 AppleWebKit/537.36 (KHTML, like Gecko; compatible; bingbot/2.0; +http://www.bing.com/bingbot.htm) Chrome/116.0.1938.76 Safari/537.36"
172.70.34.224 - - [11/Jan/2026:02:00:30 +0300] "GET /374785300.shtm HTTP/1.0" 404 456 "-" "Mozilla/5.0 AppleWebKit/537.36 (KHTML, like Gecko; compatible; bingbot/2.0; +http://www.bing.com/bingbot.htm) Chrome/116.0.1938.76 Safari/537.36"
172.70.34.224 - - [11/Jan/2026:02:00:55 +0300] "GET /2315645296.shtm HTTP/1.0" 404 456 "-" "Mozilla/5.0 AppleWebKit/537.36 (KHTML, like Gecko; compatible; bingbot/2.0; +http://www.bing.com/bingbot.htm) Chrome/116.0.1938.76 Safari/537.36"
172.70.34.224 - - [11/Jan/2026:02:00:56 +0300] "GET /3919952408.shtm HTTP/1.0" 404 456 "-" "Mozilla/5.0 AppleWebKit/537.36 (KHTML, like Gecko; compatible; bingbot/2.0; +http://www.bing.com/bingbot.htm) Chrome/116.0.1938.76 Safari/537.36"
162.158.79.165 - - [11/Jan/2026:02:00:59 +0300] "GET /?n=910713546503 HTTP/1.0" 200 1418 "-" "Mozilla/5.0 AppleWebKit/537.36 (KHTML, like Gecko; compatible; bingbot/2.0; +http://www.bing.com/bingbot.htm) Chrome/116.0.1938.76 Safari/537.36"
172.70.42.78 - - [11/Jan/2026:02:01:55 +0300] "GET /3650207575.shtm HTTP/1.0" 404 456 "-" "Mozilla/5.0 AppleWebKit/537.36 (KHTML, like Gecko; compatible; bingbot/2.0; +http://www.bing.com/bingbot.htm) Chrome/116.0.1938.76 Safari/537.36"
172.70.94.73 - - [11/Jan/2026:02:02:10 +0300] "GET /?ID=3271.html HTTP/1.0" 200 9375 "-" "Mozilla/5.0 (Linux; Android 6.0.1; Nexus 5X Build/MMB29P) AppleWebKit/537.36 (KHTML, like Gecko) Chrome/143.0.7499.192 Mobile Safari/537.36 (compatible; Googlebot/2.1; +http://www.google.com/bot.html)"
172.68.26.72 - - [11/Jan/2026:02:03:31 +0300] "GET /?GameID=2026-01-02/2809.html HTTP/1.0" 200 9160 "-" "Mozilla/5.0 (compatible; Googlebot/2.1; +http://www.google.com/bot.html)"
104.23.213.53 - - [11/Jan/2026:02:04:48 +0300] "GET /3686528856.shtm HTTP/1.0" 404 456 "-" "Mozilla/5.0 AppleWebKit/537.36 (KHTML, like Gecko; compatible; bingbot/2.0; +http://www.bing.com/bingbot.htm) Chrome/116.0.1938.76 Safari/537.36"
172.70.39.143 - - [11/Jan/2026:02:04:59 +0300] "GET /2553527014.shtm HTTP/1.0" 404 456 "-" "Mozilla/5.0 AppleWebKit/537.36 (KHTML, like Gecko; compatible; bingbot/2.0; +http://www.bing.com/bingbot.htm) Chrome/116.0.1938.76 Safari/537.36"
172.70.34.224 - - [11/Jan/2026:02:05:36 +0300] "GET /1376188585.shtm HTTP/1.0" 404 456 "-" "Mozilla/5.0 AppleWebKit/537.36 (KHTML, like Gecko; compatible; bingbot/2.0; +http://www.bing.com/bingbot.htm) Chrome/116.0.1938.76 Safari/537.36"
172.70.34.224 - - [11/Jan/2026:02:05:48 +0300] "GET /3838800783.shtm HTTP/1.0" 404 456 "-" "Mozilla/5.0 AppleWebKit/537.36 (KHTML, like Gecko; compatible; bingbot/2.0; +http://www.bing.com/bingbot.htm) Chrome/116.0.1938.76 Safari/537.36"
198.41.227.152 - - [11/Jan/2026:02:06:39 +0300] "GET /?GameID=2026-01-09/285.html HTTP/1.0" 200 9677 "-" "Mozilla/5.0 (compatible; Googlebot/2.1; +http://www.google.com/bot.html)"
162.159.104.109 - - [11/Jan/2026:02:08:17 +0300] "GET /?GameID=2026-01-06/8606.html HTTP/1.0" 200 9124 "-" "Mozilla/5.0 (compatible; Googlebot/2.1; +http://www.google.com/bot.html)"
104.23.209.110 - - [11/Jan/2026:02:08:18 +0300] "GET /3723925214.shtm HTTP/1.0" 404 456 "-" "Mozilla/5.0 AppleWebKit/537.36 (KHTML, like Gecko; compatible; bingbot/2.0; +http://www.bing.com/bingbot.htm) Chrome/116.0.1938.76 Safari/537.36"
162.159.104.109 - - [11/Jan/2026:02:08:20 +0300] "GET /?GameID=2026-01-10/vnbsoc.html HTTP/1.0" 200 10014 "-" "Mozilla/5.0 (Linux; Android 6.0.1; Nexus 5X Build/MMB29P) AppleWebKit/537.36 (KHTML, like Gecko) Chrome/143.0.7499.192 Mobile Safari/537.36 (compatible; Googlebot/2.1; +http://www.google.com/bot.html)"
172.70.94.72 - - [11/Jan/2026:02:09:10 +0300] "GET /?GameID=3855.html HTTP/1.0" 200 10696 "-" "Mozilla/5.0 (compatible; Googlebot/2.1; +http://www.google.com/bot.html)"
172.71.194.99 - - [11/Jan/2026:02:09:28 +0300] "GET /?n=49186233145000 HTTP/1.0" 200 1418 "-" "Mozilla/5.0 AppleWebKit/537.36 (KHTML, like Gecko; compatible; bingbot/2.0; +http://www.bing.com/bingbot.htm) Chrome/116.0.1938.76 Safari/537.36"
162.159.104.109 - - [11/Jan/2026:02:10:37 +0300] "GET /?GameID=2026-01-09/qqtgqv.html HTTP/1.0" 200 9436 "-" "Mozilla/5.0 (compatible; Googlebot/2.1; +http://www.google.com/bot.html)"
104.23.211.224 - - [11/Jan/2026:02:10:44 +0300] "GET /3488737618.shtm HTTP/1.0" 404 456 "-" "Mozilla/5.0 AppleWebKit/537.36 (KHTML, like Gecko; compatible; bingbot/2.0; +http://www.bing.com/bingbot.htm) Chrome/116.0.1938.76 Safari/537.36"
104.23.211.224 - - [11/Jan/2026:02:10:54 +0300] "GET /3566447849.shtm HTTP/1.0" 404 456 "-" "Mozilla/5.0 AppleWebKit/537.36 (KHTML, like Gecko; compatible; bingbot/2.0; +http://www.bing.com/bingbot.htm) Chrome/116.0.1938.76 Safari/537.36"
172.70.42.78 - - [11/Jan/2026:02:11:46 +0300] "GET /168644750.shtm HTTP/1.0" 404 456 "-" "Mozilla/5.0 AppleWebKit/537.36 (KHTML, like Gecko; compatible; bingbot/2.0; +http://www.bing.com/bingbot.htm) Chrome/116.0.1938.76 Safari/537.36"
172.71.102.78 - - [11/Jan/2026:02:13:20 +0300] "GET / HTTP/1.0" 200 1407 "-" "-"
172.71.194.98 - - [11/Jan/2026:02:14:27 +0300] "GET /1951196973.shtm HTTP/1.0" 404 456 "-" "Mozilla/5.0 AppleWebKit/537.36 (KHTML, like Gecko; compatible; bingbot/2.0; +http://www.bing.com/bingbot.htm) Chrome/116.0.1938.76 Safari/537.36"
172.70.39.143 - - [11/Jan/2026:02:15:06 +0300] "GET /?n=08731225177004 HTTP/1.0" 200 1418 "-" "Mozilla/5.0 AppleWebKit/537.36 (KHTML, like Gecko; compatible; bingbot/2.0; +http://www.bing.com/bingbot.htm) Chrome/116.0.1938.76 Safari/537.36"
162.158.88.85 - - [11/Jan/2026:02:15:39 +0300] "GET /noquemi/list-of-academic-journals-by-subject.html HTTP/1.0" 404 452 "https://sever-rezerv.ru/qko9na/schumacher-jump-starter-800.html" "Mozilla/5.0 (Linux; Android 7.0;) AppleWebKit/537.36 (KHTML, like Gecko) Mobile Safari/537.36 (compatible; PetalBot;+https://webmaster.petalsearch.com/site/petalbot)"
172.70.94.72 - - [11/Jan/2026:02:15:40 +0300] "GET /?GameID=2026-01-01/kgmisd.html HTTP/1.0" 200 10525 "-" "Mozilla/5.0 (compatible; Googlebot/2.1; +http://www.google.com/bot.html)"
172.70.94.72 - - [11/Jan/2026:02:15:41 +0300] "GET /?GameID=2026-01-01/kgmisd.html HTTP/1.0" 200 10525 "-" "Mozilla/5.0 (Linux; Android 6.0.1; Nexus 5X Build/MMB29P) AppleWebKit/537.36 (KHTML, like Gecko) Chrome/143.0.7499.192 Mobile Safari/537.36 (compatible; Googlebot/2.1; +http://www.google.com/bot.html)"
172.70.208.33 - - [11/Jan/2026:02:17:03 +0300] "GET /db0aws/motor-cooling-fan-blades-plastic.html HTTP/1.0" 404 452 "https://travel.netwiz.ru/lxp67/diablo-immortal-soft-caps.html" "Mozilla/5.0 (Linux; Android 7.0;) AppleWebKit/537.36 (KHTML, like Gecko) Mobile Safari/537.36 (compatible; PetalBot;+https://webmaster.petalsearch.com/site/petalbot)"
172.68.15.219 - - [11/Jan/2026:02:17:26 +0300] "GET /?n=21425242357704 HTTP/1.0" 200 1418 "-" "Mozilla/5.0 AppleWebKit/537.36 (KHTML, like Gecko; compatible; bingbot/2.0; +http://www.bing.com/bingbot.htm) Chrome/116.0.1938.76 Safari/537.36"
162.158.210.53 - - [11/Jan/2026:02:17:33 +0300] "GET /2025.gz HTTP/1.0" 404 452 "-" "Mozilla/5.0 (Windows NT 10.0; Win64; x64) AppleWebKit/537.36 (KHTML, like Gecko) Chrome/101.0.4951.67 Safari/537.36"
172.71.190.86 - - [11/Jan/2026:02:19:28 +0300] "GET /3338008087.shtm HTTP/1.0" 404 456 "-" "Mozilla/5.0 AppleWebKit/537.36 (KHTML, like Gecko; compatible; bingbot/2.0; +http://www.bing.com/bingbot.htm) Chrome/116.0.1938.76 Safari/537.36"
172.71.190.86 - - [11/Jan/2026:02:19:28 +0300] "GET /?n=0645799488105 HTTP/1.0" 200 1418 "-" "Mozilla/5.0 AppleWebKit/537.36 (KHTML, like Gecko; compatible; bingbot/2.0; +http://www.bing.com/bingbot.htm) Chrome/116.0.1938.76 Safari/537.36"
104.23.221.216 - - [11/Jan/2026:02:19:44 +0300] "GET /?n=8191931983702 HTTP/1.0" 200 1418 "-" "Mozilla/5.0 AppleWebKit/537.36 (KHTML, like Gecko; compatible; bingbot/2.0; +http://www.bing.com/bingbot.htm) Chrome/116.0.1938.76 Safari/537.36"
172.71.194.99 - - [11/Jan/2026:02:20:59 +0300] "GET /3701487844.shtm HTTP/1.0" 404 456 "-" "Mozilla/5.0 AppleWebKit/537.36 (KHTML, like Gecko; compatible; bingbot/2.0; +http://www.bing.com/bingbot.htm) Chrome/116.0.1938.76 Safari/537.36"
172.69.195.129 - - [11/Jan/2026:02:21:19 +0300] "GET /?GameID=2026-01-01/6833.html HTTP/1.0" 200 1407 "-" "Mozilla/5.0 (compatible; AhrefsBot/7.0; +http://ahrefs.com/robot/)"
172.70.38.99 - - [11/Jan/2026:02:21:20 +0300] "GET /robots.txt HTTP/1.1" 404 173 "-" "Mozilla/5.0 (compatible; AhrefsBot/7.0; +http://ahrefs.com/robot/)"
172.71.191.63 - - [11/Jan/2026:02:21:20 +0300] "GET /css/style.css HTTP/1.1" 200 4696 "https://www.tkanika.ru/?GameID=2026-01-01/6833.html" "Mozilla/5.0 (compatible; AhrefsBot/7.0; +http://ahrefs.com/robot/)"
172.68.26.73 - - [11/Jan/2026:02:21:45 +0300] "GET /?ID=%EB%9D%BC%EC%9D%B4%ED%8A%B8%EB%8B%9D%20%EB%B8%94%EB%9E%99%EC%9E%AD.html HTTP/1.0" 200 10426 "-" "Mozilla/5.0 (Linux; Android 6.0.1; Nexus 5X Build/MMB29P) AppleWebKit/537.36 (KHTML, like Gecko) Chrome/143.0.7499.192 Mobile Safari/537.36 (compatible; Googlebot/2.1; +http://www.google.com/bot.html)"
172.71.223.183 - - [11/Jan/2026:02:22:48 +0300] "GET /?n=69711177905001 HTTP/1.0" 200 1418 "-" "Mozilla/5.0 AppleWebKit/537.36 (KHTML, like Gecko; compatible; bingbot/2.0; +http://www.bing.com/bingbot.htm) Chrome/116.0.1938.76 Safari/537.36"
172.70.34.224 - - [11/Jan/2026:02:23:57 +0300] "GET /?n=77797257833200 HTTP/1.0" 200 1418 "-" "Mozilla/5.0 AppleWebKit/537.36 (KHTML, like Gecko; compatible; bingbot/2.0; +http://www.bing.com/bingbot.htm) Chrome/116.0.1938.76 Safari/537.36"
172.70.34.224 - - [11/Jan/2026:02:23:58 +0300] "GET /?n=68822279294600 HTTP/1.0" 200 1418 "-" "Mozilla/5.0 AppleWebKit/537.36 (KHTML, like Gecko; compatible; bingbot/2.0; +http://www.bing.com/bingbot.htm) Chrome/116.0.1938.76 Safari/537.36"
172.70.39.143 - - [11/Jan/2026:02:24:39 +0300] "GET /?n=1758268331404 HTTP/1.0" 200 1418 "-" "Mozilla/5.0 AppleWebKit/537.36 (KHTML, like Gecko; compatible; bingbot/2.0; +http://www.bing.com/bingbot.htm) Chrome/116.0.1938.76 Safari/537.36"
172.71.223.184 - - [11/Jan/2026:02:24:50 +0300] "GET /?n=72077234838002 HTTP/1.0" 200 1418 "-" "Mozilla/5.0 AppleWebKit/537.36 (KHTML, like Gecko; compatible; bingbot/2.0; +http://www.bing.com/bingbot.htm) Chrome/116.0.1938.76 Safari/537.36"
172.68.245.206 - - [11/Jan/2026:02:25:00 +0300] "GET /268184840.shtm HTTP/1.0" 404 456 "-" "Mozilla/5.0 AppleWebKit/537.36 (KHTML, like Gecko; compatible; bingbot/2.0; +http://www.bing.com/bingbot.htm) Chrome/116.0.1938.76 Safari/537.36"
172.71.166.217 - - [11/Jan/2026:02:25:56 +0300] "GET /?GameID=2026-01-10/muaeyx.html HTTP/1.0" 200 34797 "-" "Mozilla/5.0 (Linux; Android 6.0.1; Nexus 5X Build/MMB29P) AppleWebKit/537.36 (KHTML, like Gecko) Chrome/143.0.7499.192 Mobile Safari/537.36 (compatible; Googlebot/2.1; +http://www.google.com/bot.html)"
172.69.65.119 - - [11/Jan/2026:02:25:59 +0300] "GET /?GameID=2026-01-11/4625.html HTTP/1.0" 200 35122 "https://www.tkanika.ru/?GameID=2026-01-10/muaeyx.html" "Mozilla/5.0 (Linux; Android 6.0.1; Nexus 5X Build/MMB29P) AppleWebKit/537.36 (KHTML, like Gecko) Chrome/143.0.7499.169 Mobile Safari/537.36 (compatible; Googlebot/2.1; +http://www.google.com/bot.html)"
172.69.65.119 - - [11/Jan/2026:02:26:01 +0300] "GET /?GameID=2026-01-11/4155.html HTTP/1.0" 200 19296 "https://www.tkanika.ru/?GameID=2026-01-10/muaeyx.html" "Mozilla/5.0 (Linux; Android 6.0.1; Nexus 5X Build/MMB29P) AppleWebKit/537.36 (KHTML, like Gecko) Chrome/143.0.7499.169 Mobile Safari/537.36 (compatible; Googlebot/2.1; +http://www.google.com/bot.html)"
172.69.65.119 - - [11/Jan/2026:02:26:02 +0300] "GET /?GameID=2026-01-11/1020.html HTTP/1.0" 200 49399 "https://www.tkanika.ru/?GameID=2026-01-10/muaeyx.html" "Mozilla/5.0 (Linux; Android 6.0.1; Nexus 5X Build/MMB29P) AppleWebKit/537.36 (KHTML, like Gecko) Chrome/143.0.7499.169 Mobile Safari/537.36 (compatible; Googlebot/2.1; +http://www.google.com/bot.html)"
172.68.245.207 - - [11/Jan/2026:02:26:39 +0300] "GET /?n=02739139342804 HTTP/1.0" 200 1418 "-" "Mozilla/5.0 AppleWebKit/537.36 (KHTML, like Gecko; compatible; bingbot/2.0; +http://www.bing.com/bingbot.htm) Chrome/116.0.1938.76 Safari/537.36"
172.68.245.207 - - [11/Jan/2026:02:26:39 +0300] "GET /2496485578.shtm HTTP/1.0" 404 456 "-" "Mozilla/5.0 AppleWebKit/537.36 (KHTML, like Gecko; compatible; bingbot/2.0; +http://www.bing.com/bingbot.htm) Chrome/116.0.1938.76 Safari/537.36"
172.70.39.143 - - [11/Jan/2026:02:27:00 +0300] "GET /1475134745.shtm HTTP/1.0" 404 456 "-" "Mozilla/5.0 AppleWebKit/537.36 (KHTML, like Gecko; compatible; bingbot/2.0; +http://www.bing.com/bingbot.htm) Chrome/116.0.1938.76 Safari/537.36"
104.23.209.111 - - [11/Jan/2026:02:28:03 +0300] "GET /?n=39178197835300 HTTP/1.0" 200 1418 "-" "Mozilla/5.0 AppleWebKit/537.36 (KHTML, like Gecko; compatible; bingbot/2.0; +http://www.bing.com/bingbot.htm) Chrome/116.0.1938.76 Safari/537.36"
172.71.194.98 - - [11/Jan/2026:02:28:09 +0300] "GET /?n=80580175859100 HTTP/1.0" 200 1418 "-" "Mozilla/5.0 AppleWebKit/537.36 (KHTML, like Gecko; compatible; bingbot/2.0; +http://www.bing.com/bingbot.htm) Chrome/116.0.1938.76 Safari/537.36"
172.71.194.98 - - [11/Jan/2026:02:28:10 +0300] "GET /3653942648.shtm HTTP/1.0" 404 456 "-" "Mozilla/5.0 AppleWebKit/537.36 (KHTML, like Gecko; compatible; bingbot/2.0; +http://www.bing.com/bingbot.htm) Chrome/116.0.1938.76 Safari/537.36"
172.70.174.128 - - [11/Jan/2026:02:33:17 +0300] "GET /?n=58870158451006 HTTP/1.0" 200 1418 "-" "Mozilla/5.0 AppleWebKit/537.36 (KHTML, like Gecko; compatible; bingbot/2.0; +http://www.bing.com/bingbot.htm) Chrome/116.0.1938.76 Safari/537.36"
104.23.209.111 - - [11/Jan/2026:02:34:00 +0300] "GET /3198709139.shtm HTTP/1.0" 404 456 "-" "Mozilla/5.0 AppleWebKit/537.36 (KHTML, like Gecko; compatible; bingbot/2.0; +http://www.bing.com/bingbot.htm) Chrome/116.0.1938.76 Safari/537.36"
104.23.209.111 - - [11/Jan/2026:02:34:01 +0300] "GET /1816438475.shtm HTTP/1.0" 404 456 "-" "Mozilla/5.0 AppleWebKit/537.36 (KHTML, like Gecko; compatible; bingbot/2.0; +http://www.bing.com/bingbot.htm) Chrome/116.0.1938.76 Safari/537.36"
104.23.209.111 - - [11/Jan/2026:02:34:01 +0300] "GET /?n=75209108778201 HTTP/1.0" 200 1418 "-" "Mozilla/5.0 AppleWebKit/537.36 (KHTML, like Gecko; compatible; bingbot/2.0; +http://www.bing.com/bingbot.htm) Chrome/116.0.1938.76 Safari/537.36"
162.158.139.5 - - [11/Jan/2026:02:34:49 +0300] "GET /admin.php HTTP/1.0" 404 452 "https://www.bing.com/" "Mozilla/5.g (Linux; Android 13; Pixel 7) AppleWebKit/537.36 (KHTML, like Gecko) Chrome/116.0.0.0 Mobile Safari/537.36"
162.158.138.220 - - [11/Jan/2026:02:34:50 +0300] "GET /file.php HTTP/1.0" 404 452 "https://www.yahoo.com/" "Mozilla/5.0 (iPhone; CPU iPhone OS 17_1 like Mac OS X) AppleWebKit/605.1.15 (KHTML, like Gecko) CriOS/119.0.6045.109 Mobile/15E148 Safari/604.1"
162.158.138.220 - - [11/Jan/2026:02:34:50 +0300] "GET /index.php HTTP/1.0" 200 1407 "https://www.yahoo.com/" "Mozilla/5.0 (Linux; Android 13; SM-S908E) AppleWebKit/537.36 (KHTML, like Gecko) Chrome/116.0.0.0 Mobile Safari/537.36"
172.70.93.59 - - [11/Jan/2026:02:38:55 +0300] "GET /noquemi/town-of-smithtown-taxes.html HTTP/1.0" 404 452 "http://jsrichand.org/wp-content/themes/hello-element/duzrigowi/wow-using-too-much-memory-2023.html" "Mozilla/5.0 (Linux; Android 7.0;) AppleWebKit/537.36 (KHTML, like Gecko) Mobile Safari/537.36 (compatible; PetalBot;+https://webmaster.petalsearch.com/site/petalbot)"
172.71.190.86 - - [11/Jan/2026:02:39:21 +0300] "GET /?n=1874976578002 HTTP/1.0" 200 1418 "-" "Mozilla/5.0 AppleWebKit/537.36 (KHTML, like Gecko; compatible; bingbot/2.0; +http://www.bing.com/bingbot.htm) Chrome/116.0.1938.76 Safari/537.36"
172.70.142.109 - - [11/Jan/2026:02:40:19 +0300] "GET /noquemi/things-to-say-to-your-crush-reddit.html HTTP/1.0" 404 452 "http://adelaidestarbus.com.au/6cbz2/blue-nose-pitbull-puppies-for-sale-near-vancouver-wa.html" "Mozilla/5.0 (Linux; Android 7.0;) AppleWebKit/537.36 (KHTML, like Gecko) Mobile Safari/537.36 (compatible; PetalBot;+https://webmaster.petalsearch.com/site/petalbot)"
104.23.211.224 - - [11/Jan/2026:02:40:59 +0300] "GET /3827124743.shtm HTTP/1.0" 404 456 "-" "Mozilla/5.0 AppleWebKit/537.36 (KHTML, like Gecko; compatible; bingbot/2.0; +http://www.bing.com/bingbot.htm) Chrome/116.0.1938.76 Safari/537.36"
104.23.223.77 - - [11/Jan/2026:02:41:20 +0300] "GET /?GameID=2026-01-02/697.html HTTP/1.0" 200 34510 "-" "Mozilla/5.0 (Linux; Android 6.0.1; Nexus 5X Build/MMB29P) AppleWebKit/537.36 (KHTML, like Gecko) Chrome/143.0.7499.192 Mobile Safari/537.36 (compatible; Googlebot/2.1; +http://www.google.com/bot.html)"
172.68.26.73 - - [11/Jan/2026:02:41:24 +0300] "GET /?GameID=2026-01-02/demrmd.html HTTP/1.0" 200 49820 "https://www.tkanika.ru/?GameID=2026-01-02/697.html" "Mozilla/5.0 (Linux; Android 6.0.1; Nexus 5X Build/MMB29P) AppleWebKit/537.36 (KHTML, like Gecko) Chrome/143.0.7499.169 Mobile Safari/537.36 (compatible; Googlebot/2.1; +http://www.google.com/bot.html)"
198.41.227.152 - - [11/Jan/2026:02:41:25 +0300] "GET /?GameID=2026-01-02/zepmjo.html HTTP/1.0" 200 9366 "https://www.tkanika.ru/?GameID=2026-01-02/697.html" "Mozilla/5.0 (Linux; Android 6.0.1; Nexus 5X Build/MMB29P) AppleWebKit/537.36 (KHTML, like Gecko) Chrome/143.0.7499.169 Mobile Safari/537.36 (compatible; Googlebot/2.1; +http://www.google.com/bot.html)"
198.41.227.152 - - [11/Jan/2026:02:41:25 +0300] "GET /?GameID=2026-01-02/hoyezw.html HTTP/1.0" 200 9857 "https://www.tkanika.ru/?GameID=2026-01-02/697.html" "Mozilla/5.0 (Linux; Android 6.0.1; Nexus 5X Build/MMB29P) AppleWebKit/537.36 (KHTML, like Gecko) Chrome/143.0.7499.169 Mobile Safari/537.36 (compatible; Googlebot/2.1; +http://www.google.com/bot.html)"
172.70.42.78 - - [11/Jan/2026:02:41:27 +0300] "GET /2201176605.shtm HTTP/1.0" 404 456 "-" "Mozilla/5.0 AppleWebKit/537.36 (KHTML, like Gecko; compatible; bingbot/2.0; +http://www.bing.com/bingbot.htm) Chrome/116.0.1938.76 Safari/537.36"
104.23.209.111 - - [11/Jan/2026:02:41:41 +0300] "GET /?n=32039186952502 HTTP/1.0" 200 1418 "-" "Mozilla/5.0 AppleWebKit/537.36 (KHTML, like Gecko; compatible; bingbot/2.0; +http://www.bing.com/bingbot.htm) Chrome/116.0.1938.76 Safari/537.36"
108.162.226.157 - - [11/Jan/2026:02:41:43 +0300] "GET /noquemi/monster-list-of-fibromyalgia-symptoms.html HTTP/1.0" 404 452 "http://university2035.maspk.ru/vplecs/the-evidence-that-stimulated-newton-to-propose-the-law-of-universal.html" "Mozilla/5.0 (Linux; Android 7.0;) AppleWebKit/537.36 (KHTML, like Gecko) Mobile Safari/537.36 (compatible; PetalBot;+https://webmaster.petalsearch.com/site/petalbot)"
172.71.190.86 - - [11/Jan/2026:02:42:19 +0300] "GET /2034301739.shtm HTTP/1.0" 404 456 "-" "Mozilla/5.0 AppleWebKit/537.36 (KHTML, like Gecko; compatible; bingbot/2.0; +http://www.bing.com/bingbot.htm) Chrome/116.0.1938.76 Safari/537.36"
172.70.34.224 - - [11/Jan/2026:02:42:23 +0300] "GET /?n=03128288860703 HTTP/1.0" 200 1418 "-" "Mozilla/5.0 AppleWebKit/537.36 (KHTML, like Gecko; compatible; bingbot/2.0; +http://www.bing.com/bingbot.htm) Chrome/116.0.1938.76 Safari/537.36"
172.68.245.206 - - [11/Jan/2026:02:43:06 +0300] "GET /?n=03882176176200 HTTP/1.0" 200 1418 "-" "Mozilla/5.0 AppleWebKit/537.36 (KHTML, like Gecko; compatible; bingbot/2.0; +http://www.bing.com/bingbot.htm) Chrome/116.0.1938.76 Safari/537.36"
172.70.208.33 - - [11/Jan/2026:02:43:07 +0300] "GET /noquemi/legion-tower-7i-with-rtx-3070-review.html HTTP/1.0" 404 452 "http://bank.navicongroup.ru/idp6nz/devzat-htb-walkthrough.html" "Mozilla/5.0 (Linux; Android 7.0;) AppleWebKit/537.36 (KHTML, like Gecko) Mobile Safari/537.36 (compatible; PetalBot;+https://webmaster.petalsearch.com/site/petalbot)"
104.23.209.111 - - [11/Jan/2026:02:44:04 +0300] "GET /?n=08582294993100 HTTP/1.0" 200 1418 "-" "Mozilla/5.0 AppleWebKit/537.36 (KHTML, like Gecko; compatible; bingbot/2.0; +http://www.bing.com/bingbot.htm) Chrome/116.0.1938.76 Safari/537.36"
172.68.164.46 - - [11/Jan/2026:02:44:30 +0300] "GET /noquemi/github-copilot-vscode-not-working.html HTTP/1.0" 404 452 "http://ems-isoliertueren.ru/pdnvde/hunting-land-for-lease-in-michigan.html" "Mozilla/5.0 (Linux; Android 7.0;) AppleWebKit/537.36 (KHTML, like Gecko) Mobile Safari/537.36 (compatible; PetalBot;+https://webmaster.petalsearch.com/site/petalbot)"
172.64.198.125 - - [11/Jan/2026:02:44:31 +0300] "GET /index.php/jk HTTP/1.0" 200 1407 "-" "Mozilla/5.0 (Macintosh; Intel Mac OS X 10.14; rv:103.0) Gecko/20100101 Firefox/101.0"
162.158.88.85 - - [11/Jan/2026:02:45:53 +0300] "GET /noquemi/flute-tuning-app.html HTTP/1.0" 404 452 "http://sushka-ufa.gramor.site/7hc1/old-comics-worth-money.html" "Mozilla/5.0 (Linux; Android 7.0;) AppleWebKit/537.36 (KHTML, like Gecko) Mobile Safari/537.36 (compatible; PetalBot;+https://webmaster.petalsearch.com/site/petalbot)"
172.70.42.78 - - [11/Jan/2026:02:46:55 +0300] "GET /?n=67880215570400 HTTP/1.0" 200 1418 "-" "Mozilla/5.0 AppleWebKit/537.36 (KHTML, like Gecko; compatible; bingbot/2.0; +http://www.bing.com/bingbot.htm) Chrome/116.0.1938.76 Safari/537.36"
172.70.39.144 - - [11/Jan/2026:02:47:01 +0300] "GET /?n=02328133695803 HTTP/1.0" 200 1418 "-" "Mozilla/5.0 AppleWebKit/537.36 (KHTML, like Gecko; compatible; bingbot/2.0; +http://www.bing.com/bingbot.htm) Chrome/116.0.1938.76 Safari/537.36"
162.158.108.162 - - [11/Jan/2026:02:47:17 +0300] "GET /noquemi/euphoria-episode-6-script.html HTTP/1.0" 404 452 "https://www.naqvisports.com/mj9ngz/index/effects-of-obesity.php" "Mozilla/5.0 (Linux; Android 7.0;) AppleWebKit/537.36 (KHTML, like Gecko) Mobile Safari/537.36 (compatible; PetalBot;+https://webmaster.petalsearch.com/site/petalbot)"
172.70.39.144 - - [11/Jan/2026:02:47:31 +0300] "GET /2265273784.shtm HTTP/1.0" 404 456 "-" "Mozilla/5.0 AppleWebKit/537.36 (KHTML, like Gecko; compatible; bingbot/2.0; +http://www.bing.com/bingbot.htm) Chrome/116.0.1938.76 Safari/537.36"
104.23.211.225 - - [11/Jan/2026:02:47:36 +0300] "GET /?n=04475233103904 HTTP/1.0" 200 1418 "-" "Mozilla/5.0 AppleWebKit/537.36 (KHTML, like Gecko; compatible; bingbot/2.0; +http://www.bing.com/bingbot.htm) Chrome/116.0.1938.76 Safari/537.36"
108.162.226.157 - - [11/Jan/2026:02:48:41 +0300] "GET /noquemi/list-of-parshas-in-hebrew.html HTTP/1.0" 404 452 "https://squareknot.in/awyqu2c/namostute-saraswati-lyrics-and-meaning.html" "Mozilla/5.0 (Linux; Android 7.0;) AppleWebKit/537.36 (KHTML, like Gecko) Mobile Safari/537.36 (compatible; PetalBot;+https://webmaster.petalsearch.com/site/petalbot)"
172.71.190.87 - - [11/Jan/2026:02:48:52 +0300] "GET /?n=71026188533503 HTTP/1.0" 200 1418 "-" "Mozilla/5.0 AppleWebKit/537.36 (KHTML, like Gecko; compatible; bingbot/2.0; +http://www.bing.com/bingbot.htm) Chrome/116.0.1938.76 Safari/537.36"
172.69.65.119 - - [11/Jan/2026:02:49:07 +0300] "GET /?GameID=2026-01-06/chisjs.html HTTP/1.0" 200 10281 "-" "Mozilla/5.0 (Linux; Android 6.0.1; Nexus 5X Build/MMB29P) AppleWebKit/537.36 (KHTML, like Gecko) Chrome/143.0.7499.192 Mobile Safari/537.36 (compatible; Googlebot/2.1; +http://www.google.com/bot.html)"
104.23.211.224 - - [11/Jan/2026:02:49:12 +0300] "GET /?n=109133019010 HTTP/1.0" 200 1418 "-" "Mozilla/5.0 AppleWebKit/537.36 (KHTML, like Gecko; compatible; bingbot/2.0; +http://www.bing.com/bingbot.htm) Chrome/116.0.1938.76 Safari/537.36"
162.158.79.166 - - [11/Jan/2026:02:49:59 +0300] "GET /2512680823.shtm HTTP/1.0" 404 456 "-" "Mozilla/5.0 AppleWebKit/537.36 (KHTML, like Gecko; compatible; bingbot/2.0; +http://www.bing.com/bingbot.htm) Chrome/116.0.1938.76 Safari/537.36"
172.70.93.58 - - [11/Jan/2026:02:50:03 +0300] "GET /noquemi/one-shot-story-example.html HTTP/1.0" 404 452 "http://bank.navicongroup.ru/idp6nz/moving-to-anacostia.html" "Mozilla/5.0 (Linux; Android 7.0;) AppleWebKit/537.36 (KHTML, like Gecko) Mobile Safari/537.36 (compatible; PetalBot;+https://webmaster.petalsearch.com/site/petalbot)"
