172.70.39.143 - - [11/Jan/2026:02:51:22 +0300] "GET /?n=7504824902200 HTTP/1.0" 200 1418 "-" "Mozilla/5.0 AppleWebKit/537.36 (KHTML, like Gecko; compatible; bingbot/2.0; +http://www.bing.com/bingbot.htm) Chrome/116.0.1938.76 Safari/537.36"
162.158.108.162 - - [11/Jan/2026:02:51:28 +0300] "GET /noquemi/sombrero-beach-vs-bahia-honda.html HTTP/1.0" 404 452 "https://gelioskarate.ru/sram/python-save-list-to-file.html" "Mozilla/5.0 (Linux; Android 7.0;) AppleWebKit/537.36 (KHTML, like Gecko) Mobile Safari/537.36 (compatible; PetalBot;+https://webmaster.petalsearch.com/site/petalbot)"
172.70.42.79 - - [11/Jan/2026:02:51:30 +0300] "GET /3450436171.shtm HTTP/1.0" 404 456 "-" "Mozilla/5.0 AppleWebKit/537.36 (KHTML, like Gecko; compatible; bingbot/2.0; +http://www.bing.com/bingbot.htm) Chrome/116.0.1938.76 Safari/537.36"
172.70.39.143 - - [11/Jan/2026:02:51:42 +0300] "GET /?n=70436139809000 HTTP/1.0" 200 1418 "-" "Mozilla/5.0 AppleWebKit/537.36 (KHTML, like Gecko; compatible; bingbot/2.0; +http://www.bing.com/bingbot.htm) Chrome/116.0.1938.76 Safari/537.36"
104.23.211.224 - - [11/Jan/2026:02:52:13 +0300] "GET /2515629373.shtm HTTP/1.0" 404 456 "-" "Mozilla/5.0 AppleWebKit/537.36 (KHTML, like Gecko; compatible; bingbot/2.0; +http://www.bing.com/bingbot.htm) Chrome/116.0.1938.76 Safari/537.36"
162.158.106.165 - - [11/Jan/2026:02:52:58 +0300] "GET /noquemi/best-free-survey-maker.html HTTP/1.0" 404 452 "http://emmaspencer.com.au/z8ajhazi/commercial-outdoor-lighting-ideas.html" "Mozilla/5.0 (Linux; Android 7.0;) AppleWebKit/537.36 (KHTML, like Gecko) Mobile Safari/537.36 (compatible; PetalBot;+https://webmaster.petalsearch.com/site/petalbot)"
172.68.164.46 - - [11/Jan/2026:02:54:15 +0300] "GET /db0aws/man-gets-eaten-by-bear.html HTTP/1.0" 404 452 "http://article28.ru/8mehtkk/hotshot-pickup-trucks-with-sleepers-for-sale.html" "Mozilla/5.0 (Linux; Android 7.0;) AppleWebKit/537.36 (KHTML, like Gecko) Mobile Safari/537.36 (compatible; PetalBot;+https://webmaster.petalsearch.com/site/petalbot)"
172.68.245.207 - - [11/Jan/2026:02:54:40 +0300] "GET /346004896.shtm HTTP/1.0" 404 456 "-" "Mozilla/5.0 AppleWebKit/537.36 (KHTML, like Gecko; compatible; bingbot/2.0; +http://www.bing.com/bingbot.htm) Chrome/116.0.1938.76 Safari/537.36"
172.70.93.59 - - [11/Jan/2026:02:55:39 +0300] "GET /noquemi/how-to-make-your-mom-feel-bad-for-yelling-at-you.html HTTP/1.0" 404 452 "http://sushka-ufa.gramor.site/7hc1/old-comics-worth-money.html" "Mozilla/5.0 (Linux; Android 7.0;) AppleWebKit/537.36 (KHTML, like Gecko) Mobile Safari/537.36 (compatible; PetalBot;+https://webmaster.petalsearch.com/site/petalbot)"
162.158.175.66 - - [11/Jan/2026:02:55:56 +0300] "GET /?GameID=2026-01-10/bpfoyz.html HTTP/1.0" 200 35855 "-" "Mozilla/5.0 (Linux; Android 6.0.1; Nexus 5X Build/MMB29P) AppleWebKit/537.36 (KHTML, like Gecko) Chrome/143.0.7499.192 Mobile Safari/537.36 (compatible; Googlebot/2.1; +http://www.google.com/bot.html)"
172.69.65.120 - - [11/Jan/2026:02:56:00 +0300] "GET /?ID=1743.html HTTP/1.0" 200 19732 "https://www.tkanika.ru/?GameID=2026-01-10/bpfoyz.html" "Mozilla/5.0 (Linux; Android 6.0.1; Nexus 5X Build/MMB29P) AppleWebKit/537.36 (KHTML, like Gecko) Chrome/143.0.7499.169 Mobile Safari/537.36 (compatible; Googlebot/2.1; +http://www.google.com/bot.html)"
172.69.65.120 - - [11/Jan/2026:02:56:01 +0300] "GET /?ID=1148.html HTTP/1.0" 200 19817 "https://www.tkanika.ru/?GameID=2026-01-10/bpfoyz.html" "Mozilla/5.0 (Linux; Android 6.0.1; Nexus 5X Build/MMB29P) AppleWebKit/537.36 (KHTML, like Gecko) Chrome/143.0.7499.169 Mobile Safari/537.36 (compatible; Googlebot/2.1; +http://www.google.com/bot.html)"
104.23.211.225 - - [11/Jan/2026:02:56:44 +0300] "GET /2198990767.shtm HTTP/1.0" 404 456 "-" "Mozilla/5.0 AppleWebKit/537.36 (KHTML, like Gecko; compatible; bingbot/2.0; +http://www.bing.com/bingbot.htm) Chrome/116.0.1938.76 Safari/537.36"
172.70.93.59 - - [11/Jan/2026:02:57:02 +0300] "GET /noquemi/the-hero-who-seeks-revenge-shall-exterminate-with-darkness-44.html HTTP/1.0" 404 452 "http://talmans.com/qdbjyl/sage-green-satin-dress-modest.html" "Mozilla/5.0 (Linux; Android 7.0;) AppleWebKit/537.36 (KHTML, like Gecko) Mobile Safari/537.36 (compatible; PetalBot;+https://webmaster.petalsearch.com/site/petalbot)"
172.68.245.207 - - [11/Jan/2026:02:58:20 +0300] "GET /2612396663.shtm HTTP/1.0" 404 456 "-" "Mozilla/5.0 AppleWebKit/537.36 (KHTML, like Gecko; compatible; bingbot/2.0; +http://www.bing.com/bingbot.htm) Chrome/116.0.1938.76 Safari/537.36"
172.68.245.207 - - [11/Jan/2026:02:58:21 +0300] "GET /?n=03751109455502 HTTP/1.0" 200 1418 "-" "Mozilla/5.0 AppleWebKit/537.36 (KHTML, like Gecko; compatible; bingbot/2.0; +http://www.bing.com/bingbot.htm) Chrome/116.0.1938.76 Safari/537.36"
162.158.88.85 - - [11/Jan/2026:02:58:26 +0300] "GET /noquemi/pull-down-kitchen-faucet-leaking-at-base.html HTTP/1.0" 404 452 "http://adelaidestarbus.com.au/6cbz2/russian-female-prisoners-of-war.html" "Mozilla/5.0 (Linux; Android 7.0;) AppleWebKit/537.36 (KHTML, like Gecko) Mobile Safari/537.36 (compatible; PetalBot;+https://webmaster.petalsearch.com/site/petalbot)"
172.71.194.98 - - [11/Jan/2026:02:59:13 +0300] "GET /?n=53202271049204 HTTP/1.0" 200 1418 "-" "Mozilla/5.0 AppleWebKit/537.36 (KHTML, like Gecko; compatible; bingbot/2.0; +http://www.bing.com/bingbot.htm) Chrome/116.0.1938.76 Safari/537.36"
162.158.88.84 - - [11/Jan/2026:02:59:50 +0300] "GET /noquemi/when-was-the-last-password-changed-for-a-user-account-in-active-directory-powershell.html HTTP/1.0" 404 452 "https://www.vdetali.com/vw02/pokemon-store-philadelphia.html" "Mozilla/5.0 (Linux; Android 7.0;) AppleWebKit/537.36 (KHTML, like Gecko) Mobile Safari/537.36 (compatible; PetalBot;+https://webmaster.petalsearch.com/site/petalbot)"
172.68.245.207 - - [11/Jan/2026:03:00:14 +0300] "GET /1422115448.shtm HTTP/1.0" 404 456 "-" "Mozilla/5.0 AppleWebKit/537.36 (KHTML, like Gecko; compatible; bingbot/2.0; +http://www.bing.com/bingbot.htm) Chrome/116.0.1938.76 Safari/537.36"
172.70.188.67 - - [11/Jan/2026:03:01:14 +0300] "GET /noquemi/is-amtrak-safer-than-flying.html HTTP/1.0" 404 452 "https://stomsklad.ru/ykkemz/corporate-finance-mcgraw-hill-11th-edition.html" "Mozilla/5.0 (Linux; Android 7.0;) AppleWebKit/537.36 (KHTML, like Gecko) Mobile Safari/537.36 (compatible; PetalBot;+https://webmaster.petalsearch.com/site/petalbot)"
162.158.170.121 - - [11/Jan/2026:03:02:38 +0300] "GET /noquemi/bmw-motorcycle-auxiliary-power-socket.html HTTP/1.0" 404 452 "http://reno-chelny.ru/rts3kp2q/how-to-use-discord-ai-art-generator.html" "Mozilla/5.0 (Linux; Android 7.0;) AppleWebKit/537.36 (KHTML, like Gecko) Mobile Safari/537.36 (compatible; PetalBot;+https://webmaster.petalsearch.com/site/petalbot)"
104.23.168.104 - - [11/Jan/2026:03:02:50 +0300] "GET / HTTP/1.0" 200 1407 "-" "Mozilla/5.0 (Windows NT 10.0; Win64; x64) AppleWebKit/537.36 Chrome/120.0.0.0 Safari/537.36"
104.23.168.104 - - [11/Jan/2026:03:02:50 +0300] "GET /config/master.key HTTP/1.0" 404 452 "-" "Mozilla/5.0 (Windows NT 10.0; Win64; x64; rv:121.0) Gecko/20100101 Firefox/121.0"
104.23.168.104 - - [11/Jan/2026:03:02:50 +0300] "GET /resources/application.conf HTTP/1.0" 404 452 "-" "Mozilla/5.0 (Macintosh; Intel Mac OS X 10_15_7) AppleWebKit/537.36 Chrome/120.0.0.0 Safari/537.36"
104.23.170.105 - - [11/Jan/2026:03:02:50 +0300] "GET /public/config.js HTTP/1.0" 404 452 "-" "Mozilla/5.0 (Windows NT 10.0; Win64; x64) AppleWebKit/537.36 Chrome/120.0.0.0 Safari/537.36"
104.23.168.26 - - [11/Jan/2026:03:02:50 +0300] "GET /public/js/main.js HTTP/1.0" 404 452 "-" "Mozilla/5.0 (Windows NT 10.0; Win64; x64; rv:121.0) Gecko/20100101 Firefox/121.0"
172.71.183.125 - - [11/Jan/2026:03:02:50 +0300] "GET /protractor.conf.js HTTP/1.0" 404 452 "-" "Mozilla/5.0 (Macintosh; Intel Mac OS X 10_15_7) AppleWebKit/537.36 Chrome/120.0.0.0 Safari/537.36"
141.101.76.17 - - [11/Jan/2026:03:02:50 +0300] "GET /Properties/launchSettings.json HTTP/1.0" 404 452 "-" "Mozilla/5.0 (Macintosh; Intel Mac OS X 10_15_7) AppleWebKit/537.36 Chrome/120.0.0.0 Safari/537.36"
172.70.46.149 - - [11/Jan/2026:03:02:50 +0300] "GET /public/client/planinfo HTTP/1.0" 404 452 "-" "Mozilla/5.0 (Macintosh; Intel Mac OS X 10_15_7) AppleWebKit/537.36 Chrome/120.0.0.0 Safari/537.36"
172.70.46.148 - - [11/Jan/2026:03:02:50 +0300] "GET /redmine/.env HTTP/1.0" 404 452 "-" "Mozilla/5.0 (Windows NT 10.0; Win64; x64) AppleWebKit/537.36 Chrome/120.0.0.0 Safari/537.36"
162.159.113.85 - - [11/Jan/2026:03:02:50 +0300] "GET /psnlink/.env HTTP/1.0" 404 452 "-" "Mozilla/5.0 (Macintosh; Intel Mac OS X 10_15_7) AppleWebKit/537.36 Chrome/120.0.0.0 Safari/537.36"
172.71.182.109 - - [11/Jan/2026:03:02:50 +0300] "GET /public/.env HTTP/1.0" 404 452 "-" "Mozilla/5.0 (Windows NT 10.0; Win64; x64) AppleWebKit/537.36 Chrome/120.0.0.0 Safari/537.36"
172.70.46.149 - - [11/Jan/2026:03:02:50 +0300] "GET /secrets/initialAdminPassword HTTP/1.0" 404 452 "-" "Mozilla/5.0 (Windows NT 10.0; Win64; x64; rv:121.0) Gecko/20100101 Firefox/121.0"
104.23.168.14 - - [11/Jan/2026:03:02:50 +0300] "GET /s3.js HTTP/1.0" 404 452 "-" "Mozilla/5.0 (Windows NT 10.0; Win64; x64) AppleWebKit/537.36 Chrome/120.0.0.0 Safari/537.36"
172.71.182.109 - - [11/Jan/2026:03:02:50 +0300] "GET /sendgrid.env HTTP/1.0" 404 452 "-" "Mozilla/5.0 (Windows NT 10.0; Win64; x64; rv:121.0) Gecko/20100101 Firefox/121.0"
172.70.47.19 - - [11/Jan/2026:03:02:50 +0300] "GET /scripts/nodemailer.js HTTP/1.0" 404 452 "-" "Mozilla/5.0 (Macintosh; Intel Mac OS X 10_15_7) AppleWebKit/537.36 Chrome/120.0.0.0 Safari/537.36"
104.23.172.47 - - [11/Jan/2026:03:02:50 +0300] "GET /secrets/credentials.xml HTTP/1.0" 404 452 "-" "Mozilla/5.0 (Macintosh; Intel Mac OS X 10_15_7) AppleWebKit/537.36 Chrome/120.0.0.0 Safari/537.36"
104.23.166.106 - - [11/Jan/2026:03:02:50 +0300] "GET /saas/.env HTTP/1.0" 404 452 "-" "Mozilla/5.0 (Windows NT 10.0; Win64; x64; rv:121.0) Gecko/20100101 Firefox/121.0"
141.101.76.92 - - [11/Jan/2026:03:02:50 +0300] "GET /secrets/master.key HTTP/1.0" 404 452 "-" "Mozilla/5.0 (Windows NT 10.0; Win64; x64; rv:121.0) Gecko/20100101 Firefox/121.0"
172.71.182.109 - - [11/Jan/2026:03:02:50 +0300] "GET /server/config/.env HTTP/1.0" 404 452 "-" "Mozilla/5.0 (Windows NT 10.0; Win64; x64; rv:121.0) Gecko/20100101 Firefox/121.0"
162.159.113.63 - - [11/Jan/2026:03:02:50 +0300] "GET /secured/phpinfo.php HTTP/1.0" 404 452 "-" "Mozilla/5.0 (Windows NT 10.0; Win64; x64; rv:121.0) Gecko/20100101 Firefox/121.0"
172.70.47.182 - - [11/Jan/2026:03:02:50 +0300] "GET /secrets/jenkins.util.Secret HTTP/1.0" 404 452 "-" "Mozilla/5.0 (Macintosh; Intel Mac OS X 10_15_7) AppleWebKit/537.36 Chrome/120.0.0.0 Safari/537.36"
141.101.76.141 - - [11/Jan/2026:03:02:50 +0300] "GET /public/env.js HTTP/1.0" 404 452 "-" "Mozilla/5.0 (Windows NT 10.0; Win64; x64) AppleWebKit/537.36 Chrome/120.0.0.0 Safari/537.36"
141.101.76.11 - - [11/Jan/2026:03:02:50 +0300] "GET /server.js HTTP/1.0" 404 452 "-" "Mozilla/5.0 (Windows NT 10.0; Win64; x64; rv:121.0) Gecko/20100101 Firefox/121.0"
172.71.102.202 - - [11/Jan/2026:03:02:50 +0300] "GET /server/config.js HTTP/1.0" 404 452 "-" "Mozilla/5.0 (Macintosh; Intel Mac OS X 10_15_7) AppleWebKit/537.36 Chrome/120.0.0.0 Safari/537.36"
172.70.47.182 - - [11/Jan/2026:03:02:50 +0300] "GET /server-info HTTP/1.0" 404 452 "-" "Mozilla/5.0 (Macintosh; Intel Mac OS X 10_15_7) AppleWebKit/537.36 Chrome/120.0.0.0 Safari/537.36"
162.159.113.63 - - [11/Jan/2026:03:02:50 +0300] "GET /server-info.php HTTP/1.0" 404 452 "-" "Mozilla/5.0 (Macintosh; Intel Mac OS X 10_15_7) AppleWebKit/537.36 Chrome/120.0.0.0 Safari/537.36"
141.101.76.17 - - [11/Jan/2026:03:02:50 +0300] "GET /server_info.php HTTP/1.0" 404 452 "-" "Mozilla/5.0 (Macintosh; Intel Mac OS X 10_15_7) AppleWebKit/537.36 Chrome/120.0.0.0 Safari/537.36"
104.23.168.104 - - [11/Jan/2026:03:02:50 +0300] "GET /service/email_service.py HTTP/1.0" 404 452 "-" "Mozilla/5.0 (Macintosh; Intel Mac OS X 10_15_7) AppleWebKit/537.36 Chrome/120.0.0.0 Safari/537.36"
104.23.170.49 - - [11/Jan/2026:03:02:50 +0300] "GET /server/config/database.js HTTP/1.0" 404 452 "-" "Mozilla/5.0 (Macintosh; Intel Mac OS X 10_15_7) AppleWebKit/537.36 Chrome/120.0.0.0 Safari/537.36"
104.23.170.147 - - [11/Jan/2026:03:02:50 +0300] "GET /server/settings.js HTTP/1.0" 404 452 "-" "Mozilla/5.0 (Macintosh; Intel Mac OS X 10_15_7) AppleWebKit/537.36 Chrome/120.0.0.0 Safari/537.36"
104.23.166.90 - - [11/Jan/2026:03:02:50 +0300] "GET /server/s3.js HTTP/1.0" 404 452 "-" "Mozilla/5.0 (Windows NT 10.0; Win64; x64) AppleWebKit/537.36 Chrome/120.0.0.0 Safari/537.36"
141.101.76.33 - - [11/Jan/2026:03:02:50 +0300] "GET /server/environment.js HTTP/1.0" 404 452 "-" "Mozilla/5.0 (Windows NT 10.0; Win64; x64) AppleWebKit/537.36 Chrome/120.0.0.0 Safari/537.36"
172.71.182.59 - - [11/Jan/2026:03:02:50 +0300] "GET /server/env.js HTTP/1.0" 404 452 "-" "Mozilla/5.0 (Macintosh; Intel Mac OS X 10_15_7) AppleWebKit/537.36 Chrome/120.0.0.0 Safari/537.36"
141.101.76.92 - - [11/Jan/2026:03:02:50 +0300] "GET /settings.json HTTP/1.0" 404 452 "-" "Mozilla/5.0 (Windows NT 10.0; Win64; x64; rv:121.0) Gecko/20100101 Firefox/121.0"
162.159.113.63 - - [11/Jan/2026:03:02:50 +0300] "GET /settings.py HTTP/1.0" 404 452 "-" "Mozilla/5.0 (Windows NT 10.0; Win64; x64) AppleWebKit/537.36 Chrome/120.0.0.0 Safari/537.36"
104.23.172.47 - - [11/Jan/2026:03:02:50 +0300] "GET /sftp.json HTTP/1.0" 404 452 "-" "Mozilla/5.0 (Macintosh; Intel Mac OS X 10_15_7) AppleWebKit/537.36 Chrome/120.0.0.0 Safari/537.36"
172.71.182.109 - - [11/Jan/2026:03:02:50 +0300] "GET / HTTP/1.0" 200 1407 "-" "Mozilla/5.0 (Windows NT 10.0; Win64; x64) AppleWebKit/537.36 Chrome/120.0.0.0 Safari/537.36"
172.70.47.182 - - [11/Jan/2026:03:02:50 +0300] "GET /.env HTTP/1.0" 404 452 "-" "Mozilla/5.0 (Windows NT 10.0; Win64; x64) AppleWebKit/537.36 Chrome/120.0.0.0 Safari/537.36"
141.101.76.187 - - [11/Jan/2026:03:02:50 +0300] "GET /settings.js HTTP/1.0" 404 452 "-" "Mozilla/5.0 (Windows NT 10.0; Win64; x64; rv:121.0) Gecko/20100101 Firefox/121.0"
141.101.76.92 - - [11/Jan/2026:03:02:50 +0300] "GET /.env.bak HTTP/1.0" 404 452 "-" "Mozilla/5.0 (Windows NT 10.0; Win64; x64; rv:121.0) Gecko/20100101 Firefox/121.0"
104.23.166.106 - - [11/Jan/2026:03:02:50 +0300] "GET /.env.docker.dev HTTP/1.0" 404 452 "-" "Mozilla/5.0 (Windows NT 10.0; Win64; x64) AppleWebKit/537.36 Chrome/120.0.0.0 Safari/537.36"
162.159.113.63 - - [11/Jan/2026:03:02:50 +0300] "GET /.env.example HTTP/1.0" 404 452 "-" "Mozilla/5.0 (Windows NT 10.0; Win64; x64; rv:121.0) Gecko/20100101 Firefox/121.0"
104.23.172.47 - - [11/Jan/2026:03:02:50 +0300] "GET /.env.config HTTP/1.0" 404 452 "-" "Mozilla/5.0 (Windows NT 10.0; Win64; x64) AppleWebKit/537.36 Chrome/120.0.0.0 Safari/537.36"
172.70.47.182 - - [11/Jan/2026:03:02:50 +0300] "GET /.env.local HTTP/1.0" 404 452 "-" "Mozilla/5.0 (Macintosh; Intel Mac OS X 10_15_7) AppleWebKit/537.36 Chrome/120.0.0.0 Safari/537.36"
141.101.76.92 - - [11/Jan/2026:03:02:50 +0300] "GET /.env.dev.local HTTP/1.0" 404 452 "-" "Mozilla/5.0 (Windows NT 10.0; Win64; x64; rv:121.0) Gecko/20100101 Firefox/121.0"
104.23.166.106 - - [11/Jan/2026:03:02:50 +0300] "GET /.env.old HTTP/1.0" 404 452 "-" "Mozilla/5.0 (Windows NT 10.0; Win64; x64; rv:121.0) Gecko/20100101 Firefox/121.0"
172.70.46.148 - - [11/Jan/2026:03:02:50 +0300] "GET /.env.development.local HTTP/1.0" 404 452 "-" "Mozilla/5.0 (Macintosh; Intel Mac OS X 10_15_7) AppleWebKit/537.36 Chrome/120.0.0.0 Safari/537.36"
162.159.113.63 - - [11/Jan/2026:03:02:50 +0300] "GET /.env.php HTTP/1.0" 404 452 "-" "Mozilla/5.0 (Windows NT 10.0; Win64; x64) AppleWebKit/537.36 Chrome/120.0.0.0 Safari/537.36"
104.23.172.47 - - [11/Jan/2026:03:02:50 +0300] "GET /.env.development.sample HTTP/1.0" 404 452 "-" "Mozilla/5.0 (Windows NT 10.0; Win64; x64) AppleWebKit/537.36 Chrome/120.0.0.0 Safari/537.36"
104.23.172.46 - - [11/Jan/2026:03:02:50 +0300] "GET /.env.backup HTTP/1.0" 404 452 "-" "Mozilla/5.0 (Macintosh; Intel Mac OS X 10_15_7) AppleWebKit/537.36 Chrome/120.0.0.0 Safari/537.36"
172.70.47.182 - - [11/Jan/2026:03:02:50 +0300] "GET /.env-example HTTP/1.0" 404 452 "-" "Mozilla/5.0 (Macintosh; Intel Mac OS X 10_15_7) AppleWebKit/537.36 Chrome/120.0.0.0 Safari/537.36"
141.101.76.92 - - [11/Jan/2026:03:02:50 +0300] "GET /.env.dev HTTP/1.0" 404 452 "-" "Mozilla/5.0 (Macintosh; Intel Mac OS X 10_15_7) AppleWebKit/537.36 Chrome/120.0.0.0 Safari/537.36"
141.101.76.92 - - [11/Jan/2026:03:02:50 +0300] "GET /.env.prod.local HTTP/1.0" 404 452 "-" "Mozilla/5.0 (Macintosh; Intel Mac OS X 10_15_7) AppleWebKit/537.36 Chrome/120.0.0.0 Safari/537.36"
104.23.168.115 - - [11/Jan/2026:03:02:50 +0300] "GET /.env.production.local HTTP/1.0" 404 452 "-" "Mozilla/5.0 (Windows NT 10.0; Win64; x64; rv:121.0) Gecko/20100101 Firefox/121.0"
104.23.166.106 - - [11/Jan/2026:03:02:50 +0300] "GET /.env-sample HTTP/1.0" 404 452 "-" "Mozilla/5.0 (Windows NT 10.0; Win64; x64) AppleWebKit/537.36 Chrome/120.0.0.0 Safari/537.36"
172.70.46.149 - - [11/Jan/2026:03:02:50 +0300] "GET /.env.prod HTTP/1.0" 404 452 "-" "Mozilla/5.0 (Macintosh; Intel Mac OS X 10_15_7) AppleWebKit/537.36 Chrome/120.0.0.0 Safari/537.36"
172.71.182.109 - - [11/Jan/2026:03:02:50 +0300] "GET /.env.dist HTTP/1.0" 404 452 "-" "Mozilla/5.0 (Windows NT 10.0; Win64; x64) AppleWebKit/537.36 Chrome/120.0.0.0 Safari/537.36"
104.23.172.47 - - [11/Jan/2026:03:02:50 +0300] "GET /.env.production HTTP/1.0" 404 452 "-" "Mozilla/5.0 (Macintosh; Intel Mac OS X 10_15_7) AppleWebKit/537.36 Chrome/120.0.0.0 Safari/537.36"
162.159.113.63 - - [11/Jan/2026:03:02:50 +0300] "GET /admin/config HTTP/1.0" 404 452 "-" "Mozilla/5.0 (Windows NT 10.0; Win64; x64) AppleWebKit/537.36 Chrome/120.0.0.0 Safari/537.36"
104.23.172.46 - - [11/Jan/2026:03:02:50 +0300] "GET /.docker/.env HTTP/1.0" 404 452 "-" "Mozilla/5.0 (Macintosh; Intel Mac OS X 10_15_7) AppleWebKit/537.36 Chrome/120.0.0.0 Safari/537.36"
141.101.76.92 - - [11/Jan/2026:03:02:50 +0300] "GET /.ssh/sftp-config.json HTTP/1.0" 404 452 "-" "Mozilla/5.0 (Macintosh; Intel Mac OS X 10_15_7) AppleWebKit/537.36 Chrome/120.0.0.0 Safari/537.36"
172.70.47.182 - - [11/Jan/2026:03:02:50 +0300] "GET /.env.project HTTP/1.0" 404 452 "-" "Mozilla/5.0 (Windows NT 10.0; Win64; x64) AppleWebKit/537.36 Chrome/120.0.0.0 Safari/537.36"
104.23.166.106 - - [11/Jan/2026:03:02:50 +0300] "GET /.docker/config.json HTTP/1.0" 404 452 "-" "Mozilla/5.0 (Windows NT 10.0; Win64; x64) AppleWebKit/537.36 Chrome/120.0.0.0 Safari/537.36"
141.101.76.92 - - [11/Jan/2026:03:02:50 +0300] "GET /.docker/laravel/app/.env HTTP/1.0" 404 452 "-" "Mozilla/5.0 (Windows NT 10.0; Win64; x64) AppleWebKit/537.36 Chrome/120.0.0.0 Safari/537.36"
172.71.182.109 - - [11/Jan/2026:03:02:50 +0300] "GET /backend/config/development.yml HTTP/1.0" 404 452 "-" "Mozilla/5.0 (Macintosh; Intel Mac OS X 10_15_7) AppleWebKit/537.36 Chrome/120.0.0.0 Safari/537.36"
104.23.172.47 - - [11/Jan/2026:03:02:50 +0300] "GET /beta/.env HTTP/1.0" 404 452 "-" "Mozilla/5.0 (Macintosh; Intel Mac OS X 10_15_7) AppleWebKit/537.36 Chrome/120.0.0.0 Safari/537.36"
104.23.172.46 - - [11/Jan/2026:03:02:50 +0300] "GET /backend/config/settings.yml HTTP/1.0" 404 452 "-" "Mozilla/5.0 (Windows NT 10.0; Win64; x64) AppleWebKit/537.36 Chrome/120.0.0.0 Safari/537.36"
141.101.76.92 - - [11/Jan/2026:03:02:50 +0300] "GET /.gitlab-ci/.env HTTP/1.0" 404 452 "-" "Mozilla/5.0 (Macintosh; Intel Mac OS X 10_15_7) AppleWebKit/537.36 Chrome/120.0.0.0 Safari/537.36"
172.70.47.182 - - [11/Jan/2026:03:02:50 +0300] "GET /blog/.env HTTP/1.0" 404 452 "-" "Mozilla/5.0 (Macintosh; Intel Mac OS X 10_15_7) AppleWebKit/537.36 Chrome/120.0.0.0 Safari/537.36"
141.101.76.92 - - [11/Jan/2026:03:02:50 +0300] "GET /conf/.env HTTP/1.0" 404 452 "-" "Mozilla/5.0 (Windows NT 10.0; Win64; x64; rv:121.0) Gecko/20100101 Firefox/121.0"
104.23.166.106 - - [11/Jan/2026:03:02:50 +0300] "GET /.gitlab-ci.yml HTTP/1.0" 404 452 "-" "Mozilla/5.0 (Macintosh; Intel Mac OS X 10_15_7) AppleWebKit/537.36 Chrome/120.0.0.0 Safari/537.36"
172.71.95.40 - - [11/Jan/2026:03:02:50 +0300] "GET /admin/controllers/partner.js HTTP/1.0" 404 452 "-" "Mozilla/5.0 (Windows NT 10.0; Win64; x64) AppleWebKit/537.36 Chrome/120.0.0.0 Safari/537.36"
104.23.170.78 - - [11/Jan/2026:03:02:50 +0300] "GET /admin/controllers/merchant.js HTTP/1.0" 404 452 "-" "Mozilla/5.0 (Windows NT 10.0; Win64; x64; rv:121.0) Gecko/20100101 Firefox/121.0"
172.71.182.109 - - [11/Jan/2026:03:02:50 +0300] "GET /conf/application-test.conf HTTP/1.0" 404 452 "-" "Mozilla/5.0 (Windows NT 10.0; Win64; x64) AppleWebKit/537.36 Chrome/120.0.0.0 Safari/537.36"
104.23.172.47 - - [11/Jan/2026:03:02:50 +0300] "GET /.travis.yml HTTP/1.0" 404 452 "-" "Mozilla/5.0 (Windows NT 10.0; Win64; x64; rv:121.0) Gecko/20100101 Firefox/121.0"
104.23.172.46 - - [11/Jan/2026:03:02:50 +0300] "GET /conf/application.conf HTTP/1.0" 404 452 "-" "Mozilla/5.0 (Windows NT 10.0; Win64; x64) AppleWebKit/537.36 Chrome/120.0.0.0 Safari/537.36"
104.23.172.116 - - [11/Jan/2026:03:02:51 +0300] "GET /cloud/Scraper.js HTTP/1.0" 404 452 "-" "Mozilla/5.0 (Macintosh; Intel Mac OS X 10_15_7) AppleWebKit/537.36 Chrome/120.0.0.0 Safari/537.36"
141.101.76.92 - - [11/Jan/2026:03:02:51 +0300] "GET /conf/dev-application.conf HTTP/1.0" 404 452 "-" "Mozilla/5.0 (Macintosh; Intel Mac OS X 10_15_7) AppleWebKit/537.36 Chrome/120.0.0.0 Safari/537.36"
172.70.47.182 - - [11/Jan/2026:03:02:51 +0300] "GET /blogs/.env HTTP/1.0" 404 452 "-" "Mozilla/5.0 (Macintosh; Intel Mac OS X 10_15_7) AppleWebKit/537.36 Chrome/120.0.0.0 Safari/537.36"
141.101.76.92 - - [11/Jan/2026:03:02:51 +0300] "GET /conf/development.conf HTTP/1.0" 404 452 "-" "Mozilla/5.0 (Windows NT 10.0; Win64; x64; rv:121.0) Gecko/20100101 Firefox/121.0"
104.23.166.106 - - [11/Jan/2026:03:02:51 +0300] "GET /client/.env HTTP/1.0" 404 452 "-" "Mozilla/5.0 (Windows NT 10.0; Win64; x64) AppleWebKit/537.36 Chrome/120.0.0.0 Safari/537.36"
104.23.168.115 - - [11/Jan/2026:03:02:51 +0300] "GET /.profile HTTP/1.0" 404 452 "-" "Mozilla/5.0 (Macintosh; Intel Mac OS X 10_15_7) AppleWebKit/537.36 Chrome/120.0.0.0 Safari/537.36"
172.70.46.148 - - [11/Jan/2026:03:02:51 +0300] "GET /config HTTP/1.0" 404 452 "-" "Mozilla/5.0 (Windows NT 10.0; Win64; x64; rv:121.0) Gecko/20100101 Firefox/121.0"
172.71.182.109 - - [11/Jan/2026:03:02:51 +0300] "GET /.vscode/.env HTTP/1.0" 404 452 "-" "Mozilla/5.0 (Windows NT 10.0; Win64; x64) AppleWebKit/537.36 Chrome/120.0.0.0 Safari/537.36"
141.101.76.92 - - [11/Jan/2026:03:02:51 +0300] "GET /config.env HTTP/1.0" 404 452 "-" "Mozilla/5.0 (Windows NT 10.0; Win64; x64; rv:121.0) Gecko/20100101 Firefox/121.0"
162.159.113.63 - - [11/Jan/2026:03:02:51 +0300] "GET /config.properties HTTP/1.0" 404 452 "-" "Mozilla/5.0 (Macintosh; Intel Mac OS X 10_15_7) AppleWebKit/537.36 Chrome/120.0.0.0 Safari/537.36"
141.101.76.92 - - [11/Jan/2026:03:02:51 +0300] "GET /.vscode/settings.json HTTP/1.0" 404 452 "-" "Mozilla/5.0 (Windows NT 10.0; Win64; x64) AppleWebKit/537.36 Chrome/120.0.0.0 Safari/537.36"
104.23.166.106 - - [11/Jan/2026:03:02:51 +0300] "GET /config.py HTTP/1.0" 404 452 "-" "Mozilla/5.0 (Windows NT 10.0; Win64; x64; rv:121.0) Gecko/20100101 Firefox/121.0"
172.71.182.109 - - [11/Jan/2026:03:02:51 +0300] "GET /config.ini HTTP/1.0" 404 452 "-" "Mozilla/5.0 (Windows NT 10.0; Win64; x64) AppleWebKit/537.36 Chrome/120.0.0.0 Safari/537.36"
172.70.47.182 - - [11/Jan/2026:03:02:51 +0300] "GET /config/.env HTTP/1.0" 404 452 "-" "Mozilla/5.0 (Windows NT 10.0; Win64; x64; rv:121.0) Gecko/20100101 Firefox/121.0"
104.23.168.115 - - [11/Jan/2026:03:02:51 +0300] "GET /app/etc/config.local.php HTTP/1.0" 404 452 "-" "Mozilla/5.0 (Windows NT 10.0; Win64; x64) AppleWebKit/537.36 Chrome/120.0.0.0 Safari/537.36"
141.101.76.92 - - [11/Jan/2026:03:02:51 +0300] "GET /.remote HTTP/1.0" 404 452 "-" "Mozilla/5.0 (Windows NT 10.0; Win64; x64; rv:121.0) Gecko/20100101 Firefox/121.0"
162.159.113.63 - - [11/Jan/2026:03:02:51 +0300] "GET /config/acl.config.php HTTP/1.0" 404 452 "-" "Mozilla/5.0 (Windows NT 10.0; Win64; x64; rv:121.0) Gecko/20100101 Firefox/121.0"
172.71.182.109 - - [11/Jan/2026:03:02:51 +0300] "GET /app/etc/env.local.php HTTP/1.0" 404 452 "-" "Mozilla/5.0 (Windows NT 10.0; Win64; x64; rv:121.0) Gecko/20100101 Firefox/121.0"
172.70.46.149 - - [11/Jan/2026:03:02:51 +0300] "GET /app/etc/config.php HTTP/1.0" 404 452 "-" "Mozilla/5.0 (Windows NT 10.0; Win64; x64) AppleWebKit/537.36 Chrome/120.0.0.0 Safari/537.36"
172.70.47.182 - - [11/Jan/2026:03:02:51 +0300] "GET /.vscode/sftp.json HTTP/1.0" 404 452 "-" "Mozilla/5.0 (Windows NT 10.0; Win64; x64) AppleWebKit/537.36 Chrome/120.0.0.0 Safari/537.36"
104.23.170.110 - - [11/Jan/2026:03:02:51 +0300] "GET /client/config.js HTTP/1.0" 404 452 "-" "Mozilla/5.0 (Windows NT 10.0; Win64; x64) AppleWebKit/537.36 Chrome/120.0.0.0 Safari/537.36"
172.70.47.90 - - [11/Jan/2026:03:02:51 +0300] "GET /config/sockets.js HTTP/1.0" 404 452 "-" "Mozilla/5.0 (Windows NT 10.0; Win64; x64) AppleWebKit/537.36 Chrome/120.0.0.0 Safari/537.36"
162.159.113.63 - - [11/Jan/2026:03:02:51 +0300] "GET /config/app.php HTTP/1.0" 404 452 "-" "Mozilla/5.0 (Windows NT 10.0; Win64; x64; rv:121.0) Gecko/20100101 Firefox/121.0"
141.101.76.92 - - [11/Jan/2026:03:02:51 +0300] "GET /config/application.config.php HTTP/1.0" 404 452 "-" "Mozilla/5.0 (Macintosh; Intel Mac OS X 10_15_7) AppleWebKit/537.36 Chrome/120.0.0.0 Safari/537.36"
104.23.166.106 - - [11/Jan/2026:03:02:51 +0300] "GET /config/app.default.php HTTP/1.0" 404 452 "-" "Mozilla/5.0 (Windows NT 10.0; Win64; x64; rv:121.0) Gecko/20100101 Firefox/121.0"
141.101.76.92 - - [11/Jan/2026:03:02:51 +0300] "GET /config/app_local.php HTTP/1.0" 404 452 "-" "Mozilla/5.0 (Windows NT 10.0; Win64; x64) AppleWebKit/537.36 Chrome/120.0.0.0 Safari/537.36"
172.70.46.148 - - [11/Jan/2026:03:02:51 +0300] "GET /app/etc/env.php HTTP/1.0" 404 452 "-" "Mozilla/5.0 (Macintosh; Intel Mac OS X 10_15_7) AppleWebKit/537.36 Chrome/120.0.0.0 Safari/537.36"
104.23.168.115 - - [11/Jan/2026:03:02:51 +0300] "GET /api/shared/config/.env HTTP/1.0" 404 452 "-" "Mozilla/5.0 (Windows NT 10.0; Win64; x64; rv:121.0) Gecko/20100101 Firefox/121.0"
141.101.76.92 - - [11/Jan/2026:03:02:51 +0300] "GET /conf/logback.xml HTTP/1.0" 404 452 "-" "Mozilla/5.0 (Windows NT 10.0; Win64; x64; rv:121.0) Gecko/20100101 Firefox/121.0"
104.23.172.47 - - [11/Jan/2026:03:02:51 +0300] "GET /app/etc/local.xml HTTP/1.0" 404 452 "-" "Mozilla/5.0 (Windows NT 10.0; Win64; x64; rv:121.0) Gecko/20100101 Firefox/121.0"
172.71.182.109 - - [11/Jan/2026:03:02:51 +0300] "GET /config/cable.yml HTTP/1.0" 404 452 "-" "Mozilla/5.0 (Macintosh; Intel Mac OS X 10_15_7) AppleWebKit/537.36 Chrome/120.0.0.0 Safari/537.36"
162.159.113.63 - - [11/Jan/2026:03:02:51 +0300] "GET /api/shared/config/config.env HTTP/1.0" 404 452 "-" "Mozilla/5.0 (Windows NT 10.0; Win64; x64) AppleWebKit/537.36 Chrome/120.0.0.0 Safari/537.36"
104.23.166.106 - - [11/Jan/2026:03:02:51 +0300] "GET /app/etc/settings.xml HTTP/1.0" 404 452 "-" "Mozilla/5.0 (Windows NT 10.0; Win64; x64) AppleWebKit/537.36 Chrome/120.0.0.0 Safari/537.36"
104.23.172.46 - - [11/Jan/2026:03:02:51 +0300] "GET /config/cache.php HTTP/1.0" 404 452 "-" "Mozilla/5.0 (Windows NT 10.0; Win64; x64; rv:121.0) Gecko/20100101 Firefox/121.0"
104.23.168.115 - - [11/Jan/2026:03:02:51 +0300] "GET /app/py HTTP/1.0" 404 452 "-" "Mozilla/5.0 (Windows NT 10.0; Win64; x64) AppleWebKit/537.36 Chrome/120.0.0.0 Safari/537.36"
172.70.46.149 - - [11/Jan/2026:03:02:51 +0300] "GET /.env.sample HTTP/1.0" 404 452 "-" "Mozilla/5.0 (Windows NT 10.0; Win64; x64) AppleWebKit/537.36 Chrome/120.0.0.0 Safari/537.36"
141.101.76.92 - - [11/Jan/2026:03:02:51 +0300] "GET /.env.save HTTP/1.0" 404 452 "-" "Mozilla/5.0 (Windows NT 10.0; Win64; x64; rv:121.0) Gecko/20100101 Firefox/121.0"
172.71.182.109 - - [11/Jan/2026:03:02:51 +0300] "GET /conf/production.conf HTTP/1.0" 404 452 "-" "Mozilla/5.0 (Windows NT 10.0; Win64; x64; rv:121.0) Gecko/20100101 Firefox/121.0"
104.23.172.47 - - [11/Jan/2026:03:02:51 +0300] "GET /admin/.env HTTP/1.0" 404 452 "-" "Mozilla/5.0 (Macintosh; Intel Mac OS X 10_15_7) AppleWebKit/537.36 Chrome/120.0.0.0 Safari/537.36"
104.23.172.46 - - [11/Jan/2026:03:02:51 +0300] "GET /.env.stage HTTP/1.0" 404 452 "-" "Mozilla/5.0 (Macintosh; Intel Mac OS X 10_15_7) AppleWebKit/537.36 Chrome/120.0.0.0 Safari/537.36"
172.70.46.252 - - [11/Jan/2026:03:02:51 +0300] "GET /apis/config/config.js HTTP/1.0" 404 452 "-" "Mozilla/5.0 (Windows NT 10.0; Win64; x64; rv:121.0) Gecko/20100101 Firefox/121.0"
104.23.168.115 - - [11/Jan/2026:03:02:51 +0300] "GET /conf/test.conf HTTP/1.0" 404 452 "-" "Mozilla/5.0 (Windows NT 10.0; Win64; x64) AppleWebKit/537.36 Chrome/120.0.0.0 Safari/537.36"
141.101.76.92 - - [11/Jan/2026:03:02:51 +0300] "GET /config/auth.php HTTP/1.0" 404 452 "-" "Mozilla/5.0 (Windows NT 10.0; Win64; x64; rv:121.0) Gecko/20100101 Firefox/121.0"
172.70.46.148 - - [11/Jan/2026:03:02:51 +0300] "GET /appsettings.json HTTP/1.0" 404 452 "-" "Mozilla/5.0 (Windows NT 10.0; Win64; x64; rv:121.0) Gecko/20100101 Firefox/121.0"
104.23.172.47 - - [11/Jan/2026:03:02:51 +0300] "GET /.env.staging HTTP/1.0" 404 452 "-" "Mozilla/5.0 (Windows NT 10.0; Win64; x64) AppleWebKit/537.36 Chrome/120.0.0.0 Safari/537.36"
172.71.182.109 - - [11/Jan/2026:03:02:51 +0300] "GET /.env.docker HTTP/1.0" 404 452 "-" "Mozilla/5.0 (Macintosh; Intel Mac OS X 10_15_7) AppleWebKit/537.36 Chrome/120.0.0.0 Safari/537.36"
104.23.172.46 - - [11/Jan/2026:03:02:51 +0300] "GET /.env.travis HTTP/1.0" 404 452 "-" "Mozilla/5.0 (Macintosh; Intel Mac OS X 10_15_7) AppleWebKit/537.36 Chrome/120.0.0.0 Safari/537.36"
162.159.113.63 - - [11/Jan/2026:03:02:51 +0300] "GET /.env_sample HTTP/1.0" 404 452 "-" "Mozilla/5.0 (Macintosh; Intel Mac OS X 10_15_7) AppleWebKit/537.36 Chrome/120.0.0.0 Safari/537.36"
141.101.76.92 - - [11/Jan/2026:03:02:51 +0300] "GET /.envrc HTTP/1.0" 404 452 "-" "Mozilla/5.0 (Windows NT 10.0; Win64; x64) AppleWebKit/537.36 Chrome/120.0.0.0 Safari/537.36"
104.23.168.115 - - [11/Jan/2026:03:02:51 +0300] "GET /appsettings.Local.json HTTP/1.0" 404 452 "-" "Mozilla/5.0 (Windows NT 10.0; Win64; x64) AppleWebKit/537.36 Chrome/120.0.0.0 Safari/537.36"
141.101.76.92 - - [11/Jan/2026:03:02:51 +0300] "GET /config/autoload/global.php HTTP/1.0" 404 452 "-" "Mozilla/5.0 (Windows NT 10.0; Win64; x64) AppleWebKit/537.36 Chrome/120.0.0.0 Safari/537.36"
172.70.46.149 - - [11/Jan/2026:03:02:51 +0300] "GET /admin/server_info.php HTTP/1.0" 404 452 "-" "Mozilla/5.0 (Windows NT 10.0; Win64; x64) AppleWebKit/537.36 Chrome/120.0.0.0 Safari/537.36"
104.23.168.115 - - [11/Jan/2026:03:02:51 +0300] "GET /.envs HTTP/1.0" 404 452 "-" "Mozilla/5.0 (Macintosh; Intel Mac OS X 10_15_7) AppleWebKit/537.36 Chrome/120.0.0.0 Safari/537.36"
162.159.113.63 - - [11/Jan/2026:03:02:51 +0300] "GET /config/config.php HTTP/1.0" 404 452 "-" "Mozilla/5.0 (Windows NT 10.0; Win64; x64; rv:121.0) Gecko/20100101 Firefox/121.0"
172.71.182.109 - - [11/Jan/2026:03:02:51 +0300] "GET /appsettings.Production.json HTTP/1.0" 404 452 "-" "Mozilla/5.0 (Windows NT 10.0; Win64; x64) AppleWebKit/537.36 Chrome/120.0.0.0 Safari/537.36"
104.23.172.47 - - [11/Jan/2026:03:02:51 +0300] "GET /config/autoload/local.php HTTP/1.0" 404 452 "-" "Mozilla/5.0 (Windows NT 10.0; Win64; x64; rv:121.0) Gecko/20100101 Firefox/121.0"
104.23.172.46 - - [11/Jan/2026:03:02:51 +0300] "GET /appsettings.QA.json HTTP/1.0" 404 452 "-" "Mozilla/5.0 (Windows NT 10.0; Win64; x64; rv:121.0) Gecko/20100101 Firefox/121.0"
172.70.46.148 - - [11/Jan/2026:03:02:51 +0300] "GET /appsettings.Staging.json HTTP/1.0" 404 452 "-" "Mozilla/5.0 (Macintosh; Intel Mac OS X 10_15_7) AppleWebKit/537.36 Chrome/120.0.0.0 Safari/537.36"
172.70.47.182 - - [11/Jan/2026:03:02:51 +0300] "GET /config/cli_bootstrap.php HTTP/1.0" 404 452 "-" "Mozilla/5.0 (Windows NT 10.0; Win64; x64) AppleWebKit/537.36 Chrome/120.0.0.0 Safari/537.36"
104.23.172.46 - - [11/Jan/2026:03:02:51 +0300] "GET /config/config.go HTTP/1.0" 404 452 "-" "Mozilla/5.0 (Windows NT 10.0; Win64; x64) AppleWebKit/537.36 Chrome/120.0.0.0 Safari/537.36"
172.71.182.109 - - [11/Jan/2026:03:02:51 +0300] "GET /config/development.json HTTP/1.0" 404 452 "-" "Mozilla/5.0 (Windows NT 10.0; Win64; x64) AppleWebKit/537.36 Chrome/120.0.0.0 Safari/537.36"
172.70.46.149 - - [11/Jan/2026:03:02:51 +0300] "GET /appsettings.Test.json HTTP/1.0" 404 452 "-" "Mozilla/5.0 (Windows NT 10.0; Win64; x64) AppleWebKit/537.36 Chrome/120.0.0.0 Safari/537.36"
172.70.47.182 - - [11/Jan/2026:03:02:51 +0300] "GET /config/dev.json HTTP/1.0" 404 452 "-" "Mozilla/5.0 (Windows NT 10.0; Win64; x64) AppleWebKit/537.36 Chrome/120.0.0.0 Safari/537.36"
172.71.183.34 - - [11/Jan/2026:03:02:51 +0300] "GET /config/configuration.js HTTP/1.0" 404 452 "-" "Mozilla/5.0 (Macintosh; Intel Mac OS X 10_15_7) AppleWebKit/537.36 Chrome/120.0.0.0 Safari/537.36"
104.23.170.77 - - [11/Jan/2026:03:02:51 +0300] "GET /config/connections.js HTTP/1.0" 404 452 "-" "Mozilla/5.0 (Windows NT 10.0; Win64; x64; rv:121.0) Gecko/20100101 Firefox/121.0"
172.71.95.136 - - [11/Jan/2026:03:02:51 +0300] "GET /apis/controllers/users.js HTTP/1.0" 404 452 "-" "Mozilla/5.0 (Windows NT 10.0; Win64; x64; rv:121.0) Gecko/20100101 Firefox/121.0"
104.23.172.47 - - [11/Jan/2026:03:02:51 +0300] "GET /asdf.php HTTP/1.0" 404 452 "-" "Mozilla/5.0 (Macintosh; Intel Mac OS X 10_15_7) AppleWebKit/537.36 Chrome/120.0.0.0 Safari/537.36"
172.71.182.109 - - [11/Jan/2026:03:02:51 +0300] "GET /config/config.ini HTTP/1.0" 404 452 "-" "Mozilla/5.0 (Macintosh; Intel Mac OS X 10_15_7) AppleWebKit/537.36 Chrome/120.0.0.0 Safari/537.36"
172.71.99.39 - - [11/Jan/2026:03:02:51 +0300] "GET /config/dev.env.js HTTP/1.0" 404 452 "-" "Mozilla/5.0 (Macintosh; Intel Mac OS X 10_15_7) AppleWebKit/537.36 Chrome/120.0.0.0 Safari/537.36"
172.70.46.148 - - [11/Jan/2026:03:02:51 +0300] "GET /config/aws.json HTTP/1.0" 404 452 "-" "Mozilla/5.0 (Windows NT 10.0; Win64; x64; rv:121.0) Gecko/20100101 Firefox/121.0"
162.159.113.63 - - [11/Jan/2026:03:02:51 +0300] "GET /config/development.py HTTP/1.0" 404 452 "-" "Mozilla/5.0 (Windows NT 10.0; Win64; x64) AppleWebKit/537.36 Chrome/120.0.0.0 Safari/537.36"
141.101.76.92 - - [11/Jan/2026:03:02:51 +0300] "GET /config/env.go HTTP/1.0" 404 452 "-" "Mozilla/5.0 (Macintosh; Intel Mac OS X 10_15_7) AppleWebKit/537.36 Chrome/120.0.0.0 Safari/537.36"
104.23.168.115 - - [11/Jan/2026:03:02:51 +0300] "GET /config/dev_config.py HTTP/1.0" 404 452 "-" "Mozilla/5.0 (Macintosh; Intel Mac OS X 10_15_7) AppleWebKit/537.36 Chrome/120.0.0.0 Safari/537.36"
104.23.172.46 - - [11/Jan/2026:03:02:51 +0300] "GET /config/database.go HTTP/1.0" 404 452 "-" "Mozilla/5.0 (Windows NT 10.0; Win64; x64) AppleWebKit/537.36 Chrome/120.0.0.0 Safari/537.36"
141.101.76.92 - - [11/Jan/2026:03:02:51 +0300] "GET /config/docker-compose.dev.yml HTTP/1.0" 404 452 "-" "Mozilla/5.0 (Windows NT 10.0; Win64; x64; rv:121.0) Gecko/20100101 Firefox/121.0"
104.23.172.47 - - [11/Jan/2026:03:02:51 +0300] "GET /config/filesystems.php HTTP/1.0" 404 452 "-" "Mozilla/5.0 (Macintosh; Intel Mac OS X 10_15_7) AppleWebKit/537.36 Chrome/120.0.0.0 Safari/537.36"
172.71.95.61 - - [11/Jan/2026:03:02:51 +0300] "GET /config/config.js HTTP/1.0" 404 452 "-" "Mozilla/5.0 (Windows NT 10.0; Win64; x64; rv:121.0) Gecko/20100101 Firefox/121.0"
162.159.113.63 - - [11/Jan/2026:03:02:51 +0300] "GET /config/docker-compose.override.yml HTTP/1.0" 404 452 "-" "Mozilla/5.0 (Windows NT 10.0; Win64; x64; rv:121.0) Gecko/20100101 Firefox/121.0"
104.23.168.115 - - [11/Jan/2026:03:02:51 +0300] "GET /config/database.php HTTP/1.0" 404 452 "-" "Mozilla/5.0 (Windows NT 10.0; Win64; x64) AppleWebKit/537.36 Chrome/120.0.0.0 Safari/537.36"
141.101.76.92 - - [11/Jan/2026:03:02:51 +0300] "GET /conf/application.json HTTP/1.0" 404 452 "-" "Mozilla/5.0 (Macintosh; Intel Mac OS X 10_15_7) AppleWebKit/537.36 Chrome/120.0.0.0 Safari/537.36"
104.23.170.123 - - [11/Jan/2026:03:02:52 +0300] "GET /config/env.js HTTP/1.0" 404 452 "-" "Mozilla/5.0 (Windows NT 10.0; Win64; x64) AppleWebKit/537.36 Chrome/120.0.0.0 Safari/537.36"
104.23.172.46 - - [11/Jan/2026:03:02:52 +0300] "GET /.env~ HTTP/1.0" 404 452 "-" "Mozilla/5.0 (Windows NT 10.0; Win64; x64) AppleWebKit/537.36 Chrome/120.0.0.0 Safari/537.36"
172.71.183.31 - - [11/Jan/2026:03:02:52 +0300] "GET /config/env/test.js HTTP/1.0" 404 452 "-" "Mozilla/5.0 (Windows NT 10.0; Win64; x64; rv:121.0) Gecko/20100101 Firefox/121.0"
162.159.113.63 - - [11/Jan/2026:03:02:52 +0300] "GET /config/env.json HTTP/1.0" 404 452 "-" "Mozilla/5.0 (Windows NT 10.0; Win64; x64) AppleWebKit/537.36 Chrome/120.0.0.0 Safari/537.36"
104.23.168.115 - - [11/Jan/2026:03:02:52 +0300] "GET /conf/application.properties HTTP/1.0" 404 452 "-" "Mozilla/5.0 (Windows NT 10.0; Win64; x64; rv:121.0) Gecko/20100101 Firefox/121.0"
172.70.47.182 - - [11/Jan/2026:03:02:52 +0300] "GET /config/database.py HTTP/1.0" 404 452 "-" "Mozilla/5.0 (Macintosh; Intel Mac OS X 10_15_7) AppleWebKit/537.36 Chrome/120.0.0.0 Safari/537.36"
104.23.172.47 - - [11/Jan/2026:03:02:52 +0300] "GET /config/packages/prod/doctrine.yaml HTTP/1.0" 404 452 "-" "Mozilla/5.0 (Macintosh; Intel Mac OS X 10_15_7) AppleWebKit/537.36 Chrome/120.0.0.0 Safari/537.36"
141.101.76.92 - - [11/Jan/2026:03:02:52 +0300] "GET /.aws/config HTTP/1.0" 404 452 "-" "Mozilla/5.0 (Macintosh; Intel Mac OS X 10_15_7) AppleWebKit/537.36 Chrome/120.0.0.0 Safari/537.36"
172.71.95.146 - - [11/Jan/2026:03:02:52 +0300] "GET /config/environment.js HTTP/1.0" 404 452 "-" "Mozilla/5.0 (Macintosh; Intel Mac OS X 10_15_7) AppleWebKit/537.36 Chrome/120.0.0.0 Safari/537.36"
104.23.172.46 - - [11/Jan/2026:03:02:52 +0300] "GET /config/packages/cache.yaml HTTP/1.0" 404 452 "-" "Mozilla/5.0 (Macintosh; Intel Mac OS X 10_15_7) AppleWebKit/537.36 Chrome/120.0.0.0 Safari/537.36"
172.71.182.109 - - [11/Jan/2026:03:02:52 +0300] "GET /.aws/credentials HTTP/1.0" 404 452 "-" "Mozilla/5.0 (Macintosh; Intel Mac OS X 10_15_7) AppleWebKit/537.36 Chrome/120.0.0.0 Safari/537.36"
172.70.46.149 - - [11/Jan/2026:03:02:52 +0300] "GET /config/aws.yml HTTP/1.0" 404 452 "-" "Mozilla/5.0 (Windows NT 10.0; Win64; x64; rv:121.0) Gecko/20100101 Firefox/121.0"
141.101.76.92 - - [11/Jan/2026:03:02:52 +0300] "GET /config/packages/security.yaml HTTP/1.0" 404 452 "-" "Mozilla/5.0 (Windows NT 10.0; Win64; x64) AppleWebKit/537.36 Chrome/120.0.0.0 Safari/537.36"
172.70.47.182 - - [11/Jan/2026:03:02:52 +0300] "GET /.AWS_/credentials HTTP/1.0" 404 452 "-" "Mozilla/5.0 (Windows NT 10.0; Win64; x64) AppleWebKit/537.36 Chrome/120.0.0.0 Safari/537.36"
162.159.113.63 - - [11/Jan/2026:03:02:52 +0300] "GET /config/packages/dev.yaml HTTP/1.0" 404 452 "-" "Mozilla/5.0 (Windows NT 10.0; Win64; x64) AppleWebKit/537.36 Chrome/120.0.0.0 Safari/537.36"
104.23.172.47 - - [11/Jan/2026:03:02:52 +0300] "GET /config/packages/test.yaml HTTP/1.0" 404 452 "-" "Mozilla/5.0 (Macintosh; Intel Mac OS X 10_15_7) AppleWebKit/537.36 Chrome/120.0.0.0 Safari/537.36"
172.71.182.109 - - [11/Jan/2026:03:02:52 +0300] "GET /config/php.ini HTTP/1.0" 404 452 "-" "Mozilla/5.0 (Windows NT 10.0; Win64; x64; rv:121.0) Gecko/20100101 Firefox/121.0"
104.23.168.115 - - [11/Jan/2026:03:02:52 +0300] "GET /config/database.yml HTTP/1.0" 404 452 "-" "Mozilla/5.0 (Macintosh; Intel Mac OS X 10_15_7) AppleWebKit/537.36 Chrome/120.0.0.0 Safari/537.36"
104.23.166.106 - - [11/Jan/2026:03:02:52 +0300] "GET /conf/prod-application.conf HTTP/1.0" 404 452 "-" "Mozilla/5.0 (Windows NT 10.0; Win64; x64) AppleWebKit/537.36 Chrome/120.0.0.0 Safari/537.36"
141.101.76.92 - - [11/Jan/2026:03:02:52 +0300] "GET /config/docker-compose.prod.yml HTTP/1.0" 404 452 "-" "Mozilla/5.0 (Windows NT 10.0; Win64; x64) AppleWebKit/537.36 Chrome/120.0.0.0 Safari/537.36"
104.23.172.46 - - [11/Jan/2026:03:02:52 +0300] "GET /config/packages/test/security.yaml HTTP/1.0" 404 452 "-" "Mozilla/5.0 (Macintosh; Intel Mac OS X 10_15_7) AppleWebKit/537.36 Chrome/120.0.0.0 Safari/537.36"
104.23.168.115 - - [11/Jan/2026:03:02:52 +0300] "GET /config/production.config.php HTTP/1.0" 404 452 "-" "Mozilla/5.0 (Windows NT 10.0; Win64; x64) AppleWebKit/537.36 Chrome/120.0.0.0 Safari/537.36"
104.23.172.47 - - [11/Jan/2026:03:02:52 +0300] "GET /config/env.php HTTP/1.0" 404 452 "-" "Mozilla/5.0 (Windows NT 10.0; Win64; x64; rv:121.0) Gecko/20100101 Firefox/121.0"
172.70.47.182 - - [11/Jan/2026:03:02:52 +0300] "GET /config/default.json HTTP/1.0" 404 452 "-" "Mozilla/5.0 (Windows NT 10.0; Win64; x64; rv:121.0) Gecko/20100101 Firefox/121.0"
104.23.166.106 - - [11/Jan/2026:03:02:52 +0300] "GET /config/dev_settings.py HTTP/1.0" 404 452 "-" "Mozilla/5.0 (Windows NT 10.0; Win64; x64; rv:121.0) Gecko/20100101 Firefox/121.0"
104.23.172.84 - - [11/Jan/2026:03:02:52 +0300] "GET /config/keys.js HTTP/1.0" 404 452 "-" "Mozilla/5.0 (Windows NT 10.0; Win64; x64; rv:121.0) Gecko/20100101 Firefox/121.0"
104.23.172.46 - - [11/Jan/2026:03:02:52 +0300] "GET /config/development.config.php HTTP/1.0" 404 452 "-" "Mozilla/5.0 (Windows NT 10.0; Win64; x64) AppleWebKit/537.36 Chrome/120.0.0.0 Safari/537.36"
104.23.168.115 - - [11/Jan/2026:03:02:52 +0300] "GET /config/email.py HTTP/1.0" 404 452 "-" "Mozilla/5.0 (Macintosh; Intel Mac OS X 10_15_7) AppleWebKit/537.36 Chrome/120.0.0.0 Safari/537.36"
104.23.172.47 - - [11/Jan/2026:03:02:52 +0300] "GET /admin-app/.env HTTP/1.0" 404 452 "-" "Mozilla/5.0 (Windows NT 10.0; Win64; x64; rv:121.0) Gecko/20100101 Firefox/121.0"
104.23.168.47 - - [11/Jan/2026:03:02:52 +0300] "GET /config/policies.js HTTP/1.0" 404 452 "-" "Mozilla/5.0 (Windows NT 10.0; Win64; x64; rv:121.0) Gecko/20100101 Firefox/121.0"
172.71.103.132 - - [11/Jan/2026:03:02:52 +0300] "GET /config/db.js HTTP/1.0" 404 452 "-" "Mozilla/5.0 (Macintosh; Intel Mac OS X 10_15_7) AppleWebKit/537.36 Chrome/120.0.0.0 Safari/537.36"
162.159.113.55 - - [11/Jan/2026:03:02:52 +0300] "GET /config/env/development.js HTTP/1.0" 404 452 "-" "Mozilla/5.0 (Windows NT 10.0; Win64; x64) AppleWebKit/537.36 Chrome/120.0.0.0 Safari/537.36"
104.23.172.46 - - [11/Jan/2026:03:02:52 +0300] "GET /config/packages/twig.yaml HTTP/1.0" 404 452 "-" "Mozilla/5.0 (Windows NT 10.0; Win64; x64; rv:121.0) Gecko/20100101 Firefox/121.0"
172.70.47.182 - - [11/Jan/2026:03:02:52 +0300] "GET /administrator/.env HTTP/1.0" 404 452 "-" "Mozilla/5.0 (Windows NT 10.0; Win64; x64; rv:121.0) Gecko/20100101 Firefox/121.0"
104.23.172.47 - - [11/Jan/2026:03:02:52 +0300] "GET /config/parameters.yml HTTP/1.0" 404 452 "-" "Mozilla/5.0 (Windows NT 10.0; Win64; x64) AppleWebKit/537.36 Chrome/120.0.0.0 Safari/537.36"
162.159.113.165 - - [11/Jan/2026:03:02:52 +0300] "GET /config/development.js HTTP/1.0" 404 452 "-" "Mozilla/5.0 (Windows NT 10.0; Win64; x64) AppleWebKit/537.36 Chrome/120.0.0.0 Safari/537.36"
162.159.113.63 - - [11/Jan/2026:03:02:52 +0300] "GET /config/application.rb HTTP/1.0" 404 452 "-" "Mozilla/5.0 (Windows NT 10.0; Win64; x64; rv:121.0) Gecko/20100101 Firefox/121.0"
172.71.182.109 - - [11/Jan/2026:03:02:52 +0300] "GET /conf/application.yaml HTTP/1.0" 404 452 "-" "Mozilla/5.0 (Macintosh; Intel Mac OS X 10_15_7) AppleWebKit/537.36 Chrome/120.0.0.0 Safari/537.36"
104.23.172.46 - - [11/Jan/2026:03:02:52 +0300] "GET /config/application.yml HTTP/1.0" 404 452 "-" "Mozilla/5.0 (Windows NT 10.0; Win64; x64; rv:121.0) Gecko/20100101 Firefox/121.0"
141.101.76.17 - - [11/Jan/2026:03:02:52 +0300] "GET /config.json HTTP/1.0" 404 452 "-" "Mozilla/5.0 (Windows NT 10.0; Win64; x64; rv:121.0) Gecko/20100101 Firefox/121.0"
104.23.172.47 - - [11/Jan/2026:03:02:52 +0300] "GET /config/broadcasting.php HTTP/1.0" 404 452 "-" "Mozilla/5.0 (Macintosh; Intel Mac OS X 10_15_7) AppleWebKit/537.36 Chrome/120.0.0.0 Safari/537.36"
104.23.170.52 - - [11/Jan/2026:03:02:52 +0300] "GET /config/bootstrap.js HTTP/1.0" 404 452 "-" "Mozilla/5.0 (Windows NT 10.0; Win64; x64) AppleWebKit/537.36 Chrome/120.0.0.0 Safari/537.36"
172.71.182.196 - - [11/Jan/2026:03:02:52 +0300] "GET /config/deploy.js HTTP/1.0" 404 452 "-" "Mozilla/5.0 (Windows NT 10.0; Win64; x64) AppleWebKit/537.36 Chrome/120.0.0.0 Safari/537.36"
141.101.76.195 - - [11/Jan/2026:03:02:52 +0300] "GET /config/index.js HTTP/1.0" 404 452 "-" "Mozilla/5.0 (Windows NT 10.0; Win64; x64) AppleWebKit/537.36 Chrome/120.0.0.0 Safari/537.36"
162.159.113.63 - - [11/Jan/2026:03:02:52 +0300] "GET /conf/application-dev.conf HTTP/1.0" 404 452 "-" "Mozilla/5.0 (Macintosh; Intel Mac OS X 10_15_7) AppleWebKit/537.36 Chrome/120.0.0.0 Safari/537.36"
104.23.172.46 - - [11/Jan/2026:03:02:52 +0300] "GET /config.php HTTP/1.0" 404 452 "-" "Mozilla/5.0 (Windows NT 10.0; Win64; x64; rv:121.0) Gecko/20100101 Firefox/121.0"
172.71.182.109 - - [11/Jan/2026:03:02:52 +0300] "GET /config/initializers/devise.rb HTTP/1.0" 404 452 "-" "Mozilla/5.0 (Windows NT 10.0; Win64; x64; rv:121.0) Gecko/20100101 Firefox/121.0"
104.23.172.47 - - [11/Jan/2026:03:02:52 +0300] "GET /conf/application-prod.conf HTTP/1.0" 404 452 "-" "Mozilla/5.0 (Windows NT 10.0; Win64; x64; rv:121.0) Gecko/20100101 Firefox/121.0"
141.101.76.17 - - [11/Jan/2026:03:02:52 +0300] "GET /config/application-dev.properties HTTP/1.0" 404 452 "-" "Mozilla/5.0 (Windows NT 10.0; Win64; x64) AppleWebKit/537.36 Chrome/120.0.0.0 Safari/537.36"
104.23.168.25 - - [11/Jan/2026:03:02:52 +0300] "GET /config.js HTTP/1.0" 404 452 "-" "Mozilla/5.0 (Windows NT 10.0; Win64; x64) AppleWebKit/537.36 Chrome/120.0.0.0 Safari/537.36"
104.23.166.106 - - [11/Jan/2026:03:02:52 +0300] "GET /config/test.py HTTP/1.0" 404 452 "-" "Mozilla/5.0 (Macintosh; Intel Mac OS X 10_15_7) AppleWebKit/537.36 Chrome/120.0.0.0 Safari/537.36"
162.159.113.63 - - [11/Jan/2026:03:02:52 +0300] "GET /config/initializers/secret_token.rb HTTP/1.0" 404 452 "-" "Mozilla/5.0 (Windows NT 10.0; Win64; x64) AppleWebKit/537.36 Chrome/120.0.0.0 Safari/537.36"
172.71.182.109 - - [11/Jan/2026:03:02:52 +0300] "GET /config/initializers/session_store.rb HTTP/1.0" 404 452 "-" "Mozilla/5.0 (Windows NT 10.0; Win64; x64; rv:121.0) Gecko/20100101 Firefox/121.0"
104.23.172.46 - - [11/Jan/2026:03:02:52 +0300] "GET /configs/application.ini HTTP/1.0" 404 452 "-" "Mozilla/5.0 (Windows NT 10.0; Win64; x64) AppleWebKit/537.36 Chrome/120.0.0.0 Safari/537.36"
141.101.76.141 - - [11/Jan/2026:03:02:52 +0300] "GET /controller/api/post.js HTTP/1.0" 404 452 "-" "Mozilla/5.0 (Macintosh; Intel Mac OS X 10_15_7) AppleWebKit/537.36 Chrome/120.0.0.0 Safari/537.36"
104.23.172.47 - - [11/Jan/2026:03:02:52 +0300] "GET /app/.env HTTP/1.0" 404 452 "-" "Mozilla/5.0 (Windows NT 10.0; Win64; x64; rv:121.0) Gecko/20100101 Firefox/121.0"
172.70.47.182 - - [11/Jan/2026:03:02:52 +0300] "GET /config/initializers/sidekiq.rb HTTP/1.0" 404 452 "-" "Mozilla/5.0 (Macintosh; Intel Mac OS X 10_15_7) AppleWebKit/537.36 Chrome/120.0.0.0 Safari/537.36"
141.101.76.17 - - [11/Jan/2026:03:02:52 +0300] "GET /config/config.json HTTP/1.0" 404 452 "-" "Mozilla/5.0 (Windows NT 10.0; Win64; x64; rv:121.0) Gecko/20100101 Firefox/121.0"
141.101.76.16 - - [11/Jan/2026:03:02:52 +0300] "GET /config/test_config.py HTTP/1.0" 404 452 "-" "Mozilla/5.0 (Windows NT 10.0; Win64; x64) AppleWebKit/537.36 Chrome/120.0.0.0 Safari/537.36"
104.23.168.115 - - [11/Jan/2026:03:02:52 +0300] "GET /dev/.env HTTP/1.0" 404 452 "-" "Mozilla/5.0 (Windows NT 10.0; Win64; x64) AppleWebKit/537.36 Chrome/120.0.0.0 Safari/537.36"
172.70.47.182 - - [11/Jan/2026:03:02:52 +0300] "GET /app/config.py HTTP/1.0" 404 452 "-" "Mozilla/5.0 (Windows NT 10.0; Win64; x64) AppleWebKit/537.36 Chrome/120.0.0.0 Safari/537.36"
104.23.170.33 - - [11/Jan/2026:03:02:52 +0300] "GET /config-overrides.js HTTP/1.0" 404 452 "-" "Mozilla/5.0 (Macintosh; Intel Mac OS X 10_15_7) AppleWebKit/537.36 Chrome/120.0.0.0 Safari/537.36"
141.101.76.17 - - [11/Jan/2026:03:02:52 +0300] "GET /config/test_settings.py HTTP/1.0" 404 452 "-" "Mozilla/5.0 (Macintosh; Intel Mac OS X 10_15_7) AppleWebKit/537.36 Chrome/120.0.0.0 Safari/537.36"
141.101.76.16 - - [11/Jan/2026:03:02:52 +0300] "GET /app/config/parameters.yml HTTP/1.0" 404 452 "-" "Mozilla/5.0 (Macintosh; Intel Mac OS X 10_15_7) AppleWebKit/537.36 Chrome/120.0.0.0 Safari/537.36"
172.71.183.223 - - [11/Jan/2026:03:02:52 +0300] "GET /configs/routes.js HTTP/1.0" 404 452 "-" "Mozilla/5.0 (Windows NT 10.0; Win64; x64) AppleWebKit/537.36 Chrome/120.0.0.0 Safari/537.36"
162.159.113.137 - - [11/Jan/2026:03:02:52 +0300] "GET /controllers/settings.js HTTP/1.0" 404 452 "-" "Mozilla/5.0 (Macintosh; Intel Mac OS X 10_15_7) AppleWebKit/537.36 Chrome/120.0.0.0 Safari/537.36"
104.23.168.115 - - [11/Jan/2026:03:02:52 +0300] "GET /config/services.yaml HTTP/1.0" 404 452 "-" "Mozilla/5.0 (Windows NT 10.0; Win64; x64) AppleWebKit/537.36 Chrome/120.0.0.0 Safari/537.36"
172.70.47.182 - - [11/Jan/2026:03:02:52 +0300] "GET /configs/s3_config.json HTTP/1.0" 404 452 "-" "Mozilla/5.0 (Windows NT 10.0; Win64; x64; rv:121.0) Gecko/20100101 Firefox/121.0"
104.23.172.46 - - [11/Jan/2026:03:02:52 +0300] "GET /config/session.php HTTP/1.0" 404 452 "-" "Mozilla/5.0 (Windows NT 10.0; Win64; x64; rv:121.0) Gecko/20100101 Firefox/121.0"
141.101.76.20 - - [11/Jan/2026:03:02:52 +0300] "GET /configs/routes-4aug.js HTTP/1.0" 404 452 "-" "Mozilla/5.0 (Windows NT 10.0; Win64; x64; rv:121.0) Gecko/20100101 Firefox/121.0"
172.70.46.148 - - [11/Jan/2026:03:02:52 +0300] "GET /api/.env HTTP/1.0" 404 452 "-" "Mozilla/5.0 (Macintosh; Intel Mac OS X 10_15_7) AppleWebKit/537.36 Chrome/120.0.0.0 Safari/537.36"
104.23.168.115 - - [11/Jan/2026:03:02:52 +0300] "GET /jenkins/config.xml HTTP/1.0" 404 452 "-" "Mozilla/5.0 (Windows NT 10.0; Win64; x64) AppleWebKit/537.36 Chrome/120.0.0.0 Safari/537.36"
172.70.47.182 - - [11/Jan/2026:03:02:52 +0300] "GET /jenkins/secrets/hudson.util.Secret HTTP/1.0" 404 452 "-" "Mozilla/5.0 (Windows NT 10.0; Win64; x64) AppleWebKit/537.36 Chrome/120.0.0.0 Safari/537.36"
104.23.172.47 - - [11/Jan/2026:03:02:52 +0300] "GET /js/.env HTTP/1.0" 404 452 "-" "Mozilla/5.0 (Windows NT 10.0; Win64; x64) AppleWebKit/537.36 Chrome/120.0.0.0 Safari/537.36"
104.23.172.46 - - [11/Jan/2026:03:02:52 +0300] "GET /jenkins/secrets/master.key HTTP/1.0" 404 452 "-" "Mozilla/5.0 (Windows NT 10.0; Win64; x64) AppleWebKit/537.36 Chrome/120.0.0.0 Safari/537.36"
172.70.46.149 - - [11/Jan/2026:03:02:52 +0300] "GET /jobs/config.xml HTTP/1.0" 404 452 "-" "Mozilla/5.0 (Macintosh; Intel Mac OS X 10_15_7) AppleWebKit/537.36 Chrome/120.0.0.0 Safari/537.36"
