Your IP : 172.70.127.68


Current Path : /var/www/element/data/logs/
Upload File :
Current File : /var/www/element/data/logs/housegates.ru.access.log

162.158.42.240 - - [11/Jan/2026:00:05:54 +0300] "GET / HTTP/1.0" 200 282 "-" "Mozilla/5.0 AppleWebKit/537.36 (KHTML, like Gecko; compatible; bingbot/2.0; +http://www.bing.com/bingbot.htm) Chrome/116.0.1938.76 Safari/537.36"
108.162.246.86 - - [11/Jan/2026:00:07:06 +0300] "GET /?o=59088252383502 HTTP/1.0" 200 4888 "-" "Mozilla/5.0 (Linux; Android 6.0.1; Nexus 5X Build/MMB29P) AppleWebKit/537.36 (KHTML, like Gecko) Chrome/143.0.7499.169 Mobile Safari/537.36 (compatible; Googlebot/2.1; +http://www.google.com/bot.html)"
172.70.176.164 - - [11/Jan/2026:00:07:29 +0300] "GET /wp-includes/js5ba7cf/index.php HTTP/1.0" 404 455 "https://housegates.ru/wp-includes/js5ba7cf/index.php" "Mozilla/5.0 (Windows NT 10.0; Win64; x64) AppleWebKit/537.36 (KHTML, like Gecko) Chrome/58.0.3029.110 Safari/537.3"
108.162.246.85 - - [11/Jan/2026:00:09:30 +0300] "GET /?o=87131217400500 HTTP/1.0" 200 4905 "-" "Mozilla/5.0 (Linux; Android 6.0.1; Nexus 5X Build/MMB29P) AppleWebKit/537.36 (KHTML, like Gecko) Chrome/143.0.7499.169 Mobile Safari/537.36 (compatible; Googlebot/2.1; +http://www.google.com/bot.html)"
172.71.150.210 - - [11/Jan/2026:00:11:51 +0300] "GET /?o=93880159661403 HTTP/1.0" 200 4866 "-" "Mozilla/5.0 (Linux; Android 6.0.1; Nexus 5X Build/MMB29P) AppleWebKit/537.36 (KHTML, like Gecko) Chrome/143.0.7499.169 Mobile Safari/537.36 (compatible; Googlebot/2.1; +http://www.google.com/bot.html)"
104.23.223.68 - - [11/Jan/2026:00:12:26 +0300] "GET /jqczam/beech-duke-propeller.html HTTP/1.0" 404 455 "-" "Mozilla/5.0 (compatible; YandexBot/3.0; +http://yandex.com/bots) AppleWebKit/537.36 (KHTML, like Gecko) Chrome/108.0.0.0"
172.71.150.210 - - [11/Jan/2026:00:14:14 +0300] "GET /?o=50530261174700 HTTP/1.0" 200 4804 "-" "Mozilla/5.0 (Linux; Android 6.0.1; Nexus 5X Build/MMB29P) AppleWebKit/537.36 (KHTML, like Gecko) Chrome/143.0.7499.169 Mobile Safari/537.36 (compatible; Googlebot/2.1; +http://www.google.com/bot.html)"
172.70.90.170 - - [11/Jan/2026:00:16:12 +0300] "GET /robots.txt HTTP/1.1" 404 173 "-" "Mozilla/5.0 (compatible; AhrefsBot/7.0; +http://ahrefs.com/robot/)"
172.71.241.85 - - [11/Jan/2026:00:16:22 +0300] "GET / HTTP/1.0" 200 3601 "-" "Mozilla/5.0 (compatible; AhrefsBot/7.0; +http://ahrefs.com/robot/)"
162.158.42.240 - - [11/Jan/2026:00:16:37 +0300] "GET /?o=94571217749301 HTTP/1.0" 200 4860 "-" "Mozilla/5.0 (Linux; Android 6.0.1; Nexus 5X Build/MMB29P) AppleWebKit/537.36 (KHTML, like Gecko) Chrome/143.0.7499.169 Mobile Safari/537.36 (compatible; Googlebot/2.1; +http://www.google.com/bot.html)"
104.23.223.69 - - [11/Jan/2026:00:17:10 +0300] "GET /eqo94m/centos-7-extend-root-partition-lvm.html HTTP/1.0" 404 455 "-" "Mozilla/5.0 (compatible; YandexBot/3.0; +http://yandex.com/bots) AppleWebKit/537.36 (KHTML, like Gecko) Chrome/108.0.0.0"
172.68.150.230 - - [11/Jan/2026:00:18:29 +0300] "GET /wp-includes/js5ba7cf/index.php HTTP/1.0" 404 455 "https://housegates.ru/wp-includes/js5ba7cf/index.php" "Mozilla/5.0 (Windows NT 10.0; Win64; x64) AppleWebKit/537.36 (KHTML, like Gecko) Chrome/58.0.3029.110 Safari/537.3"
172.71.184.79 - - [11/Jan/2026:00:18:49 +0300] "GET /jqczam/costco-security-cameras.html HTTP/1.0" 404 455 "-" "Mozilla/5.0 (compatible; YandexBot/3.0; +http://yandex.com/bots)"
172.70.174.93 - - [11/Jan/2026:00:19:00 +0300] "GET /?o=2378486388202 HTTP/1.0" 200 4888 "-" "Mozilla/5.0 (Linux; Android 6.0.1; Nexus 5X Build/MMB29P) AppleWebKit/537.36 (KHTML, like Gecko) Chrome/143.0.7499.169 Mobile Safari/537.36 (compatible; Googlebot/2.1; +http://www.google.com/bot.html)"
172.69.63.237 - - [11/Jan/2026:00:20:28 +0300] "GET /wp-admin/maint/index.php HTTP/1.0" 404 455 "https://www.google.fr/" "Mozilla/5.0 (Linux; Android 12; V2134) AppleWebKit/537.36 (KHTML, like Gecko) Chrome/116.0.0.0 Mobile Safari/537.36"
172.69.63.63 - - [11/Jan/2026:00:20:29 +0300] "GET /wp-content/shell20211028.php HTTP/1.0" 404 455 "https://www.google.co.uk/" "Mozilla/5.0 (Linux; Android 12; SM-A525F) AppleWebKit/537.36 (KHTML, like Gecko) Chrome/117.0.0.0 Mobile Safari/537.36"
172.69.63.63 - - [11/Jan/2026:00:20:29 +0300] "GET /wp-includes/assets/autoload_classmap.php HTTP/1.0" 404 455 "https://www.google.com/" "Mozilla/5.0 (iPhone; CPU iPhone OS 17_1 like Mac OS X) AppleWebKit/605.1.15 (KHTML, like Gecko) CriOS/119.0.6045.109 Mobile/15E148 Safari/604.1"
172.69.63.63 - - [11/Jan/2026:00:20:30 +0300] "GET /bjfl.php HTTP/1.0" 404 455 "https://www.google.fr/" "Mozilla/5.0 (iPhone; CPU iPhone OS 15_7_9 like Mac OS X) AppleWebKit/605.1.15 (KHTML, like Gecko) Version/15.6.5 Mobile/15E148 Safari/604.1"
172.69.63.63 - - [11/Jan/2026:00:20:30 +0300] "GET /byp.php HTTP/1.0" 404 455 "https://www.google.de/" "Mozilla/5.0 (iPhone; CPU iPhone OS 17_1 like Mac OS X) AppleWebKit/605.1.15 (KHTML, like Gecko) CriOS/119.0.6045.109 Mobile/15E148 Safari/604.1"
172.69.63.63 - - [11/Jan/2026:00:20:30 +0300] "GET /man.php HTTP/1.0" 404 455 "https://www.google.co.uk/" "Mozilla/5.0 (Linux; Android 13; SM-S908E) AppleWebKit/537.36 (KHTML, like Gecko) Chrome/116.0.0.0 Mobile Safari/537.36"
172.69.63.63 - - [11/Jan/2026:00:20:30 +0300] "GET /upload HTTP/1.0" 404 455 "https://www.google.co.uk/" "Mozilla/5.0 (Linux; Android 12; SM-A525F) AppleWebKit/537.36 (KHTML, like Gecko) Chrome/117.0.0.0 Mobile Safari/537.36"
172.69.63.237 - - [11/Jan/2026:00:20:31 +0300] "GET /user.php HTTP/1.0" 404 455 "https://www.bing.com/" "Mozilla/5.0 (iPhone; CPU iPhone OS 16_6_1 like Mac OS X) AppleWebKit/605.1.15 (KHTML, like Gecko) Version/16.6 Mobile/15E148 Safari/604.1"
172.69.63.237 - - [11/Jan/2026:00:20:31 +0300] "GET /wp-content/mu-plugins-old HTTP/1.0" 404 455 "https://www.google.fr/" "Mozilla/5.0 (Linux; Android 12; V2134) AppleWebKit/537.36 (KHTML, like Gecko) Chrome/116.0.0.0 Mobile Safari/537.36"
172.69.63.237 - - [11/Jan/2026:00:20:31 +0300] "GET /wp-content/themes/pridmag/404.php HTTP/1.0" 404 455 "https://www.google.com/" "Mozilla/5.0 (Linux; Android 13; SM-S908E) AppleWebKit/537.36 (KHTML, like Gecko) Chrome/116.0.0.0 Mobile Safari/537.36"
172.69.63.237 - - [11/Jan/2026:00:20:32 +0300] "GET /.well-known/pki-validation/index.php HTTP/1.0" 404 455 "https://www.google.de/" "Mozilla/5.0 (Linux; Android 10; LM-Q720) AppleWebKit/537.36 (KHTML, like Gecko) Chrome/116.0.0.0 Mobile Safari/537.36"
172.69.63.237 - - [11/Jan/2026:00:20:32 +0300] "GET /admin/upload/css.php HTTP/1.0" 404 455 "https://www.google.de/" "Mozilla/5.0 (iPhone; CPU iPhone OS 17_0_3 like Mac OS X) AppleWebKit/605.1.15 (KHTML, like Gecko) Version/17.0.1 Mobile/15E148 Safari/604.1"
172.69.63.237 - - [11/Jan/2026:00:20:32 +0300] "GET /alfanew.php HTTP/1.0" 404 455 "https://www.google.com/" "Mozilla/5.0 (iPhone; CPU iPhone OS 15_7_9 like Mac OS X) AppleWebKit/605.1.15 (KHTML, like Gecko) Version/15.6.5 Mobile/15E148 Safari/604.1"
172.69.63.237 - - [11/Jan/2026:00:20:33 +0300] "GET /file2.php HTTP/1.0" 404 455 "https://www.google.co.uk/" "Mozilla/5.0 (Linux; Android 13; SM-S908E) AppleWebKit/537.36 (KHTML, like Gecko) Chrome/116.0.0.0 Mobile Safari/537.36"
172.69.63.237 - - [11/Jan/2026:00:20:33 +0300] "GET /index2.php HTTP/1.0" 404 455 "https://www.google.com/" "Mozilla/5.g (Linux; Android 13; Pixel 7) AppleWebKit/537.36 (KHTML, like Gecko) Chrome/116.0.0.0 Mobile Safari/537.36"
172.69.63.237 - - [11/Jan/2026:00:20:33 +0300] "GET /v.php HTTP/1.0" 404 455 "https://www.google.de/" "Mozilla/5.0 (iPhone; CPU iPhone OS 16_0 like Mac OS X) AppleWebKit/605.1.15 (KHTML, like Gecko) FxiOS/118.0 Mobile/15E148 Safari/605.1.15"
172.69.63.237 - - [11/Jan/2026:00:20:33 +0300] "GET /wp-content/plugins/seoxx/randkeyword.php HTTP/1.0" 404 455 "https://www.google.co.uk/" "Mozilla/5.0 (Linux; Android 12; 2201116SG) AppleWebKit/537.36 (KHTML, like Gecko) Chrome/116.0.0.0 Mobile Safari/537.36"
172.69.63.237 - - [11/Jan/2026:00:20:34 +0300] "GET /wp-includes/IXR HTTP/1.0" 404 455 "https://www.bing.com/" "Mozilla/5.0 (iPhone; CPU iPhone OS 17_1_1 like Mac OS X) AppleWebKit/605.1.15 (KHTML, like Gecko) Version/17.1 Mobile/15E148 Safari/604.1"
172.69.63.237 - - [11/Jan/2026:00:20:34 +0300] "GET /wp-includes/rest-api HTTP/1.0" 404 455 "https://www.yahoo.com/" "Mozilla/5.0 (Linux; Android 12; V2134) AppleWebKit/537.36 (KHTML, like Gecko) Chrome/116.0.0.0 Mobile Safari/537.36"
172.69.63.237 - - [11/Jan/2026:00:20:34 +0300] "GET /wp-includes/rest-api/about.php HTTP/1.0" 404 455 "https://www.google.co.uk/" "Mozilla/5.0 (iPhone; CPU iPhone OS 16_6_1 like Mac OS X) AppleWebKit/605.1.15 (KHTML, like Gecko) Version/16.6 Mobile/15E148 Safari/604.1"
172.69.63.237 - - [11/Jan/2026:00:20:35 +0300] "GET /wsa.php HTTP/1.0" 404 455 "https://www.yahoo.com/" "Mozilla/5.0 (iPhone; CPU iPhone OS 17_1_1 like Mac OS X) AppleWebKit/605.1.15 (KHTML, like Gecko) Version/17.1 Mobile/15E148 Safari/604.1"
172.69.63.237 - - [11/Jan/2026:00:20:35 +0300] "GET /ad.php HTTP/1.0" 404 455 "https://duckduckgo.com/" "Mozilla/5.0 (Linux; Android 11; 21081111RG) AppleWebKit/537.36 (KHTML, like Gecko) Chrome/116.0.0.0 Mobile Safari/537.36"
172.69.63.237 - - [11/Jan/2026:00:20:35 +0300] "GET /b.php HTTP/1.0" 404 455 "https://www.google.com/" "Mozilla/5.0 (Linux; Android 13; SM-S908E) AppleWebKit/537.36 (KHTML, like Gecko) Chrome/116.0.0.0 Mobile Safari/537.36"
172.69.63.237 - - [11/Jan/2026:00:20:35 +0300] "GET /fm1.php HTTP/1.0" 404 455 "https://www.bing.com/" "Mozilla/5.0 (iPhone; CPU iPhone OS 17_1_1 like Mac OS X) AppleWebKit/605.1.15 (KHTML, like Gecko) Version/17.1 Mobile/15E148 Safari/604.1"
172.69.63.237 - - [11/Jan/2026:00:20:36 +0300] "GET /lv.php HTTP/1.0" 404 455 "https://www.google.com/" "Mozilla/5.0 (Linux; Android 12; SM-A525F) AppleWebKit/537.36 (KHTML, like Gecko) Chrome/117.0.0.0 Mobile Safari/537.36"
172.69.63.237 - - [11/Jan/2026:00:20:36 +0300] "GET /private HTTP/1.0" 404 455 "https://www.bing.com/" "Mozilla/5.0 (Linux; Android 13; SM-S908E) AppleWebKit/537.36 (KHTML, like Gecko) Chrome/116.0.0.0 Mobile Safari/537.36"
172.69.63.237 - - [11/Jan/2026:00:20:36 +0300] "GET /uploaded_script.php HTTP/1.0" 404 455 "https://www.google.co.uk/" "Mozilla/5.0 (iPhone; CPU iPhone OS 17_1 like Mac OS X) AppleWebKit/605.1.15 (KHTML, like Gecko) CriOS/119.0.6045.109 Mobile/15E148 Safari/604.1"
172.69.63.237 - - [11/Jan/2026:00:20:37 +0300] "GET /wp-admin/css/colors/index.php HTTP/1.0" 404 455 "https://www.yahoo.com/" "Mozilla/5.0 (Linux; Android 13; SM-S908E) AppleWebKit/537.36 (KHTML, like Gecko) Chrome/116.0.0.0 Mobile Safari/537.36"
172.69.63.237 - - [11/Jan/2026:00:20:37 +0300] "GET /wp-admin/css/index.php HTTP/1.0" 404 455 "https://www.google.co.uk/" "Mozilla/5.0 (Linux; Android 13; SM-G991U) AppleWebKit/537.36 (KHTML, like Gecko) Chrome/117.0.0.0 Mobile Safari/537.36"
172.69.63.237 - - [11/Jan/2026:00:20:37 +0300] "GET /wp-content/xc.php HTTP/1.0" 404 455 "https://www.google.fr/" "Mozilla/5.0 (iPhone; CPU iPhone OS 16_0 like Mac OS X) AppleWebKit/605.1.15 (KHTML, like Gecko) FxiOS/118.0 Mobile/15E148 Safari/605.1.15"
172.69.63.237 - - [11/Jan/2026:00:20:37 +0300] "GET /wp-includes/Text/index.php HTTP/1.0" 404 455 "https://www.google.fr/" "Mozilla/5.0 (iPhone; CPU iPhone OS 15_7_9 like Mac OS X) AppleWebKit/605.1.15 (KHTML, like Gecko) Version/15.6.5 Mobile/15E148 Safari/604.1"
172.69.63.237 - - [11/Jan/2026:00:20:38 +0300] "GET /wp-includes/assets/about.php HTTP/1.0" 404 455 "https://www.google.co.uk/" "Mozilla/5.0 (Linux; Android 13; SM-S908E) AppleWebKit/537.36 (KHTML, like Gecko) Chrome/116.0.0.0 Mobile Safari/537.36"
172.69.63.237 - - [11/Jan/2026:00:20:38 +0300] "GET /.well-known/acme-challenge/about.php HTTP/1.1" 404 576 "https://www.google.de/" "Mozilla/5.0 (Linux; Android 12; SM-A525F) AppleWebKit/537.36 (KHTML, like Gecko) Chrome/117.0.0.0 Mobile Safari/537.36"
172.69.63.237 - - [11/Jan/2026:00:20:38 +0300] "GET /.well-known/admin.php HTTP/1.0" 404 455 "https://www.google.co.uk/" "Mozilla/5.0 (Linux; Android 13; M2101K6G) AppleWebKit/537.36 (KHTML, like Gecko) Chrome/116.0.0.0 Mobile Safari/537.36"
172.69.63.237 - - [11/Jan/2026:00:20:39 +0300] "GET /he.php HTTP/1.0" 404 455 "https://www.google.co.uk/" "Mozilla/5.0 (iPhone; CPU iPhone OS 16_0 like Mac OS X) AppleWebKit/605.1.15 (KHTML, like Gecko) FxiOS/118.0 Mobile/15E148 Safari/605.1.15"
172.69.63.237 - - [11/Jan/2026:00:20:39 +0300] "GET /leafmailer.php HTTP/1.0" 404 455 "https://www.yahoo.com/" "Mozilla/5.0 (Linux; Android 11; CPH2251) AppleWebKit/537.36 (KHTML, like Gecko) Chrome/116.0.0.0 Mobile Safari/537.36"
172.69.63.237 - - [11/Jan/2026:00:20:39 +0300] "GET /users.php HTTP/1.0" 404 455 "https://duckduckgo.com/" "Mozilla/5.0 (Linux; Android 12; SM-A525F) AppleWebKit/537.36 (KHTML, like Gecko) Chrome/117.0.0.0 Mobile Safari/537.36"
172.69.63.237 - - [11/Jan/2026:00:20:39 +0300] "GET /wp-admin/css/about.php HTTP/1.0" 404 455 "https://www.google.com/" "Mozilla/5.0 (iPhone; CPU iPhone OS 16_0 like Mac OS X) AppleWebKit/605.1.15 (KHTML, like Gecko) FxiOS/118.0 Mobile/15E148 Safari/605.1.15"
172.69.63.237 - - [11/Jan/2026:00:20:40 +0300] "GET /wp-admin/install.php HTTP/1.0" 404 455 "https://www.bing.com/" "Mozilla/5.0 (iPhone; CPU iPhone OS 16_6_1 like Mac OS X) AppleWebKit/605.1.15 (KHTML, like Gecko) Version/16.6 Mobile/15E148 Safari/604.1"
172.69.63.237 - - [11/Jan/2026:00:20:40 +0300] "GET /wp-content/file.php HTTP/1.0" 404 455 "https://www.google.co.uk/" "Mozilla/5.0 (iPhone; CPU iPhone OS 17_1 like Mac OS X) AppleWebKit/605.1.15 (KHTML, like Gecko) CriOS/119.0.6045.109 Mobile/15E148 Safari/604.1"
172.69.63.237 - - [11/Jan/2026:00:20:40 +0300] "GET /wp-content/plugins/zgdsfagk/rk3.php HTTP/1.0" 404 455 "https://duckduckgo.com/" "Mozilla/5.0 (Linux; Android 12; V2134) AppleWebKit/537.36 (KHTML, like Gecko) Chrome/116.0.0.0 Mobile Safari/537.36"
172.69.63.237 - - [11/Jan/2026:00:20:41 +0300] "GET /wp-editor.php HTTP/1.0" 404 455 "https://www.yahoo.com/" "Mozilla/5.0 (Linux; Android 12; SM-A525F) AppleWebKit/537.36 (KHTML, like Gecko) Chrome/117.0.0.0 Mobile Safari/537.36"
172.69.63.237 - - [11/Jan/2026:00:20:41 +0300] "GET /wp-head.php HTTP/1.0" 404 455 "https://www.google.com/" "Mozilla/5.0 (Linux; Android 14; Pixel 8 Pro) AppleWebKit/537.36 (KHTML, like Gecko) Chrome/119.0.0.0 Mobile Safari/537.36"
172.69.63.237 - - [11/Jan/2026:00:20:41 +0300] "GET /wp-includes/Requests/library/index.php HTTP/1.0" 404 455 "https://duckduckgo.com/" "Mozilla/5.0 (Linux; Android 13; M2101K6G) AppleWebKit/537.36 (KHTML, like Gecko) Chrome/116.0.0.0 Mobile Safari/537.36"
172.69.63.237 - - [11/Jan/2026:00:20:41 +0300] "GET /wp-includes/js/crop/cropper.php HTTP/1.0" 404 455 "https://duckduckgo.com/" "Mozilla/5.0 (Linux; Android 11; 21081111RG) AppleWebKit/537.36 (KHTML, like Gecko) Chrome/116.0.0.0 Mobile Safari/537.36"
172.69.63.237 - - [11/Jan/2026:00:20:42 +0300] "GET /wp-includes/theme-compat HTTP/1.0" 404 455 "https://www.google.co.uk/" "Mozilla/5.0 (Linux; Android 10; K) AppleWebKit/537.36 (KHTML, like Gecko) Chrome/117.0.0.0 Mobile Safari/537.36"
172.69.63.237 - - [11/Jan/2026:00:20:42 +0300] "GET /.well-known/acme-challenge HTTP/1.0" 404 455 "https://www.google.co.uk/" "Mozilla/5.0 (Linux; Android 11; 21081111RG) AppleWebKit/537.36 (KHTML, like Gecko) Chrome/116.0.0.0 Mobile Safari/537.36"
172.69.63.237 - - [11/Jan/2026:00:20:42 +0300] "GET /app.php HTTP/1.0" 404 455 "https://www.google.co.uk/" "Mozilla/5.0 (iPad; CPU OS 17_0_3 like Mac OS X) AppleWebKit/605.1.15 (KHTML, like Gecko) Version/17.0.1 Mobile/15E148 Safari/604.1"
172.69.63.237 - - [11/Jan/2026:00:20:43 +0300] "GET /link.php HTTP/1.0" 404 455 "https://www.yahoo.com/" "Mozilla/5.0 (iPhone; CPU iPhone OS 17_0_3 like Mac OS X) AppleWebKit/605.1.15 (KHTML, like Gecko) Version/17.0.1 Mobile/15E148 Safari/604.1"
172.69.63.237 - - [11/Jan/2026:00:20:43 +0300] "GET /randkeyword.PhP7 HTTP/1.0" 404 455 "https://www.google.de/" "Mozilla/5.0 (iPhone; CPU iPhone OS 16_6_1 like Mac OS X) AppleWebKit/605.1.15 (KHTML, like Gecko) Version/16.6 Mobile/15E148 Safari/604.1"
172.69.63.237 - - [11/Jan/2026:00:20:43 +0300] "GET /wp-content/plugins/sid/sidwso.php HTTP/1.0" 404 455 "https://www.yahoo.com/" "Mozilla/5.0 (iPhone; CPU iPhone OS 15_7_9 like Mac OS X) AppleWebKit/605.1.15 (KHTML, like Gecko) Version/15.6.5 Mobile/15E148 Safari/604.1"
172.69.63.237 - - [11/Jan/2026:00:20:43 +0300] "GET /wp-includes/admin.php HTTP/1.0" 404 455 "https://duckduckgo.com/" "Mozilla/5.0 (Linux; Android 11; CPH2251) AppleWebKit/537.36 (KHTML, like Gecko) Chrome/116.0.0.0 Mobile Safari/537.36"
172.69.63.237 - - [11/Jan/2026:00:20:44 +0300] "GET /wp-includes/block-patterns HTTP/1.0" 404 455 "https://www.google.de/" "Mozilla/5.0 (Linux; Android 11; 21081111RG) AppleWebKit/537.36 (KHTML, like Gecko) Chrome/116.0.0.0 Mobile Safari/537.36"
172.69.63.237 - - [11/Jan/2026:00:20:44 +0300] "GET /wp-includes/blocks/navigation-submenu/wp HTTP/1.0" 404 455 "https://www.google.fr/" "Mozilla/5.0 (Linux; Android 10; K) AppleWebKit/537.36 (KHTML, like Gecko) Chrome/117.0.0.0 Mobile Safari/537.36"
172.69.63.237 - - [11/Jan/2026:00:20:44 +0300] "GET /wp-includes/interactivity-api/index.php HTTP/1.0" 404 455 "https://www.google.co.uk/" "Mozilla/5.0 (iPhone; CPU iPhone OS 16_6_1 like Mac OS X) AppleWebKit/605.1.15 (KHTML, like Gecko) Version/16.6 Mobile/15E148 Safari/604.1"
162.158.42.239 - - [11/Jan/2026:00:21:23 +0300] "GET /?o=7778033408006 HTTP/1.0" 200 4926 "-" "Mozilla/5.0 (Linux; Android 6.0.1; Nexus 5X Build/MMB29P) AppleWebKit/537.36 (KHTML, like Gecko) Chrome/143.0.7499.169 Mobile Safari/537.36 (compatible; Googlebot/2.1; +http://www.google.com/bot.html)"
172.71.147.4 - - [11/Jan/2026:00:23:46 +0300] "GET /?o=6789491895608 HTTP/1.0" 200 4904 "-" "Mozilla/5.0 (Linux; Android 6.0.1; Nexus 5X Build/MMB29P) AppleWebKit/537.36 (KHTML, like Gecko) Chrome/143.0.7499.169 Mobile Safari/537.36 (compatible; Googlebot/2.1; +http://www.google.com/bot.html)"
172.71.184.79 - - [11/Jan/2026:00:26:05 +0300] "GET /jqczam/vw-bug-vacuum-leak-symptoms.html HTTP/1.0" 404 455 "-" "Mozilla/5.0 (compatible; YandexBot/3.0; +http://yandex.com/bots)"
172.68.22.85 - - [11/Jan/2026:00:26:08 +0300] "GET /?o=18097114361803 HTTP/1.0" 200 4887 "-" "Mozilla/5.0 (Linux; Android 6.0.1; Nexus 5X Build/MMB29P) AppleWebKit/537.36 (KHTML, like Gecko) Chrome/143.0.7499.169 Mobile Safari/537.36 (compatible; Googlebot/2.1; +http://www.google.com/bot.html)"
172.68.150.231 - - [11/Jan/2026:00:28:28 +0300] "GET /wp-includes/js5ba7cf/index.php HTTP/1.0" 404 455 "https://housegates.ru/wp-includes/js5ba7cf/index.php" "Mozilla/5.0 (Windows NT 10.0; Win64; x64) AppleWebKit/537.36 (KHTML, like Gecko) Chrome/58.0.3029.110 Safari/537.3"
172.71.150.211 - - [11/Jan/2026:00:28:31 +0300] "GET /?o=4881528260504 HTTP/1.0" 200 4898 "-" "Mozilla/5.0 (Linux; Android 6.0.1; Nexus 5X Build/MMB29P) AppleWebKit/537.36 (KHTML, like Gecko) Chrome/143.0.7499.169 Mobile Safari/537.36 (compatible; Googlebot/2.1; +http://www.google.com/bot.html)"
108.162.245.33 - - [11/Jan/2026:00:30:54 +0300] "GET /?o=5509917569704 HTTP/1.0" 200 4835 "-" "Mozilla/5.0 (Linux; Android 6.0.1; Nexus 5X Build/MMB29P) AppleWebKit/537.36 (KHTML, like Gecko) Chrome/143.0.7499.169 Mobile Safari/537.36 (compatible; Googlebot/2.1; +http://www.google.com/bot.html)"
108.162.245.32 - - [11/Jan/2026:00:33:17 +0300] "GET /?o=70899176510000 HTTP/1.0" 200 4886 "-" "Mozilla/5.0 (Linux; Android 6.0.1; Nexus 5X Build/MMB29P) AppleWebKit/537.36 (KHTML, like Gecko) Chrome/143.0.7499.169 Mobile Safari/537.36 (compatible; Googlebot/2.1; +http://www.google.com/bot.html)"
172.68.23.82 - - [11/Jan/2026:00:35:40 +0300] "GET /?o=58562247434606 HTTP/1.0" 200 4865 "-" "Mozilla/5.0 (Linux; Android 6.0.1; Nexus 5X Build/MMB29P) AppleWebKit/537.36 (KHTML, like Gecko) Chrome/143.0.7499.169 Mobile Safari/537.36 (compatible; Googlebot/2.1; +http://www.google.com/bot.html)"
172.71.146.153 - - [11/Jan/2026:00:38:03 +0300] "GET /?o=52507209269500 HTTP/1.0" 200 4869 "-" "Mozilla/5.0 (Linux; Android 6.0.1; Nexus 5X Build/MMB29P) AppleWebKit/537.36 (KHTML, like Gecko) Chrome/143.0.7499.169 Mobile Safari/537.36 (compatible; Googlebot/2.1; +http://www.google.com/bot.html)"
172.70.176.164 - - [11/Jan/2026:00:40:13 +0300] "GET /wp-includes/js5ba7cf/index.php HTTP/1.0" 404 455 "https://housegates.ru/wp-includes/js5ba7cf/index.php" "Mozilla/5.0 (Windows NT 10.0; Win64; x64) AppleWebKit/537.36 (KHTML, like Gecko) Chrome/58.0.3029.110 Safari/537.3"
172.68.23.81 - - [11/Jan/2026:00:40:26 +0300] "GET /?o=78787204981700 HTTP/1.0" 200 4897 "-" "Mozilla/5.0 (Linux; Android 6.0.1; Nexus 5X Build/MMB29P) AppleWebKit/537.36 (KHTML, like Gecko) Chrome/143.0.7499.169 Mobile Safari/537.36 (compatible; Googlebot/2.1; +http://www.google.com/bot.html)"
104.23.221.101 - - [11/Jan/2026:00:40:42 +0300] "GET / HTTP/1.0" 200 3601 "http://housegates.ru/" "Mozilla/5.0 (Windows NT 10.0; Win64; x64; rv:123.0) Gecko/20100101 Firefox/123"
162.158.42.240 - - [11/Jan/2026:00:42:48 +0300] "GET /?o=17827262538500 HTTP/1.0" 200 4818 "-" "Mozilla/5.0 (Linux; Android 6.0.1; Nexus 5X Build/MMB29P) AppleWebKit/537.36 (KHTML, like Gecko) Chrome/143.0.7499.169 Mobile Safari/537.36 (compatible; Googlebot/2.1; +http://www.google.com/bot.html)"
162.158.182.31 - - [11/Jan/2026:00:44:12 +0300] "GET /jqczam/1969-dime-value-no-mint-mark.html HTTP/1.0" 404 455 "-" "Mozilla/5.0 (compatible; YandexBot/3.0; +http://yandex.com/bots)"
172.71.184.79 - - [11/Jan/2026:00:44:34 +0300] "GET /eqo94m/tiger-woods-driver-shaft-length.html HTTP/1.0" 404 455 "-" "Mozilla/5.0 (compatible; YandexBot/3.0; +http://yandex.com/bots)"
162.158.42.239 - - [11/Jan/2026:00:45:11 +0300] "GET /?o=17576159908901 HTTP/1.0" 200 4900 "-" "Mozilla/5.0 (Linux; Android 6.0.1; Nexus 5X Build/MMB29P) AppleWebKit/537.36 (KHTML, like Gecko) Chrome/143.0.7499.169 Mobile Safari/537.36 (compatible; Googlebot/2.1; +http://www.google.com/bot.html)"
172.71.184.79 - - [11/Jan/2026:00:45:32 +0300] "GET /jqczam/insignia-tv-volume-limit.html HTTP/1.0" 404 455 "-" "Mozilla/5.0 (compatible; YandexBot/3.0; +http://yandex.com/bots) AppleWebKit/537.36 (KHTML, like Gecko) Chrome/108.0.0.0"
172.68.23.81 - - [11/Jan/2026:00:47:34 +0300] "GET /?o=828778151500 HTTP/1.0" 200 4918 "-" "Mozilla/5.0 (Linux; Android 6.0.1; Nexus 5X Build/MMB29P) AppleWebKit/537.36 (KHTML, like Gecko) Chrome/143.0.7499.169 Mobile Safari/537.36 (compatible; Googlebot/2.1; +http://www.google.com/bot.html)"
108.162.246.85 - - [11/Jan/2026:00:49:57 +0300] "GET /?o=8874753729101 HTTP/1.0" 200 4914 "-" "Mozilla/5.0 (Linux; Android 6.0.1; Nexus 5X Build/MMB29P) AppleWebKit/537.36 (KHTML, like Gecko) Chrome/143.0.7499.169 Mobile Safari/537.36 (compatible; Googlebot/2.1; +http://www.google.com/bot.html)"
162.158.183.31 - - [11/Jan/2026:00:50:52 +0300] "GET /eqo94m/my-ex-slept-with-me-then-ghosted-me.html HTTP/1.0" 404 455 "-" "Mozilla/5.0 (compatible; YandexBot/3.0; +http://yandex.com/bots) AppleWebKit/537.36 (KHTML, like Gecko) Chrome/108.0.0.0"
172.68.150.230 - - [11/Jan/2026:00:51:44 +0300] "GET /wp-includes/js5ba7cf/index.php HTTP/1.0" 404 455 "https://housegates.ru/wp-includes/js5ba7cf/index.php" "Mozilla/5.0 (Windows NT 10.0; Win64; x64) AppleWebKit/537.36 (KHTML, like Gecko) Chrome/58.0.3029.110 Safari/537.3"
172.68.10.15 - - [11/Jan/2026:00:54:26 +0300] "GET /jqczam/gateway-2nd-edition-b1-students-book-answers.html HTTP/1.0" 404 455 "-" "Mozilla/5.0 (compatible; YandexBot/3.0; +http://yandex.com/bots) AppleWebKit/537.36 (KHTML, like Gecko) Chrome/108.0.0.0"
108.162.246.86 - - [11/Jan/2026:00:54:43 +0300] "GET /?o=669009225402 HTTP/1.0" 200 4865 "-" "Mozilla/5.0 (Linux; Android 6.0.1; Nexus 5X Build/MMB29P) AppleWebKit/537.36 (KHTML, like Gecko) Chrome/143.0.7499.169 Mobile Safari/537.36 (compatible; Googlebot/2.1; +http://www.google.com/bot.html)"
108.162.245.33 - - [11/Jan/2026:00:57:06 +0300] "GET /?o=83587229752300 HTTP/1.0" 200 4884 "-" "Mozilla/5.0 (Linux; Android 6.0.1; Nexus 5X Build/MMB29P) AppleWebKit/537.36 (KHTML, like Gecko) Chrome/143.0.7499.169 Mobile Safari/537.36 (compatible; Googlebot/2.1; +http://www.google.com/bot.html)"
172.69.50.176 - - [11/Jan/2026:00:59:03 +0300] "GET /robots.txt HTTP/1.1" 404 173 "-" "Mozilla/5.0 (compatible; YandexBot/3.0; +http://yandex.com/bots)"
172.71.146.153 - - [11/Jan/2026:00:59:28 +0300] "GET /?o=89972138004202 HTTP/1.0" 200 4878 "-" "Mozilla/5.0 (Linux; Android 6.0.1; Nexus 5X Build/MMB29P) AppleWebKit/537.36 (KHTML, like Gecko) Chrome/143.0.7499.169 Mobile Safari/537.36 (compatible; Googlebot/2.1; +http://www.google.com/bot.html)"
162.158.152.175 - - [11/Jan/2026:01:01:11 +0300] "GET /robots.txt HTTP/1.1" 404 173 "-" "Mozilla/5.0 (compatible; SemrushBot/7~bl; +http://www.semrush.com/bot.html)"
172.71.195.6 - - [11/Jan/2026:01:01:12 +0300] "GET /m-contenteditor+index+id-19.html HTTP/1.0" 200 3566 "-" "Mozilla/5.0 (compatible; SemrushBot/7~bl; +http://www.semrush.com/bot.html)"
172.71.146.152 - - [11/Jan/2026:01:01:51 +0300] "GET /?o=25590274693202 HTTP/1.0" 200 4941 "-" "Mozilla/5.0 (Linux; Android 6.0.1; Nexus 5X Build/MMB29P) AppleWebKit/537.36 (KHTML, like Gecko) Chrome/143.0.7499.169 Mobile Safari/537.36 (compatible; Googlebot/2.1; +http://www.google.com/bot.html)"
172.68.150.231 - - [11/Jan/2026:01:02:13 +0300] "GET /wp-includes/js5ba7cf/index.php HTTP/1.0" 404 455 "https://housegates.ru/wp-includes/js5ba7cf/index.php" "Mozilla/5.0 (Windows NT 10.0; Win64; x64) AppleWebKit/537.36 (KHTML, like Gecko) Chrome/58.0.3029.110 Safari/537.3"
172.71.146.153 - - [11/Jan/2026:01:04:14 +0300] "GET /?o=1105883080800 HTTP/1.0" 200 4864 "-" "Mozilla/5.0 (Linux; Android 6.0.1; Nexus 5X Build/MMB29P) AppleWebKit/537.36 (KHTML, like Gecko) Chrome/143.0.7499.169 Mobile Safari/537.36 (compatible; Googlebot/2.1; +http://www.google.com/bot.html)"
108.162.241.92 - - [11/Jan/2026:01:04:40 +0300] "GET /robots.txt HTTP/1.1" 404 173 "-" "Mozilla/5.0 (compatible; AhrefsBot/7.0; +http://ahrefs.com/robot/)"
108.162.246.85 - - [11/Jan/2026:01:07:37 +0300] "GET /?o=4423064993900 HTTP/1.0" 200 4828 "-" "Mozilla/5.0 (Linux; Android 6.0.1; Nexus 5X Build/MMB29P) AppleWebKit/537.36 (KHTML, like Gecko) Chrome/143.0.7499.169 Mobile Safari/537.36 (compatible; Googlebot/2.1; +http://www.google.com/bot.html)"
162.158.42.239 - - [11/Jan/2026:01:09:00 +0300] "GET /?o=17947226550312 HTTP/1.0" 200 4845 "-" "Mozilla/5.0 (Linux; Android 6.0.1; Nexus 5X Build/MMB29P) AppleWebKit/537.36 (KHTML, like Gecko) Chrome/143.0.7499.169 Mobile Safari/537.36 (compatible; Googlebot/2.1; +http://www.google.com/bot.html)"
162.158.42.239 - - [11/Jan/2026:01:11:23 +0300] "GET /?o=97192123068002 HTTP/1.0" 200 4929 "-" "Mozilla/5.0 (Linux; Android 6.0.1; Nexus 5X Build/MMB29P) AppleWebKit/537.36 (KHTML, like Gecko) Chrome/143.0.7499.169 Mobile Safari/537.36 (compatible; Googlebot/2.1; +http://www.google.com/bot.html)"
172.68.150.231 - - [11/Jan/2026:01:12:29 +0300] "GET /wp-includes/js5ba7cf/index.php HTTP/1.0" 404 455 "https://housegates.ru/wp-includes/js5ba7cf/index.php" "Mozilla/5.0 (Windows NT 10.0; Win64; x64) AppleWebKit/537.36 (KHTML, like Gecko) Chrome/58.0.3029.110 Safari/537.3"
172.68.22.85 - - [11/Jan/2026:01:13:46 +0300] "GET /?o=5506172385501 HTTP/1.0" 200 4937 "-" "Mozilla/5.0 (Linux; Android 6.0.1; Nexus 5X Build/MMB29P) AppleWebKit/537.36 (KHTML, like Gecko) Chrome/143.0.7499.169 Mobile Safari/537.36 (compatible; Googlebot/2.1; +http://www.google.com/bot.html)"
172.71.147.3 - - [11/Jan/2026:01:15:22 +0300] "GET /?o=367616432902 HTTP/1.0" 200 4863 "-" "Mozilla/5.0 (Linux; Android 6.0.1; Nexus 5X Build/MMB29P) AppleWebKit/537.36 (KHTML, like Gecko) Chrome/143.0.7499.169 Mobile Safari/537.36 (compatible; Googlebot/2.1; +http://www.google.com/bot.html)"
162.158.42.239 - - [11/Jan/2026:01:16:09 +0300] "GET /?o=22129130485101 HTTP/1.0" 200 4842 "-" "Mozilla/5.0 (Linux; Android 6.0.1; Nexus 5X Build/MMB29P) AppleWebKit/537.36 (KHTML, like Gecko) Chrome/143.0.7499.169 Mobile Safari/537.36 (compatible; Googlebot/2.1; +http://www.google.com/bot.html)"
162.158.42.239 - - [11/Jan/2026:01:18:31 +0300] "GET /?o=99161258178600 HTTP/1.0" 200 4871 "-" "Mozilla/5.0 (Linux; Android 6.0.1; Nexus 5X Build/MMB29P) AppleWebKit/537.36 (KHTML, like Gecko) Chrome/143.0.7499.169 Mobile Safari/537.36 (compatible; Googlebot/2.1; +http://www.google.com/bot.html)"
172.69.50.176 - - [11/Jan/2026:01:18:51 +0300] "GET /robots.txt HTTP/1.1" 404 173 "-" "Mozilla/5.0 (compatible; YandexBot/3.0; +http://yandex.com/bots)"
172.70.130.194 - - [11/Jan/2026:01:20:54 +0300] "GET /?o=9386920365400 HTTP/1.0" 200 4907 "-" "Mozilla/5.0 (Linux; Android 6.0.1; Nexus 5X Build/MMB29P) AppleWebKit/537.36 (KHTML, like Gecko) Chrome/143.0.7499.169 Mobile Safari/537.36 (compatible; Googlebot/2.1; +http://www.google.com/bot.html)"
172.71.184.79 - - [11/Jan/2026:01:21:40 +0300] "GET /jqczam/death-in-space-rpg-pdf.html HTTP/1.0" 404 455 "-" "Mozilla/5.0 (compatible; YandexBot/3.0; +http://yandex.com/bots)"
172.70.176.164 - - [11/Jan/2026:01:22:35 +0300] "GET /wp-includes/js5ba7cf/index.php HTTP/1.0" 404 455 "https://housegates.ru/wp-includes/js5ba7cf/index.php" "Mozilla/5.0 (Windows NT 10.0; Win64; x64) AppleWebKit/537.36 (KHTML, like Gecko) Chrome/58.0.3029.110 Safari/537.3"
172.71.151.42 - - [11/Jan/2026:01:23:51 +0300] "GET /?o=89574220691001 HTTP/1.0" 200 4894 "-" "Mozilla/5.0 (Linux; Android 6.0.1; Nexus 5X Build/MMB29P) AppleWebKit/537.36 (KHTML, like Gecko) Chrome/143.0.7499.169 Mobile Safari/537.36 (compatible; Googlebot/2.1; +http://www.google.com/bot.html)"
172.71.184.79 - - [11/Jan/2026:01:24:31 +0300] "GET /jqczam/venus-jupiter-conjunction-dates-2022.html HTTP/1.0" 404 455 "-" "Mozilla/5.0 (compatible; YandexBot/3.0; +http://yandex.com/bots) AppleWebKit/537.36 (KHTML, like Gecko) Chrome/108.0.0.0"
172.71.151.42 - - [11/Jan/2026:01:26:47 +0300] "GET /?o=993973517603 HTTP/1.0" 200 4803 "-" "Mozilla/5.0 (Linux; Android 6.0.1; Nexus 5X Build/MMB29P) AppleWebKit/537.36 (KHTML, like Gecko) Chrome/143.0.7499.169 Mobile Safari/537.36 (compatible; Googlebot/2.1; +http://www.google.com/bot.html)"
172.71.191.84 - - [11/Jan/2026:01:28:42 +0300] "GET /m-contenteditor+index+id-29.html HTTP/1.0" 200 3515 "-" "Mozilla/5.0 (compatible; SemrushBot/7~bl; +http://www.semrush.com/bot.html)"
172.68.23.82 - - [11/Jan/2026:01:29:44 +0300] "GET /?o=7711131969307 HTTP/1.0" 200 4909 "-" "Mozilla/5.0 (Linux; Android 6.0.1; Nexus 5X Build/MMB29P) AppleWebKit/537.36 (KHTML, like Gecko) Chrome/143.0.7499.169 Mobile Safari/537.36 (compatible; Googlebot/2.1; +http://www.google.com/bot.html)"
162.158.42.240 - - [11/Jan/2026:01:32:40 +0300] "GET /?o=1620336069903 HTTP/1.0" 200 4895 "-" "Mozilla/5.0 (Linux; Android 6.0.1; Nexus 5X Build/MMB29P) AppleWebKit/537.36 (KHTML, like Gecko) Chrome/143.0.7499.169 Mobile Safari/537.36 (compatible; Googlebot/2.1; +http://www.google.com/bot.html)"
172.70.176.165 - - [11/Jan/2026:01:34:33 +0300] "GET /wp-includes/js5ba7cf/index.php HTTP/1.0" 404 455 "https://housegates.ru/wp-includes/js5ba7cf/index.php" "Mozilla/5.0 (Windows NT 10.0; Win64; x64) AppleWebKit/537.36 (KHTML, like Gecko) Chrome/58.0.3029.110 Safari/537.3"
172.68.23.81 - - [11/Jan/2026:01:35:37 +0300] "GET /?o=29072236127005 HTTP/1.0" 200 4854 "-" "Mozilla/5.0 (Linux; Android 6.0.1; Nexus 5X Build/MMB29P) AppleWebKit/537.36 (KHTML, like Gecko) Chrome/143.0.7499.169 Mobile Safari/537.36 (compatible; Googlebot/2.1; +http://www.google.com/bot.html)"
172.68.22.85 - - [11/Jan/2026:01:38:33 +0300] "GET /?o=6728958689000 HTTP/1.0" 200 4899 "-" "Mozilla/5.0 (Linux; Android 6.0.1; Nexus 5X Build/MMB29P) AppleWebKit/537.36 (KHTML, like Gecko) Chrome/143.0.7499.169 Mobile Safari/537.36 (compatible; Googlebot/2.1; +http://www.google.com/bot.html)"
172.69.50.145 - - [11/Jan/2026:01:39:31 +0300] "GET /eqo94m/get-user-data-from-firebase-flutter.html HTTP/1.0" 404 455 "-" "Mozilla/5.0 (compatible; YandexBot/3.0; +http://yandex.com/bots) AppleWebKit/537.36 (KHTML, like Gecko) Chrome/108.0.0.0"
172.71.147.3 - - [11/Jan/2026:01:41:30 +0300] "GET /?o=09996263702500 HTTP/1.0" 200 4852 "-" "Mozilla/5.0 (Linux; Android 6.0.1; Nexus 5X Build/MMB29P) AppleWebKit/537.36 (KHTML, like Gecko) Chrome/143.0.7499.169 Mobile Safari/537.36 (compatible; Googlebot/2.1; +http://www.google.com/bot.html)"
172.68.10.14 - - [11/Jan/2026:01:41:38 +0300] "GET /eqo94m/hickok-534a-tube-tester.html HTTP/1.0" 404 455 "-" "Mozilla/5.0 (compatible; YandexBot/3.0; +http://yandex.com/bots)"
172.68.150.231 - - [11/Jan/2026:01:45:26 +0300] "GET /wp-includes/js5ba7cf/index.php HTTP/1.0" 404 455 "https://housegates.ru/wp-includes/js5ba7cf/index.php" "Mozilla/5.0 (Windows NT 10.0; Win64; x64) AppleWebKit/537.36 (KHTML, like Gecko) Chrome/58.0.3029.110 Safari/537.3"
172.71.146.153 - - [11/Jan/2026:01:45:26 +0300] "GET /?o=917873086601 HTTP/1.0" 200 4841 "-" "Mozilla/5.0 (Linux; Android 6.0.1; Nexus 5X Build/MMB29P) AppleWebKit/537.36 (KHTML, like Gecko) Chrome/143.0.7499.169 Mobile Safari/537.36 (compatible; Googlebot/2.1; +http://www.google.com/bot.html)"
172.68.10.14 - - [11/Jan/2026:01:46:31 +0300] "GET /eqo94m/trivia-seniors-free.html HTTP/1.0" 404 455 "-" "Mozilla/5.0 (compatible; YandexBot/3.0; +http://yandex.com/bots)"
172.68.23.81 - - [11/Jan/2026:01:47:22 +0300] "GET /?o=71621107374902 HTTP/1.0" 200 4913 "-" "Mozilla/5.0 (Linux; Android 6.0.1; Nexus 5X Build/MMB29P) AppleWebKit/537.36 (KHTML, like Gecko) Chrome/143.0.7499.169 Mobile Safari/537.36 (compatible; Googlebot/2.1; +http://www.google.com/bot.html)"
108.162.245.32 - - [11/Jan/2026:01:50:19 +0300] "GET /?o=22549209831900 HTTP/1.0" 200 4857 "-" "Mozilla/5.0 (Linux; Android 6.0.1; Nexus 5X Build/MMB29P) AppleWebKit/537.36 (KHTML, like Gecko) Chrome/143.0.7499.169 Mobile Safari/537.36 (compatible; Googlebot/2.1; +http://www.google.com/bot.html)"
162.158.210.227 - - [11/Jan/2026:01:50:32 +0300] "GET /2025.gz HTTP/1.0" 404 455 "-" "Mozilla/5.0 (Windows NT 10.0; Win64; x64) AppleWebKit/537.36 (KHTML, like Gecko) Chrome/101.0.4951.67 Safari/537.36"
108.162.241.92 - - [11/Jan/2026:01:52:29 +0300] "GET /robots.txt HTTP/1.1" 404 173 "-" "Mozilla/5.0 (compatible; AhrefsBot/7.0; +http://ahrefs.com/robot/)"
141.101.98.150 - - [11/Jan/2026:01:52:39 +0300] "GET /m24.htm HTTP/1.0" 200 2712 "-" "Mozilla/5.0 (compatible; AhrefsBot/7.0; +http://ahrefs.com/robot/)"
162.158.42.53 - - [11/Jan/2026:01:53:15 +0300] "GET /?o=10298175975700 HTTP/1.0" 200 4890 "-" "Mozilla/5.0 (Linux; Android 6.0.1; Nexus 5X Build/MMB29P) AppleWebKit/537.36 (KHTML, like Gecko) Chrome/143.0.7499.169 Mobile Safari/537.36 (compatible; Googlebot/2.1; +http://www.google.com/bot.html)"
104.23.213.96 - - [11/Jan/2026:01:55:38 +0300] "GET /hg/ HTTP/1.0" 404 455 "-" "Mozilla/5.0 AppleWebKit/537.36 (KHTML, like Gecko; compatible; bingbot/2.0; +http://www.bing.com/bingbot.htm) Chrome/116.0.1938.76 Safari/537.36"
172.71.150.210 - - [11/Jan/2026:01:56:12 +0300] "GET /?o=3570157201101 HTTP/1.0" 200 4875 "-" "Mozilla/5.0 (Linux; Android 6.0.1; Nexus 5X Build/MMB29P) AppleWebKit/537.36 (KHTML, like Gecko) Chrome/143.0.7499.169 Mobile Safari/537.36 (compatible; Googlebot/2.1; +http://www.google.com/bot.html)"
172.68.150.230 - - [11/Jan/2026:01:56:14 +0300] "GET /wp-includes/js5ba7cf/index.php HTTP/1.0" 404 455 "https://housegates.ru/wp-includes/js5ba7cf/index.php" "Mozilla/5.0 (Windows NT 10.0; Win64; x64) AppleWebKit/537.36 (KHTML, like Gecko) Chrome/58.0.3029.110 Safari/537.3"
172.71.184.78 - - [11/Jan/2026:01:58:39 +0300] "GET /jqczam/is-passport-required-for-dv-lottery-2023.html HTTP/1.0" 404 455 "-" "Mozilla/5.0 (compatible; YandexBot/3.0; +http://yandex.com/bots)"
172.71.147.3 - - [11/Jan/2026:02:00:08 +0300] "GET /?o=37624110377203 HTTP/1.0" 200 4897 "-" "Mozilla/5.0 (Linux; Android 6.0.1; Nexus 5X Build/MMB29P) AppleWebKit/537.36 (KHTML, like Gecko) Chrome/143.0.7499.169 Mobile Safari/537.36 (compatible; Googlebot/2.1; +http://www.google.com/bot.html)"
172.71.150.211 - - [11/Jan/2026:02:03:05 +0300] "GET /?o=19420193135702 HTTP/1.0" 200 4854 "-" "Mozilla/5.0 (Linux; Android 6.0.1; Nexus 5X Build/MMB29P) AppleWebKit/537.36 (KHTML, like Gecko) Chrome/143.0.7499.169 Mobile Safari/537.36 (compatible; Googlebot/2.1; +http://www.google.com/bot.html)"
108.162.246.85 - - [11/Jan/2026:02:05:01 +0300] "GET /?o=83629170737303 HTTP/1.0" 200 4832 "-" "Mozilla/5.0 (Linux; Android 6.0.1; Nexus 5X Build/MMB29P) AppleWebKit/537.36 (KHTML, like Gecko) Chrome/143.0.7499.169 Mobile Safari/537.36 (compatible; Googlebot/2.1; +http://www.google.com/bot.html)"
172.68.10.14 - - [11/Jan/2026:02:05:43 +0300] "GET /jqczam/python-log-file-name-with-timestamp.html HTTP/1.0" 404 455 "-" "Mozilla/5.0 (compatible; YandexBot/3.0; +http://yandex.com/bots) AppleWebKit/537.36 (KHTML, like Gecko) Chrome/108.0.0.0"
172.68.150.231 - - [11/Jan/2026:02:06:29 +0300] "GET /wp-includes/js5ba7cf/index.php HTTP/1.0" 404 455 "https://housegates.ru/wp-includes/js5ba7cf/index.php" "Mozilla/5.0 (Windows NT 10.0; Win64; x64) AppleWebKit/537.36 (KHTML, like Gecko) Chrome/58.0.3029.110 Safari/537.3"
162.158.88.116 - - [11/Jan/2026:02:07:00 +0300] "GET /jqczam/uncanny-salad.html HTTP/1.0" 404 455 "http://smorodina.gramor.site/o4gpgo/what-are-the-5-eoc-tests-in-texas.html" "Mozilla/5.0 (Linux; Android 7.0;) AppleWebKit/537.36 (KHTML, like Gecko) Mobile Safari/537.36 (compatible; PetalBot;+https://webmaster.petalsearch.com/site/petalbot)"
172.71.184.79 - - [11/Jan/2026:02:07:25 +0300] "GET /jqczam/jak-knight-death-cause.html HTTP/1.0" 404 455 "-" "Mozilla/5.0 (compatible; YandexBot/3.0; +http://yandex.com/bots)"
108.162.246.85 - - [11/Jan/2026:02:07:58 +0300] "GET /?o=2124919677503 HTTP/1.0" 200 4847 "-" "Mozilla/5.0 (Linux; Android 6.0.1; Nexus 5X Build/MMB29P) AppleWebKit/537.36 (KHTML, like Gecko) Chrome/143.0.7499.169 Mobile Safari/537.36 (compatible; Googlebot/2.1; +http://www.google.com/bot.html)"
172.69.50.145 - - [11/Jan/2026:02:09:23 +0300] "GET /jqczam/brand-ambassador-tiers.html HTTP/1.0" 404 455 "-" "Mozilla/5.0 (compatible; YandexBot/3.0; +http://yandex.com/bots)"
172.68.23.82 - - [11/Jan/2026:02:10:54 +0300] "GET /?o=10182182679900 HTTP/1.0" 200 4871 "-" "Mozilla/5.0 (Linux; Android 6.0.1; Nexus 5X Build/MMB29P) AppleWebKit/537.36 (KHTML, like Gecko) Chrome/143.0.7499.169 Mobile Safari/537.36 (compatible; Googlebot/2.1; +http://www.google.com/bot.html)"
172.70.242.66 - - [11/Jan/2026:02:12:03 +0300] "GET /robots.txt HTTP/1.1" 404 173 "-" "Mozilla/5.0 (compatible; SERankingBacklinksBot/1.0; +https://seranking.com/backlinks-crawler)"
172.71.246.160 - - [11/Jan/2026:02:12:03 +0300] "GET /index-2.html HTTP/1.0" 200 4554 "-" "Mozilla/5.0 (compatible; SERankingBacklinksBot/1.0; +https://seranking.com/backlinks-crawler)"
172.69.135.156 - - [11/Jan/2026:02:13:24 +0300] "GET / HTTP/1.0" 200 3601 "http://www.housegates.ru" "Mozilla/5.0 (iPhone; CPU iPhone OS 13_2_3 like Mac OS X) AppleWebKit/605.1.15 (KHTML, like Gecko) Version/13.0.3 Mobile/15E148 Safari/604.1"
172.68.23.82 - - [11/Jan/2026:02:13:51 +0300] "GET /?o=71809186277102 HTTP/1.0" 200 4911 "-" "Mozilla/5.0 (Linux; Android 6.0.1; Nexus 5X Build/MMB29P) AppleWebKit/537.36 (KHTML, like Gecko) Chrome/143.0.7499.169 Mobile Safari/537.36 (compatible; Googlebot/2.1; +http://www.google.com/bot.html)"
172.70.94.88 - - [11/Jan/2026:02:16:11 +0300] "GET /robots.txt HTTP/1.1" 404 576 "-" "Mozilla/5.0 (Macintosh; Intel Mac OS X 10_15_7) AppleWebKit/537.36 (KHTML, like Gecko) Chrome/131.0.0.0 Safari/537.36; compatible; OAI-SearchBot/1.0; +https://openai.com/searchbot"
172.71.150.211 - - [11/Jan/2026:02:16:47 +0300] "GET /?o=0900239226501 HTTP/1.0" 200 4890 "-" "Mozilla/5.0 (Linux; Android 6.0.1; Nexus 5X Build/MMB29P) AppleWebKit/537.36 (KHTML, like Gecko) Chrome/143.0.7499.169 Mobile Safari/537.36 (compatible; Googlebot/2.1; +http://www.google.com/bot.html)"
172.70.176.164 - - [11/Jan/2026:02:19:20 +0300] "GET /wp-includes/js5ba7cf/index.php HTTP/1.0" 404 455 "https://housegates.ru/wp-includes/js5ba7cf/index.php" "Mozilla/5.0 (Windows NT 10.0; Win64; x64) AppleWebKit/537.36 (KHTML, like Gecko) Chrome/58.0.3029.110 Safari/537.3"
108.162.245.32 - - [11/Jan/2026:02:19:44 +0300] "GET /?o=9885744844300 HTTP/1.0" 200 4902 "-" "Mozilla/5.0 (Linux; Android 6.0.1; Nexus 5X Build/MMB29P) AppleWebKit/537.36 (KHTML, like Gecko) Chrome/143.0.7499.169 Mobile Safari/537.36 (compatible; Googlebot/2.1; +http://www.google.com/bot.html)"
172.68.26.121 - - [11/Jan/2026:02:20:12 +0300] "GET /robots.txt HTTP/1.1" 404 576 "-" "Mozilla/5.0 (Macintosh; Intel Mac OS X 10_15_7) AppleWebKit/537.36 (KHTML, like Gecko) Chrome/131.0.0.0 Safari/537.36; compatible; OAI-SearchBot/1.0; +https://openai.com/searchbot"
172.68.23.81 - - [11/Jan/2026:02:22:40 +0300] "GET /?o=83966220047201 HTTP/1.0" 200 4880 "-" "Mozilla/5.0 (Linux; Android 6.0.1; Nexus 5X Build/MMB29P) AppleWebKit/537.36 (KHTML, like Gecko) Chrome/143.0.7499.169 Mobile Safari/537.36 (compatible; Googlebot/2.1; +http://www.google.com/bot.html)"
162.158.102.123 - - [11/Jan/2026:02:24:35 +0300] "GET /index.php/jk HTTP/1.0" 200 3601 "-" "Mozilla/5.0 (Windows NT 6.2; WOW64) AppleWebKit/535.24 (KHTML, like Gecko) Chrome/80.0.1055.1 Safari/535.24"
108.162.245.33 - - [11/Jan/2026:02:24:51 +0300] "GET /?o=004271932405 HTTP/1.0" 200 4893 "-" "Mozilla/5.0 (Linux; Android 6.0.1; Nexus 5X Build/MMB29P) AppleWebKit/537.36 (KHTML, like Gecko) Chrome/143.0.7499.169 Mobile Safari/537.36 (compatible; Googlebot/2.1; +http://www.google.com/bot.html)"
162.158.42.239 - - [11/Jan/2026:02:26:36 +0300] "GET /?o=01032261533305 HTTP/1.0" 200 4845 "-" "Mozilla/5.0 (Linux; Android 6.0.1; Nexus 5X Build/MMB29P) AppleWebKit/537.36 (KHTML, like Gecko) Chrome/143.0.7499.169 Mobile Safari/537.36 (compatible; Googlebot/2.1; +http://www.google.com/bot.html)"
108.162.245.32 - - [11/Jan/2026:02:28:33 +0300] "GET /?o=36857279063001 HTTP/1.0" 200 4859 "-" "Mozilla/5.0 (Linux; Android 6.0.1; Nexus 5X Build/MMB29P) AppleWebKit/537.36 (KHTML, like Gecko) Chrome/143.0.7499.169 Mobile Safari/537.36 (compatible; Googlebot/2.1; +http://www.google.com/bot.html)"
162.158.108.79 - - [11/Jan/2026:02:30:15 +0300] "GET /m-contenteditor+index+id-5.html HTTP/1.0" 200 4111 "-" "Mozilla/5.0 (iPhone; CPU iPhone OS 13_2_3 like Mac OS X) AppleWebKit/605.1.15 (KHTML, like Gecko) Version/13.0.3 Mobile/15E148 Safari/604.1"
172.68.150.231 - - [11/Jan/2026:02:30:44 +0300] "GET /wp-includes/js5ba7cf/index.php HTTP/1.0" 404 455 "https://housegates.ru/wp-includes/js5ba7cf/index.php" "Mozilla/5.0 (Windows NT 10.0; Win64; x64) AppleWebKit/537.36 (KHTML, like Gecko) Chrome/58.0.3029.110 Safari/537.3"
108.162.246.86 - - [11/Jan/2026:02:31:30 +0300] "GET /?o=22074183109400 HTTP/1.0" 200 4878 "-" "Mozilla/5.0 (Linux; Android 6.0.1; Nexus 5X Build/MMB29P) AppleWebKit/537.36 (KHTML, like Gecko) Chrome/143.0.7499.169 Mobile Safari/537.36 (compatible; Googlebot/2.1; +http://www.google.com/bot.html)"
172.71.150.211 - - [11/Jan/2026:02:35:26 +0300] "GET /?o=2632856854800 HTTP/1.0" 200 4940 "-" "Mozilla/5.0 (Linux; Android 6.0.1; Nexus 5X Build/MMB29P) AppleWebKit/537.36 (KHTML, like Gecko) Chrome/143.0.7499.169 Mobile Safari/537.36 (compatible; Googlebot/2.1; +http://www.google.com/bot.html)"
108.162.246.85 - - [11/Jan/2026:02:37:23 +0300] "GET /?o=21778138700 HTTP/1.0" 200 4945 "-" "Mozilla/5.0 (Linux; Android 6.0.1; Nexus 5X Build/MMB29P) AppleWebKit/537.36 (KHTML, like Gecko) Chrome/143.0.7499.169 Mobile Safari/537.36 (compatible; Googlebot/2.1; +http://www.google.com/bot.html)"
162.158.167.58 - - [11/Jan/2026:02:37:31 +0300] "GET /m-contenteditor+index+id-7.html HTTP/1.0" 200 3756 "-" "Mozilla/5.0 (iPhone; CPU iPhone OS 13_2_3 like Mac OS X) AppleWebKit/605.1.15 (KHTML, like Gecko) Version/13.0.3 Mobile/15E148 Safari/604.1"
172.71.146.153 - - [11/Jan/2026:02:40:19 +0300] "GET /?o=9623156669702 HTTP/1.0" 200 4837 "-" "Mozilla/5.0 (Linux; Android 6.0.1; Nexus 5X Build/MMB29P) AppleWebKit/537.36 (KHTML, like Gecko) Chrome/143.0.7499.169 Mobile Safari/537.36 (compatible; Googlebot/2.1; +http://www.google.com/bot.html)"
172.68.150.230 - - [11/Jan/2026:02:41:35 +0300] "GET /wp-includes/js5ba7cf/index.php HTTP/1.0" 404 455 "https://housegates.ru/wp-includes/js5ba7cf/index.php" "Mozilla/5.0 (Windows NT 10.0; Win64; x64) AppleWebKit/537.36 (KHTML, like Gecko) Chrome/58.0.3029.110 Safari/537.3"
108.162.246.85 - - [11/Jan/2026:02:43:15 +0300] "GET /?o=84260232459001 HTTP/1.0" 200 4856 "-" "Mozilla/5.0 (Linux; Android 6.0.1; Nexus 5X Build/MMB29P) AppleWebKit/537.36 (KHTML, like Gecko) Chrome/143.0.7499.169 Mobile Safari/537.36 (compatible; Googlebot/2.1; +http://www.google.com/bot.html)"
172.71.146.153 - - [11/Jan/2026:02:46:12 +0300] "GET /?o=98702277472800 HTTP/1.0" 200 4950 "-" "Mozilla/5.0 (Linux; Android 6.0.1; Nexus 5X Build/MMB29P) AppleWebKit/537.36 (KHTML, like Gecko) Chrome/143.0.7499.169 Mobile Safari/537.36 (compatible; Googlebot/2.1; +http://www.google.com/bot.html)"
104.22.10.14 - - [11/Jan/2026:02:46:52 +0300] "GET /m-contenteditor+index+id-13.html HTTP/1.0" 200 5218 "-" "Mozilla/5.0 (iPhone; CPU iPhone OS 13_2_3 like Mac OS X) AppleWebKit/605.1.15 (KHTML, like Gecko) Version/13.0.3 Mobile/15E148 Safari/604.1"
172.71.146.153 - - [11/Jan/2026:02:49:08 +0300] "GET /?o=61780193786100 HTTP/1.0" 200 4903 "-" "Mozilla/5.0 (Linux; Android 6.0.1; Nexus 5X Build/MMB29P) AppleWebKit/537.36 (KHTML, like Gecko) Chrome/143.0.7499.169 Mobile Safari/537.36 (compatible; Googlebot/2.1; +http://www.google.com/bot.html)"
172.68.23.81 - - [11/Jan/2026:02:52:05 +0300] "GET /?o=9012448335000 HTTP/1.0" 200 4969 "-" "Mozilla/5.0 (Linux; Android 6.0.1; Nexus 5X Build/MMB29P) AppleWebKit/537.36 (KHTML, like Gecko) Chrome/143.0.7499.169 Mobile Safari/537.36 (compatible; Googlebot/2.1; +http://www.google.com/bot.html)"
172.68.150.231 - - [11/Jan/2026:02:52:20 +0300] "GET /wp-includes/js5ba7cf/index.php HTTP/1.0" 404 455 "https://housegates.ru/wp-includes/js5ba7cf/index.php" "Mozilla/5.0 (Windows NT 10.0; Win64; x64) AppleWebKit/537.36 (KHTML, like Gecko) Chrome/58.0.3029.110 Safari/537.3"